000
CDUS45 KPUB 101135
CLICOS


CLIMATE REPORT
NATIONAL WEATHER SERVICE PUEBLO
435 AM MST SUN DEC 10 2017


...................................

...THE COLORADO SPRINGS CO CLIMATE SUMMARY FOR DECEMBER 9 2017...

CLIMATE NORMAL PERIOD 1981 TO 2010
CLIMATE RECORD PERIOD 1872 TO 2017


WEATHER ITEM   OBSERVED TIME   RECORD YEAR NORMAL DEPARTURE LAST
                VALUE   (LST)  VALUE       VALUE  FROM      YEAR
                                                  NORMAL
..................................................................
TEMPERATURE (F)
 YESTERDAY
  MAXIMUM         60   1149 AM  70    1957  42     18       51
  MINIMUM         28   1159 PM -27    1919  18     10        2
  AVERAGE         44                        30     14       27

PRECIPITATION (IN)
  YESTERDAY        0.00          0.35 1945   0.01  -0.01      T
  MONTH TO DATE    0.00                      0.11  -0.11     0.13
  SINCE DEC 1      0.00                      0.11  -0.11     0.13
  SINCE JAN 1     18.43                     16.31   2.12    13.80

SNOWFALL (IN)
  YESTERDAY        0.0           3.3  2012   0.2   -0.2       T
  MONTH TO DATE    0.0                       1.7   -1.7      2.4
  SINCE DEC 1      0.0                       1.7   -1.7      2.4
  SINCE JUL 1      1.6                       9.5   -7.9      2.4
  SNOW DEPTH       0

DEGREE DAYS
 HEATING
  YESTERDAY       21                        35    -14       38
  MONTH TO DATE  243                       308    -65      371
  SINCE DEC 1    243                       308    -65      371
  SINCE JUL 1   1411                      1789   -378     1274

 COOLING
  YESTERDAY        0                         0      0        0
  MONTH TO DATE    0                         0      0        0
  SINCE DEC 1      0                         0      0        0
  SINCE JAN 1    639                       455    184      710
..................................................................


WIND (MPH)
  HIGHEST WIND SPEED    16   HIGHEST WIND DIRECTION    SE (150)
  HIGHEST GUST SPEED    20   HIGHEST GUST DIRECTION     S (170)
  AVERAGE WIND SPEED     7.6


SKY COVER
  POSSIBLE SUNSHINE  MM
  AVERAGE SKY COVER 0.1


WEATHER CONDITIONS
 THE FOLLOWING WEATHER WAS RECORDED YESTERDAY.
  NO SIGNIFICANT WEATHER WAS OBSERVED.


RELATIVE HUMIDITY (PERCENT)
 HIGHEST    27          1000 PM
 LOWEST      7          1200 PM
 AVERAGE    17

..........................................................


THE COLORADO SPRINGS CO CLIMATE NORMALS FOR TODAY
                         NORMAL    RECORD    YEAR
 MAXIMUM TEMPERATURE (F)   42        66      2015
                                             1975
                                             1929
 MINIMUM TEMPERATURE (F)   18       -13      1898


SUNRISE AND SUNSET
DECEMBER 10 2017......SUNRISE   706 AM MST   SUNSET   437 PM MST
DECEMBER 11 2017......SUNRISE   707 AM MST   SUNSET   437 PM MST


-  INDICATES NEGATIVE NUMBERS.
R  INDICATES RECORD WAS SET OR TIED.
MM INDICATES DATA IS MISSING.
T  INDICATES TRACE AMOUNT.




$$
