000
CDUS45 KPUB 291052
CLICOS


CLIMATE REPORT
NATIONAL WEATHER SERVICE PUEBLO
450 AM MDT FRI JUL 29 2016


...................................

...THE COLORADO SPRINGS CO CLIMATE SUMMARY FOR JULY 28 2016...

CLIMATE NORMAL PERIOD 1981 TO 2010
CLIMATE RECORD PERIOD 1872 TO 2016


WEATHER ITEM   OBSERVED TIME   RECORD YEAR NORMAL DEPARTURE LAST
                VALUE   (LST)  VALUE       VALUE  FROM      YEAR
                                                  NORMAL
..................................................................
TEMPERATURE (F)
 YESTERDAY
  MAXIMUM         91    241 PM  96    1978  84      7       85
  MINIMUM         59    942 PM  44    1913  58      1       59
  AVERAGE         75                        71      4       72

PRECIPITATION (IN)
  YESTERDAY        1.17          2.05 1982   0.10   1.07     0.00
  MONTH TO DATE    3.03                      2.51   0.52     3.14
  SINCE JUN 1      4.07                      5.01  -0.94     8.86
  SINCE JAN 1     11.00                     10.12   0.88    21.09

SNOWFALL (IN)
  YESTERDAY        0.0           0.0  2004   0.0    0.0      0.0
  MONTH TO DATE    T                         0.0    0.0       T
  SINCE JUN 1      T                         0.0    0.0       T
  SINCE JUL 1      T                         0.0    0.0       T
  SNOW DEPTH       0

DEGREE DAYS
 HEATING
  YESTERDAY        0                         0      0        0
  MONTH TO DATE    0                         3     -3       10
  SINCE JUN 1      8                        82    -74       20
  SINCE JUL 1      0                         3     -3       10

 COOLING
  YESTERDAY       10                         6      4        7
  MONTH TO DATE  276                       171    105      168
  SINCE JUN 1    457                       254    203      290
  SINCE JAN 1    459                       264    195      290
..................................................................


WIND (MPH)
  HIGHEST WIND SPEED    41   HIGHEST WIND DIRECTION     S (180)
  HIGHEST GUST SPEED    56   HIGHEST GUST DIRECTION     S (180)
  AVERAGE WIND SPEED    11.1


SKY COVER
  POSSIBLE SUNSHINE  MM
  AVERAGE SKY COVER 0.4


WEATHER CONDITIONS
 THE FOLLOWING WEATHER WAS RECORDED YESTERDAY.
  THUNDERSTORM
  HEAVY RAIN
  RAIN
  LIGHT RAIN
  HAIL
  FOG


RELATIVE HUMIDITY (PERCENT)
 HIGHEST    78           300 AM
 LOWEST     14           200 PM
 AVERAGE    46

..........................................................


THE COLORADO SPRINGS CO CLIMATE NORMALS FOR TODAY
                         NORMAL    RECORD    YEAR
 MAXIMUM TEMPERATURE (F)   84        96      1980
 MINIMUM TEMPERATURE (F)   57        49      1909
                                             1906


SUNRISE AND SUNSET
JULY 29 2016..........SUNRISE   558 AM MDT   SUNSET   812 PM MDT
JULY 30 2016..........SUNRISE   559 AM MDT   SUNSET   811 PM MDT


-  INDICATES NEGATIVE NUMBERS.
R  INDICATES RECORD WAS SET OR TIED.
MM INDICATES DATA IS MISSING.
T  INDICATES TRACE AMOUNT.




$$
