000
CDUS45 KPUB 221023
CLICOS


CLIMATE REPORT
NATIONAL WEATHER SERVICE PUEBLO
422 AM MDT TUE APR 22 2014


...................................

...THE COLORADO SPRINGS CO CLIMATE SUMMARY FOR APRIL 21 2014...

CLIMATE NORMAL PERIOD 1981 TO 2010
CLIMATE RECORD PERIOD 1872 TO 2014


WEATHER ITEM   OBSERVED TIME   RECORD YEAR NORMAL DEPARTURE LAST
                VALUE   (LST)  VALUE       VALUE  FROM      YEAR
                                                  NORMAL
..................................................................
TEMPERATURE (F)
 YESTERDAY
  MAXIMUM         65    219 PM  83    1989  61      4       61
  MINIMUM         45    535 AM  12    1907  35     10       34
  AVERAGE         55                        48      7       48

PRECIPITATION (IN)
  YESTERDAY        T             0.52 1999   0.05  -0.05     0.00
  MONTH TO DATE    0.90                      0.89   0.01     0.26
  SINCE MAR 1      1.32                      1.89  -0.57     0.44
  SINCE JAN 1      2.21                      2.55  -0.34     1.52

SNOWFALL (IN)
  YESTERDAY        0.0           4.0  1933   0.2   -0.2      0.0
  MONTH TO DATE    7.5                       3.7    3.8      2.1
  SINCE MAR 1     10.3                      11.8   -1.5      6.3
  SINCE JUL 1     34.4                      35.8   -1.4     26.3
  SNOW DEPTH       0

DEGREE DAYS
 HEATING
  YESTERDAY       10                        17     -7       17
  MONTH TO DATE  385                       415    -30      516
  SINCE MAR 1   1166                      1220    -54     1328
  SINCE JUL 1   5653                      5783   -130     5672

 COOLING
  YESTERDAY        0                         0      0        0
  MONTH TO DATE    0                         0      0        0
  SINCE MAR 1      0                         0      0        0
  SINCE JAN 1      0                         0      0        0
..................................................................


WIND (MPH)
  HIGHEST WIND SPEED    33   HIGHEST WIND DIRECTION     N (340)
  HIGHEST GUST SPEED    41   HIGHEST GUST DIRECTION    NW (330)
  AVERAGE WIND SPEED    12.8


SKY COVER
  POSSIBLE SUNSHINE  MM
  AVERAGE SKY COVER 0.6


WEATHER CONDITIONS
 THE FOLLOWING WEATHER WAS RECORDED YESTERDAY.
  LIGHT RAIN


RELATIVE HUMIDITY (PERCENT)
 HIGHEST    65           500 AM
 LOWEST     25           200 PM
 AVERAGE    45

..........................................................


THE COLORADO SPRINGS CO CLIMATE NORMALS FOR TODAY
                         NORMAL    RECORD    YEAR
 MAXIMUM TEMPERATURE (F)   62        83      1989
 MINIMUM TEMPERATURE (F)   35        21      1982


SUNRISE AND SUNSET
APRIL 22 2014.........SUNRISE   613 AM MDT   SUNSET   743 PM MDT
APRIL 23 2014.........SUNRISE   611 AM MDT   SUNSET   744 PM MDT


-  INDICATES NEGATIVE NUMBERS.
R  INDICATES RECORD WAS SET OR TIED.
MM INDICATES DATA IS MISSING.
T  INDICATES TRACE AMOUNT.




$$
