000
CDUS45 KPUB 181035
CLICOS


CLIMATE REPORT
NATIONAL WEATHER SERVICE PUEBLO
435 AM MDT FRI APR 18 2014


...................................

...THE COLORADO SPRINGS CO CLIMATE SUMMARY FOR APRIL 17 2014...

CLIMATE NORMAL PERIOD 1981 TO 2010
CLIMATE RECORD PERIOD 1872 TO 2014


WEATHER ITEM   OBSERVED TIME   RECORD YEAR NORMAL DEPARTURE LAST
                VALUE   (LST)  VALUE       VALUE  FROM      YEAR
                                                  NORMAL
..................................................................
TEMPERATURE (F)
 YESTERDAY
  MAXIMUM         55    518 PM  80    1994  60     -5       32
  MINIMUM         32    545 AM  12    1901  34     -2       20
  AVERAGE         44                        47     -3       26

PRECIPITATION (IN)
  YESTERDAY        T             0.94 1976   0.05  -0.05     0.17
  MONTH TO DATE    0.90                      0.68   0.22     0.23
  SINCE MAR 1      1.32                      1.68  -0.36     0.41
  SINCE JAN 1      2.21                      2.34  -0.13     1.49

SNOWFALL (IN)
  YESTERDAY        T             9.5  1976   0.2   -0.2      2.0
  MONTH TO DATE    7.5                       3.1    4.4      2.0
  SINCE MAR 1     10.3                      11.2   -0.9      6.2
  SINCE JUL 1     34.4                      35.2   -0.8     26.2
  SNOW DEPTH       0

DEGREE DAYS
 HEATING
  YESTERDAY       21                        18      3       39
  MONTH TO DATE  350                       345      5      409
  SINCE MAR 1   1131                      1150    -19     1221
  SINCE JUL 1   5618                      5713    -95     5565

 COOLING
  YESTERDAY        0                         0      0        0
  MONTH TO DATE    0                         0      0        0
  SINCE MAR 1      0                         0      0        0
  SINCE JAN 1      0                         0      0        0
..................................................................


WIND (MPH)
  HIGHEST WIND SPEED    22   HIGHEST WIND DIRECTION     S (170)
  HIGHEST GUST SPEED    26   HIGHEST GUST DIRECTION     S (180)
  AVERAGE WIND SPEED    11.5


SKY COVER
  POSSIBLE SUNSHINE  MM
  AVERAGE SKY COVER 0.9


WEATHER CONDITIONS
 THE FOLLOWING WEATHER WAS RECORDED YESTERDAY.
  LIGHT SNOW
  FOG
  FOG W/VISIBILITY <= 1/4 MILE


RELATIVE HUMIDITY (PERCENT)
 HIGHEST   100          1200 AM
 LOWEST     41           500 PM
 AVERAGE    71

..........................................................


THE COLORADO SPRINGS CO CLIMATE NORMALS FOR TODAY
                         NORMAL    RECORD    YEAR
 MAXIMUM TEMPERATURE (F)   60        80      1987
 MINIMUM TEMPERATURE (F)   34        14      1922


SUNRISE AND SUNSET
APRIL 18 2014.........SUNRISE   618 AM MDT   SUNSET   739 PM MDT
APRIL 19 2014.........SUNRISE   617 AM MDT   SUNSET   740 PM MDT


-  INDICATES NEGATIVE NUMBERS.
R  INDICATES RECORD WAS SET OR TIED.
MM INDICATES DATA IS MISSING.
T  INDICATES TRACE AMOUNT.




$$
