000
CDUS45 KPUB 201127
CLICOS


CLIMATE REPORT
NATIONAL WEATHER SERVICE PUEBLO
426 AM MST SAT DEC 20 2014


...................................

...THE COLORADO SPRINGS CO CLIMATE SUMMARY FOR DECEMBER 19 2014...

CLIMATE NORMAL PERIOD 1981 TO 2010
CLIMATE RECORD PERIOD 1872 TO 2014


WEATHER ITEM   OBSERVED TIME   RECORD YEAR NORMAL DEPARTURE LAST
                VALUE   (LST)  VALUE       VALUE  FROM      YEAR
                                                  NORMAL
..................................................................
TEMPERATURE (F)
 YESTERDAY
  MAXIMUM         44    216 PM  64    1917  41      3       58
  MINIMUM         18    614 AM -19    1924  17      1       23
  AVERAGE         31                        29      2       41

PRECIPITATION (IN)
  YESTERDAY        0.00          0.39 1911   0.01  -0.01     0.00
  MONTH TO DATE    0.04                      0.22  -0.18     0.07
  SINCE DEC 1      0.04                      0.22  -0.18     0.07
  SINCE JAN 1     16.92                     16.42   0.50    19.22

SNOWFALL (IN)
  YESTERDAY        0.0           5.5  1911   0.2   -0.2      0.0
  MONTH TO DATE    0.3                       3.6   -3.3      2.9
  SINCE DEC 1      0.3                       3.6   -3.3      2.9
  SINCE JUL 1      7.4                      11.4   -4.0      7.1
  SNOW DEPTH       0

DEGREE DAYS
 HEATING
  YESTERDAY       34                        36     -2       24
  MONTH TO DATE  532                       666   -134      698
  SINCE DEC 1    532                       666   -134      698
  SINCE JUL 1   1857                      2147   -290     2059

 COOLING
  YESTERDAY        0                         0      0        0
  MONTH TO DATE    0                         0      0        0
  SINCE DEC 1      0                         0      0        0
  SINCE JAN 1    487                       455     32      694
..................................................................


WIND (MPH)
  HIGHEST WIND SPEED    13   HIGHEST WIND DIRECTION     N (340)
  HIGHEST GUST SPEED    16   HIGHEST GUST DIRECTION    NW (330)
  AVERAGE WIND SPEED     5.6


SKY COVER
  POSSIBLE SUNSHINE  MM
  AVERAGE SKY COVER 0.5


WEATHER CONDITIONS
 THE FOLLOWING WEATHER WAS RECORDED YESTERDAY.
  FOG


RELATIVE HUMIDITY (PERCENT)
 HIGHEST    91           500 AM
 LOWEST     24           100 PM
 AVERAGE    58

..........................................................


THE COLORADO SPRINGS CO CLIMATE NORMALS FOR TODAY
                         NORMAL    RECORD    YEAR
 MAXIMUM TEMPERATURE (F)   42        69      2010
                                             1894
 MINIMUM TEMPERATURE (F)   17       -13      1983


SUNRISE AND SUNSET
DECEMBER 20 2014......SUNRISE   713 AM MST   SUNSET   440 PM MST
DECEMBER 21 2014......SUNRISE   714 AM MST   SUNSET   440 PM MST


-  INDICATES NEGATIVE NUMBERS.
R  INDICATES RECORD WAS SET OR TIED.
MM INDICATES DATA IS MISSING.
T  INDICATES TRACE AMOUNT.




$$
