000
CDUS45 KPUB 042320
CLICOS


CLIMATE REPORT
NATIONAL WEATHER SERVICE PUEBLO
520 PM MDT SAT JUL 4 2015


...................................

...THE COLORADO SPRINGS CO CLIMATE SUMMARY FOR JULY 4 2015...
VALID TODAY AS OF 0500 PM LOCAL TIME.

CLIMATE NORMAL PERIOD 1981 TO 2010
CLIMATE RECORD PERIOD 1872 TO 2015


WEATHER ITEM   OBSERVED TIME   RECORD YEAR NORMAL DEPARTURE LAST
                VALUE   (LST)  VALUE       VALUE  FROM      YEAR
                                                  NORMAL
..................................................................
TEMPERATURE (F)
 TODAY
  MAXIMUM         87    338 PM  99    1964  85      2       90
  MINIMUM         56    246 AM  37    1903  56      0       59
  AVERAGE         72                        70      2       75

PRECIPITATION (IN)
  TODAY            T             1.07 2009   0.07  -0.07     0.08
  MONTH TO DATE    0.41                      0.28   0.13     0.56
  SINCE JUN 1      6.13                      2.78   3.35     1.85
  SINCE JAN 1     18.36                      7.89  10.47     6.64

SNOWFALL (IN)
  TODAY            0.0           0.0  2002   0.0    0.0      0.0
                                      2001
  MONTH TO DATE    0.0                       0.0    0.0       T
  SINCE JUN 1      T                         0.0    0.0       T
  SINCE JUL 1      0.0                       0.0    0.0       T
  SNOW DEPTH       0

DEGREE DAYS
 HEATING
  TODAY            0                         0      0        0
  MONTH TO DATE    0                         3     -3        4
  SINCE JUN 1     10                        82    -72       43
  SINCE JUL 1      0                         3     -3        4

 COOLING
  TODAY            7                         6      1       10
  MONTH TO DATE   23                        22      1       15
  SINCE JUN 1    145                       105     40      119
  SINCE JAN 1    145                       115     30      132
..................................................................


WIND (MPH)
  HIGHEST WIND SPEED    38   HIGHEST WIND DIRECTION     W (260)
  HIGHEST GUST SPEED    45   HIGHEST GUST DIRECTION     W (260)
  AVERAGE WIND SPEED     5.5


SKY COVER
  POSSIBLE SUNSHINE  MM
  AVERAGE SKY COVER 0.4


WEATHER CONDITIONS
 THE FOLLOWING WEATHER WAS RECORDED TODAY.
  THUNDERSTORM
  LIGHT RAIN


RELATIVE HUMIDITY (PERCENT)
 HIGHEST    80           100 AM
 LOWEST     25           400 PM
 AVERAGE    53

..........................................................


THE COLORADO SPRINGS CO CLIMATE NORMALS FOR TOMORROW
                         NORMAL    RECORD    YEAR
 MAXIMUM TEMPERATURE (F)   85        97      2008
                                             1989
                                             1985
 MINIMUM TEMPERATURE (F)   56        41      1903
                                             1900


SUNRISE AND SUNSET
JULY  4 2015..........SUNRISE   539 AM MDT   SUNSET   827 PM MDT
JULY  5 2015..........SUNRISE   539 AM MDT   SUNSET   827 PM MDT


-  INDICATES NEGATIVE NUMBERS.
R  INDICATES RECORD WAS SET OR TIED.
MM INDICATES DATA IS MISSING.
T  INDICATES TRACE AMOUNT.




$$
