000
CDUS45 KPUB 221036
CLICOS


CLIMATE REPORT
NATIONAL WEATHER SERVICE PUEBLO
436 AM MDT SUN OCT 22 2017


...................................

...THE COLORADO SPRINGS CO CLIMATE SUMMARY FOR OCTOBER 21 2017...

CLIMATE NORMAL PERIOD 1981 TO 2010
CLIMATE RECORD PERIOD 1872 TO 2017


WEATHER ITEM   OBSERVED TIME   RECORD YEAR NORMAL DEPARTURE LAST
                VALUE   (LST)  VALUE       VALUE  FROM      YEAR
                                                  NORMAL
..................................................................
TEMPERATURE (F)
 YESTERDAY
  MAXIMUM         63    103 AM  84    2003  61      2       78
  MINIMUM         32   1124 PM  11    1911  34     -2       32
  AVERAGE         48                        48      0       55

PRECIPITATION (IN)
  YESTERDAY        0.00          0.51 1978   0.03  -0.03     0.00
  MONTH TO DATE    0.17                      0.59  -0.42      T
  SINCE SEP 1      2.94                      1.78   1.16     0.16
  SINCE JAN 1     18.22                     15.57   2.65    13.60

SNOWFALL (IN)
  YESTERDAY        0.0           2.5  1906   0.1   -0.1      0.0
  MONTH TO DATE    0.3                       1.7   -1.4      0.0
  SINCE SEP 1      0.3                       1.9   -1.6      0.0
  SINCE JUL 1      0.3                       1.9   -1.6       T
  SNOW DEPTH       0

DEGREE DAYS
 HEATING
  YESTERDAY       17                        17      0       10
  MONTH TO DATE  252                       293    -41      173
  SINCE SEP 1    384                       452    -68      236
  SINCE JUL 1    393                       483    -90      257

 COOLING
  YESTERDAY        0                         0      0        0
  MONTH TO DATE    0                         0      0        7
  SINCE SEP 1     91                        36     55       82
  SINCE JAN 1    639                       454    185      708
..................................................................


WIND (MPH)
  HIGHEST WIND SPEED    31   HIGHEST WIND DIRECTION     N (10)
  HIGHEST GUST SPEED    37   HIGHEST GUST DIRECTION     N (10)
  AVERAGE WIND SPEED    15.0


SKY COVER
  POSSIBLE SUNSHINE  MM
  AVERAGE SKY COVER 0.3


WEATHER CONDITIONS
 THE FOLLOWING WEATHER WAS RECORDED YESTERDAY.
  HAZE


RELATIVE HUMIDITY (PERCENT)
 HIGHEST    50           400 AM
 LOWEST     13           500 PM
 AVERAGE    32

..........................................................


THE COLORADO SPRINGS CO CLIMATE NORMALS FOR TODAY
                         NORMAL    RECORD    YEAR
 MAXIMUM TEMPERATURE (F)   61        83      2016
 MINIMUM TEMPERATURE (F)   34        15      1996


SUNRISE AND SUNSET
OCTOBER 22 2017.......SUNRISE   716 AM MDT   SUNSET   610 PM MDT
OCTOBER 23 2017.......SUNRISE   717 AM MDT   SUNSET   609 PM MDT


-  INDICATES NEGATIVE NUMBERS.
R  INDICATES RECORD WAS SET OR TIED.
MM INDICATES DATA IS MISSING.
T  INDICATES TRACE AMOUNT.




$$
