000
CDUS45 KPUB 161152
CLICOS


CLIMATE REPORT
NATIONAL WEATHER SERVICE PUEBLO
451 AM MST TUE JAN 16 2018


...................................

...THE COLORADO SPRINGS CO CLIMATE SUMMARY FOR JANUARY 15 2018...

CLIMATE NORMAL PERIOD 1981 TO 2010
CLIMATE RECORD PERIOD 1872 TO 2018


WEATHER ITEM   OBSERVED TIME   RECORD YEAR NORMAL DEPARTURE LAST
                VALUE   (LST)  VALUE       VALUE  FROM      YEAR
                                                  NORMAL
..................................................................
TEMPERATURE (F)
 YESTERDAY
  MAXIMUM         37   1242 AM  68    1974  43     -6       37
  MINIMUM         13   1159 PM -14    1984  18     -5       24
  AVERAGE         25                        31     -6       31

PRECIPITATION (IN)
  YESTERDAY        T             0.77 1987   0.01  -0.01     0.04
  MONTH TO DATE    0.08                      0.14  -0.06     0.23
  SINCE DEC 1      0.09                      0.48  -0.39     0.91
  SINCE JAN 1      0.08                      0.14  -0.06     0.23

SNOWFALL (IN)
  YESTERDAY        T            22.0  1987   0.2   -0.2      0.5
  MONTH TO DATE    T                         2.7   -2.7      3.9
  SINCE DEC 1      0.9                       8.4   -7.5     10.3
  SINCE JUL 1      2.5                      16.2  -13.7     10.3
  SNOW DEPTH       0

DEGREE DAYS
 HEATING
  YESTERDAY       40                        34      6       34
  MONTH TO DATE  452                       520    -68      556
  SINCE DEC 1   1422                      1611   -189     1656
  SINCE JUL 1   2590                      3092   -502     2559

 COOLING
  YESTERDAY        0                         0      0        0
  MONTH TO DATE    0                         0      0        0
  SINCE DEC 1      0                         0      0        0
  SINCE JAN 1      0                         0      0        0
..................................................................


WIND (MPH)
  HIGHEST WIND SPEED    31   HIGHEST WIND DIRECTION    NE (40)
  HIGHEST GUST SPEED    36   HIGHEST GUST DIRECTION    NE (30)
  AVERAGE WIND SPEED    12.3


SKY COVER
  POSSIBLE SUNSHINE  MM
  AVERAGE SKY COVER 0.8


WEATHER CONDITIONS
 THE FOLLOWING WEATHER WAS RECORDED YESTERDAY.
  LIGHT SNOW
  FOG
  HAZE


RELATIVE HUMIDITY (PERCENT)
 HIGHEST    88           900 PM
 LOWEST     46          1200 AM
 AVERAGE    67

..........................................................


THE COLORADO SPRINGS CO CLIMATE NORMALS FOR TODAY
                         NORMAL    RECORD    YEAR
 MAXIMUM TEMPERATURE (F)   43        72      1974
 MINIMUM TEMPERATURE (F)   18        -8      1917


SUNRISE AND SUNSET
JANUARY 16 2018.......SUNRISE   715 AM MST   SUNSET   502 PM MST
JANUARY 17 2018.......SUNRISE   715 AM MST   SUNSET   503 PM MST


-  INDICATES NEGATIVE NUMBERS.
R  INDICATES RECORD WAS SET OR TIED.
MM INDICATES DATA IS MISSING.
T  INDICATES TRACE AMOUNT.




$$
