000
CDUS45 KPUB 211051
CLICOS


CLIMATE REPORT
NATIONAL WEATHER SERVICE PUEBLO
451 AM MDT WED JUN 21 2017


...................................

...THE COLORADO SPRINGS CO CLIMATE SUMMARY FOR JUNE 20 2017...

CLIMATE NORMAL PERIOD 1981 TO 2010
CLIMATE RECORD PERIOD 1872 TO 2017


WEATHER ITEM   OBSERVED TIME   RECORD YEAR NORMAL DEPARTURE LAST
                VALUE   (LST)  VALUE       VALUE  FROM      YEAR
                                                  NORMAL
..................................................................
TEMPERATURE (F)
 YESTERDAY
  MAXIMUM         94    306 PM  97    1968  81     13       89
  MINIMUM         56    507 AM  39    1947  53      3       64
  AVERAGE         75                        67      8       77

PRECIPITATION (IN)
  YESTERDAY        0.02          2.65 1970   0.07  -0.05     0.00
  MONTH TO DATE    0.11                      1.75  -1.64     0.55
  SINCE JUN 1      0.11                      1.75  -1.64     0.55
  SINCE JAN 1      6.23                      6.86  -0.63     7.48

SNOWFALL (IN)
  YESTERDAY        0.0           0.0  2004   0.0    0.0      0.0
  MONTH TO DATE    0.0                       0.0    0.0       T
  SINCE JUN 1      0.0                       0.0    0.0       T
  SINCE JUL 1     25.2                      37.7  -12.5     50.7
  SNOW DEPTH       0

DEGREE DAYS
 HEATING
  YESTERDAY        0                         2     -2        0
  MONTH TO DATE    8                        67    -59        8
  SINCE JUN 1      8                        67    -59        8
  SINCE JUL 1   5086                      6280  -1194     5484

 COOLING
  YESTERDAY       10                         3      7       12
  MONTH TO DATE  100                        38     62      100
  SINCE JUN 1    100                        38     62      100
  SINCE JAN 1    102                        48     54      102
..................................................................


WIND (MPH)
  HIGHEST WIND SPEED    31   HIGHEST WIND DIRECTION    NW (300)
  HIGHEST GUST SPEED    39   HIGHEST GUST DIRECTION    NW (300)
  AVERAGE WIND SPEED     6.9


SKY COVER
  POSSIBLE SUNSHINE  MM
  AVERAGE SKY COVER 0.6


WEATHER CONDITIONS
 THE FOLLOWING WEATHER WAS RECORDED YESTERDAY.
  THUNDERSTORM
  RAIN
  LIGHT RAIN


RELATIVE HUMIDITY (PERCENT)
 HIGHEST    62           500 AM
 LOWEST     12           300 PM
 AVERAGE    37

..........................................................


THE COLORADO SPRINGS CO CLIMATE NORMALS FOR TODAY
                         NORMAL    RECORD    YEAR
 MAXIMUM TEMPERATURE (F)   81       101      2016
 MINIMUM TEMPERATURE (F)   53        39      1906


SUNRISE AND SUNSET
JUNE 21 2017..........SUNRISE   534 AM MDT   SUNSET   827 PM MDT
JUNE 22 2017..........SUNRISE   534 AM MDT   SUNSET   828 PM MDT


-  INDICATES NEGATIVE NUMBERS.
R  INDICATES RECORD WAS SET OR TIED.
MM INDICATES DATA IS MISSING.
T  INDICATES TRACE AMOUNT.




$$
