477
CDUS45 KPUB 171208
CLICOS


CLIMATE REPORT
NATIONAL WEATHER SERVICE PUEBLO
507 AM MST TUE JAN 17 2017


...................................

...THE COLORADO SPRINGS CO CLIMATE SUMMARY FOR JANUARY 16 2017...

CLIMATE NORMAL PERIOD 1981 TO 2010
CLIMATE RECORD PERIOD 1872 TO 2017


WEATHER ITEM   OBSERVED TIME   RECORD YEAR NORMAL DEPARTURE LAST
                VALUE   (LST)  VALUE       VALUE  FROM      YEAR
                                                  NORMAL
..................................................................
TEMPERATURE (F)
 YESTERDAY
  MAXIMUM         34    300 PM  72    1974  43     -9       36
  MINIMUM         28   1153 PM  -8    1917  18     10       10
  AVERAGE         31                        31      0       23

PRECIPITATION (IN)
  YESTERDAY        0.01          0.35 2001   0.01   0.00     0.02
  MONTH TO DATE    0.24                      0.15   0.09     0.20
  SINCE DEC 1      0.92                      0.49   0.43     0.45
  SINCE JAN 1      0.24                      0.15   0.09     0.20

SNOWFALL (IN)
  YESTERDAY        0.8           6.7  2001   0.1    0.7      0.3
  MONTH TO DATE    4.7                       2.8    1.9      3.0
  SINCE DEC 1     11.1                       8.5    2.6      7.3
  SINCE JUL 1     11.1                      16.3   -5.2     13.1
  SNOW DEPTH       1

DEGREE DAYS
 HEATING
  YESTERDAY       34                        34      0       42
  MONTH TO DATE  590                       554     36      570
  SINCE DEC 1   1690                      1645     45     1571
  SINCE JUL 1   2593                      3126   -533     2674

 COOLING
  YESTERDAY        0                         0      0        0
  MONTH TO DATE    0                         0      0        0
  SINCE DEC 1      0                         0      0        0
  SINCE JAN 1      0                         0      0        0
..................................................................


WIND (MPH)
  HIGHEST WIND SPEED    36   HIGHEST WIND DIRECTION    NW (330)
  HIGHEST GUST SPEED    44   HIGHEST GUST DIRECTION    NW (330)
  AVERAGE WIND SPEED    18.2


SKY COVER
  POSSIBLE SUNSHINE  MM
  AVERAGE SKY COVER 1.0


WEATHER CONDITIONS
 THE FOLLOWING WEATHER WAS RECORDED YESTERDAY.
  LIGHT SNOW
  FOG


RELATIVE HUMIDITY (PERCENT)
 HIGHEST    85          1100 PM
 LOWEST     64           300 PM
 AVERAGE    75

..........................................................


THE COLORADO SPRINGS CO CLIMATE NORMALS FOR TODAY
                         NORMAL    RECORD    YEAR
 MAXIMUM TEMPERATURE (F)   43        64      1974
 MINIMUM TEMPERATURE (F)   18       -22      1930


SUNRISE AND SUNSET
JANUARY 17 2017.......SUNRISE   715 AM MST   SUNSET   504 PM MST
JANUARY 18 2017.......SUNRISE   714 AM MST   SUNSET   505 PM MST


-  INDICATES NEGATIVE NUMBERS.
R  INDICATES RECORD WAS SET OR TIED.
MM INDICATES DATA IS MISSING.
T  INDICATES TRACE AMOUNT.




$$
