171
CDUS45 KPUB 121154
CLICOS


CLIMATE REPORT
NATIONAL WEATHER SERVICE PUEBLO
454 AM MST FRI FEB 12 2016


...................................

...THE COLORADO SPRINGS CO CLIMATE SUMMARY FOR FEBRUARY 11 2016...

CLIMATE NORMAL PERIOD 1981 TO 2010
CLIMATE RECORD PERIOD 1872 TO 2016


WEATHER ITEM   OBSERVED TIME   RECORD YEAR NORMAL DEPARTURE LAST
                VALUE   (LST)  VALUE       VALUE  FROM      YEAR
                                                  NORMAL
..................................................................
TEMPERATURE (F)
 YESTERDAY
  MAXIMUM         60    151 PM  72    1951  44     16       44
  MINIMUM         25    530 AM -19    1899  19      6       28
  AVERAGE         43                        31     12       36

PRECIPITATION (IN)
  YESTERDAY        0.00          0.11 2015   0.01  -0.01     0.11
  MONTH TO DATE    1.00                      0.11   0.89     0.40
  SINCE DEC 1      1.79                      0.77   1.02     1.43
  SINCE JAN 1      1.54                      0.43   1.11     1.27

SNOWFALL (IN)
  YESTERDAY        0.0           3.8  1995   0.1   -0.1      0.5
  MONTH TO DATE   10.3                       1.9    8.4      0.5
  SINCE DEC 1     20.6                      13.2    7.4     17.7
  SINCE JUL 1     26.4                      21.0    5.4     24.8
  SNOW DEPTH       1

DEGREE DAYS
 HEATING
  YESTERDAY       22                        34    -12       29
  MONTH TO DATE  417                       374     43      237
  SINCE DEC 1   2411                      2536   -125     2256
  SINCE JUL 1   3514                      4017   -503     3581

 COOLING
  YESTERDAY        0                         0      0        0
  MONTH TO DATE    0                         0      0        0
  SINCE DEC 1      0                         0      0        0
  SINCE JAN 1      0                         0      0        0
..................................................................


WIND (MPH)
  HIGHEST WIND SPEED    24   HIGHEST WIND DIRECTION    NE (40)
  HIGHEST GUST SPEED    26   HIGHEST GUST DIRECTION    NE (30)
  AVERAGE WIND SPEED     6.7


SKY COVER
  POSSIBLE SUNSHINE  MM
  AVERAGE SKY COVER 0.5


WEATHER CONDITIONS
 THE FOLLOWING WEATHER WAS RECORDED YESTERDAY.
  NO SIGNIFICANT WEATHER WAS OBSERVED.


RELATIVE HUMIDITY (PERCENT)
 HIGHEST    63           600 AM
 LOWEST     15           200 PM
 AVERAGE    39

..........................................................


THE COLORADO SPRINGS CO CLIMATE NORMALS FOR TODAY
                         NORMAL    RECORD    YEAR
 MAXIMUM TEMPERATURE (F)   44        70      1962
 MINIMUM TEMPERATURE (F)   19       -24      1899


SUNRISE AND SUNSET
FEBRUARY 12 2016......SUNRISE   654 AM MST   SUNSET   533 PM MST
FEBRUARY 13 2016......SUNRISE   653 AM MST   SUNSET   534 PM MST


-  INDICATES NEGATIVE NUMBERS.
R  INDICATES RECORD WAS SET OR TIED.
MM INDICATES DATA IS MISSING.
T  INDICATES TRACE AMOUNT.




$$
