000
CDUS45 KPUB 310019
CLICOS


CLIMATE REPORT
NATIONAL WEATHER SERVICE PUEBLO
619 PM MDT SUN AUG 30 2015


...................................

...THE COLORADO SPRINGS CO CLIMATE SUMMARY FOR AUGUST 30 2015...
VALID TODAY AS OF 0500 PM LOCAL TIME.

CLIMATE NORMAL PERIOD 1981 TO 2010
CLIMATE RECORD PERIOD 1872 TO 2015


WEATHER ITEM   OBSERVED TIME   RECORD YEAR NORMAL DEPARTURE LAST
                VALUE   (LST)  VALUE       VALUE  FROM      YEAR
                                                  NORMAL
..................................................................
TEMPERATURE (F)
 TODAY
  MAXIMUM         90    223 PM  94    1990  80     10       85
  MINIMUM         53    416 AM  40    1944  53      0       48
  AVERAGE         72                        66      6       67

PRECIPITATION (IN)
  TODAY            0.00          1.03 1921   0.09  -0.09      T
  MONTH TO DATE    1.68                      3.25  -1.57     2.34
  SINCE JUN 1     10.54                      8.59   1.95     8.26
  SINCE JAN 1     22.77                     13.70   9.07    13.05

SNOWFALL (IN)
  TODAY            0.0           T    2001   0.0    0.0      0.0
  MONTH TO DATE    0.0                       0.0    0.0       T
  SINCE JUN 1      T                         0.0    0.0       T
  SINCE JUL 1      T                         0.0    0.0       T
  SNOW DEPTH       0

DEGREE DAYS
 HEATING
  TODAY            0                         1     -1        0
  MONTH TO DATE    9                        15     -6        7
  SINCE JUN 1     29                       104    -75       69
  SINCE JUL 1     19                        25     -6       30

 COOLING
  TODAY            7                         3      4        2
  MONTH TO DATE  203                       131     72      111
  SINCE JUN 1    507                       405    102      409
  SINCE JAN 1    507                       415     92      422
..................................................................


WIND (MPH)
  HIGHEST WIND SPEED    18   HIGHEST WIND DIRECTION    SE (130)
  HIGHEST GUST SPEED    24   HIGHEST GUST DIRECTION    SE (140)
  AVERAGE WIND SPEED     7.3


SKY COVER
  POSSIBLE SUNSHINE  MM
  AVERAGE SKY COVER 0.4


WEATHER CONDITIONS
 THE FOLLOWING WEATHER WAS RECORDED TODAY.
  NO SIGNIFICANT WEATHER WAS OBSERVED.


RELATIVE HUMIDITY (PERCENT)
 HIGHEST    71           500 AM
 LOWEST     14           100 PM
 AVERAGE    43

..........................................................


THE COLORADO SPRINGS CO CLIMATE NORMALS FOR TOMORROW
                         NORMAL    RECORD    YEAR
 MAXIMUM TEMPERATURE (F)   80        93      1985
 MINIMUM TEMPERATURE (F)   53        38      1910


SUNRISE AND SUNSET
AUGUST 30 2015........SUNRISE   626 AM MDT   SUNSET   732 PM MDT
AUGUST 31 2015........SUNRISE   627 AM MDT   SUNSET   731 PM MDT


-  INDICATES NEGATIVE NUMBERS.
R  INDICATES RECORD WAS SET OR TIED.
MM INDICATES DATA IS MISSING.
T  INDICATES TRACE AMOUNT.




$$
