000
CDUS45 KPUB 220019
CLICOS


CLIMATE REPORT
NATIONAL WEATHER SERVICE PUEBLO
619 PM MDT MON AUG 21 2017


...................................

...THE COLORADO SPRINGS CO CLIMATE SUMMARY FOR AUGUST 21 2017...
VALID TODAY AS OF 0500 PM LOCAL TIME.

CLIMATE NORMAL PERIOD 1981 TO 2010
CLIMATE RECORD PERIOD 1872 TO 2017


WEATHER ITEM   OBSERVED TIME   RECORD YEAR NORMAL DEPARTURE LAST
                VALUE   (LST)  VALUE       VALUE  FROM      YEAR
                                                  NORMAL
..................................................................
TEMPERATURE (F)
 TODAY
  MAXIMUM         86    227 PM  94    2007  81      5       81
                                      2003
  MINIMUM         63    551 AM  42    1938  55      8       50
  AVERAGE         75                        68      7       66

PRECIPITATION (IN)
  TODAY            0.00          1.15 1923   0.09  -0.09     0.00
  MONTH TO DATE    2.43                      2.46  -0.03     0.95
  SINCE JUN 1      9.16                      7.80   1.36     5.03
  SINCE JAN 1     15.28                     12.91   2.37    11.96

SNOWFALL (IN)
  TODAY            0.0           0.0  2002   0.0    0.0      0.0
  MONTH TO DATE    T                         0.0    0.0      0.0
  SINCE JUN 1      T                         0.0    0.0       T
  SINCE JUL 1      T                         0.0    0.0       T
  SNOW DEPTH       0

DEGREE DAYS
 HEATING
  TODAY            0                         1     -1        0
  MONTH TO DATE    9                         6      3        7
  SINCE JUN 1     30                        95    -65       15
  SINCE JUL 1      9                        16     -7        7

 COOLING
  TODAY           10                         4      6        1
  MONTH TO DATE   81                       101    -20      124
  SINCE JUN 1    506                       375    131      604
  SINCE JAN 1    508                       385    123      606
..................................................................


WIND (MPH)
  HIGHEST WIND SPEED    20   HIGHEST WIND DIRECTION    NE (40)
  HIGHEST GUST SPEED    24   HIGHEST GUST DIRECTION    NE (50)
  AVERAGE WIND SPEED     7.9


SKY COVER
  POSSIBLE SUNSHINE  MM
  AVERAGE SKY COVER 0.4


WEATHER CONDITIONS
 THE FOLLOWING WEATHER WAS RECORDED TODAY.
  NO SIGNIFICANT WEATHER WAS OBSERVED.


RELATIVE HUMIDITY (PERCENT)
 HIGHEST    48           100 AM
 LOWEST     21           200 PM
 AVERAGE    35

..........................................................


THE COLORADO SPRINGS CO CLIMATE NORMALS FOR TOMORROW
                         NORMAL    RECORD    YEAR
 MAXIMUM TEMPERATURE (F)   81        93      2011
 MINIMUM TEMPERATURE (F)   55        41      1920


SUNRISE AND SUNSET
AUGUST 21 2017........SUNRISE   618 AM MDT   SUNSET   745 PM MDT
AUGUST 22 2017........SUNRISE   619 AM MDT   SUNSET   743 PM MDT


-  INDICATES NEGATIVE NUMBERS.
R  INDICATES RECORD WAS SET OR TIED.
MM INDICATES DATA IS MISSING.
T  INDICATES TRACE AMOUNT.




$$
