000
CDUS45 KPUB 130027
CLICOS


CLIMATE REPORT
NATIONAL WEATHER SERVICE PUEBLO
627 PM MDT SAT JUL 12 2014


...................................

...THE COLORADO SPRINGS CO CLIMATE SUMMARY FOR JULY 12 2014...
VALID TODAY AS OF 0500 PM LOCAL TIME.

CLIMATE NORMAL PERIOD 1981 TO 2010
CLIMATE RECORD PERIOD 1872 TO 2014


WEATHER ITEM   OBSERVED TIME   RECORD YEAR NORMAL DEPARTURE LAST
                VALUE   (LST)  VALUE       VALUE  FROM      YEAR
                                                  NORMAL
..................................................................
TEMPERATURE (F)
 TODAY
  MAXIMUM         86   1216 PM  98    1971  85      1       93
  MINIMUM         62    526 AM  48    1961  57      5       64
                                      1900
                                      1895
  AVERAGE         74                        71      3       79

PRECIPITATION (IN)
  TODAY            0.14          1.07 1895   0.08   0.06      T
  MONTH TO DATE    0.82                      0.91  -0.09     1.64
  SINCE JUN 1      2.11                      3.41  -1.30     2.24
  SINCE JAN 1      6.90                      8.52  -1.62     4.97

SNOWFALL (IN)
  TODAY            0.0           0.0  2002   0.0    0.0      0.0
                                      2001
  MONTH TO DATE    T                         0.0    0.0       T
  SINCE JUN 1      T                         0.0    0.0       T
  SINCE JUL 1      T                         0.0    0.0       T
  SNOW DEPTH       0

DEGREE DAYS
 HEATING
  TODAY            0                         0      0        0
  MONTH TO DATE    5                         3      2        2
  SINCE JUN 1     44                        82    -38       27
  SINCE JUL 1      5                         3      2        2

 COOLING
  TODAY            9                         6      3       14
  MONTH TO DATE   88                        70     18      100
  SINCE JUN 1    192                       153     39      282
  SINCE JAN 1    205                       163     42      304
..................................................................


WIND (MPH)
  HIGHEST WIND SPEED    35   HIGHEST WIND DIRECTION    NE (30)
  HIGHEST GUST SPEED    41   HIGHEST GUST DIRECTION    NE (30)
  AVERAGE WIND SPEED     6.7


SKY COVER
  POSSIBLE SUNSHINE  MM
  AVERAGE SKY COVER 0.6


WEATHER CONDITIONS
 THE FOLLOWING WEATHER WAS RECORDED TODAY.
  THUNDERSTORM
  HEAVY RAIN
  RAIN
  LIGHT RAIN
  FOG
  HAZE


RELATIVE HUMIDITY (PERCENT)
 HIGHEST    84           400 AM
 LOWEST     34          1200 PM
 AVERAGE    59

..........................................................


THE COLORADO SPRINGS CO CLIMATE NORMALS FOR TOMORROW
                         NORMAL    RECORD    YEAR
 MAXIMUM TEMPERATURE (F)   85       100      1954
 MINIMUM TEMPERATURE (F)   57        42      1918


SUNRISE AND SUNSET
JULY 12 2014..........SUNRISE   544 AM MDT   SUNSET   825 PM MDT
JULY 13 2014..........SUNRISE   545 AM MDT   SUNSET   824 PM MDT


-  INDICATES NEGATIVE NUMBERS.
R  INDICATES RECORD WAS SET OR TIED.
MM INDICATES DATA IS MISSING.
T  INDICATES TRACE AMOUNT.




$$
