000
CDUS45 KPUB 281045
CLICOS


CLIMATE REPORT
NATIONAL WEATHER SERVICE PUEBLO
444 AM MDT THU MAY 28 2015


...................................

...THE COLORADO SPRINGS CO CLIMATE SUMMARY FOR MAY 27 2015...

CLIMATE NORMAL PERIOD 1981 TO 2010
CLIMATE RECORD PERIOD 1872 TO 2015


WEATHER ITEM   OBSERVED TIME   RECORD YEAR NORMAL DEPARTURE LAST
                VALUE   (LST)  VALUE       VALUE  FROM      YEAR
                                                  NORMAL
..................................................................
TEMPERATURE (F)
 YESTERDAY
  MAXIMUM         75    402 PM  89    2010  72      3       83
  MINIMUM         44    421 AM  34    1917  46     -2       51
  AVERAGE         60                        59      1       67

PRECIPITATION (IN)
  YESTERDAY        T             1.42 1902   0.08  -0.08     0.00
  MONTH TO DATE    7.66                      1.71   5.95     1.74
  SINCE MAR 1      9.44                      4.13   5.31     3.08
  SINCE JAN 1     11.76                      4.79   6.97     3.97

SNOWFALL (IN)
  YESTERDAY        0.0           T    1967   0.0    0.0      0.0
  MONTH TO DATE    T                         0.7   -0.7      0.4
  SINCE MAR 1      5.6                      13.7   -8.1     10.7
  SINCE JUL 1     46.5                      37.7    8.8     34.8
  SNOW DEPTH       0

DEGREE DAYS
 HEATING
  YESTERDAY        5                         6     -1        0
  MONTH TO DATE  364                       267     97      260
  SINCE MAR 1   1522                      1626   -104     1558
  SINCE JUL 1   5743                      6189   -446     6045

 COOLING
  YESTERDAY        0                         1     -1        2
  MONTH TO DATE    0                         3     -3        7
  SINCE MAR 1      0                         4     -4        7
  SINCE JAN 1      0                         4     -4        7
..................................................................


WIND (MPH)
  HIGHEST WIND SPEED    22   HIGHEST WIND DIRECTION     W (250)
  HIGHEST GUST SPEED    27   HIGHEST GUST DIRECTION     S (170)
  AVERAGE WIND SPEED     8.1


SKY COVER
  POSSIBLE SUNSHINE  MM
  AVERAGE SKY COVER 0.6


WEATHER CONDITIONS
 THE FOLLOWING WEATHER WAS RECORDED YESTERDAY.
  THUNDERSTORM


RELATIVE HUMIDITY (PERCENT)
 HIGHEST    93           100 AM
 LOWEST     23           400 PM
 AVERAGE    58

..........................................................


THE COLORADO SPRINGS CO CLIMATE NORMALS FOR TODAY
                         NORMAL    RECORD    YEAR
 MAXIMUM TEMPERATURE (F)   73        91      1974
 MINIMUM TEMPERATURE (F)   46        31      1947


SUNRISE AND SUNSET
MAY 28 2015...........SUNRISE   538 AM MDT   SUNSET   815 PM MDT
MAY 29 2015...........SUNRISE   537 AM MDT   SUNSET   816 PM MDT


-  INDICATES NEGATIVE NUMBERS.
R  INDICATES RECORD WAS SET OR TIED.
MM INDICATES DATA IS MISSING.
T  INDICATES TRACE AMOUNT.




$$
