000
CDUS45 KPUB 230020
CLICOS


CLIMATE REPORT
NATIONAL WEATHER SERVICE PUEBLO
520 PM MST WED FEB 22 2017


...................................

...THE COLORADO SPRINGS CO CLIMATE SUMMARY FOR FEBRUARY 22 2017...
VALID TODAY AS OF 0500 PM LOCAL TIME.

CLIMATE NORMAL PERIOD 1981 TO 2010
CLIMATE RECORD PERIOD 1872 TO 2017


WEATHER ITEM   OBSERVED TIME   RECORD YEAR NORMAL DEPARTURE LAST
                VALUE   (LST)  VALUE       VALUE  FROM      YEAR
                                                  NORMAL
..................................................................
TEMPERATURE (F)
 TODAY
  MAXIMUM         66    306 PM  70    1958  46     20       50
  MINIMUM         46    607 AM -10    1911  21     25       21
  AVERAGE         56                        33     23       36

PRECIPITATION (IN)
  TODAY            0.00          0.61 1909   0.01  -0.01      T
  MONTH TO DATE    0.05                      0.24  -0.19     1.00
  SINCE DEC 1      1.05                      0.90   0.15     1.79
  SINCE JAN 1      0.37                      0.56  -0.19     1.54

SNOWFALL (IN)
  TODAY            0.0           6.1  1909   0.2   -0.2       T
  MONTH TO DATE    0.6                       3.9   -3.3     10.1
  SINCE DEC 1     13.3                      15.2   -1.9     21.3
  SINCE JUL 1     13.3                      23.0   -9.7     27.1
  SNOW DEPTH       0

DEGREE DAYS
 HEATING
  TODAY            9                        32    -23       29
  MONTH TO DATE  475                       734   -259      639
  SINCE DEC 1   2626                      2896   -270     2633
  SINCE JUL 1   3529                      4377   -848     3736

 COOLING
  TODAY            0                         0      0        0
  MONTH TO DATE    0                         0      0        0
  SINCE DEC 1      0                         0      0        0
  SINCE JAN 1      0                         0      0        0
..................................................................


WIND (MPH)
  HIGHEST WIND SPEED    31   HIGHEST WIND DIRECTION     W (280)
  HIGHEST GUST SPEED    44   HIGHEST GUST DIRECTION     W (280)
  AVERAGE WIND SPEED    16.7


SKY COVER
  POSSIBLE SUNSHINE  MM
  AVERAGE SKY COVER 0.4


WEATHER CONDITIONS
 THE FOLLOWING WEATHER WAS RECORDED TODAY.
  NO SIGNIFICANT WEATHER WAS OBSERVED.


RELATIVE HUMIDITY (PERCENT)
 HIGHEST    31           600 AM
 LOWEST      9           300 PM
 AVERAGE    20

..........................................................


THE COLORADO SPRINGS CO CLIMATE NORMALS FOR TOMORROW
                         NORMAL    RECORD    YEAR
 MAXIMUM TEMPERATURE (F)   46        72      2002
 MINIMUM TEMPERATURE (F)   21        -7      1913


SUNRISE AND SUNSET
FEBRUARY 22 2017......SUNRISE   641 AM MST   SUNSET   545 PM MST
FEBRUARY 23 2017......SUNRISE   639 AM MST   SUNSET   546 PM MST


-  INDICATES NEGATIVE NUMBERS.
R  INDICATES RECORD WAS SET OR TIED.
MM INDICATES DATA IS MISSING.
T  INDICATES TRACE AMOUNT.




$$
