000
CDUS45 KPUB 241100
CLICOS


CLIMATE REPORT
NATIONAL WEATHER SERVICE PUEBLO
500 AM MDT WED MAY 24 2017


...................................

...THE COLORADO SPRINGS CO CLIMATE SUMMARY FOR MAY 23 2017...

CLIMATE NORMAL PERIOD 1981 TO 2010
CLIMATE RECORD PERIOD 1872 TO 2017


WEATHER ITEM   OBSERVED TIME   RECORD YEAR NORMAL DEPARTURE LAST
                VALUE   (LST)  VALUE       VALUE  FROM      YEAR
                                                  NORMAL
..................................................................
TEMPERATURE (F)
 YESTERDAY
  MAXIMUM         63    343 PM  91    1989  71     -8       71
  MINIMUM         40    416 AM  30    1930  45     -5       45
  AVERAGE         52                        58     -6       58

PRECIPITATION (IN)
  YESTERDAY        0.00          1.13 1959   0.07  -0.07     0.00
  MONTH TO DATE    2.54                      1.40   1.14     1.03
  SINCE MAR 1      5.12                      3.82   1.30     4.04
  SINCE JAN 1      5.51                      4.48   1.03     5.58

SNOWFALL (IN)
  YESTERDAY        0.0           T    2015   0.0    0.0      0.0
                                      1975
  MONTH TO DATE    0.1                       0.7   -0.6       T
  SINCE MAR 1     11.8                      13.7   -1.9     23.6
  SINCE JUL 1     25.2                      37.7  -12.5     50.7
  SNOW DEPTH       0

DEGREE DAYS
 HEATING
  YESTERDAY       13                         7      6        7
  MONTH TO DATE  235                       240     -5      266
  SINCE MAR 1   1276                      1599   -323     1519
  SINCE JUL 1   5029                      6162  -1133     5422

 COOLING
  YESTERDAY        0                         0      0        0
  MONTH TO DATE    0                         0      0        2
  SINCE MAR 1      0                         1     -1        2
  SINCE JAN 1      0                         1     -1        2
..................................................................


WIND (MPH)
  HIGHEST WIND SPEED    29   HIGHEST WIND DIRECTION     N (10)
  HIGHEST GUST SPEED    38   HIGHEST GUST DIRECTION    NW (310)
  AVERAGE WIND SPEED    12.8


SKY COVER
  POSSIBLE SUNSHINE  MM
  AVERAGE SKY COVER 0.4


WEATHER CONDITIONS
 THE FOLLOWING WEATHER WAS RECORDED YESTERDAY.
  NO SIGNIFICANT WEATHER WAS OBSERVED.


RELATIVE HUMIDITY (PERCENT)
 HIGHEST    70          1200 AM
 LOWEST     27           300 PM
 AVERAGE    49

..........................................................


THE COLORADO SPRINGS CO CLIMATE NORMALS FOR TODAY
                         NORMAL    RECORD    YEAR
 MAXIMUM TEMPERATURE (F)   71        93      1984
 MINIMUM TEMPERATURE (F)   45        31      1943


SUNRISE AND SUNSET
MAY 24 2017...........SUNRISE   540 AM MDT   SUNSET   812 PM MDT
MAY 25 2017...........SUNRISE   539 AM MDT   SUNSET   813 PM MDT


-  INDICATES NEGATIVE NUMBERS.
R  INDICATES RECORD WAS SET OR TIED.
MM INDICATES DATA IS MISSING.
T  INDICATES TRACE AMOUNT.




$$
