000
CDUS45 KPUB 161144
CLICOS


CLIMATE REPORT
NATIONAL WEATHER SERVICE PUEBLO
443 AM MST FRI FEB 16 2018


...................................

...THE COLORADO SPRINGS CO CLIMATE SUMMARY FOR FEBRUARY 15 2018...

CLIMATE NORMAL PERIOD 1981 TO 2010
CLIMATE RECORD PERIOD 1872 TO 2018


WEATHER ITEM   OBSERVED TIME   RECORD YEAR NORMAL DEPARTURE LAST
                VALUE   (LST)  VALUE       VALUE  FROM      YEAR
                                                  NORMAL
..................................................................
TEMPERATURE (F)
 YESTERDAY
  MAXIMUM         56    306 PM  74    1945  45     11       60
  MINIMUM         23   1159 PM  -8    1895  19      4       21
  AVERAGE         40                        32      8       41

PRECIPITATION (IN)
  YESTERDAY        0.03          0.31 1910   0.01   0.02     0.00
  MONTH TO DATE    0.25                      0.15   0.10     0.05
  SINCE DEC 1      0.42                      0.81  -0.39     1.05
  SINCE JAN 1      0.41                      0.47  -0.06     0.37

SNOWFALL (IN)
  YESTERDAY        0.4           5.5  1910   0.1    0.3      0.0
  MONTH TO DATE    4.7                       2.6    2.1      0.6
  SINCE DEC 1      7.3                      13.9   -6.6     13.3
  SINCE JUL 1      8.9                      21.7  -12.8     13.3
  SNOW DEPTH       0

DEGREE DAYS
 HEATING
  YESTERDAY       25                        33     -8       24
  MONTH TO DATE  476                       507    -31      365
  SINCE DEC 1   2370                      2669   -299     2516
  SINCE JUL 1   3538                      4150   -612     3419

 COOLING
  YESTERDAY        0                         0      0        0
  MONTH TO DATE    0                         0      0        0
  SINCE DEC 1      0                         0      0        0
  SINCE JAN 1      0                         0      0        0
..................................................................


WIND (MPH)
  HIGHEST WIND SPEED    32   HIGHEST WIND DIRECTION     E (70)
  HIGHEST GUST SPEED    38   HIGHEST GUST DIRECTION    NE (60)
  AVERAGE WIND SPEED    15.3


SKY COVER
  POSSIBLE SUNSHINE  MM
  AVERAGE SKY COVER 0.6


WEATHER CONDITIONS
 THE FOLLOWING WEATHER WAS RECORDED YESTERDAY.
  LIGHT SNOW
  FOG


RELATIVE HUMIDITY (PERCENT)
 HIGHEST    92          1000 PM
 LOWEST     15           300 PM
 AVERAGE    54

..........................................................


THE COLORADO SPRINGS CO CLIMATE NORMALS FOR TODAY
                         NORMAL    RECORD    YEAR
 MAXIMUM TEMPERATURE (F)   45        68      2017
                                             1970
 MINIMUM TEMPERATURE (F)   20       -12      1903


SUNRISE AND SUNSET
FEBRUARY 16 2018......SUNRISE   649 AM MST   SUNSET   538 PM MST
FEBRUARY 17 2018......SUNRISE   647 AM MST   SUNSET   539 PM MST


-  INDICATES NEGATIVE NUMBERS.
R  INDICATES RECORD WAS SET OR TIED.
MM INDICATES DATA IS MISSING.
T  INDICATES TRACE AMOUNT.




$$
