000
CDUS45 KPUB 272329
CLICOS


CLIMATE REPORT
NATIONAL WEATHER SERVICE PUEBLO
529 PM MDT THU AUG 27 2015


...................................

...THE COLORADO SPRINGS CO CLIMATE SUMMARY FOR AUGUST 27 2015...
VALID TODAY AS OF 0500 PM LOCAL TIME.

CLIMATE NORMAL PERIOD 1981 TO 2010
CLIMATE RECORD PERIOD 1872 TO 2015


WEATHER ITEM   OBSERVED TIME   RECORD YEAR NORMAL DEPARTURE LAST
                VALUE   (LST)  VALUE       VALUE  FROM      YEAR
                                                  NORMAL
..................................................................
TEMPERATURE (F)
 TODAY
  MAXIMUM         83    346 PM  94    1962  80      3       81
                                      1960
  MINIMUM         59   1251 AM  39    1992  54      5       55
  AVERAGE         71                        67      4       68

PRECIPITATION (IN)
  TODAY            T             0.76 1955   0.08  -0.08     0.00
  MONTH TO DATE    1.66                      2.98  -1.32     2.32
  SINCE JUN 1     10.52                      8.32   2.20     8.24
  SINCE JAN 1     22.75                     13.43   9.32    13.03

SNOWFALL (IN)
  TODAY            0.0           0.0  2002   0.0    0.0      0.0
  MONTH TO DATE    0.0                       0.0    0.0       T
  SINCE JUN 1      T                         0.0    0.0       T
  SINCE JUL 1      T                         0.0    0.0       T
  SNOW DEPTH       0

DEGREE DAYS
 HEATING
  TODAY            0                         1     -1        0
  MONTH TO DATE    9                        12     -3        5
  SINCE JUN 1     29                       101    -72       67
  SINCE JUL 1     19                        22     -3       28

 COOLING
  TODAY            6                         3      3        3
  MONTH TO DATE  188                       122     66      108
  SINCE JUN 1    492                       396     96      406
  SINCE JAN 1    492                       406     86      419
..................................................................


WIND (MPH)
  HIGHEST WIND SPEED    21   HIGHEST WIND DIRECTION     W (270)
  HIGHEST GUST SPEED    24   HIGHEST GUST DIRECTION     W (260)
  AVERAGE WIND SPEED     7.1


SKY COVER
  POSSIBLE SUNSHINE  MM
  AVERAGE SKY COVER 0.8


WEATHER CONDITIONS
 THE FOLLOWING WEATHER WAS RECORDED TODAY.
  LIGHT RAIN


RELATIVE HUMIDITY (PERCENT)
 HIGHEST    55           100 AM
 LOWEST     28          1100 AM
 AVERAGE    42

..........................................................


THE COLORADO SPRINGS CO CLIMATE NORMALS FOR TOMORROW
                         NORMAL    RECORD    YEAR
 MAXIMUM TEMPERATURE (F)   80        93      1958
 MINIMUM TEMPERATURE (F)   54        42      2004
                                             1903


SUNRISE AND SUNSET
AUGUST 27 2015........SUNRISE   623 AM MDT   SUNSET   737 PM MDT
AUGUST 28 2015........SUNRISE   624 AM MDT   SUNSET   735 PM MDT


-  INDICATES NEGATIVE NUMBERS.
R  INDICATES RECORD WAS SET OR TIED.
MM INDICATES DATA IS MISSING.
T  INDICATES TRACE AMOUNT.




$$
