000
CDUS45 KPUB 280034
CLICOS


CLIMATE REPORT
NATIONAL WEATHER SERVICE PUEBLO
634 PM MDT WED JUL 27 2016


...................................

...THE COLORADO SPRINGS CO CLIMATE SUMMARY FOR JULY 27 2016...
VALID TODAY AS OF 0500 PM LOCAL TIME.

CLIMATE NORMAL PERIOD 1981 TO 2010
CLIMATE RECORD PERIOD 1872 TO 2016


WEATHER ITEM   OBSERVED TIME   RECORD YEAR NORMAL DEPARTURE LAST
                VALUE   (LST)  VALUE       VALUE  FROM      YEAR
                                                  NORMAL
..................................................................
TEMPERATURE (F)
 TODAY
  MAXIMUM         92    408 PM  97    1960  84      8       90
  MINIMUM         58    455 AM  46    1909  58      0       59
  AVERAGE         75                        71      4       75

PRECIPITATION (IN)
  TODAY            0.00          0.88 1965   0.11  -0.11     0.00
  MONTH TO DATE    1.86                      2.41  -0.55     3.14
  SINCE JUN 1      2.90                      4.91  -2.01     8.86
  SINCE JAN 1      9.83                     10.02  -0.19    21.09

SNOWFALL (IN)
  TODAY            0.0           0.0  2002   0.0    0.0      0.0
                                      2001
  MONTH TO DATE    T                         0.0    0.0       T
  SINCE JUN 1      T                         0.0    0.0       T
  SINCE JUL 1      T                         0.0    0.0       T
  SNOW DEPTH       0

DEGREE DAYS
 HEATING
  TODAY            0                         0      0        0
  MONTH TO DATE    0                         3     -3       10
  SINCE JUN 1      8                        82    -74       20
  SINCE JUL 1      0                         3     -3       10

 COOLING
  TODAY           10                         6      4       10
  MONTH TO DATE  266                       165    101      161
  SINCE JUN 1    447                       248    199      283
  SINCE JAN 1    449                       258    191      283
..................................................................


WIND (MPH)
  HIGHEST WIND SPEED    23   HIGHEST WIND DIRECTION     E (80)
  HIGHEST GUST SPEED    29   HIGHEST GUST DIRECTION     E (90)
  AVERAGE WIND SPEED     7.2


SKY COVER
  POSSIBLE SUNSHINE  MM
  AVERAGE SKY COVER 0.3


WEATHER CONDITIONS
 THE FOLLOWING WEATHER WAS RECORDED TODAY.
  HAZE


RELATIVE HUMIDITY (PERCENT)
 HIGHEST    86           500 AM
 LOWEST     14           400 PM
 AVERAGE    50

..........................................................


THE COLORADO SPRINGS CO CLIMATE NORMALS FOR TOMORROW
                         NORMAL    RECORD    YEAR
 MAXIMUM TEMPERATURE (F)   84        96      1978
 MINIMUM TEMPERATURE (F)   58        44      1913


SUNRISE AND SUNSET
JULY 27 2016..........SUNRISE   556 AM MDT   SUNSET   814 PM MDT
JULY 28 2016..........SUNRISE   557 AM MDT   SUNSET   813 PM MDT


-  INDICATES NEGATIVE NUMBERS.
R  INDICATES RECORD WAS SET OR TIED.
MM INDICATES DATA IS MISSING.
T  INDICATES TRACE AMOUNT.




$$
