000
CDUS45 KPUB 241130
CLICOS


CLIMATE REPORT
NATIONAL WEATHER SERVICE PUEBLO
430 AM MST SAT JAN 24 2015


...................................

...THE COLORADO SPRINGS CO CLIMATE SUMMARY FOR JANUARY 23 2015...

CLIMATE NORMAL PERIOD 1981 TO 2010
CLIMATE RECORD PERIOD 1872 TO 2015


WEATHER ITEM   OBSERVED TIME   RECORD YEAR NORMAL DEPARTURE LAST
                VALUE   (LST)  VALUE       VALUE  FROM      YEAR
                                                  NORMAL
..................................................................
TEMPERATURE (F)
 YESTERDAY
  MAXIMUM         45    132 PM  68    2013  43      2       22
  MINIMUM         14   1246 AM -11    1963  18     -4        2
  AVERAGE         30                        30      0       12

PRECIPITATION (IN)
  YESTERDAY        0.00          0.26 1921   0.01  -0.01     0.05
  MONTH TO DATE    0.80                      0.23   0.57     0.27
  SINCE DEC 1      0.96                      0.57   0.39     0.34
  SINCE JAN 1      0.80                      0.23   0.57     0.27

SNOWFALL (IN)
  YESTERDAY        0.0           3.0  1904   0.2   -0.2      2.6
  MONTH TO DATE   14.4                       4.1   10.3      6.7
  SINCE DEC 1     18.1                       9.8    8.3      9.6
  SINCE JUL 1     25.2                      17.6    7.6     13.8
  SNOW DEPTH       3

DEGREE DAYS
 HEATING
  YESTERDAY       35                        34      1       53
  MONTH TO DATE  806                       792     14      783
  SINCE DEC 1   1836                      1883    -47     1886
  SINCE JUL 1   3161                      3364   -203     3247

 COOLING
  YESTERDAY        0                         0      0        0
  MONTH TO DATE    0                         0      0        0
  SINCE DEC 1      0                         0      0        0
  SINCE JAN 1      0                         0      0        0
..................................................................


WIND (MPH)
  HIGHEST WIND SPEED    24   HIGHEST WIND DIRECTION     N (10)
  HIGHEST GUST SPEED    27   HIGHEST GUST DIRECTION     N (20)
  AVERAGE WIND SPEED    11.5


SKY COVER
  POSSIBLE SUNSHINE  MM
  AVERAGE SKY COVER 0.4


WEATHER CONDITIONS
 THE FOLLOWING WEATHER WAS RECORDED YESTERDAY.
  NO SIGNIFICANT WEATHER WAS OBSERVED.


RELATIVE HUMIDITY (PERCENT)
 HIGHEST    63          1100 PM
 LOWEST     33          1200 PM
 AVERAGE    48

..........................................................


THE COLORADO SPRINGS CO CLIMATE NORMALS FOR TODAY
                         NORMAL    RECORD    YEAR
 MAXIMUM TEMPERATURE (F)   43        66      2013
 MINIMUM TEMPERATURE (F)   18        -6      1949
                                             1897


SUNRISE AND SUNSET
JANUARY 24 2015.......SUNRISE   711 AM MST   SUNSET   511 PM MST
JANUARY 25 2015.......SUNRISE   711 AM MST   SUNSET   512 PM MST


-  INDICATES NEGATIVE NUMBERS.
R  INDICATES RECORD WAS SET OR TIED.
MM INDICATES DATA IS MISSING.
T  INDICATES TRACE AMOUNT.




$$
