000
CDUS45 KPUB 141120 CCA
CLICOS

CLIMATE REPORT...CORRECTION
NATIONAL WEATHER SERVICE PUEBLO
450 AM MDT MON APR 14 2014


...................................

...THE COLORADO SPRINGS CO CLIMATE SUMMARY FOR APRIL 13 2014...

CLIMATE NORMAL PERIOD 1981 TO 2010
CLIMATE RECORD PERIOD 1872 TO 2014


WEATHER ITEM   OBSERVED TIME   RECORD YEAR NORMAL DEPARTURE LAST
                VALUE   (LST)  VALUE       VALUE  FROM      YEAR
                                                  NORMAL
..................................................................
TEMPERATURE (F)
 YESTERDAY
  MAXIMUM         48   1200 AM  83    2006  59    -11       71
  MINIMUM         20   1159 PM   8    1997  32    -12       31
  AVERAGE         34                        46    -12       51

PRECIPITATION (IN)
  YESTERDAY        0.18          1.82 1967   0.05   0.13     0.00
  MONTH TO DATE    0.74                      0.49   0.25     0.01
  SINCE MAR 1      1.16                      1.49  -0.33     0.19
  SINCE JAN 1      2.05                      2.15  -0.10     1.27

SNOWFALL (IN)
  YESTERDAY        1.5          13.9  1967   0.2    1.3      0.0
  MONTH TO DATE    7.5                       2.5    5.0       T
  SINCE MAR 1     10.3                      10.6   -0.3      4.2
  SINCE JUL 1     34.4                      34.6   -0.2     24.2
  SNOW DEPTH       0

DEGREE DAYS
 HEATING
  YESTERDAY       31                        19     12       14
  MONTH TO DATE  251                       271    -20      300
  SINCE MAR 1   1032                      1076    -44     1112
  SINCE JUL 1   5519                      5639   -120     5456

 COOLING
  YESTERDAY        0                         0      0        0
  MONTH TO DATE    0                         0      0        0
  SINCE MAR 1      0                         0      0        0
  SINCE JAN 1      0                         0      0        0
..................................................................


WIND (MPH)
  HIGHEST WIND SPEED    39   HIGHEST WIND DIRECTION     N (360)
  HIGHEST GUST SPEED    45   HIGHEST GUST DIRECTION     N (360)
  AVERAGE WIND SPEED    19.4


SKY COVER
  POSSIBLE SUNSHINE  MM
  AVERAGE SKY COVER 1.0


WEATHER CONDITIONS
 THE FOLLOWING WEATHER WAS RECORDED YESTERDAY.
  LIGHT RAIN
  HEAVY SNOW
  SNOW
  LIGHT SNOW
  FOG
  FOG W/VISIBILITY <= 1/4 MILE


RELATIVE HUMIDITY (PERCENT)
 HIGHEST    85           700 AM
 LOWEST     61          1200 AM
 AVERAGE    73

..........................................................


THE COLORADO SPRINGS CO CLIMATE NORMALS FOR TODAY
                         NORMAL    RECORD    YEAR
 MAXIMUM TEMPERATURE (F)   59        81      2002
 MINIMUM TEMPERATURE (F)   33         8      1933


SUNRISE AND SUNSET
APRIL 14 2014.........SUNRISE   624 AM MDT   SUNSET   735 PM MDT
APRIL 15 2014.........SUNRISE   622 AM MDT   SUNSET   736 PM MDT


-  INDICATES NEGATIVE NUMBERS.
R  INDICATES RECORD WAS SET OR TIED.
MM INDICATES DATA IS MISSING.
T  INDICATES TRACE AMOUNT.




$$
