000
CDUS45 KPUB 191028
CLICOS


CLIMATE REPORT
NATIONAL WEATHER SERVICE PUEBLO
428 AM MDT TUE SEP 19 2017


...................................

...THE COLORADO SPRINGS CO CLIMATE SUMMARY FOR SEPTEMBER 18 2017...

CLIMATE NORMAL PERIOD 1981 TO 2010
CLIMATE RECORD PERIOD 1872 TO 2017


WEATHER ITEM   OBSERVED TIME   RECORD YEAR NORMAL DEPARTURE LAST
                VALUE   (LST)  VALUE       VALUE  FROM      YEAR
                                                  NORMAL
..................................................................
TEMPERATURE (F)
 YESTERDAY
  MAXIMUM         81    339 PM  89    1962  74      7       86
                                      1954
  MINIMUM         48    415 AM  28    1971  46      2       47
  AVERAGE         65                        60      5       67

PRECIPITATION (IN)
  YESTERDAY        0.00          0.86 1965   0.04  -0.04     0.00
  MONTH TO DATE    0.19                      0.85  -0.66     0.05
  SINCE SEP 1      0.19                      0.85  -0.66     0.05
  SINCE JAN 1     15.47                     14.64   0.83    13.49

SNOWFALL (IN)
  YESTERDAY        0.0           0.7  1971   0.0    0.0      0.0
  MONTH TO DATE    0.0                       0.0    0.0      0.0
  SINCE SEP 1      0.0                       0.0    0.0      0.0
  SINCE JUL 1      T                         0.0    0.0       T
  SNOW DEPTH       0

DEGREE DAYS
 HEATING
  YESTERDAY        0                         6     -6        0
  MONTH TO DATE   14                        63    -49       27
  SINCE SEP 1     14                        63    -49       27
  SINCE JUL 1     23                        94    -71       48

 COOLING
  YESTERDAY        0                         1     -1        2
  MONTH TO DATE   86                        31     55       46
  SINCE SEP 1     86                        31     55       46
  SINCE JAN 1    634                       449    185      672
..................................................................


WIND (MPH)
  HIGHEST WIND SPEED    23   HIGHEST WIND DIRECTION     S (200)
  HIGHEST GUST SPEED    27   HIGHEST GUST DIRECTION     S (180)
  AVERAGE WIND SPEED     8.7


SKY COVER
  POSSIBLE SUNSHINE  MM
  AVERAGE SKY COVER 0.2


WEATHER CONDITIONS
 THE FOLLOWING WEATHER WAS RECORDED YESTERDAY.
  NO SIGNIFICANT WEATHER WAS OBSERVED.


RELATIVE HUMIDITY (PERCENT)
 HIGHEST    83          1200 AM
 LOWEST     18           300 PM
 AVERAGE    51

..........................................................


THE COLORADO SPRINGS CO CLIMATE NORMALS FOR TODAY
                         NORMAL    RECORD    YEAR
 MAXIMUM TEMPERATURE (F)   73        90      2010
 MINIMUM TEMPERATURE (F)   46        25      1971


SUNRISE AND SUNSET
SEPTEMBER 19 2017.....SUNRISE   644 AM MDT   SUNSET   700 PM MDT
SEPTEMBER 20 2017.....SUNRISE   645 AM MDT   SUNSET   659 PM MDT


-  INDICATES NEGATIVE NUMBERS.
R  INDICATES RECORD WAS SET OR TIED.
MM INDICATES DATA IS MISSING.
T  INDICATES TRACE AMOUNT.




$$
