000
CDUS45 KPUB 300026
CLICOS


CLIMATE REPORT
NATIONAL WEATHER SERVICE PUEBLO
526 PM MST TUE NOV 29 2016


...................................

...THE COLORADO SPRINGS CO CLIMATE SUMMARY FOR NOVEMBER 29 2016...
VALID TODAY AS OF 0500 PM LOCAL TIME.

CLIMATE NORMAL PERIOD 1981 TO 2010
CLIMATE RECORD PERIOD 1872 TO 2016


WEATHER ITEM   OBSERVED TIME   RECORD YEAR NORMAL DEPARTURE LAST
                VALUE   (LST)  VALUE       VALUE  FROM      YEAR
                                                  NORMAL
..................................................................
TEMPERATURE (F)
 TODAY
  MAXIMUM         41   1141 AM  71    1973  45     -4       24
  MINIMUM         21    450 AM  -5    1896  20      1       19
  AVERAGE         31                        32     -1       22

PRECIPITATION (IN)
  TODAY            0.00          0.50 1908   0.01  -0.01     0.05
  MONTH TO DATE    0.07                      0.39  -0.32     0.47
  SINCE SEP 1      0.23                      2.40  -2.17     2.17
  SINCE JAN 1     13.67                     16.19  -2.52    24.99

SNOWFALL (IN)
  TODAY            0.0           5.0  1908   0.2   -0.2      0.8
  MONTH TO DATE    T                         4.5   -4.5      5.5
  SINCE SEP 1      T                         7.6   -7.6      5.5
  SINCE JUL 1      T                         7.6   -7.6      5.5
  SNOW DEPTH       0

DEGREE DAYS
 HEATING
  TODAY           34                        32      2       43
  MONTH TO DATE  559                       773   -214      726
  SINCE SEP 1    842                      1416   -574     1040
  SINCE JUL 1    863                      1447   -584     1059

 COOLING
  TODAY            0                         0      0        0
  MONTH TO DATE    0                         0      0        0
  SINCE SEP 1     84                        37     47      102
  SINCE JAN 1    710                       455    255      617
..................................................................


WIND (MPH)
  HIGHEST WIND SPEED    22   HIGHEST WIND DIRECTION     N (20)
  HIGHEST GUST SPEED    25   HIGHEST GUST DIRECTION     N (20)
  AVERAGE WIND SPEED     7.8


SKY COVER
  POSSIBLE SUNSHINE  MM
  AVERAGE SKY COVER 0.5


WEATHER CONDITIONS
 THE FOLLOWING WEATHER WAS RECORDED TODAY.
  HAZE


RELATIVE HUMIDITY (PERCENT)
 HIGHEST    52           500 AM
 LOWEST     20          1000 AM
 AVERAGE    36

..........................................................


THE COLORADO SPRINGS CO CLIMATE NORMALS FOR TOMORROW
                         NORMAL    RECORD    YEAR
 MAXIMUM TEMPERATURE (F)   44        67      1951
                                             1926
                                             1917
 MINIMUM TEMPERATURE (F)   20        -3      2006


SUNRISE AND SUNSET
NOVEMBER 29 2016......SUNRISE   657 AM MST   SUNSET   438 PM MST
NOVEMBER 30 2016......SUNRISE   658 AM MST   SUNSET   438 PM MST


-  INDICATES NEGATIVE NUMBERS.
R  INDICATES RECORD WAS SET OR TIED.
MM INDICATES DATA IS MISSING.
T  INDICATES TRACE AMOUNT.




$$
