000
CDUS45 KPUB 080049
CLICOS


CLIMATE REPORT
NATIONAL WEATHER SERVICE PUEBLO
649 PM MDT TUE JUL 7 2015


...................................

...THE COLORADO SPRINGS CO CLIMATE SUMMARY FOR JULY 7 2015...
VALID TODAY AS OF 0500 PM LOCAL TIME.

CLIMATE NORMAL PERIOD 1981 TO 2010
CLIMATE RECORD PERIOD 1872 TO 2015


WEATHER ITEM   OBSERVED TIME   RECORD YEAR NORMAL DEPARTURE LAST
                VALUE   (LST)  VALUE       VALUE  FROM      YEAR
                                                  NORMAL
..................................................................
TEMPERATURE (F)
 TODAY
  MAXIMUM         61    245 PM  96    1985  85    -24       95
                                      1951
  MINIMUM         54    854 AM  43    1904  56     -2       61
  AVERAGE         58                        71    -13       78

PRECIPITATION (IN)
  TODAY            0.01          3.64 1947   0.07  -0.06      T
  MONTH TO DATE    0.51                      0.51   0.00     0.56
  SINCE JUN 1      6.23                      3.01   3.22     1.85
  SINCE JAN 1     18.46                      8.12  10.34     6.64

SNOWFALL (IN)
  TODAY            0.0           0.0  2002   0.0    0.0      0.0
                                      2001
  MONTH TO DATE    0.0                       0.0    0.0       T
  SINCE JUN 1      T                         0.0    0.0       T
  SINCE JUL 1      0.0                       0.0    0.0       T
  SNOW DEPTH       0

DEGREE DAYS
 HEATING
  TODAY            7                         0      7        0
  MONTH TO DATE    7                         3      4        4
  SINCE JUN 1     17                        82    -65       43
  SINCE JUL 1      7                         3      4        4

 COOLING
  TODAY            0                         6     -6       13
  MONTH TO DATE   32                        40     -8       50
  SINCE JUN 1    154                       123     31      154
  SINCE JAN 1    154                       133     21      167
..................................................................


WIND (MPH)
  HIGHEST WIND SPEED    18   HIGHEST WIND DIRECTION     S (180)
  HIGHEST GUST SPEED    22   HIGHEST GUST DIRECTION     S (170)
  AVERAGE WIND SPEED    12.3


SKY COVER
  POSSIBLE SUNSHINE  MM
  AVERAGE SKY COVER 0.8


WEATHER CONDITIONS
 THE FOLLOWING WEATHER WAS RECORDED TODAY.
  LIGHT RAIN
  FOG
  HAZE


RELATIVE HUMIDITY (PERCENT)
 HIGHEST    93           400 AM
 LOWEST     72           300 PM
 AVERAGE    83

..........................................................


THE COLORADO SPRINGS CO CLIMATE NORMALS FOR TOMORROW
                         NORMAL    RECORD    YEAR
 MAXIMUM TEMPERATURE (F)   85        97      1989
 MINIMUM TEMPERATURE (F)   56        41      1905


SUNRISE AND SUNSET
JULY  7 2015..........SUNRISE   541 AM MDT   SUNSET   827 PM MDT
JULY  8 2015..........SUNRISE   541 AM MDT   SUNSET   826 PM MDT


-  INDICATES NEGATIVE NUMBERS.
R  INDICATES RECORD WAS SET OR TIED.
MM INDICATES DATA IS MISSING.
T  INDICATES TRACE AMOUNT.




$$
