000
CDUS45 KPUB 231032
CLICOS


CLIMATE REPORT
NATIONAL WEATHER SERVICE PUEBLO
432 AM MDT SAT SEP 23 2017


...................................

...THE COLORADO SPRINGS CO CLIMATE SUMMARY FOR SEPTEMBER 22 2017...

CLIMATE NORMAL PERIOD 1981 TO 2010
CLIMATE RECORD PERIOD 1872 TO 2017


WEATHER ITEM   OBSERVED TIME   RECORD YEAR NORMAL DEPARTURE LAST
                VALUE   (LST)  VALUE       VALUE  FROM      YEAR
                                                  NORMAL
..................................................................
TEMPERATURE (F)
 YESTERDAY
  MAXIMUM         83    315 PM  88    1944  72     11       86
  MINIMUM         57   1159 PM  26    1895  45     12       53
  AVERAGE         70                        58     12       70

PRECIPITATION (IN)
  YESTERDAY        0.00          0.96 1941   0.03  -0.03      T
  MONTH TO DATE    0.19                      0.98  -0.79     0.05
  SINCE SEP 1      0.19                      0.98  -0.79     0.05
  SINCE JAN 1     15.47                     14.77   0.70    13.49

SNOWFALL (IN)
  YESTERDAY        0.0           T    1994   0.0    0.0      0.0
  MONTH TO DATE    0.0                       0.1   -0.1      0.0
  SINCE SEP 1      0.0                       0.1   -0.1      0.0
  SINCE JUL 1      T                         0.1   -0.1       T
  SNOW DEPTH       0

DEGREE DAYS
 HEATING
  YESTERDAY        0                         7     -7        0
  MONTH TO DATE   23                        89    -66       27
  SINCE SEP 1     23                        89    -66       27
  SINCE JUL 1     32                       120    -88       48

 COOLING
  YESTERDAY        5                         1      4        5
  MONTH TO DATE   91                        35     56       71
  SINCE SEP 1     91                        35     56       71
  SINCE JAN 1    639                       453    186      697
..................................................................


WIND (MPH)
  HIGHEST WIND SPEED    30   HIGHEST WIND DIRECTION     S (200)
  HIGHEST GUST SPEED    39   HIGHEST GUST DIRECTION    SW (230)
  AVERAGE WIND SPEED    16.8


SKY COVER
  POSSIBLE SUNSHINE  MM
  AVERAGE SKY COVER 0.6


WEATHER CONDITIONS
 THE FOLLOWING WEATHER WAS RECORDED YESTERDAY.
  NO SIGNIFICANT WEATHER WAS OBSERVED.


RELATIVE HUMIDITY (PERCENT)
 HIGHEST    51          1100 PM
 LOWEST     16           300 PM
 AVERAGE    34

..........................................................


THE COLORADO SPRINGS CO CLIMATE NORMALS FOR TODAY
                         NORMAL    RECORD    YEAR
 MAXIMUM TEMPERATURE (F)   72        86      2003
                                             1924
 MINIMUM TEMPERATURE (F)   44        26      1895


SUNRISE AND SUNSET
SEPTEMBER 23 2017.....SUNRISE   648 AM MDT   SUNSET   654 PM MDT
SEPTEMBER 24 2017.....SUNRISE   649 AM MDT   SUNSET   652 PM MDT


-  INDICATES NEGATIVE NUMBERS.
R  INDICATES RECORD WAS SET OR TIED.
MM INDICATES DATA IS MISSING.
T  INDICATES TRACE AMOUNT.




$$
