000
CDUS45 KPUB 281049
CLICOS


CLIMATE REPORT
NATIONAL WEATHER SERVICE PUEBLO
449 AM MDT SAT MAY 28 2016


...................................

...THE COLORADO SPRINGS CO CLIMATE SUMMARY FOR MAY 27 2016...

CLIMATE NORMAL PERIOD 1981 TO 2010
CLIMATE RECORD PERIOD 1872 TO 2016


WEATHER ITEM   OBSERVED TIME   RECORD YEAR NORMAL DEPARTURE LAST
                VALUE   (LST)  VALUE       VALUE  FROM      YEAR
                                                  NORMAL
..................................................................
TEMPERATURE (F)
 YESTERDAY
  MAXIMUM         60    503 PM  89    2010  72    -12       75
  MINIMUM         41    433 AM  34    1917  46     -5       44
  AVERAGE         51                        59     -8       60

PRECIPITATION (IN)
  YESTERDAY        0.25          1.42 1902   0.08   0.17      T
  MONTH TO DATE    1.89                      1.71   0.18     7.66
  SINCE MAR 1      4.90                      4.13   0.77     9.44
  SINCE JAN 1      6.44                      4.79   1.65    11.76

SNOWFALL (IN)
  YESTERDAY        0.0           T    1967   0.0    0.0      0.0
  MONTH TO DATE    T                         0.7   -0.7       T
  SINCE MAR 1     23.6                      13.7    9.9      5.6
  SINCE JUL 1     50.7                      37.7   13.0     46.5
  SNOW DEPTH       0

DEGREE DAYS
 HEATING
  YESTERDAY       14                         6      8        5
  MONTH TO DATE  291                       267     24      364
  SINCE MAR 1   1544                      1626    -82     1522
  SINCE JUL 1   5447                      6189   -742     5743

 COOLING
  YESTERDAY        0                         1     -1        0
  MONTH TO DATE    2                         3     -1        0
  SINCE MAR 1      2                         4     -2        0
  SINCE JAN 1      2                         4     -2        0
..................................................................


WIND (MPH)
  HIGHEST WIND SPEED    40   HIGHEST WIND DIRECTION     N (10)
  HIGHEST GUST SPEED    49   HIGHEST GUST DIRECTION     N (10)
  AVERAGE WIND SPEED    18.4


SKY COVER
  POSSIBLE SUNSHINE  MM
  AVERAGE SKY COVER 0.8


WEATHER CONDITIONS
 THE FOLLOWING WEATHER WAS RECORDED YESTERDAY.
  RAIN
  LIGHT RAIN
  FOG


RELATIVE HUMIDITY (PERCENT)
 HIGHEST    93           400 AM
 LOWEST     40           500 PM
 AVERAGE    67

..........................................................


THE COLORADO SPRINGS CO CLIMATE NORMALS FOR TODAY
                         NORMAL    RECORD    YEAR
 MAXIMUM TEMPERATURE (F)   73        91      1974
 MINIMUM TEMPERATURE (F)   46        31      1947


SUNRISE AND SUNSET
MAY 28 2016...........SUNRISE   537 AM MDT   SUNSET   816 PM MDT
MAY 29 2016...........SUNRISE   537 AM MDT   SUNSET   816 PM MDT


-  INDICATES NEGATIVE NUMBERS.
R  INDICATES RECORD WAS SET OR TIED.
MM INDICATES DATA IS MISSING.
T  INDICATES TRACE AMOUNT.




$$
