000
CDUS45 KPUB 181143
CLICOS


CLIMATE REPORT
NATIONAL WEATHER SERVICE PUEBLO
441 AM MST THU JAN 18 2018


...................................

...THE COLORADO SPRINGS CO CLIMATE SUMMARY FOR JANUARY 17 2018...

CLIMATE NORMAL PERIOD 1981 TO 2010
CLIMATE RECORD PERIOD 1872 TO 2018


WEATHER ITEM   OBSERVED TIME   RECORD YEAR NORMAL DEPARTURE LAST
                VALUE   (LST)  VALUE       VALUE  FROM      YEAR
                                                  NORMAL
..................................................................
TEMPERATURE (F)
 YESTERDAY
  MAXIMUM         55   1255 PM  64    1974  43     12       45
  MINIMUM         12   1214 AM -22    1930  18     -6       22
  AVERAGE         34                        31      3       34

PRECIPITATION (IN)
  YESTERDAY        0.00          0.21 1956   0.01  -0.01     0.00
  MONTH TO DATE    0.08                      0.16  -0.08     0.24
  SINCE DEC 1      0.09                      0.50  -0.41     0.92
  SINCE JAN 1      0.08                      0.16  -0.08     0.24

SNOWFALL (IN)
  YESTERDAY        0.0           2.1  1943   0.2   -0.2      0.0
  MONTH TO DATE    0.1                       3.0   -2.9      4.7
  SINCE DEC 1      1.0                       8.7   -7.7     11.1
  SINCE JUL 1      2.6                      16.5  -13.9     11.1
  SNOW DEPTH       0

DEGREE DAYS
 HEATING
  YESTERDAY       31                        34     -3       31
  MONTH TO DATE  532                       588    -56      621
  SINCE DEC 1   1502                      1679   -177     1721
  SINCE JUL 1   2670                      3160   -490     2624

 COOLING
  YESTERDAY        0                         0      0        0
  MONTH TO DATE    0                         0      0        0
  SINCE DEC 1      0                         0      0        0
  SINCE JAN 1      0                         0      0        0
..................................................................


WIND (MPH)
  HIGHEST WIND SPEED    18   HIGHEST WIND DIRECTION    NE (40)
  HIGHEST GUST SPEED    24   HIGHEST GUST DIRECTION     E (80)
  AVERAGE WIND SPEED     7.8


SKY COVER
  POSSIBLE SUNSHINE  MM
  AVERAGE SKY COVER 0.0


WEATHER CONDITIONS
 THE FOLLOWING WEATHER WAS RECORDED YESTERDAY.
  NO SIGNIFICANT WEATHER WAS OBSERVED.


RELATIVE HUMIDITY (PERCENT)
 HIGHEST    70          1200 AM
 LOWEST      7          1200 PM
 AVERAGE    39

..........................................................


THE COLORADO SPRINGS CO CLIMATE NORMALS FOR TODAY
                         NORMAL    RECORD    YEAR
 MAXIMUM TEMPERATURE (F)   43        67      1920
 MINIMUM TEMPERATURE (F)   18       -20      1984


SUNRISE AND SUNSET
JANUARY 18 2018.......SUNRISE   714 AM MST   SUNSET   505 PM MST
JANUARY 19 2018.......SUNRISE   714 AM MST   SUNSET   506 PM MST


-  INDICATES NEGATIVE NUMBERS.
R  INDICATES RECORD WAS SET OR TIED.
MM INDICATES DATA IS MISSING.
T  INDICATES TRACE AMOUNT.




$$
