000
CDUS45 KPUB 181146
CLICOS


CLIMATE REPORT
NATIONAL WEATHER SERVICE PUEBLO
446 AM MST THU DEC 18 2014


...................................

...THE COLORADO SPRINGS CO CLIMATE SUMMARY FOR DECEMBER 17 2014...

CLIMATE NORMAL PERIOD 1981 TO 2010
CLIMATE RECORD PERIOD 1872 TO 2014


WEATHER ITEM   OBSERVED TIME   RECORD YEAR NORMAL DEPARTURE LAST
                VALUE   (LST)  VALUE       VALUE  FROM      YEAR
                                                  NORMAL
..................................................................
TEMPERATURE (F)
 YESTERDAY
  MAXIMUM         42   1147 AM  75    1980  41      1       55
  MINIMUM         19   1208 AM  -7    1932  17      2       26
  AVERAGE         31                        29      2       41

PRECIPITATION (IN)
  YESTERDAY        0.01          0.90 1946   0.01   0.00     0.00
  MONTH TO DATE    0.04                      0.20  -0.16     0.07
  SINCE DEC 1      0.04                      0.20  -0.16     0.07
  SINCE JAN 1     16.92                     16.40   0.52    19.22

SNOWFALL (IN)
  YESTERDAY        0.3           9.0  1946   0.2    0.1      0.0
  MONTH TO DATE    0.3                       3.3   -3.0      2.9
  SINCE DEC 1      0.3                       3.3   -3.0      2.9
  SINCE JUL 1      7.4                      11.1   -3.7      7.1
  SNOW DEPTH       0

DEGREE DAYS
 HEATING
  YESTERDAY       34                        36     -2       24
  MONTH TO DATE  466                       594   -128      659
  SINCE DEC 1    466                       594   -128      659
  SINCE JUL 1   1791                      2075   -284     2020

 COOLING
  YESTERDAY        0                         0      0        0
  MONTH TO DATE    0                         0      0        0
  SINCE DEC 1      0                         0      0        0
  SINCE JAN 1    487                       455     32      694
..................................................................


WIND (MPH)
  HIGHEST WIND SPEED    15   HIGHEST WIND DIRECTION    SE (150)
  HIGHEST GUST SPEED    16   HIGHEST GUST DIRECTION    SE (150)
  AVERAGE WIND SPEED     4.1


SKY COVER
  POSSIBLE SUNSHINE  MM
  AVERAGE SKY COVER 0.9


WEATHER CONDITIONS
 THE FOLLOWING WEATHER WAS RECORDED YESTERDAY.
  LIGHT RAIN
  LIGHT SNOW
  FOG


RELATIVE HUMIDITY (PERCENT)
 HIGHEST    96           600 PM
 LOWEST     44           900 AM
 AVERAGE    70

..........................................................


THE COLORADO SPRINGS CO CLIMATE NORMALS FOR TODAY
                         NORMAL    RECORD    YEAR
 MAXIMUM TEMPERATURE (F)   41        65      2013
 MINIMUM TEMPERATURE (F)   17       -15      1909


SUNRISE AND SUNSET
DECEMBER 18 2014......SUNRISE   712 AM MST   SUNSET   439 PM MST
DECEMBER 19 2014......SUNRISE   713 AM MST   SUNSET   440 PM MST


-  INDICATES NEGATIVE NUMBERS.
R  INDICATES RECORD WAS SET OR TIED.
MM INDICATES DATA IS MISSING.
T  INDICATES TRACE AMOUNT.




$$
