000
CDUS45 KPUB 031141
CLICOS


CLIMATE REPORT
NATIONAL WEATHER SERVICE PUEBLO
440 AM MST TUE MAR 3 2015


...................................

...THE COLORADO SPRINGS CO CLIMATE SUMMARY FOR MARCH 2 2015...

CLIMATE NORMAL PERIOD 1981 TO 2010
CLIMATE RECORD PERIOD 1872 TO 2015


WEATHER ITEM   OBSERVED TIME   RECORD YEAR NORMAL DEPARTURE LAST
                VALUE   (LST)  VALUE       VALUE  FROM      YEAR
                                                  NORMAL
..................................................................
TEMPERATURE (F)
 YESTERDAY
  MAXIMUM         38   1159 PM  72    2009  48    -10       23
                                      1901
  MINIMUM         20    918 AM -16    1943  23     -3        6
  AVERAGE         29                        36     -7       15

PRECIPITATION (IN)
  YESTERDAY        T             0.24 1912   0.03  -0.03      T
  MONTH TO DATE    0.02                      0.05  -0.03     0.03
  SINCE MAR 1      0.02                      0.05  -0.03     0.03
  SINCE JAN 1      2.34                      0.71   1.63     0.92

SNOWFALL (IN)
  YESTERDAY        T             3.4  1912   0.2   -0.2      0.3
  MONTH TO DATE    0.3                       0.4   -0.1      0.3
  SINCE MAR 1      0.3                       0.4   -0.1      0.3
  SINCE JUL 1     41.2                      24.4   16.8     24.4
  SNOW DEPTH       2

DEGREE DAYS
 HEATING
  YESTERDAY       36                        30      6       50
  MONTH TO DATE   80                        60     20       96
  SINCE MAR 1     80                        60     20       96
  SINCE JUL 1   4301                      4623   -322     4583

 COOLING
  YESTERDAY        0                         0      0        0
  MONTH TO DATE    0                         0      0        0
  SINCE MAR 1      0                         0      0        0
  SINCE JAN 1      0                         0      0        0
..................................................................


WIND (MPH)
  HIGHEST WIND SPEED    20   HIGHEST WIND DIRECTION    SW (240)
  HIGHEST GUST SPEED    28   HIGHEST GUST DIRECTION     W (270)
  AVERAGE WIND SPEED     6.7


SKY COVER
  POSSIBLE SUNSHINE  MM
  AVERAGE SKY COVER 0.9


WEATHER CONDITIONS
 THE FOLLOWING WEATHER WAS RECORDED YESTERDAY.
  LIGHT SNOW
  FOG
  HAZE


RELATIVE HUMIDITY (PERCENT)
 HIGHEST   100           300 AM
 LOWEST     72           200 PM
 AVERAGE    86

..........................................................


THE COLORADO SPRINGS CO CLIMATE NORMALS FOR TODAY
                         NORMAL    RECORD    YEAR
 MAXIMUM TEMPERATURE (F)   49        71      2009
 MINIMUM TEMPERATURE (F)   23       -13      1943


SUNRISE AND SUNSET
MARCH  3 2015.........SUNRISE   629 AM MST   SUNSET   554 PM MST
MARCH  4 2015.........SUNRISE   627 AM MST   SUNSET   555 PM MST


-  INDICATES NEGATIVE NUMBERS.
R  INDICATES RECORD WAS SET OR TIED.
MM INDICATES DATA IS MISSING.
T  INDICATES TRACE AMOUNT.




$$
