000
CDUS45 KPUB 271053
CLICOS


CLIMATE REPORT
NATIONAL WEATHER SERVICE PUEBLO
449 AM MDT SAT AUG 27 2016


...................................

...THE COLORADO SPRINGS CO CLIMATE SUMMARY FOR AUGUST 26 2016...

CLIMATE NORMAL PERIOD 1981 TO 2010
CLIMATE RECORD PERIOD 1872 TO 2016


WEATHER ITEM   OBSERVED TIME   RECORD YEAR NORMAL DEPARTURE LAST
                VALUE   (LST)  VALUE       VALUE  FROM      YEAR
                                                  NORMAL
..................................................................
TEMPERATURE (F)
 YESTERDAY
  MAXIMUM         75    137 PM  95    2007  80     -5       90
  MINIMUM         52    613 AM  34    1910  54     -2       56
  AVERAGE         64                        67     -3       73

PRECIPITATION (IN)
  YESTERDAY        T             1.62 1944   0.09  -0.09     0.00
  MONTH TO DATE    0.96                      2.90  -1.94     1.66
  SINCE JUN 1      5.04                      8.24  -3.20    10.52
  SINCE JAN 1     11.97                     13.35  -1.38    22.75

SNOWFALL (IN)
  YESTERDAY        0.0           0.0  2002   0.0    0.0      0.0
  MONTH TO DATE    0.0                       0.0    0.0      0.0
  SINCE JUN 1      T                         0.0    0.0       T
  SINCE JUL 1      T                         0.0    0.0       T
  SNOW DEPTH       0

DEGREE DAYS
 HEATING
  YESTERDAY        1                         1      0        0
  MONTH TO DATE   19                        11      8        9
  SINCE JUN 1     27                       100    -73       29
  SINCE JUL 1     19                        21     -2       19

 COOLING
  YESTERDAY        0                         3     -3        8
  MONTH TO DATE  138                       119     19      182
  SINCE JUN 1    618                       393    225      486
  SINCE JAN 1    620                       403    217      486
..................................................................


WIND (MPH)
  HIGHEST WIND SPEED    17   HIGHEST WIND DIRECTION     W (280)
  HIGHEST GUST SPEED    20   HIGHEST GUST DIRECTION     W (280)
  AVERAGE WIND SPEED     6.2


SKY COVER
  POSSIBLE SUNSHINE  MM
  AVERAGE SKY COVER 0.7


WEATHER CONDITIONS
 THE FOLLOWING WEATHER WAS RECORDED YESTERDAY.
  THUNDERSTORM


RELATIVE HUMIDITY (PERCENT)
 HIGHEST    89           600 AM
 LOWEST     38           500 PM
 AVERAGE    64

..........................................................


THE COLORADO SPRINGS CO CLIMATE NORMALS FOR TODAY
                         NORMAL    RECORD    YEAR
 MAXIMUM TEMPERATURE (F)   80        94      1962
                                             1960
 MINIMUM TEMPERATURE (F)   54        39      1992


SUNRISE AND SUNSET
AUGUST 27 2016........SUNRISE   624 AM MDT   SUNSET   736 PM MDT
AUGUST 28 2016........SUNRISE   625 AM MDT   SUNSET   734 PM MDT


-  INDICATES NEGATIVE NUMBERS.
R  INDICATES RECORD WAS SET OR TIED.
MM INDICATES DATA IS MISSING.
T  INDICATES TRACE AMOUNT.




$$
