776
CDUS45 KPUB 211133
CLICOS


CLIMATE REPORT
NATIONAL WEATHER SERVICE PUEBLO
433 AM MST SAT JAN 21 2017


...................................

...THE COLORADO SPRINGS CO CLIMATE SUMMARY FOR JANUARY 20 2017...

CLIMATE NORMAL PERIOD 1981 TO 2010
CLIMATE RECORD PERIOD 1872 TO 2017


WEATHER ITEM   OBSERVED TIME   RECORD YEAR NORMAL DEPARTURE LAST
                VALUE   (LST)  VALUE       VALUE  FROM      YEAR
                                                  NORMAL
..................................................................
TEMPERATURE (F)
 YESTERDAY
  MAXIMUM         39    345 AM  69    1950  43     -4       50
  MINIMUM         27   1159 PM -12    1984  18      9       23
  AVERAGE         33                        31      2       37

PRECIPITATION (IN)
  YESTERDAY        0.05          0.26 1935   0.01   0.04     0.00
  MONTH TO DATE    0.29                      0.20   0.09     0.20
  SINCE DEC 1      0.97                      0.54   0.43     0.45
  SINCE JAN 1      0.29                      0.20   0.09     0.20

SNOWFALL (IN)
  YESTERDAY        0.2           3.0  1945   0.2    0.0      0.0
                                      1926
  MONTH TO DATE    4.9                       3.6    1.3      3.0
  SINCE DEC 1     11.3                       9.3    2.0      7.3
  SINCE JUL 1     11.3                      17.1   -5.8     13.1
  SNOW DEPTH       0

DEGREE DAYS
 HEATING
  YESTERDAY       32                        34     -2       28
  MONTH TO DATE  703                       690     13      690
  SINCE DEC 1   1803                      1781     22     1691
  SINCE JUL 1   2706                      3262   -556     2794

 COOLING
  YESTERDAY        0                         0      0        0
  MONTH TO DATE    0                         0      0        0
  SINCE DEC 1      0                         0      0        0
  SINCE JAN 1      0                         0      0        0
..................................................................


WIND (MPH)
  HIGHEST WIND SPEED    22   HIGHEST WIND DIRECTION     N (10)
  HIGHEST GUST SPEED    25   HIGHEST GUST DIRECTION     N (10)
  AVERAGE WIND SPEED     6.9


SKY COVER
  POSSIBLE SUNSHINE  MM
  AVERAGE SKY COVER 0.9


WEATHER CONDITIONS
 THE FOLLOWING WEATHER WAS RECORDED YESTERDAY.
  LIGHT RAIN
  LIGHT SNOW
  FOG


RELATIVE HUMIDITY (PERCENT)
 HIGHEST   100          1200 PM
 LOWEST     48          1200 AM
 AVERAGE    74

..........................................................


THE COLORADO SPRINGS CO CLIMATE NORMALS FOR TODAY
                         NORMAL    RECORD    YEAR
 MAXIMUM TEMPERATURE (F)   43        70      2009
 MINIMUM TEMPERATURE (F)   18       -20      1930


SUNRISE AND SUNSET
JANUARY 21 2017.......SUNRISE   713 AM MST   SUNSET   508 PM MST
JANUARY 22 2017.......SUNRISE   712 AM MST   SUNSET   509 PM MST


-  INDICATES NEGATIVE NUMBERS.
R  INDICATES RECORD WAS SET OR TIED.
MM INDICATES DATA IS MISSING.
T  INDICATES TRACE AMOUNT.




$$
