000
CDUS45 KPUB 171141
CLICOS


CLIMATE REPORT
NATIONAL WEATHER SERVICE PUEBLO
441 AM MST FRI NOV 17 2017


...................................

...THE COLORADO SPRINGS CO CLIMATE SUMMARY FOR NOVEMBER 16 2017...

CLIMATE NORMAL PERIOD 1981 TO 2010
CLIMATE RECORD PERIOD 1872 TO 2017


WEATHER ITEM   OBSERVED TIME   RECORD YEAR NORMAL DEPARTURE LAST
                VALUE   (LST)  VALUE       VALUE  FROM      YEAR
                                                  NORMAL
..................................................................
TEMPERATURE (F)
 YESTERDAY
  MAXIMUM         73    312 PM  78    2016  51     22       78
  MINIMUM         29   1245 AM  -8    1955  25      4       41
  AVERAGE         51                        38     13       60

PRECIPITATION (IN)
  YESTERDAY        0.00          0.59 1991   0.01  -0.01     0.00
  MONTH TO DATE    0.12                      0.23  -0.11      T
  SINCE SEP 1      3.12                      2.24   0.88     0.16
  SINCE JAN 1     18.40                     16.03   2.37    13.60

SNOWFALL (IN)
  YESTERDAY        0.0           5.3  1991   0.1   -0.1      0.0
  MONTH TO DATE    0.7                       2.2   -1.5      0.0
  SINCE SEP 1      1.6                       5.3   -3.7      0.0
  SINCE JUL 1      1.6                       5.3   -3.7       T
  SNOW DEPTH       0

DEGREE DAYS
 HEATING
  YESTERDAY       14                        27    -13        5
  MONTH TO DATE  326                       382    -56      227
  SINCE SEP 1    908                      1025   -117      510
  SINCE JUL 1    917                      1056   -139      531

 COOLING
  YESTERDAY        0                         0      0        0
  MONTH TO DATE    0                         0      0        0
  SINCE SEP 1     91                        37     54       84
  SINCE JAN 1    639                       455    184      710
..................................................................


WIND (MPH)
  HIGHEST WIND SPEED    37   HIGHEST WIND DIRECTION     W (250)
  HIGHEST GUST SPEED    44   HIGHEST GUST DIRECTION     W (250)
  AVERAGE WIND SPEED    11.2


SKY COVER
  POSSIBLE SUNSHINE  MM
  AVERAGE SKY COVER 0.5


WEATHER CONDITIONS
 THE FOLLOWING WEATHER WAS RECORDED YESTERDAY.
  NO SIGNIFICANT WEATHER WAS OBSERVED.


RELATIVE HUMIDITY (PERCENT)
 HIGHEST    75          1200 AM
 LOWEST     14           300 PM
 AVERAGE    45

..........................................................


THE COLORADO SPRINGS CO CLIMATE NORMALS FOR TODAY
                         NORMAL    RECORD    YEAR
 MAXIMUM TEMPERATURE (F)   50        78      1981
 MINIMUM TEMPERATURE (F)   25         3      1903


SUNRISE AND SUNSET
NOVEMBER 17 2017......SUNRISE   644 AM MST   SUNSET   444 PM MST
NOVEMBER 18 2017......SUNRISE   645 AM MST   SUNSET   443 PM MST


-  INDICATES NEGATIVE NUMBERS.
R  INDICATES RECORD WAS SET OR TIED.
MM INDICATES DATA IS MISSING.
T  INDICATES TRACE AMOUNT.




$$
