000
CXUS51 KILN 010539
CF6DAY
PRELIMINARY LOCAL CLIMATOLOGICAL DATA (WS FORM: F-6)
STATION: DAYTON OH
MONTH: JANUARY
YEAR: 2022
LATITUDE: 39 54 N
LONGITUDE: 84 12 W
TEMPERATURE IN F: :PCPN: SNOW: WIND :SUNSHINE: SKY :PK WND
================================================================================
1 2 3 4 5 6A 6B 7 8 9 10 11 12 13 14 15 16 17 18
12Z AVG MX 2MIN
DY MAX MIN AVG DEP HDD CDD WTR SNW DPTH SPD SPD DIR MIN PSBL S-S WX SPD DR
================================================================================
1 60 40 50 19 15 0 1.14 0.0 0 8.3 23 250 M M 10 128 28 250
2 40 25 33 2 32 0 0.02 T 0 13.2 18 10 M M 10 18 22 20
3 31 19 25 -5 40 0 0.00 0.0 0 7.4 16 20 M M 3 21 20
4 42 23 33 3 32 0 0.00 0.0 0 11.4 28 200 M M 4 38 190
5 41 19 30 0 35 0 0.00 0.0 0 21.1 37 240 M M 6 45 240
6 20 13 17 -13 48 0 T T 0 11.4 24 270 M M 8 1 28 270
7 23 8 16 -14 49 0 T 0.1 T 10.4 21 270 M M 5 25 270
8 38 13 26 -4 39 0 0.09 0.0 0 12.6 22 180 M M 5 30 180
9 43 22 33 3 32 0 0.61 0.0 0 15.6 28 310 M M 8 18 35 200
10 29 15 22 -8 43 0 0.00 0.0 0 12.4 21 290 M M 3 27 270
11 30 10 20 -9 45 0 0.00 0.0 0 10.4 25 190 M M 1 33 190
12 46 30 38 9 27 0 T 0.0 0 12.0 23 210 M M 7 31 200
13 44 31 38 9 27 0 T 0.0 0 6.6 10 180 M M 8 8 13 180
14 36 27 32 3 33 0 0.00 0.0 0 11.1 17 50 M M 10 18 22 70
15 29 17 23 -6 42 0 0.00 0.0 0 11.7 21 40 M M 7 23 40
16 33 15 24 -5 41 0 0.07 0.8 0 8.0 14 320 M M 6 17 330
17 29 24 27 -2 38 0 0.01 0.2 1 17.1 24 270 M M 10 168 30 280
18 37 26 32 3 33 0 0.00 0.0 1 12.7 21 200 M M 9 29 190
19 50 23 37 8 28 0 0.00 0.0 0 16.3 26 250 M M 9 31 250
20 26 15 21 -8 44 0 0.00 0.0 0 12.7 21 360 M M 7 26 20
21 24 13 19 -10 46 0 T T 0 6.8 14 40 M M 6 18 100
22 31 9 20 -9 45 0 0.00 0.0 0 10.8 21 220 M M 5 25 230
23 34 10 22 -7 43 0 0.04 0.8 0 11.8 26 330 M M 9 18 30 340
24 36 9 23 -6 42 0 0.03 0.5 1 11.6 20 320 M M 9 168 28 170
25 29 8 19 -10 46 0 T T T 10.2 20 330 M M 7 8 25 330
26 22 1 12 -17 53 0 0.00 0.0 0 6.1 14 300 M M 1 16 300
27 33 9 21 -8 44 0 T T 0 10.3 18 220 M M 6 1 23 210
28 30 11 21 -8 44 0 0.02 0.8 T 10.5 21 30 M M 10 18 27 30
29 23 2 13 -16 52 0 0.00 0.0 1 6.2 13 230 M M 4 15 230
30 34 16 25 -5 40 0 0.00 0.0 0 7.1 13 160 M M 3 17 320
31 38 12 25 -5 40 0 0.00 0.0 0 5.0 13 140 M M 4 8 16 140
================================================================================
SM 1061 515 1218 0 2.03 3.2 338.8 M 200
================================================================================
AV 34.2 16.6 10.9 FASTST M M 6 MAX(MPH)
MISC ----> 37 240 45 240
================================================================================
NOTES:
# LAST OF SEVERAL OCCURRENCES
COLUMN 17 PEAK WIND IN M.P.H.
PRELIMINARY LOCAL CLIMATOLOGICAL DATA (WS FORM: F-6) , PAGE 2
STATION: DAYTON OH
MONTH: JANUARY
YEAR: 2022
LATITUDE: 39 54 N
LONGITUDE: 84 12 W
[TEMPERATURE DATA] [PRECIPITATION DATA] SYMBOLS USED IN COLUMN 16
AVERAGE MONTHLY: 25.4 TOTAL FOR MONTH: 2.03 1 = FOG OR MIST
DPTR FM NORMAL: -4.0 DPTR FM NORMAL: -1.05 2 = FOG REDUCING VISIBILITY
HIGHEST: 60 ON 1 GRTST 24HR 1.14 ON 1- 1 TO 1/4 MILE OR LESS
LOWEST: 1 ON 26 3 = THUNDER
SNOW, ICE PELLETS, HAIL 4 = ICE PELLETS
TOTAL MONTH: 3.2 INCHES 5 = HAIL
GRTST 24HR 0.8 ON 16-16 6 = FREEZING RAIN OR DRIZZLE
GRTST DEPTH: 1 ON 29,24 7 = DUSTSTORM OR SANDSTORM:
VSBY 1/2 MILE OR LESS
8 = SMOKE OR HAZE
[NO. OF DAYS WITH] [WEATHER - DAYS WITH] 9 = BLOWING SNOW
X = TORNADO
MAX 32 OR BELOW: 14 0.01 INCH OR MORE: 9
MAX 90 OR ABOVE: 0 0.10 INCH OR MORE: 2
MIN 32 OR BELOW: 30 0.50 INCH OR MORE: 2
MIN 0 OR BELOW: 0 1.00 INCH OR MORE: 1
[HDD (BASE 65) ]
TOTAL THIS MO. 1218 CLEAR (SCALE 0-3) 3
DPTR FM NORMAL 116 PTCLDY (SCALE 4-7) 19
TOTAL FM JUL 1 2804 CLOUDY (SCALE 8-10) 9
DPTR FM NORMAL -242
[CDD (BASE 65) ]
TOTAL THIS MO. 0
DPTR FM NORMAL 0 [PRESSURE DATA]
TOTAL FM JAN 1 0 HIGHEST SLP 30.62 ON 11
DPTR FM NORMAL 0 LOWEST SLP 29.52 ON 17
[REMARKS]
#FINAL-01-22#