000
CDUS41 KLWX 260525
CLIMRB


CLIMATE REPORT
NATIONAL WEATHER SERVICE BALTIMORE MD/WASHINGTON DC
123 AM EDT SUN JUL 26 2015


...................................

...THE MARTINSBURG WV CLIMATE SUMMARY FOR JULY 25 2015...

CLIMATE NORMAL PERIOD 1981 TO 2010
CLIMATE RECORD PERIOD 1926 TO 2015


WEATHER ITEM   OBSERVED TIME   RECORD YEAR NORMAL DEPARTURE LAST
                VALUE   (LST)  VALUE       VALUE  FROM      YEAR
                                                  NORMAL
..................................................................
TEMPERATURE (F)
 YESTERDAY
  MAXIMUM         88    400 PM 101    1933  86      2       83
  MINIMUM         61    433 AM  51    1957  64     -3       55
  AVERAGE         75                        75      0       69

PRECIPITATION (IN)
  YESTERDAY        0.00          0.65 1992   0.12  -0.12     0.00
  MONTH TO DATE    2.20                      2.93  -0.73     4.22
  SINCE JUN 1      6.46                      6.69  -0.23     6.90
  SINCE JAN 1     17.40                     22.42  -5.02    21.77

DEGREE DAYS
 HEATING
  YESTERDAY        0                         0      0        0
  MONTH TO DATE    0                         0      0        0
  SINCE JUN 1     15                        24     -9        2
  SINCE JUL 1      0                         0      0        0

 COOLING
  YESTERDAY       10                        10      0        4
  MONTH TO DATE  238                       246     -8      263
  SINCE JUN 1    487                       429     58      499
  SINCE JAN 1    635                       486    149      580
..................................................................


WIND (MPH)
  HIGHEST WIND SPEED    10   HIGHEST WIND DIRECTION     S (160)
  HIGHEST GUST SPEED    14   HIGHEST GUST DIRECTION    SE (150)
  AVERAGE WIND SPEED     2.3


SKY COVER
  POSSIBLE SUNSHINE  MM
  AVERAGE SKY COVER 0.1


WEATHER CONDITIONS
 THE FOLLOWING WEATHER WAS RECORDED YESTERDAY.
  FOG
  HAZE


RELATIVE HUMIDITY (PERCENT)
 HIGHEST    93           100 AM
 LOWEST     37           400 PM
 AVERAGE    65

..........................................................


THE MARTINSBURG WV CLIMATE NORMALS FOR TODAY
                         NORMAL    RECORD    YEAR
 MAXIMUM TEMPERATURE (F)   86       107      1934
 MINIMUM TEMPERATURE (F)   64        52      1976


SUNRISE AND SUNSET
JULY 26 2015..........SUNRISE   606 AM EDT   SUNSET   830 PM EDT
JULY 27 2015..........SUNRISE   607 AM EDT   SUNSET   829 PM EDT


-  INDICATES NEGATIVE NUMBERS.
R  INDICATES RECORD WAS SET OR TIED.
MM INDICATES DATA IS MISSING.
T  INDICATES TRACE AMOUNT.




$$
