000
CDUS41 KLWX 090520
CLIMRB


CLIMATE REPORT
NATIONAL WEATHER SERVICE BALTIMORE MD/WASHINGTON DC
120 AM EDT TUE SEP 9 2014


...................................

...THE MARTINSBURG WV CLIMATE SUMMARY FOR SEPTEMBER 8 2014...

CLIMATE NORMAL PERIOD 1981 TO 2010
CLIMATE RECORD PERIOD 1926 TO 2014


WEATHER ITEM   OBSERVED TIME   RECORD YEAR NORMAL DEPARTURE LAST
                VALUE   (LST)  VALUE       VALUE  FROM      YEAR
                                                  NORMAL
..................................................................
TEMPERATURE (F)
 YESTERDAY
  MAXIMUM         77    259 PM  93    1976  80     -3       85
  MINIMUM         53    510 AM  42    1988  57     -4       61
  AVERAGE         65                        68     -3       73

PRECIPITATION (IN)
  YESTERDAY        0.00          2.32 2004   0.11  -0.11      T
  MONTH TO DATE    1.72                      0.91   0.81     0.38
  SINCE SEP 1      1.72                      0.91   0.81     0.38
  SINCE JAN 1     26.19                     27.15  -0.96    22.76

DEGREE DAYS
 HEATING
  YESTERDAY        0                         1     -1        0
  MONTH TO DATE    0                         8     -8        2
  SINCE SEP 1      0                         8     -8        2
  SINCE JUL 1      3                        15    -12        6

 COOLING
  YESTERDAY        0                         4     -4        8
  MONTH TO DATE   88                        41     47       50
  SINCE SEP 1     88                        41     47       50
  SINCE JAN 1    916                       833     83      968
..................................................................


WIND (MPH)
  HIGHEST WIND SPEED    14   HIGHEST WIND DIRECTION     E (110)
  HIGHEST GUST SPEED    23   HIGHEST GUST DIRECTION     E (110)
  AVERAGE WIND SPEED     2.3


SKY COVER
  POSSIBLE SUNSHINE  MM
  AVERAGE SKY COVER 0.5


WEATHER CONDITIONS
 THE FOLLOWING WEATHER WAS RECORDED YESTERDAY.
  NO SIGNIFICANT WEATHER WAS OBSERVED.


RELATIVE HUMIDITY (PERCENT)
 HIGHEST    89           400 AM
 LOWEST     56           300 PM
 AVERAGE    73

..........................................................


THE MARTINSBURG WV CLIMATE NORMALS FOR TODAY
                         NORMAL    RECORD    YEAR
 MAXIMUM TEMPERATURE (F)   79       101      1939
 MINIMUM TEMPERATURE (F)   57        40      1986


SUNRISE AND SUNSET
SEPTEMBER  9 2014.....SUNRISE   648 AM EDT   SUNSET   730 PM EDT
SEPTEMBER 10 2014.....SUNRISE   648 AM EDT   SUNSET   728 PM EDT


-  INDICATES NEGATIVE NUMBERS.
R  INDICATES RECORD WAS SET OR TIED.
MM INDICATES DATA IS MISSING.
T  INDICATES TRACE AMOUNT.




$$
