000
CDUS41 KLWX 062134
CLIMRB


CLIMATE REPORT
NATIONAL WEATHER SERVICE BALTIMORE MD/WASHINGTON DC
430 PM EST MON NOV 6 2017


...................................

...THE MARTINSBURG WV CLIMATE SUMMARY FOR NOVEMBER 6 2017...
VALID TODAY AS OF 0400 PM LOCAL TIME.

CLIMATE NORMAL PERIOD 1981 TO 2010
CLIMATE RECORD PERIOD 1926 TO 2017


WEATHER ITEM   OBSERVED TIME   RECORD YEAR NORMAL DEPARTURE LAST
                VALUE   (LST)  VALUE       VALUE  FROM      YEAR
                                                  NORMAL
..................................................................
TEMPERATURE (F)
 TODAY
  MAXIMUM         72    129 PM  80    1941  58     14       67
  MINIMUM         52   1214 AM  18    1991  37     15       38
  AVERAGE         62                        48     14       53

PRECIPITATION (IN)
  TODAY            0.03          1.72 1963   0.10  -0.07     0.00
  MONTH TO DATE    0.40                      0.62  -0.22     0.01
  SINCE SEP 1      7.02                      7.24  -0.22     5.21
  SINCE JAN 1     33.96                     33.48   0.48    22.06

DEGREE DAYS
 HEATING
  TODAY            3                        18    -15       12
  MONTH TO DATE   65                       101    -36       61
  SINCE SEP 1    334                       540   -206      320
  SINCE JUL 1    336                       547   -211      320

 COOLING
  TODAY            0                         0      0        0
  MONTH TO DATE    0                         0      0        0
  SINCE SEP 1    178                       103     75      224
  SINCE JAN 1   1074                       895    179     1296
..................................................................


WIND (MPH)
  HIGHEST WIND SPEED    20   HIGHEST WIND DIRECTION    NW (310)
  HIGHEST GUST SPEED    25   HIGHEST GUST DIRECTION    NW (330)
  AVERAGE WIND SPEED     5.7


SKY COVER
  POSSIBLE SUNSHINE  MM
  AVERAGE SKY COVER 0.8


WEATHER CONDITIONS
 THE FOLLOWING WEATHER WAS RECORDED TODAY.
  LIGHT RAIN
  FOG


RELATIVE HUMIDITY (PERCENT)
 HIGHEST    93          1200 AM
 LOWEST     66           100 PM
 AVERAGE    80

..........................................................


THE MARTINSBURG WV CLIMATE NORMALS FOR TOMORROW
                         NORMAL    RECORD    YEAR
 MAXIMUM TEMPERATURE (F)   58        72      1945
 MINIMUM TEMPERATURE (F)   36        19      1962


SUNRISE AND SUNSET
NOVEMBER  6 2017......SUNRISE   646 AM EST   SUNSET   505 PM EST
NOVEMBER  7 2017......SUNRISE   647 AM EST   SUNSET   504 PM EST


-  INDICATES NEGATIVE NUMBERS.
R  INDICATES RECORD WAS SET OR TIED.
MM INDICATES DATA IS MISSING.
T  INDICATES TRACE AMOUNT.




$$
