000
CDUS41 KLWX 182122
CLIMRB


CLIMATE REPORT
NATIONAL WEATHER SERVICE BALTIMORE MD/WASHINGTON DC
522 PM EDT SAT OCT 18 2014


...................................

...THE MARTINSBURG WV CLIMATE SUMMARY FOR OCTOBER 18 2014...
VALID TODAY AS OF 0500 PM LOCAL TIME.

CLIMATE NORMAL PERIOD 1981 TO 2010
CLIMATE RECORD PERIOD 1926 TO 2014


WEATHER ITEM   OBSERVED TIME   RECORD YEAR NORMAL DEPARTURE LAST
                VALUE   (LST)  VALUE       VALUE  FROM      YEAR
                                                  NORMAL
..................................................................
TEMPERATURE (F)
 TODAY
  MAXIMUM         67   1031 AM  87    1928  65      2       65
  MINIMUM         55   1240 AM  27    1982  41     14       42
  AVERAGE         61                        53      8       54

PRECIPITATION (IN)
  TODAY            0.00          2.47 1996   0.10  -0.10     0.00
  MONTH TO DATE    3.11                      1.79   1.32     5.36
  SINCE SEP 1      5.56                      5.36   0.20     6.60
  SINCE JAN 1     30.03                     31.60  -1.57    28.98

DEGREE DAYS
 HEATING
  TODAY            4                        12     -8       11
  MONTH TO DATE   96                       171    -75       74
  SINCE SEP 1    147                       255   -108      170
  SINCE JUL 1    150                       262   -112      174

 COOLING
  TODAY            0                         0      0        0
  MONTH TO DATE    3                         8     -5       40
  SINCE SEP 1    130                       101     29      139
  SINCE JAN 1    958                       893     65     1057
..................................................................


WIND (MPH)
  HIGHEST WIND SPEED    24   HIGHEST WIND DIRECTION     W (250)
  HIGHEST GUST SPEED    33   HIGHEST GUST DIRECTION     W (250)
  AVERAGE WIND SPEED    10.0


SKY COVER
  POSSIBLE SUNSHINE  MM
  AVERAGE SKY COVER 0.9


WEATHER CONDITIONS
 THE FOLLOWING WEATHER WAS RECORDED TODAY.
  NO SIGNIFICANT WEATHER WAS OBSERVED.


RELATIVE HUMIDITY (PERCENT)
 HIGHEST    80           200 AM
 LOWEST     44           900 AM
 AVERAGE    62

..........................................................


THE MARTINSBURG WV CLIMATE NORMALS FOR TOMORROW
                         NORMAL    RECORD    YEAR
 MAXIMUM TEMPERATURE (F)   64        84      1953
 MINIMUM TEMPERATURE (F)   41        25      1976


SUNRISE AND SUNSET
OCTOBER 18 2014.......SUNRISE   725 AM EDT   SUNSET   629 PM EDT
OCTOBER 19 2014.......SUNRISE   726 AM EDT   SUNSET   627 PM EDT


-  INDICATES NEGATIVE NUMBERS.
R  INDICATES RECORD WAS SET OR TIED.
MM INDICATES DATA IS MISSING.
T  INDICATES TRACE AMOUNT.




$$
