000
CDUS41 KLWX 232122
CLIMRB


CLIMATE REPORT
NATIONAL WEATHER SERVICE BALTIMORE MD/WASHINGTON DC
522 PM EDT SAT AUG 23 2014


...................................

...THE MARTINSBURG WV CLIMATE SUMMARY FOR AUGUST 23 2014...
VALID TODAY AS OF 0500 PM LOCAL TIME.

CLIMATE NORMAL PERIOD 1981 TO 2010
CLIMATE RECORD PERIOD 1926 TO 2014


WEATHER ITEM   OBSERVED TIME   RECORD YEAR NORMAL DEPARTURE LAST
                VALUE   (LST)  VALUE       VALUE  FROM      YEAR
                                                  NORMAL
..................................................................
TEMPERATURE (F)
 TODAY
  MAXIMUM         73    216 AM  97    1968  83    -10       75
  MINIMUM         67   1117 AM  45    1981  61      6       60
  AVERAGE         70                        72     -2       68

PRECIPITATION (IN)
  TODAY            0.14          1.92 1988   0.10   0.04     0.66
  MONTH TO DATE    2.15                      2.30  -0.15     3.47
  SINCE JUN 1      9.52                      9.73  -0.21    10.61
  SINCE JAN 1     24.39                     25.46  -1.07    21.87

DEGREE DAYS
 HEATING
  TODAY            0                         0      0        0
  MONTH TO DATE    0                         0      0        4
  SINCE JUN 1      5                        25    -20        6
  SINCE JUL 1      3                         1      2        4

 COOLING
  TODAY            5                         7     -2        3
  MONTH TO DATE  159                       195    -36      146
  SINCE JUN 1    696                       681     15      733
  SINCE JAN 1    777                       738     39      844
..................................................................


WIND (MPH)
  HIGHEST WIND SPEED    10   HIGHEST WIND DIRECTION    NE (30)
  HIGHEST GUST SPEED    14   HIGHEST GUST DIRECTION    NE (30)
  AVERAGE WIND SPEED     3.8


SKY COVER
  POSSIBLE SUNSHINE  MM
  AVERAGE SKY COVER 1.0


WEATHER CONDITIONS
 THE FOLLOWING WEATHER WAS RECORDED TODAY.
  RAIN
  LIGHT RAIN
  FOG


RELATIVE HUMIDITY (PERCENT)
 HIGHEST    87          1200 PM
 LOWEST     78           900 AM
 AVERAGE    83

..........................................................


THE MARTINSBURG WV CLIMATE NORMALS FOR TOMORROW
                         NORMAL    RECORD    YEAR
 MAXIMUM TEMPERATURE (F)   83       104      1936
 MINIMUM TEMPERATURE (F)   61        44      1952


SUNRISE AND SUNSET
AUGUST 23 2014........SUNRISE   632 AM EDT   SUNSET   756 PM EDT
AUGUST 24 2014........SUNRISE   633 AM EDT   SUNSET   755 PM EDT


-  INDICATES NEGATIVE NUMBERS.
R  INDICATES RECORD WAS SET OR TIED.
MM INDICATES DATA IS MISSING.
T  INDICATES TRACE AMOUNT.




$$
