000
CDUS41 KLWX 202142
CLIMRB


CLIMATE REPORT
NATIONAL WEATHER SERVICE BALTIMORE MD/WASHINGTON DC
441 PM EST FRI FEB 20 2015


...................................

...THE MARTINSBURG WV CLIMATE SUMMARY FOR FEBRUARY 20 2015...
VALID TODAY AS OF 0400 PM LOCAL TIME.

CLIMATE NORMAL PERIOD 1981 TO 2010
CLIMATE RECORD PERIOD 1926 TO 2015


WEATHER ITEM   OBSERVED TIME   RECORD YEAR NORMAL DEPARTURE LAST
                VALUE   (LST)  VALUE       VALUE  FROM      YEAR
                                                  NORMAL
..................................................................
TEMPERATURE (F)
 TODAY
  MAXIMUM         20    355 PM  70    1939  44    -24       50
  MINIMUM          3    710 AM   0    1979  25    -22       27
  AVERAGE         12                        35    -23       39

PRECIPITATION (IN)
  TODAY            0.00          2.25 1927   0.08  -0.08     0.00
  MONTH TO DATE    0.23                      1.64  -1.41     2.37
  SINCE DEC 1      5.06                      6.79  -1.73     8.31
  SINCE JAN 1      2.29                      4.08  -1.79     3.41

DEGREE DAYS
 HEATING
  TODAY           53                        30     23       26
  MONTH TO DATE  768                       640    128      673
  SINCE DEC 1   2647                      2653     -6     2749
  SINCE JUL 1   3606                      3723   -117     3840

 COOLING
  TODAY            0                         0      0        0
  MONTH TO DATE    0                         0      0        0
  SINCE DEC 1      0                         0      0        0
  SINCE JAN 1      0                         0      0        0
..................................................................


WIND (MPH)
  HIGHEST WIND SPEED    23   HIGHEST WIND DIRECTION    NW (310)
  HIGHEST GUST SPEED    30   HIGHEST GUST DIRECTION     W (280)
  AVERAGE WIND SPEED    12.3


SKY COVER
  POSSIBLE SUNSHINE  MM
  AVERAGE SKY COVER 0.2


WEATHER CONDITIONS
 THE FOLLOWING WEATHER WAS RECORDED TODAY.
  NO SIGNIFICANT WEATHER WAS OBSERVED.


RELATIVE HUMIDITY (PERCENT)
 HIGHEST    49           800 AM
 LOWEST     28           400 PM
 AVERAGE    39

..........................................................


THE MARTINSBURG WV CLIMATE NORMALS FOR TOMORROW
                         NORMAL    RECORD    YEAR
 MAXIMUM TEMPERATURE (F)   45        72      1930
 MINIMUM TEMPERATURE (F)   25         3      1936


SUNRISE AND SUNSET
FEBRUARY 20 2015......SUNRISE   658 AM EST   SUNSET   554 PM EST
FEBRUARY 21 2015......SUNRISE   656 AM EST   SUNSET   555 PM EST


-  INDICATES NEGATIVE NUMBERS.
R  INDICATES RECORD WAS SET OR TIED.
MM INDICATES DATA IS MISSING.
T  INDICATES TRACE AMOUNT.




$$
