000
CDUS41 KLWX 100525
CLIMRB


CLIMATE REPORT
NATIONAL WEATHER SERVICE BALTIMORE MD/WASHINGTON DC
124 AM EDT FRI JUN 10 2016


...................................

...THE MARTINSBURG WV CLIMATE SUMMARY FOR JUNE 9 2016...

CLIMATE NORMAL PERIOD 1981 TO 2010
CLIMATE RECORD PERIOD 1926 TO 2016


WEATHER ITEM   OBSERVED TIME   RECORD YEAR NORMAL DEPARTURE LAST
                VALUE   (LST)  VALUE       VALUE  FROM      YEAR
                                                  NORMAL
..................................................................
TEMPERATURE (F)
 YESTERDAY
  MAXIMUM         79    358 PM 100    1984  80     -1       84
  MINIMUM         48    259 AM  43    1949  57     -9       64
  AVERAGE         64                        68     -4       74

PRECIPITATION (IN)
  YESTERDAY        0.00          1.22 1996   0.12  -0.12      T
  MONTH TO DATE    0.64                      1.15  -0.51     1.35
  SINCE JUN 1      0.64                      1.15  -0.51     1.35
  SINCE JAN 1     12.23                     16.88  -4.65    12.29

DEGREE DAYS
 HEATING
  YESTERDAY        1                         1      0        0
  MONTH TO DATE    5                        15    -10       15
  SINCE JUN 1      5                        15    -10       15
  SINCE JUL 1   4478                      5240   -762     5030

 COOLING
  YESTERDAY        0                         5     -5        9
  MONTH TO DATE   57                        35     22       32
  SINCE JUN 1     57                        35     22       32
  SINCE JAN 1    130                        92     38      180
..................................................................


WIND (MPH)
  HIGHEST WIND SPEED    22   HIGHEST WIND DIRECTION     W (270)
  HIGHEST GUST SPEED    29   HIGHEST GUST DIRECTION     W (290)
  AVERAGE WIND SPEED     9.9


SKY COVER
  POSSIBLE SUNSHINE  MM
  AVERAGE SKY COVER 0.0


WEATHER CONDITIONS
 THE FOLLOWING WEATHER WAS RECORDED YESTERDAY.
  NO SIGNIFICANT WEATHER WAS OBSERVED.


RELATIVE HUMIDITY (PERCENT)
 HIGHEST    80           300 AM
 LOWEST     25           700 PM
 AVERAGE    53

..........................................................


THE MARTINSBURG WV CLIMATE NORMALS FOR TODAY
                         NORMAL    RECORD    YEAR
 MAXIMUM TEMPERATURE (F)   80       102      1933
 MINIMUM TEMPERATURE (F)   57        45      1929


SUNRISE AND SUNSET
JUNE 10 2016..........SUNRISE   545 AM EDT   SUNSET   839 PM EDT
JUNE 11 2016..........SUNRISE   544 AM EDT   SUNSET   839 PM EDT


-  INDICATES NEGATIVE NUMBERS.
R  INDICATES RECORD WAS SET OR TIED.
MM INDICATES DATA IS MISSING.
T  INDICATES TRACE AMOUNT.




$$
