000
CDUS41 KLWX 200527
CLIMRB


CLIMATE REPORT
NATIONAL WEATHER SERVICE BALTIMORE MD/WASHINGTON DC
126 AM EDT WED MAY 20 2015


...................................

...THE MARTINSBURG WV CLIMATE SUMMARY FOR MAY 19 2015...

CLIMATE NORMAL PERIOD 1981 TO 2010
CLIMATE RECORD PERIOD 1926 TO 2015


WEATHER ITEM   OBSERVED TIME   RECORD YEAR NORMAL DEPARTURE LAST
                VALUE   (LST)  VALUE       VALUE  FROM      YEAR
                                                  NORMAL
..................................................................
TEMPERATURE (F)
 YESTERDAY
  MAXIMUM         86    318 PM  96    1996  73     13       73
  MINIMUM         66   1158 PM  35    2009  50     16       38
  AVERAGE         76                        62     14       56

PRECIPITATION (IN)
  YESTERDAY        T             1.13 1959   0.12  -0.12     0.00
  MONTH TO DATE    1.88                      2.51  -0.63     4.67
  SINCE MAR 1      7.50                      9.37  -1.87    10.50
  SINCE JAN 1      9.79                     14.15  -4.36    14.25

DEGREE DAYS
 HEATING
  YESTERDAY        0                         5     -5        9
  MONTH TO DATE   31                       126    -95       84
  SINCE MAR 1   1058                      1227   -169     1281
  SINCE JUL 1   4981                      5183   -202     5374

 COOLING
  YESTERDAY       11                         2      9        0
  MONTH TO DATE   82                        22     60       38
  SINCE MAR 1     83                        31     52       45
  SINCE JAN 1     83                        31     52       45
..................................................................


WIND (MPH)
  HIGHEST WIND SPEED    24   HIGHEST WIND DIRECTION     W (270)
  HIGHEST GUST SPEED    31   HIGHEST GUST DIRECTION     W (270)
  AVERAGE WIND SPEED     8.3


SKY COVER
  POSSIBLE SUNSHINE  MM
  AVERAGE SKY COVER 0.4


WEATHER CONDITIONS
 THE FOLLOWING WEATHER WAS RECORDED YESTERDAY.
  LIGHT RAIN
  FOG


RELATIVE HUMIDITY (PERCENT)
 HIGHEST   100           400 AM
 LOWEST     37           400 PM
 AVERAGE    69

..........................................................


THE MARTINSBURG WV CLIMATE NORMALS FOR TODAY
                         NORMAL    RECORD    YEAR
 MAXIMUM TEMPERATURE (F)   74        96      1996
 MINIMUM TEMPERATURE (F)   51        31      2002


SUNRISE AND SUNSET
MAY 20 2015...........SUNRISE   554 AM EDT   SUNSET   823 PM EDT
MAY 21 2015...........SUNRISE   553 AM EDT   SUNSET   824 PM EDT


-  INDICATES NEGATIVE NUMBERS.
R  INDICATES RECORD WAS SET OR TIED.
MM INDICATES DATA IS MISSING.
T  INDICATES TRACE AMOUNT.




$$
