000
CDUS41 KLWX 100525
CLIMRB


CLIMATE REPORT
NATIONAL WEATHER SERVICE BALTIMORE MD/WASHINGTON DC
124 AM EDT SAT SEP 10 2016


...................................

...THE MARTINSBURG WV CLIMATE SUMMARY FOR SEPTEMBER 9 2016...

CLIMATE NORMAL PERIOD 1981 TO 2010
CLIMATE RECORD PERIOD 1926 TO 2016


WEATHER ITEM   OBSERVED TIME   RECORD YEAR NORMAL DEPARTURE LAST
                VALUE   (LST)  VALUE       VALUE  FROM      YEAR
                                                  NORMAL
..................................................................
TEMPERATURE (F)
 YESTERDAY
  MAXIMUM         93    120 PM 101    1939  79     14       93
  MINIMUM         72    610 AM  40    1986  57     15       66
  AVERAGE         83                        68     15       80

PRECIPITATION (IN)
  YESTERDAY        0.24          2.55 1942   0.12   0.12     0.00
  MONTH TO DATE    0.86                      1.03  -0.17     0.01
  SINCE SEP 1      0.86                      1.03  -0.17     0.01
  SINCE JAN 1     17.71                     27.27  -9.56    18.96

DEGREE DAYS
 HEATING
  YESTERDAY        0                         1     -1        0
  MONTH TO DATE    0                         9     -9        0
  SINCE SEP 1      0                         9     -9        0
  SINCE JUL 1      0                        16    -16        0

 COOLING
  YESTERDAY       18                         4     14       15
  MONTH TO DATE   94                        45     49      106
  SINCE SEP 1     94                        45     49      106
  SINCE JAN 1   1166                       837    329     1075
..................................................................


WIND (MPH)
  HIGHEST WIND SPEED    18   HIGHEST WIND DIRECTION    NW (330)
  HIGHEST GUST SPEED    24   HIGHEST GUST DIRECTION    NW (320)
  AVERAGE WIND SPEED     4.6


SKY COVER
  POSSIBLE SUNSHINE  MM
  AVERAGE SKY COVER 0.3


WEATHER CONDITIONS
 THE FOLLOWING WEATHER WAS RECORDED YESTERDAY.
  HEAVY RAIN
  LIGHT RAIN
  FOG


RELATIVE HUMIDITY (PERCENT)
 HIGHEST    94          1100 PM
 LOWEST     47           100 PM
 AVERAGE    71

..........................................................


THE MARTINSBURG WV CLIMATE NORMALS FOR TODAY
                         NORMAL    RECORD    YEAR
 MAXIMUM TEMPERATURE (F)   79        99      1965
 MINIMUM TEMPERATURE (F)   56        35      1956


SUNRISE AND SUNSET
SEPTEMBER 10 2016.....SUNRISE   649 AM EDT   SUNSET   728 PM EDT
SEPTEMBER 11 2016.....SUNRISE   650 AM EDT   SUNSET   726 PM EDT


-  INDICATES NEGATIVE NUMBERS.
R  INDICATES RECORD WAS SET OR TIED.
MM INDICATES DATA IS MISSING.
T  INDICATES TRACE AMOUNT.




$$
