000
CDUS41 KLWX 262127
CLIMRB


CLIMATE REPORT
NATIONAL WEATHER SERVICE BALTIMORE MD/WASHINGTON DC
527 PM EDT FRI JUN 26 2015


...................................

...THE MARTINSBURG WV CLIMATE SUMMARY FOR JUNE 26 2015...
VALID TODAY AS OF 0500 PM LOCAL TIME.

CLIMATE NORMAL PERIOD 1981 TO 2010
CLIMATE RECORD PERIOD 1926 TO 2015


WEATHER ITEM   OBSERVED TIME   RECORD YEAR NORMAL DEPARTURE LAST
                VALUE   (LST)  VALUE       VALUE  FROM      YEAR
                                                  NORMAL
..................................................................
TEMPERATURE (F)
 TODAY
  MAXIMUM         80    319 PM 102    1943  85     -5       87
  MINIMUM         66    210 AM  46    1979  62      4       67
  AVERAGE         73                        73      0       77

PRECIPITATION (IN)
  TODAY            0.00          2.37 1970   0.12  -0.12     0.00
  MONTH TO DATE    3.52                      3.29   0.23     2.66
  SINCE JUN 1      3.52                      3.29   0.23     2.66
  SINCE JAN 1     14.46                     19.02  -4.56    17.53

DEGREE DAYS
 HEATING
  TODAY            0                         0      0        0
  MONTH TO DATE   15                        22     -7        2
  SINCE JUN 1     15                        22     -7        2
  SINCE JUL 1   5030                      5247   -217     5388

 COOLING
  TODAY            8                         8      0       12
  MONTH TO DATE  232                       148     84      192
  SINCE JUN 1    232                       148     84      192
  SINCE JAN 1    380                       205    175      273
..................................................................


WIND (MPH)
  HIGHEST WIND SPEED     9   HIGHEST WIND DIRECTION     N (20)
  HIGHEST GUST SPEED    11   HIGHEST GUST DIRECTION     N (20)
  AVERAGE WIND SPEED     3.5


SKY COVER
  POSSIBLE SUNSHINE  MM
  AVERAGE SKY COVER 0.9


WEATHER CONDITIONS
 THE FOLLOWING WEATHER WAS RECORDED TODAY.
  FOG
  HAZE


RELATIVE HUMIDITY (PERCENT)
 HIGHEST    93          1200 AM
 LOWEST     58           400 PM
 AVERAGE    76

..........................................................


THE MARTINSBURG WV CLIMATE NORMALS FOR TOMORROW
                         NORMAL    RECORD    YEAR
 MAXIMUM TEMPERATURE (F)   85       101      1943
 MINIMUM TEMPERATURE (F)   62        47      1985


SUNRISE AND SUNSET
JUNE 26 2015..........SUNRISE   547 AM EDT   SUNSET   843 PM EDT
JUNE 27 2015..........SUNRISE   547 AM EDT   SUNSET   843 PM EDT


-  INDICATES NEGATIVE NUMBERS.
R  INDICATES RECORD WAS SET OR TIED.
MM INDICATES DATA IS MISSING.
T  INDICATES TRACE AMOUNT.




$$
