819
CDUS41 KLWX 230540
CLIMRB


CLIMATE REPORT
NATIONAL WEATHER SERVICE BALTIMORE MD/WASHINGTON DC
140 AM EDT THU MAR 23 2017


...................................

...THE MARTINSBURG WV CLIMATE SUMMARY FOR MARCH 22 2017...

CLIMATE NORMAL PERIOD 1981 TO 2010
CLIMATE RECORD PERIOD 1926 TO 2017


WEATHER ITEM   OBSERVED TIME   RECORD YEAR NORMAL DEPARTURE LAST
                VALUE   (LST)  VALUE       VALUE  FROM      YEAR
                                                  NORMAL
..................................................................
TEMPERATURE (F)
 YESTERDAY
  MAXIMUM         54    113 AM  84    1966  55     -1       61
  MINIMUM         31   1159 PM  16    1988  33     -2       25
  AVERAGE         43                        44     -1       43

PRECIPITATION (IN)
  YESTERDAY        0.00          1.08 1955   0.12  -0.12     0.00
  MONTH TO DATE    1.05                      2.41  -1.36     1.44
  SINCE MAR 1      1.05                      2.41  -1.36     1.44
  SINCE JAN 1      5.43                      7.19  -1.76     5.53

DEGREE DAYS
 HEATING
  YESTERDAY       22                        21      1       22
  MONTH TO DATE  560                       541     19      382
  SINCE MAR 1    560                       541     19      382
  SINCE JUL 1   3638                      4497   -859     3797

 COOLING
  YESTERDAY        0                         0      0        0
  MONTH TO DATE    0                         0      0        2
  SINCE MAR 1      0                         0      0        2
  SINCE JAN 1      0                         0      0        2
..................................................................


WIND (MPH)
  HIGHEST WIND SPEED    29   HIGHEST WIND DIRECTION     N (350)
  HIGHEST GUST SPEED    39   HIGHEST GUST DIRECTION    NW (320)
  AVERAGE WIND SPEED    15.1


SKY COVER
  POSSIBLE SUNSHINE  MM
  AVERAGE SKY COVER 0.2


WEATHER CONDITIONS
 THE FOLLOWING WEATHER WAS RECORDED YESTERDAY.
  NO SIGNIFICANT WEATHER WAS OBSERVED.


RELATIVE HUMIDITY (PERCENT)
 HIGHEST    54          1200 AM
 LOWEST     18           200 PM
 AVERAGE    36

..........................................................


THE MARTINSBURG WV CLIMATE NORMALS FOR TODAY
                         NORMAL    RECORD    YEAR
 MAXIMUM TEMPERATURE (F)   55        86      1938
 MINIMUM TEMPERATURE (F)   34        17      2004
                                             1959


SUNRISE AND SUNSET
MARCH 23 2017.........SUNRISE   710 AM EDT   SUNSET   727 PM EDT
MARCH 24 2017.........SUNRISE   709 AM EDT   SUNSET   728 PM EDT


-  INDICATES NEGATIVE NUMBERS.
R  INDICATES RECORD WAS SET OR TIED.
MM INDICATES DATA IS MISSING.
T  INDICATES TRACE AMOUNT.




$$
