000
CDUS41 KLWX 262122
CLIMRB


CLIMATE REPORT
NATIONAL WEATHER SERVICE BALTIMORE MD/WASHINGTON DC
422 PM EST SAT NOV 26 2016


...................................

...THE MARTINSBURG WV CLIMATE SUMMARY FOR NOVEMBER 26 2016...
VALID TODAY AS OF 0400 PM LOCAL TIME.

CLIMATE NORMAL PERIOD 1981 TO 2010
CLIMATE RECORD PERIOD 1926 TO 2016


WEATHER ITEM   OBSERVED TIME   RECORD YEAR NORMAL DEPARTURE LAST
                VALUE   (LST)  VALUE       VALUE  FROM      YEAR
                                                  NORMAL
..................................................................
TEMPERATURE (F)
 TODAY
  MAXIMUM         47    147 PM  73    1979  50     -3       62
  MINIMUM         41    811 AM   7    1938  31     10       28
  AVERAGE         44                        40      4       45

PRECIPITATION (IN)
  TODAY            0.00          1.35 2013   0.11  -0.11     0.00
  MONTH TO DATE    0.26                      2.69  -2.43     1.22
  SINCE SEP 1      5.46                      9.31  -3.85     7.30
  SINCE JAN 1     22.31                     35.55 -13.24    26.25

DEGREE DAYS
 HEATING
  TODAY           21                        25     -4       20
  MONTH TO DATE  464                       522    -58      405
  SINCE SEP 1    723                       961   -238      787
  SINCE JUL 1    723                       968   -245      787

 COOLING
  TODAY            0                         0      0        0
  MONTH TO DATE    0                         0      0        0
  SINCE SEP 1    224                       103    121      144
  SINCE JAN 1   1296                       895    401     1113
..................................................................


WIND (MPH)
  HIGHEST WIND SPEED    23   HIGHEST WIND DIRECTION     W (290)
  HIGHEST GUST SPEED    31   HIGHEST GUST DIRECTION    NW (300)
  AVERAGE WIND SPEED    11.6


SKY COVER
  POSSIBLE SUNSHINE  MM
  AVERAGE SKY COVER 0.7


WEATHER CONDITIONS
 THE FOLLOWING WEATHER WAS RECORDED TODAY.
  NO SIGNIFICANT WEATHER WAS OBSERVED.


RELATIVE HUMIDITY (PERCENT)
 HIGHEST    70          1200 AM
 LOWEST     49          1200 PM
 AVERAGE    60

..........................................................


THE MARTINSBURG WV CLIMATE NORMALS FOR TOMORROW
                         NORMAL    RECORD    YEAR
 MAXIMUM TEMPERATURE (F)   49        71      1976
 MINIMUM TEMPERATURE (F)   31         8      1938


SUNRISE AND SUNSET
NOVEMBER 26 2016......SUNRISE   708 AM EST   SUNSET   450 PM EST
NOVEMBER 27 2016......SUNRISE   709 AM EST   SUNSET   450 PM EST


-  INDICATES NEGATIVE NUMBERS.
R  INDICATES RECORD WAS SET OR TIED.
MM INDICATES DATA IS MISSING.
T  INDICATES TRACE AMOUNT.




$$
