000
CDUS41 KLWX 100541
CLIMRB


CLIMATE REPORT
NATIONAL WEATHER SERVICE BALTIMORE MD/WASHINGTON DC
134 AM EDT SUN JUL 10 2016


...................................

...THE MARTINSBURG WV CLIMATE SUMMARY FOR JULY 9 2016...

CLIMATE NORMAL PERIOD 1981 TO 2010
CLIMATE RECORD PERIOD 1926 TO 2016


WEATHER ITEM   OBSERVED TIME   RECORD YEAR NORMAL DEPARTURE LAST
                VALUE   (LST)  VALUE       VALUE  FROM      YEAR
                                                  NORMAL
..................................................................
TEMPERATURE (F)
 YESTERDAY
  MAXIMUM         91    214 PM 102    1936  86      5       89
  MINIMUM         70    547 AM  49    1948  64      6       71
  AVERAGE         81                        75      6       80

PRECIPITATION (IN)
  YESTERDAY        0.00          1.60 1970   0.12  -0.12     0.10
  MONTH TO DATE    0.35                      1.01  -0.66     0.65
  SINCE JUN 1      2.45                      4.77  -2.32     4.91
  SINCE JAN 1     14.04                     20.50  -6.46    15.85

DEGREE DAYS
 HEATING
  YESTERDAY        0                         0      0        0
  MONTH TO DATE    0                         0      0        0
  SINCE JUN 1      5                        24    -19       15
  SINCE JUL 1      0                         0      0        0

 COOLING
  YESTERDAY       16                        10      6       15
  MONTH TO DATE   91                        86      5       90
  SINCE JUN 1    307                       269     38      339
  SINCE JAN 1    380                       326     54      487
..................................................................


WIND (MPH)
  HIGHEST WIND SPEED    22   HIGHEST WIND DIRECTION     W (270)
  HIGHEST GUST SPEED    27   HIGHEST GUST DIRECTION     W (280)
  AVERAGE WIND SPEED     9.3


SKY COVER
  POSSIBLE SUNSHINE  MM
  AVERAGE SKY COVER 0.2


WEATHER CONDITIONS
 THE FOLLOWING WEATHER WAS RECORDED YESTERDAY.
  NO SIGNIFICANT WEATHER WAS OBSERVED.


RELATIVE HUMIDITY (PERCENT)
 HIGHEST    84           300 AM
 LOWEST     34           300 PM
 AVERAGE    59

..........................................................


THE MARTINSBURG WV CLIMATE NORMALS FOR TODAY
                         NORMAL    RECORD    YEAR
 MAXIMUM TEMPERATURE (F)   86       107      1936
 MINIMUM TEMPERATURE (F)   64        47      1963


SUNRISE AND SUNSET
JULY 10 2016..........SUNRISE   554 AM EDT   SUNSET   840 PM EDT
JULY 11 2016..........SUNRISE   555 AM EDT   SUNSET   840 PM EDT


-  INDICATES NEGATIVE NUMBERS.
R  INDICATES RECORD WAS SET OR TIED.
MM INDICATES DATA IS MISSING.
T  INDICATES TRACE AMOUNT.




$$
