745
CDUS41 KLWX 192131
CLIMRB


CLIMATE REPORT
NATIONAL WEATHER SERVICE BALTIMORE MD/WASHINGTON DC
531 PM EDT THU MAY 19 2016


...................................

...THE MARTINSBURG WV CLIMATE SUMMARY FOR MAY 19 2016...
VALID TODAY AS OF 0500 PM LOCAL TIME.

CLIMATE NORMAL PERIOD 1981 TO 2010
CLIMATE RECORD PERIOD 1926 TO 2016


WEATHER ITEM   OBSERVED TIME   RECORD YEAR NORMAL DEPARTURE LAST
                VALUE   (LST)  VALUE       VALUE  FROM      YEAR
                                                  NORMAL
..................................................................
TEMPERATURE (F)
 TODAY
  MAXIMUM         73    250 PM  96    1996  73      0       86
  MINIMUM         50    528 AM  35    2009  50      0       66
  AVERAGE         62                        62      0       76

PRECIPITATION (IN)
  TODAY            0.00          1.13 1959   0.12  -0.12      T
  MONTH TO DATE    2.96                      2.51   0.45     1.88
  SINCE MAR 1      5.80                      9.37  -3.57     7.50
  SINCE JAN 1      9.89                     14.15  -4.26     9.79

DEGREE DAYS
 HEATING
  TODAY            3                         5     -2        0
  MONTH TO DATE  152                       126     26       31
  SINCE MAR 1   1028                      1227   -199     1058
  SINCE JUL 1   4443                      5183   -740     4981

 COOLING
  TODAY            0                         2     -2       11
  MONTH TO DATE    4                        22    -18       82
  SINCE MAR 1     16                        31    -15       83
  SINCE JAN 1     16                        31    -15       83
..................................................................


WIND (MPH)
  HIGHEST WIND SPEED    10   HIGHEST WIND DIRECTION     N (10)
  HIGHEST GUST SPEED    14   HIGHEST GUST DIRECTION    NE (30)
  AVERAGE WIND SPEED     2.4


SKY COVER
  POSSIBLE SUNSHINE  MM
  AVERAGE SKY COVER 0.7


WEATHER CONDITIONS
 THE FOLLOWING WEATHER WAS RECORDED TODAY.
  FOG


RELATIVE HUMIDITY (PERCENT)
 HIGHEST    93           300 AM
 LOWEST     34           400 PM
 AVERAGE    64

..........................................................


THE MARTINSBURG WV CLIMATE NORMALS FOR TOMORROW
                         NORMAL    RECORD    YEAR
 MAXIMUM TEMPERATURE (F)   74        96      1996
 MINIMUM TEMPERATURE (F)   51        31      2002


SUNRISE AND SUNSET
MAY 19 2016...........SUNRISE   554 AM EDT   SUNSET   823 PM EDT
MAY 20 2016...........SUNRISE   554 AM EDT   SUNSET   824 PM EDT


-  INDICATES NEGATIVE NUMBERS.
R  INDICATES RECORD WAS SET OR TIED.
MM INDICATES DATA IS MISSING.
T  INDICATES TRACE AMOUNT.




$$
