000
CDUS41 KLWX 150526
CLIMRB


CLIMATE REPORT
NATIONAL WEATHER SERVICE BALTIMORE MD/WASHINGTON DC
125 AM EDT WED OCT 15 2014


...................................

...THE MARTINSBURG WV CLIMATE SUMMARY FOR OCTOBER 14 2014...

CLIMATE NORMAL PERIOD 1981 TO 2010
CLIMATE RECORD PERIOD 1926 TO 2014


WEATHER ITEM   OBSERVED TIME   RECORD YEAR NORMAL DEPARTURE LAST
                VALUE   (LST)  VALUE       VALUE  FROM      YEAR
                                                  NORMAL
..................................................................
TEMPERATURE (F)
 YESTERDAY
  MAXIMUM         78    303 PM  90    1928  66     12       66
  MINIMUM         54   1227 AM  26    1988  43     11       53
  AVERAGE         66                        54     12       60

PRECIPITATION (IN)
  YESTERDAY        0.02          1.50 1942   0.10  -0.08     0.00
  MONTH TO DATE    1.03                      1.42  -0.39     5.27
  SINCE SEP 1      3.48                      4.99  -1.51     6.51
  SINCE JAN 1     27.95                     31.23  -3.28    28.89

DEGREE DAYS
 HEATING
  YESTERDAY        0                        11    -11        5
  MONTH TO DATE   86                       124    -38       51
  SINCE SEP 1    137                       208    -71      147
  SINCE JUL 1    140                       215    -75      151

 COOLING
  YESTERDAY        1                         0      1        0
  MONTH TO DATE    3                         8     -5       40
  SINCE SEP 1    130                       101     29      139
  SINCE JAN 1    958                       893     65     1057
..................................................................


WIND (MPH)
  HIGHEST WIND SPEED    21   HIGHEST WIND DIRECTION    SE (140)
  HIGHEST GUST SPEED    31   HIGHEST GUST DIRECTION    SE (140)
  AVERAGE WIND SPEED     9.3


SKY COVER
  POSSIBLE SUNSHINE  MM
  AVERAGE SKY COVER 0.9


WEATHER CONDITIONS
 THE FOLLOWING WEATHER WAS RECORDED YESTERDAY.
  LIGHT RAIN
  FOG
  FOG W/VISIBILITY <= 1/4 MILE
  HAZE


RELATIVE HUMIDITY (PERCENT)
 HIGHEST    93          1200 AM
 LOWEST     60          1200 PM
 AVERAGE    77

..........................................................


THE MARTINSBURG WV CLIMATE NORMALS FOR TODAY
                         NORMAL    RECORD    YEAR
 MAXIMUM TEMPERATURE (F)   66        86      1941
 MINIMUM TEMPERATURE (F)   42        27      1987


SUNRISE AND SUNSET
OCTOBER 15 2014.......SUNRISE   722 AM EDT   SUNSET   633 PM EDT
OCTOBER 16 2014.......SUNRISE   723 AM EDT   SUNSET   631 PM EDT


-  INDICATES NEGATIVE NUMBERS.
R  INDICATES RECORD WAS SET OR TIED.
MM INDICATES DATA IS MISSING.
T  INDICATES TRACE AMOUNT.




$$
