000
CDUS41 KLWX 202128
CLIMRB


CLIMATE REPORT
NATIONAL WEATHER SERVICE BALTIMORE MD/WASHINGTON DC
528 PM EDT FRI MAR 20 2015


...................................

...THE MARTINSBURG WV CLIMATE SUMMARY FOR MARCH 20 2015...
VALID TODAY AS OF 0500 PM LOCAL TIME.

CLIMATE NORMAL PERIOD 1981 TO 2010
CLIMATE RECORD PERIOD 1926 TO 2015


WEATHER ITEM   OBSERVED TIME   RECORD YEAR NORMAL DEPARTURE LAST
                VALUE   (LST)  VALUE       VALUE  FROM      YEAR
                                                  NORMAL
..................................................................
TEMPERATURE (F)
 TODAY
  MAXIMUM         43    103 AM  82    1945  54    -11       54
  MINIMUM         34   1152 AM  19    1944  33      1       40
  AVERAGE         39                        43     -4       47

PRECIPITATION (IN)
  TODAY            0.65          1.64 1998   0.12   0.53     0.00
  MONTH TO DATE    2.09                      2.17  -0.08     0.60
  SINCE MAR 1      2.09                      2.17  -0.08     0.60
  SINCE JAN 1      4.38                      6.95  -2.57     4.35

DEGREE DAYS
 HEATING
  TODAY           26                        22      4       18
  MONTH TO DATE  508                       499      9      568
  SINCE MAR 1    508                       499      9      568
  SINCE JUL 1   4431                      4455    -24     4661

 COOLING
  TODAY            0                         0      0        0
  MONTH TO DATE    0                         0      0        0
  SINCE MAR 1      0                         0      0        0
  SINCE JAN 1      0                         0      0        0
..................................................................


WIND (MPH)
  HIGHEST WIND SPEED    13   HIGHEST WIND DIRECTION     S (180)
  HIGHEST GUST SPEED    16   HIGHEST GUST DIRECTION     S (170)
  AVERAGE WIND SPEED     3.5


SKY COVER
  POSSIBLE SUNSHINE  MM
  AVERAGE SKY COVER 1.0


WEATHER CONDITIONS
 THE FOLLOWING WEATHER WAS RECORDED TODAY.
  LIGHT RAIN
  HEAVY SNOW
  SNOW
  LIGHT SNOW
  FOG
  FOG W/VISIBILITY <= 1/4 MILE


RELATIVE HUMIDITY (PERCENT)
 HIGHEST    96           500 AM
 LOWEST     45          1200 AM
 AVERAGE    71

..........................................................


THE MARTINSBURG WV CLIMATE NORMALS FOR TOMORROW
                         NORMAL    RECORD    YEAR
 MAXIMUM TEMPERATURE (F)   55        86      1948
 MINIMUM TEMPERATURE (F)   33        14      1986


SUNRISE AND SUNSET
MARCH 20 2015.........SUNRISE   716 AM EDT   SUNSET   724 PM EDT
MARCH 21 2015.........SUNRISE   714 AM EDT   SUNSET   725 PM EDT


-  INDICATES NEGATIVE NUMBERS.
R  INDICATES RECORD WAS SET OR TIED.
MM INDICATES DATA IS MISSING.
T  INDICATES TRACE AMOUNT.




$$
