000
CDUS41 KLWX 130525
CLIMRB


CLIMATE REPORT
NATIONAL WEATHER SERVICE BALTIMORE MD/WASHINGTON DC
1225 AM EST SAT DEC 13 2014


...................................

...THE MARTINSBURG WV CLIMATE SUMMARY FOR DECEMBER 12 2014...

CLIMATE NORMAL PERIOD 1981 TO 2010
CLIMATE RECORD PERIOD 1926 TO 2014


WEATHER ITEM   OBSERVED TIME   RECORD YEAR NORMAL DEPARTURE LAST
                VALUE   (LST)  VALUE       VALUE  FROM      YEAR
                                                  NORMAL
..................................................................
TEMPERATURE (F)
 YESTERDAY
  MAXIMUM         42    305 PM  74    1979  44     -2       36
  MINIMUM         30   1159 PM   3    1988  26      4       19
  AVERAGE         36                        35      1       28

PRECIPITATION (IN)
  YESTERDAY        0.00          1.35 1983   0.10  -0.10     0.00
  MONTH TO DATE    1.94                      1.23   0.71     2.73
  SINCE DEC 1      1.94                      1.23   0.71     2.73
  SINCE JAN 1     34.33                     37.22  -2.89    33.89

DEGREE DAYS
 HEATING
  YESTERDAY       29                        30     -1       37
  MONTH TO DATE  301                       341    -40      345
  SINCE DEC 1    301                       341    -40      345
  SINCE JUL 1   1260                      1411   -151     1436

 COOLING
  YESTERDAY        0                         0      0        0
  MONTH TO DATE    0                         0      0        0
  SINCE DEC 1      0                         0      0        0
  SINCE JAN 1    958                       895     63     1057
..................................................................


WIND (MPH)
  HIGHEST WIND SPEED    18   HIGHEST WIND DIRECTION    NW (300)
  HIGHEST GUST SPEED    24   HIGHEST GUST DIRECTION    NW (300)
  AVERAGE WIND SPEED     9.7


SKY COVER
  POSSIBLE SUNSHINE  MM
  AVERAGE SKY COVER 0.7


WEATHER CONDITIONS
 THE FOLLOWING WEATHER WAS RECORDED YESTERDAY.
  NO SIGNIFICANT WEATHER WAS OBSERVED.


RELATIVE HUMIDITY (PERCENT)
 HIGHEST    63          1100 PM
 LOWEST     29          1200 AM
 AVERAGE    46

..........................................................


THE MARTINSBURG WV CLIMATE NORMALS FOR TODAY
                         NORMAL    RECORD    YEAR
 MAXIMUM TEMPERATURE (F)   43        70      1984
 MINIMUM TEMPERATURE (F)   26         5      1988


SUNRISE AND SUNSET
DECEMBER 13 2014......SUNRISE   723 AM EST   SUNSET   449 PM EST
DECEMBER 14 2014......SUNRISE   724 AM EST   SUNSET   449 PM EST


-  INDICATES NEGATIVE NUMBERS.
R  INDICATES RECORD WAS SET OR TIED.
MM INDICATES DATA IS MISSING.
T  INDICATES TRACE AMOUNT.




$$
