000
CDUS41 KLWX 180527
CLIMRB


CLIMATE REPORT
NATIONAL WEATHER SERVICE BALTIMORE MD/WASHINGTON DC
1226 AM EST SUN JAN 18 2015


...................................

...THE MARTINSBURG WV CLIMATE SUMMARY FOR JANUARY 17 2015...

CLIMATE NORMAL PERIOD 1981 TO 2010
CLIMATE RECORD PERIOD 1926 TO 2015


WEATHER ITEM   OBSERVED TIME   RECORD YEAR NORMAL DEPARTURE LAST
                VALUE   (LST)  VALUE       VALUE  FROM      YEAR
                                                  NORMAL
..................................................................
TEMPERATURE (F)
 YESTERDAY
  MAXIMUM         41    326 PM  69    1990  39      2       49
  MINIMUM         19    757 AM -13    1982  22     -3       23
  AVERAGE         30                        31     -1       36

PRECIPITATION (IN)
  YESTERDAY        0.00          1.00 1941   0.08  -0.08     0.00
  MONTH TO DATE    0.97                      1.29  -0.32     0.94
  SINCE DEC 1      3.74                      4.00  -0.26     5.84
  SINCE JAN 1      0.97                      1.29  -0.32     0.94

DEGREE DAYS
 HEATING
  YESTERDAY       35                        34      1       29
  MONTH TO DATE  606                       578     28      604
  SINCE DEC 1   1416                      1534   -118     1461
  SINCE JUL 1   2375                      2604   -229     2552

 COOLING
  YESTERDAY        0                         0      0        0
  MONTH TO DATE    0                         0      0        0
  SINCE DEC 1      0                         0      0        0
  SINCE JAN 1      0                         0      0        0
..................................................................


WIND (MPH)
  HIGHEST WIND SPEED    16   HIGHEST WIND DIRECTION    SE (150)
  HIGHEST GUST SPEED    22   HIGHEST GUST DIRECTION     S (160)
  AVERAGE WIND SPEED     6.0


SKY COVER
  POSSIBLE SUNSHINE  MM
  AVERAGE SKY COVER 0.2


WEATHER CONDITIONS
 THE FOLLOWING WEATHER WAS RECORDED YESTERDAY.
  NO SIGNIFICANT WEATHER WAS OBSERVED.


RELATIVE HUMIDITY (PERCENT)
 HIGHEST    67           700 AM
 LOWEST     37           200 PM
 AVERAGE    52

..........................................................


THE MARTINSBURG WV CLIMATE NORMALS FOR TODAY
                         NORMAL    RECORD    YEAR
 MAXIMUM TEMPERATURE (F)   39        69      1990
 MINIMUM TEMPERATURE (F)   22        -6      2003


SUNRISE AND SUNSET
JANUARY 18 2015.......SUNRISE   729 AM EST   SUNSET   516 PM EST
JANUARY 19 2015.......SUNRISE   729 AM EST   SUNSET   517 PM EST


-  INDICATES NEGATIVE NUMBERS.
R  INDICATES RECORD WAS SET OR TIED.
MM INDICATES DATA IS MISSING.
T  INDICATES TRACE AMOUNT.




$$
