913
CDUS41 KLWX 042125
CLIMRB


CLIMATE REPORT
NATIONAL WEATHER SERVICE BALTIMORE MD/WASHINGTON DC
425 PM EST THU FEB 4 2016


...................................

...THE MARTINSBURG WV CLIMATE SUMMARY FOR FEBRUARY 4 2016...
VALID TODAY AS OF 0400 PM LOCAL TIME.

CLIMATE NORMAL PERIOD 1981 TO 2010
CLIMATE RECORD PERIOD 1926 TO 2016


WEATHER ITEM   OBSERVED TIME   RECORD YEAR NORMAL DEPARTURE LAST
                VALUE   (LST)  VALUE       VALUE  FROM      YEAR
                                                  NORMAL
..................................................................
TEMPERATURE (F)
 TODAY
  MAXIMUM         47    229 PM  69    1991  41      6       53
  MINIMUM         38    253 AM  -1    1985  23     15       19
  AVERAGE         43                        32     11       36

PRECIPITATION (IN)
  TODAY            0.00          2.10 1926   0.09  -0.09     0.00
  MONTH TO DATE    0.78                      0.34   0.44     0.16
  SINCE DEC 1      4.80                      5.49  -0.69     4.99
  SINCE JAN 1      2.14                      2.78  -0.64     2.22

DEGREE DAYS
 HEATING
  TODAY           22                        33    -11       29
  MONTH TO DATE   97                       132    -35      130
  SINCE DEC 1   1781                      2145   -364     2009
  SINCE JUL 1   2639                      3215   -576     2968

 COOLING
  TODAY            0                         0      0        0
  MONTH TO DATE    0                         0      0        0
  SINCE DEC 1      0                         0      0        0
  SINCE JAN 1      0                         0      0        0
..................................................................


WIND (MPH)
  HIGHEST WIND SPEED    17   HIGHEST WIND DIRECTION    NW (300)
  HIGHEST GUST SPEED    26   HIGHEST GUST DIRECTION     N (340)
  AVERAGE WIND SPEED     7.4


SKY COVER
  POSSIBLE SUNSHINE  MM
  AVERAGE SKY COVER 0.6


WEATHER CONDITIONS
 THE FOLLOWING WEATHER WAS RECORDED TODAY.
  FOG
  FOG W/VISIBILITY <= 1/4 MILE


RELATIVE HUMIDITY (PERCENT)
 HIGHEST   100          1200 AM
 LOWEST     49           100 PM
 AVERAGE    75

..........................................................


THE MARTINSBURG WV CLIMATE NORMALS FOR TOMORROW
                         NORMAL    RECORD    YEAR
 MAXIMUM TEMPERATURE (F)   41        73      1991
 MINIMUM TEMPERATURE (F)   23        -5      1996


SUNRISE AND SUNSET
FEBRUARY  4 2016......SUNRISE   717 AM EST   SUNSET   535 PM EST
FEBRUARY  5 2016......SUNRISE   716 AM EST   SUNSET   536 PM EST


-  INDICATES NEGATIVE NUMBERS.
R  INDICATES RECORD WAS SET OR TIED.
MM INDICATES DATA IS MISSING.
T  INDICATES TRACE AMOUNT.




$$
