000
CDUS41 KLWX 122124
CLIMRB


CLIMATE REPORT
NATIONAL WEATHER SERVICE BALTIMORE MD/WASHINGTON DC
424 PM EST SUN FEB 12 2017


...................................

...THE MARTINSBURG WV CLIMATE SUMMARY FOR FEBRUARY 12 2017...
VALID TODAY AS OF 0400 PM LOCAL TIME.

CLIMATE NORMAL PERIOD 1981 TO 2010
CLIMATE RECORD PERIOD 1926 TO 2017


WEATHER ITEM   OBSERVED TIME   RECORD YEAR NORMAL DEPARTURE LAST
                VALUE   (LST)  VALUE       VALUE  FROM      YEAR
                                                  NORMAL
..................................................................
TEMPERATURE (F)
 TODAY
  MAXIMUM         50    242 AM  73    1999  42      8       29
  MINIMUM         41   1034 AM  -1    1983  24     17        8
  AVERAGE         46                        33     13       19

PRECIPITATION (IN)
  TODAY            0.27          1.44 1985   0.08   0.19      T
  MONTH TO DATE    0.64                      0.99  -0.35     0.84
  SINCE DEC 1      5.90                      6.14  -0.24     4.86
  SINCE JAN 1      4.11                      3.43   0.68     2.20

DEGREE DAYS
 HEATING
  TODAY           19                        32    -13       46
  MONTH TO DATE  284                       392   -108      388
  SINCE DEC 1   1975                      2405   -430     2072
  SINCE JUL 1   2779                      3475   -696     2930

 COOLING
  TODAY            0                         0      0        0
  MONTH TO DATE    0                         0      0        0
  SINCE DEC 1      0                         0      0        0
  SINCE JAN 1      0                         0      0        0
..................................................................


WIND (MPH)
  HIGHEST WIND SPEED    10   HIGHEST WIND DIRECTION     N (340)
  HIGHEST GUST SPEED    14   HIGHEST GUST DIRECTION     E (80)
  AVERAGE WIND SPEED     4.0


SKY COVER
  POSSIBLE SUNSHINE  MM
  AVERAGE SKY COVER 1.0


WEATHER CONDITIONS
 THE FOLLOWING WEATHER WAS RECORDED TODAY.
  RAIN
  LIGHT RAIN
  FOG


RELATIVE HUMIDITY (PERCENT)
 HIGHEST    96           100 PM
 LOWEST     60           400 AM
 AVERAGE    78

..........................................................


THE MARTINSBURG WV CLIMATE NORMALS FOR TOMORROW
                         NORMAL    RECORD    YEAR
 MAXIMUM TEMPERATURE (F)   43        68      1974
 MINIMUM TEMPERATURE (F)   24        -5      1983


SUNRISE AND SUNSET
FEBRUARY 12 2017......SUNRISE   707 AM EST   SUNSET   546 PM EST
FEBRUARY 13 2017......SUNRISE   706 AM EST   SUNSET   547 PM EST


-  INDICATES NEGATIVE NUMBERS.
R  INDICATES RECORD WAS SET OR TIED.
MM INDICATES DATA IS MISSING.
T  INDICATES TRACE AMOUNT.




$$
