000
CDUS41 KLWX 130526
CLIMRB


CLIMATE REPORT
NATIONAL WEATHER SERVICE BALTIMORE MD/WASHINGTON DC
1224 AM EST FRI JAN 13 2017


...................................

...THE MARTINSBURG WV CLIMATE SUMMARY FOR JANUARY 12 2017...

CLIMATE NORMAL PERIOD 1981 TO 2010
CLIMATE RECORD PERIOD 1926 TO 2017


WEATHER ITEM   OBSERVED TIME   RECORD YEAR NORMAL DEPARTURE LAST
                VALUE   (LST)  VALUE       VALUE  FROM      YEAR
                                                  NORMAL
..................................................................
TEMPERATURE (F)
 YESTERDAY
  MAXIMUM         70R   404 PM  65    1928  39     31       42
  MINIMUM         45   1234 AM -13    1968  22     23       19
  AVERAGE         58                        31     27       31

PRECIPITATION (IN)
  YESTERDAY        0.01          0.64 1989   0.08  -0.07      T
  MONTH TO DATE    1.50                      0.89   0.61     1.02
  SINCE DEC 1      3.29                      3.60  -0.31     3.68
  SINCE JAN 1      1.50                      0.89   0.61     1.02

DEGREE DAYS
 HEATING
  YESTERDAY        7                        34    -27       34
  MONTH TO DATE  378                       408    -30      389
  SINCE DEC 1   1258                      1364   -106      973
  SINCE JUL 1   2062                      2434   -372     1831

 COOLING
  YESTERDAY        0                         0      0        0
  MONTH TO DATE    0                         0      0        0
  SINCE DEC 1      0                         0      0        0
  SINCE JAN 1      0                         0      0        0
..................................................................


WIND (MPH)
  HIGHEST WIND SPEED    15   HIGHEST WIND DIRECTION     N (340)
  HIGHEST GUST SPEED    20   HIGHEST GUST DIRECTION     N (340)
  AVERAGE WIND SPEED     7.0


SKY COVER
  POSSIBLE SUNSHINE  MM
  AVERAGE SKY COVER 0.4


WEATHER CONDITIONS
 THE FOLLOWING WEATHER WAS RECORDED YESTERDAY.
  LIGHT RAIN


RELATIVE HUMIDITY (PERCENT)
 HIGHEST    92          1200 AM
 LOWEST     51           400 PM
 AVERAGE    72

..........................................................


THE MARTINSBURG WV CLIMATE NORMALS FOR TODAY
                         NORMAL    RECORD    YEAR
 MAXIMUM TEMPERATURE (F)   39        69      2005
 MINIMUM TEMPERATURE (F)   22        -6      1981


SUNRISE AND SUNSET
JANUARY 13 2017.......SUNRISE   731 AM EST   SUNSET   511 PM EST
JANUARY 14 2017.......SUNRISE   731 AM EST   SUNSET   512 PM EST


-  INDICATES NEGATIVE NUMBERS.
R  INDICATES RECORD WAS SET OR TIED.
MM INDICATES DATA IS MISSING.
T  INDICATES TRACE AMOUNT.




$$
