000
CDUS41 KLWX 012124
CLIMRB


CLIMATE REPORT
NATIONAL WEATHER SERVICE BALTIMORE MD/WASHINGTON DC
524 PM EDT TUE APR 1 2014


...................................

...THE MARTINSBURG WV CLIMATE SUMMARY FOR APRIL 1 2014...
VALID TODAY AS OF 0500 PM LOCAL TIME.

CLIMATE NORMAL PERIOD 1981 TO 2010
CLIMATE RECORD PERIOD 1926 TO 2014


WEATHER ITEM   OBSERVED TIME   RECORD YEAR NORMAL DEPARTURE LAST
                VALUE   (LST)  VALUE       VALUE  FROM      YEAR
                                                  NORMAL
..................................................................
TEMPERATURE (F)
 TODAY
  MAXIMUM         67    357 PM  85    1943  59      8       59
  MINIMUM         37    120 AM  19    1969  37      0       37
  AVERAGE         52                        48      4       48

PRECIPITATION (IN)
  TODAY            0.00          1.48 1952   0.12  -0.12     0.04
  MONTH TO DATE    0.00                      0.12  -0.12     0.04
  SINCE MAR 1      2.12                      3.64  -1.52     2.26
  SINCE JAN 1      5.87                      8.42  -2.55     7.08

DEGREE DAYS
 HEATING
  TODAY           13                        17     -4       17
  MONTH TO DATE   13                        17     -4       17
  SINCE MAR 1    848                       731    117      795
  SINCE JUL 1   4941                      4687    254     4430

 COOLING
  TODAY            0                         0      0        0
  MONTH TO DATE    0                         0      0        0
  SINCE MAR 1      0                         1     -1        0
  SINCE JAN 1      0                         1     -1        0
..................................................................


WIND (MPH)
  HIGHEST WIND SPEED    12   HIGHEST WIND DIRECTION    SE (130)
  HIGHEST GUST SPEED    16   HIGHEST GUST DIRECTION    SE (150)
  AVERAGE WIND SPEED     4.9


SKY COVER
  POSSIBLE SUNSHINE  MM
  AVERAGE SKY COVER 0.1


WEATHER CONDITIONS
 THE FOLLOWING WEATHER WAS RECORDED TODAY.
  NO SIGNIFICANT WEATHER WAS OBSERVED.


RELATIVE HUMIDITY (PERCENT)
 HIGHEST    60           700 AM
 LOWEST     28           300 PM
 AVERAGE    44

..........................................................


THE MARTINSBURG WV CLIMATE NORMALS FOR TOMORROW
                         NORMAL    RECORD    YEAR
 MAXIMUM TEMPERATURE (F)   59        86      1967
 MINIMUM TEMPERATURE (F)   37        20      1964


SUNRISE AND SUNSET
APRIL  1 2014.........SUNRISE   656 AM EDT   SUNSET   736 PM EDT
APRIL  2 2014.........SUNRISE   655 AM EDT   SUNSET   737 PM EDT


-  INDICATES NEGATIVE NUMBERS.
R  INDICATES RECORD WAS SET OR TIED.
MM INDICATES DATA IS MISSING.
T  INDICATES TRACE AMOUNT.




$$
