000
CDUS41 KLWX 182123
CLIMRB


CLIMATE REPORT
NATIONAL WEATHER SERVICE BALTIMORE MD/WASHINGTON DC
423 PM EST TUE NOV 18 2014


...................................

...THE MARTINSBURG WV CLIMATE SUMMARY FOR NOVEMBER 18 2014...
VALID TODAY AS OF 0400 PM LOCAL TIME.

CLIMATE NORMAL PERIOD 1981 TO 2010
CLIMATE RECORD PERIOD 1926 TO 2014


WEATHER ITEM   OBSERVED TIME   RECORD YEAR NORMAL DEPARTURE LAST
                VALUE   (LST)  VALUE       VALUE  FROM      YEAR
                                                  NORMAL
..................................................................
TEMPERATURE (F)
 TODAY
  MAXIMUM         33   1207 AM  76    1979  53    -20       64
  MINIMUM         22    912 AM  16    1959  34    -12       48
  AVERAGE         28                        44    -16       56

PRECIPITATION (IN)
  TODAY            0.00          1.80 1929   0.11  -0.11     0.11
  MONTH TO DATE    0.94                      1.83  -0.89     0.61
  SINCE SEP 1      6.67                      8.45  -1.78     7.33
  SINCE JAN 1     31.14                     34.69  -3.55    29.71

DEGREE DAYS
 HEATING
  TODAY           37                        22     15        9
  MONTH TO DATE  364                       336     28      325
  SINCE SEP 1    649                       775   -126      718
  SINCE JUL 1    652                       782   -130      722

 COOLING
  TODAY            0                         0      0        0
  MONTH TO DATE    0                         0      0        0
  SINCE SEP 1    130                       103     27      139
  SINCE JAN 1    958                       895     63     1057
..................................................................


WIND (MPH)
  HIGHEST WIND SPEED    31   HIGHEST WIND DIRECTION     W (260)
  HIGHEST GUST SPEED    38   HIGHEST GUST DIRECTION     W (270)
  AVERAGE WIND SPEED    18.6


SKY COVER
  POSSIBLE SUNSHINE  MM
  AVERAGE SKY COVER 0.4


WEATHER CONDITIONS
 THE FOLLOWING WEATHER WAS RECORDED TODAY.
  NO SIGNIFICANT WEATHER WAS OBSERVED.


RELATIVE HUMIDITY (PERCENT)
 HIGHEST    51          1200 AM
 LOWEST     27           200 PM
 AVERAGE    39

..........................................................


THE MARTINSBURG WV CLIMATE NORMALS FOR TOMORROW
                         NORMAL    RECORD    YEAR
 MAXIMUM TEMPERATURE (F)   53        81      1928
 MINIMUM TEMPERATURE (F)   33        18      1936


SUNRISE AND SUNSET
NOVEMBER 18 2014......SUNRISE   659 AM EST   SUNSET   455 PM EST
NOVEMBER 19 2014......SUNRISE   700 AM EST   SUNSET   454 PM EST


-  INDICATES NEGATIVE NUMBERS.
R  INDICATES RECORD WAS SET OR TIED.
MM INDICATES DATA IS MISSING.
T  INDICATES TRACE AMOUNT.




$$
