000
CDUS41 KLWX 022127
CLIMRB


CLIMATE REPORT
NATIONAL WEATHER SERVICE BALTIMORE MD/WASHINGTON DC
427 PM EST FRI FEB 2 2018


...................................

...THE MARTINSBURG WV CLIMATE SUMMARY FOR FEBRUARY 2 2018...
VALID TODAY AS OF 0400 PM LOCAL TIME.

CLIMATE NORMAL PERIOD 1981 TO 2010
CLIMATE RECORD PERIOD 1926 TO 2018


WEATHER ITEM   OBSERVED TIME   NORMAL DEPARTURE LAST
                VALUE   (LST)  VALUE  FROM      YEAR
                                      NORMAL
......................................................
TEMPERATURE (F)
 TODAY
  MAXIMUM         40    156 AM  41     -1       47
  MINIMUM         21    359 PM  23     -2       27
  AVERAGE         31            32     -1       37

PRECIPITATION (IN)
  TODAY            T             0.09  -0.09     0.00
  MONTH TO DATE    0.06          0.17  -0.11     0.00
  SINCE DEC 1      3.78          5.32  -1.54     5.26
  SINCE JAN 1      2.82          2.61   0.21     3.47

DEGREE DAYS
 HEATING
  TODAY           34            33      1       28
  MONTH TO DATE   55            66    -11       50
  SINCE DEC 1   2050          2079    -29     1741
  SINCE JUL 1   2936          3149   -213     2545

 COOLING
  TODAY            0             0      0        0
  MONTH TO DATE    0             0      0        0
  SINCE DEC 1      0             0      0        0
  SINCE JAN 1      0             0      0        0
......................................................


WIND (MPH)
  HIGHEST WIND SPEED    29   HIGHEST WIND DIRECTION    NW (310)
  HIGHEST GUST SPEED    37   HIGHEST GUST DIRECTION    NW (310)
  AVERAGE WIND SPEED    16.8


SKY COVER
  POSSIBLE SUNSHINE  MM
  AVERAGE SKY COVER 0.8


WEATHER CONDITIONS
 THE FOLLOWING WEATHER WAS RECORDED TODAY.
  NO SIGNIFICANT WEATHER WAS OBSERVED.


RELATIVE HUMIDITY (PERCENT)
 HIGHEST    70           100 AM
 LOWEST     39           200 PM
 AVERAGE    55

..........................................................


THE MARTINSBURG WV CLIMATE NORMALS FOR TOMORROW
                         NORMAL    RECORD    YEAR
 MAXIMUM TEMPERATURE (F)   41        65      1991
 MINIMUM TEMPERATURE (F)   23        -1      1949


SUNRISE AND SUNSET
FEBRUARY  2 2018......SUNRISE   718 AM EST   SUNSET   534 PM EST
FEBRUARY  3 2018......SUNRISE   717 AM EST   SUNSET   535 PM EST


-  INDICATES NEGATIVE NUMBERS.
R  INDICATES RECORD WAS SET OR TIED.
MM INDICATES DATA IS MISSING.
T  INDICATES TRACE AMOUNT.




$$
