000
CDUS41 KLWX 200522
CLIMRB


CLIMATE REPORT
NATIONAL WEATHER SERVICE BALTIMORE MD/WASHINGTON DC
122 AM EDT MON APR 20 2015


...................................

...THE MARTINSBURG WV CLIMATE SUMMARY FOR APRIL 19 2015...

CLIMATE NORMAL PERIOD 1981 TO 2010
CLIMATE RECORD PERIOD 1926 TO 2015


WEATHER ITEM   OBSERVED TIME   RECORD YEAR NORMAL DEPARTURE LAST
                VALUE   (LST)  VALUE       VALUE  FROM      YEAR
                                                  NORMAL
..................................................................
TEMPERATURE (F)
 YESTERDAY
  MAXIMUM         68   1221 PM  91    1976  65      3       69
  MINIMUM         49   1051 PM  25    1928  42      7       38
  AVERAGE         59                        54      5       54

PRECIPITATION (IN)
  YESTERDAY        0.54          1.53 1998   0.10   0.44     0.00
  MONTH TO DATE    1.42                      2.09  -0.67     1.23
  SINCE MAR 1      3.72                      5.61  -1.89     3.35
  SINCE JAN 1      6.01                     10.39  -4.38     7.10

DEGREE DAYS
 HEATING
  YESTERDAY        6                        12     -6       11
  MONTH TO DATE  159                       275   -116      241
  SINCE MAR 1    901                       989    -88     1076
  SINCE JUL 1   4824                      4945   -121     5169

 COOLING
  YESTERDAY        0                         0      0        0
  MONTH TO DATE    1                         0      1        7
  SINCE MAR 1      1                         1      0        7
  SINCE JAN 1      1                         1      0        7
..................................................................


WIND (MPH)
  HIGHEST WIND SPEED    16   HIGHEST WIND DIRECTION    SE (140)
  HIGHEST GUST SPEED    22   HIGHEST GUST DIRECTION     E (100)
  AVERAGE WIND SPEED     8.4


SKY COVER
  POSSIBLE SUNSHINE  MM
  AVERAGE SKY COVER 0.3


WEATHER CONDITIONS
 THE FOLLOWING WEATHER WAS RECORDED YESTERDAY.
  HEAVY RAIN
  RAIN
  LIGHT RAIN
  FOG


RELATIVE HUMIDITY (PERCENT)
 HIGHEST    93          1000 PM
 LOWEST     27           900 AM
 AVERAGE    60

..........................................................


THE MARTINSBURG WV CLIMATE NORMALS FOR TODAY
                         NORMAL    RECORD    YEAR
 MAXIMUM TEMPERATURE (F)   66        91      1941
 MINIMUM TEMPERATURE (F)   42        26      1926


SUNRISE AND SUNSET
APRIL 20 2015.........SUNRISE   628 AM EDT   SUNSET   754 PM EDT
APRIL 21 2015.........SUNRISE   627 AM EDT   SUNSET   755 PM EDT


-  INDICATES NEGATIVE NUMBERS.
R  INDICATES RECORD WAS SET OR TIED.
MM INDICATES DATA IS MISSING.
T  INDICATES TRACE AMOUNT.




$$
