000
CDUS41 KLWX 180522
CLIMRB


CLIMATE REPORT
NATIONAL WEATHER SERVICE BALTIMORE MD/WASHINGTON DC
122 AM EDT WED OCT 18 2017


...................................

...THE MARTINSBURG WV CLIMATE SUMMARY FOR OCTOBER 17 2017...

CLIMATE NORMAL PERIOD 1981 TO 2010
CLIMATE RECORD PERIOD 1926 TO 2017


WEATHER ITEM   OBSERVED TIME   RECORD YEAR NORMAL DEPARTURE LAST
                VALUE   (LST)  VALUE       VALUE  FROM      YEAR
                                                  NORMAL
..................................................................
TEMPERATURE (F)
 YESTERDAY
  MAXIMUM         63    327 PM  90    1932  65     -2       83
  MINIMUM         35    634 AM  29    1937  42     -7       53
  AVERAGE         49                        53     -4       68

PRECIPITATION (IN)
  YESTERDAY        0.00          3.75 1936   0.09  -0.09     0.00
  MONTH TO DATE    2.52                      1.69   0.83     0.52
  SINCE SEP 1      3.98                      5.26  -1.28     4.81
  SINCE JAN 1     30.92                     31.50  -0.58    21.66

DEGREE DAYS
 HEATING
  YESTERDAY       16                        12      4        0
  MONTH TO DATE   66                       159    -93      119
  SINCE SEP 1    126                       243   -117      139
  SINCE JUL 1    128                       250   -122      139

 COOLING
  YESTERDAY        0                         0      0        3
  MONTH TO DATE   53                         8     45        3
  SINCE SEP 1    178                       101     77      202
  SINCE JAN 1   1074                       893    181     1274
..................................................................


WIND (MPH)
  HIGHEST WIND SPEED    10   HIGHEST WIND DIRECTION    NW (320)
  HIGHEST GUST SPEED    16   HIGHEST GUST DIRECTION     N (340)
  AVERAGE WIND SPEED     2.2


SKY COVER
  POSSIBLE SUNSHINE  MM
  AVERAGE SKY COVER 0.0


WEATHER CONDITIONS
 THE FOLLOWING WEATHER WAS RECORDED YESTERDAY.
  NO SIGNIFICANT WEATHER WAS OBSERVED.


RELATIVE HUMIDITY (PERCENT)
 HIGHEST    85           400 AM
 LOWEST     30           300 PM
 AVERAGE    58

..........................................................


THE MARTINSBURG WV CLIMATE NORMALS FOR TODAY
                         NORMAL    RECORD    YEAR
 MAXIMUM TEMPERATURE (F)   65        87      1928
 MINIMUM TEMPERATURE (F)   41        27      1982


SUNRISE AND SUNSET
OCTOBER 18 2017.......SUNRISE   725 AM EDT   SUNSET   628 PM EDT
OCTOBER 19 2017.......SUNRISE   726 AM EDT   SUNSET   627 PM EDT


-  INDICATES NEGATIVE NUMBERS.
R  INDICATES RECORD WAS SET OR TIED.
MM INDICATES DATA IS MISSING.
T  INDICATES TRACE AMOUNT.




$$
