000
CDUS41 KLWX 240524
CLIMRB


CLIMATE REPORT
NATIONAL WEATHER SERVICE BALTIMORE MD/WASHINGTON DC
124 AM EDT TUE MAY 24 2016


...................................

...THE MARTINSBURG WV CLIMATE SUMMARY FOR MAY 23 2016...

CLIMATE NORMAL PERIOD 1981 TO 2010
CLIMATE RECORD PERIOD 1926 TO 2016


WEATHER ITEM   OBSERVED TIME   RECORD YEAR NORMAL DEPARTURE LAST
                VALUE   (LST)  VALUE       VALUE  FROM      YEAR
                                                  NORMAL
..................................................................
TEMPERATURE (F)
 YESTERDAY
  MAXIMUM         76    316 PM  98    1941  75      1       72
  MINIMUM         52    554 AM  35    2002  52      0       38
  AVERAGE         64                        63      1       55

PRECIPITATION (IN)
  YESTERDAY        0.09          1.54 1962   0.13  -0.04     0.00
  MONTH TO DATE    4.48                      3.04   1.44     1.95
  SINCE MAR 1      7.32                      9.90  -2.58     7.57
  SINCE JAN 1     11.41                     14.68  -3.27     9.86

DEGREE DAYS
 HEATING
  YESTERDAY        1                         4     -3       10
  MONTH TO DATE  182                       143     39       63
  SINCE MAR 1   1058                      1244   -186     1090
  SINCE JUL 1   4473                      5200   -727     5013

 COOLING
  YESTERDAY        0                         2     -2        0
  MONTH TO DATE    4                        30    -26       82
  SINCE MAR 1     16                        39    -23       83
  SINCE JAN 1     16                        39    -23       83
..................................................................


WIND (MPH)
  HIGHEST WIND SPEED    22   HIGHEST WIND DIRECTION    NE (30)
  HIGHEST GUST SPEED    31   HIGHEST GUST DIRECTION    NE (40)
  AVERAGE WIND SPEED     3.5


SKY COVER
  POSSIBLE SUNSHINE  MM
  AVERAGE SKY COVER 0.6


WEATHER CONDITIONS
 THE FOLLOWING WEATHER WAS RECORDED YESTERDAY.
  LIGHT RAIN
  FOG


RELATIVE HUMIDITY (PERCENT)
 HIGHEST   100           100 AM
 LOWEST     41           400 PM
 AVERAGE    71

..........................................................


THE MARTINSBURG WV CLIMATE NORMALS FOR TODAY
                         NORMAL    RECORD    YEAR
 MAXIMUM TEMPERATURE (F)   75        96      1941
 MINIMUM TEMPERATURE (F)   52        31      1963


SUNRISE AND SUNSET
MAY 24 2016...........SUNRISE   551 AM EDT   SUNSET   827 PM EDT
MAY 25 2016...........SUNRISE   550 AM EDT   SUNSET   828 PM EDT


-  INDICATES NEGATIVE NUMBERS.
R  INDICATES RECORD WAS SET OR TIED.
MM INDICATES DATA IS MISSING.
T  INDICATES TRACE AMOUNT.




$$
