527
CDUS41 KLWX 260525
CLIMRB


CLIMATE REPORT
NATIONAL WEATHER SERVICE BALTIMORE MD/WASHINGTON DC
124 AM EDT TUE JUL 26 2016


...................................

...THE MARTINSBURG WV CLIMATE SUMMARY FOR JULY 25 2016...

CLIMATE NORMAL PERIOD 1981 TO 2010
CLIMATE RECORD PERIOD 1926 TO 2016


WEATHER ITEM   OBSERVED TIME   RECORD YEAR NORMAL DEPARTURE LAST
                VALUE   (LST)  VALUE       VALUE  FROM      YEAR
                                                  NORMAL
..................................................................
TEMPERATURE (F)
 YESTERDAY
  MAXIMUM         99    125 PM 101    1933  86     13       88
  MINIMUM         71    530 AM  51    1957  64      7       61
  AVERAGE         85                        75     10       75

PRECIPITATION (IN)
  YESTERDAY        0.00          0.65 1992   0.12  -0.12     0.00
  MONTH TO DATE    0.84                      2.93  -2.09     2.20
  SINCE JUN 1      2.94                      6.69  -3.75     6.46
  SINCE JAN 1     14.53                     22.42  -7.89    17.40

DEGREE DAYS
 HEATING
  YESTERDAY        0                         0      0        0
  MONTH TO DATE    0                         0      0        0
  SINCE JUN 1      5                        24    -19       15
  SINCE JUL 1      0                         0      0        0

 COOLING
  YESTERDAY       20                        10     10       10
  MONTH TO DATE  313                       246     67      238
  SINCE JUN 1    529                       429    100      487
  SINCE JAN 1    602                       486    116      635
..................................................................


WIND (MPH)
  HIGHEST WIND SPEED    21   HIGHEST WIND DIRECTION    SW (210)
  HIGHEST GUST SPEED    31   HIGHEST GUST DIRECTION    SW (220)
  AVERAGE WIND SPEED     4.6


SKY COVER
  POSSIBLE SUNSHINE  MM
  AVERAGE SKY COVER 0.1


WEATHER CONDITIONS
 THE FOLLOWING WEATHER WAS RECORDED YESTERDAY.
  FOG


RELATIVE HUMIDITY (PERCENT)
 HIGHEST    93           100 AM
 LOWEST     42           100 PM
 AVERAGE    68

..........................................................


THE MARTINSBURG WV CLIMATE NORMALS FOR TODAY
                         NORMAL    RECORD    YEAR
 MAXIMUM TEMPERATURE (F)   86       107      1934
 MINIMUM TEMPERATURE (F)   64        52      1976


SUNRISE AND SUNSET
JULY 26 2016..........SUNRISE   607 AM EDT   SUNSET   829 PM EDT
JULY 27 2016..........SUNRISE   608 AM EDT   SUNSET   829 PM EDT


-  INDICATES NEGATIVE NUMBERS.
R  INDICATES RECORD WAS SET OR TIED.
MM INDICATES DATA IS MISSING.
T  INDICATES TRACE AMOUNT.




$$
