000
CDUS41 KLWX 212123
CLIMRB


CLIMATE REPORT
NATIONAL WEATHER SERVICE BALTIMORE MD/WASHINGTON DC
522 PM EDT MON AUG 21 2017


...................................

...THE MARTINSBURG WV CLIMATE SUMMARY FOR AUGUST 21 2017...
VALID TODAY AS OF 0500 PM LOCAL TIME.

CLIMATE NORMAL PERIOD 1981 TO 2010
CLIMATE RECORD PERIOD 1926 TO 2017


WEATHER ITEM   OBSERVED TIME   RECORD YEAR NORMAL DEPARTURE LAST
                VALUE   (LST)  VALUE       VALUE  FROM      YEAR
                                                  NORMAL
..................................................................
TEMPERATURE (F)
 TODAY
  MAXIMUM         88    358 PM  99    1937  84      4       86
  MINIMUM         64    610 AM  45    1929  61      3       67
  AVERAGE         76                        72      4       77

PRECIPITATION (IN)
  TODAY            0.00          2.35 1954   0.09  -0.09     0.02
  MONTH TO DATE    1.93                      2.11  -0.18     2.19
  SINCE JUN 1      9.43                      9.54  -0.11     5.26
  SINCE JAN 1     26.65                     25.27   1.38    16.85

DEGREE DAYS
 HEATING
  TODAY            0                         0      0        0
  MONTH TO DATE    0                         0      0        0
  SINCE JUN 1     10                        25    -15        5
  SINCE JUL 1      0                         1     -1        0

 COOLING
  TODAY           11                         8      3       12
  MONTH TO DATE  167                       181    -14      273
  SINCE JUN 1    748                       667     81      892
  SINCE JAN 1    855                       724    131      965
..................................................................


WIND (MPH)
  HIGHEST WIND SPEED     9   HIGHEST WIND DIRECTION    SE (140)
  HIGHEST GUST SPEED    11   HIGHEST GUST DIRECTION    SE (140)
  AVERAGE WIND SPEED     1.6


SKY COVER
  POSSIBLE SUNSHINE  MM
  AVERAGE SKY COVER 0.2


WEATHER CONDITIONS
 THE FOLLOWING WEATHER WAS RECORDED TODAY.
  FOG


RELATIVE HUMIDITY (PERCENT)
 HIGHEST    93           100 AM
 LOWEST     59          1200 PM
 AVERAGE    76

..........................................................


THE MARTINSBURG WV CLIMATE NORMALS FOR TOMORROW
                         NORMAL    RECORD    YEAR
 MAXIMUM TEMPERATURE (F)   84       103      1983
 MINIMUM TEMPERATURE (F)   61        48      1956


SUNRISE AND SUNSET
AUGUST 21 2017........SUNRISE   630 AM EDT   SUNSET   759 PM EDT
AUGUST 22 2017........SUNRISE   631 AM EDT   SUNSET   757 PM EDT


-  INDICATES NEGATIVE NUMBERS.
R  INDICATES RECORD WAS SET OR TIED.
MM INDICATES DATA IS MISSING.
T  INDICATES TRACE AMOUNT.




$$
