000
CDUS41 KLWX 090524
CLIMRB


CLIMATE REPORT
NATIONAL WEATHER SERVICE BALTIMORE MD/WASHINGTON DC
1224 AM EST FRI DEC 9 2016


...................................

...THE MARTINSBURG WV CLIMATE SUMMARY FOR DECEMBER 8 2016...

CLIMATE NORMAL PERIOD 1981 TO 2010
CLIMATE RECORD PERIOD 1926 TO 2016


WEATHER ITEM   OBSERVED TIME   RECORD YEAR NORMAL DEPARTURE LAST
                VALUE   (LST)  VALUE       VALUE  FROM      YEAR
                                                  NORMAL
..................................................................
TEMPERATURE (F)
 YESTERDAY
  MAXIMUM         46    156 PM  72    1966  45      1       52
  MINIMUM         28    311 AM  13    2005  27      1       26
  AVERAGE         37                        36      1       39

PRECIPITATION (IN)
  YESTERDAY        0.00          1.94 1972   0.10  -0.10     0.00
  MONTH TO DATE    1.04                      0.83   0.21     0.61
  SINCE DEC 1      1.04                      0.83   0.21     0.61
  SINCE JAN 1     24.28                     36.82 -12.54    27.35

DEGREE DAYS
 HEATING
  YESTERDAY       28                        29     -1       26
  MONTH TO DATE  193                       222    -29      199
  SINCE DEC 1    193                       222    -29      199
  SINCE JUL 1    997                      1292   -295     1057

 COOLING
  YESTERDAY        0                         0      0        0
  MONTH TO DATE    0                         0      0        0
  SINCE DEC 1      0                         0      0        0
  SINCE JAN 1   1296                       895    401     1113
..................................................................


WIND (MPH)
  HIGHEST WIND SPEED    28   HIGHEST WIND DIRECTION     W (280)
  HIGHEST GUST SPEED    36   HIGHEST GUST DIRECTION    NW (300)
  AVERAGE WIND SPEED     9.1


SKY COVER
  POSSIBLE SUNSHINE  MM
  AVERAGE SKY COVER 0.5


WEATHER CONDITIONS
 THE FOLLOWING WEATHER WAS RECORDED YESTERDAY.
  NO SIGNIFICANT WEATHER WAS OBSERVED.


RELATIVE HUMIDITY (PERCENT)
 HIGHEST    85           100 AM
 LOWEST     31           100 PM
 AVERAGE    58

..........................................................


THE MARTINSBURG WV CLIMATE NORMALS FOR TODAY
                         NORMAL    RECORD    YEAR
 MAXIMUM TEMPERATURE (F)   45        75      1966
 MINIMUM TEMPERATURE (F)   27         4      1989


SUNRISE AND SUNSET
DECEMBER  9 2016......SUNRISE   721 AM EST   SUNSET   448 PM EST
DECEMBER 10 2016......SUNRISE   721 AM EST   SUNSET   448 PM EST


-  INDICATES NEGATIVE NUMBERS.
R  INDICATES RECORD WAS SET OR TIED.
MM INDICATES DATA IS MISSING.
T  INDICATES TRACE AMOUNT.




$$
