000
CDUS41 KLWX 230522
CLIMRB


CLIMATE REPORT
NATIONAL WEATHER SERVICE BALTIMORE MD/WASHINGTON DC
122 AM EDT THU JUN 23 2016


...................................

...THE MARTINSBURG WV CLIMATE SUMMARY FOR JUNE 22 2016...

CLIMATE NORMAL PERIOD 1981 TO 2010
CLIMATE RECORD PERIOD 1926 TO 2016


WEATHER ITEM   OBSERVED TIME   RECORD YEAR NORMAL DEPARTURE LAST
                VALUE   (LST)  VALUE       VALUE  FROM      YEAR
                                                  NORMAL
..................................................................
TEMPERATURE (F)
 YESTERDAY
  MAXIMUM         82    448 PM 102    1933  84     -2       88
  MINIMUM         66   1228 AM  43    1963  61      5       68
  AVERAGE         74                        72      2       78

PRECIPITATION (IN)
  YESTERDAY        0.00          1.90 1928   0.12  -0.12     0.00
  MONTH TO DATE    2.08                      2.80  -0.72     3.38
  SINCE JUN 1      2.08                      2.80  -0.72     3.38
  SINCE JAN 1     13.67                     18.53  -4.86    14.32

DEGREE DAYS
 HEATING
  YESTERDAY        0                         0      0        0
  MONTH TO DATE    5                        22    -17       15
  SINCE JUN 1      5                        22    -17       15
  SINCE JUL 1   4478                      5247   -769     5030

 COOLING
  YESTERDAY        9                         8      1       13
  MONTH TO DATE  157                       116     41      194
  SINCE JUN 1    157                       116     41      194
  SINCE JAN 1    230                       173     57      342
..................................................................


WIND (MPH)
  HIGHEST WIND SPEED    17   HIGHEST WIND DIRECTION     W (260)
  HIGHEST GUST SPEED    22   HIGHEST GUST DIRECTION     W (260)
  AVERAGE WIND SPEED     7.8


SKY COVER
  POSSIBLE SUNSHINE  MM
  AVERAGE SKY COVER 0.2


WEATHER CONDITIONS
 THE FOLLOWING WEATHER WAS RECORDED YESTERDAY.
  FOG


RELATIVE HUMIDITY (PERCENT)
 HIGHEST    87          1200 AM
 LOWEST     36           300 PM
 AVERAGE    62

..........................................................


THE MARTINSBURG WV CLIMATE NORMALS FOR TODAY
                         NORMAL    RECORD    YEAR
 MAXIMUM TEMPERATURE (F)   84       100      1934
 MINIMUM TEMPERATURE (F)   61        45      1972


SUNRISE AND SUNSET
JUNE 23 2016..........SUNRISE   546 AM EDT   SUNSET   843 PM EDT
JUNE 24 2016..........SUNRISE   546 AM EDT   SUNSET   843 PM EDT


-  INDICATES NEGATIVE NUMBERS.
R  INDICATES RECORD WAS SET OR TIED.
MM INDICATES DATA IS MISSING.
T  INDICATES TRACE AMOUNT.




$$
