000
CDUS41 KLWX 030532
CLIMRB


CLIMATE REPORT
NATIONAL WEATHER SERVICE BALTIMORE MD/WASHINGTON DC
1230 AM EST TUE MAR 3 2015


...................................

...THE MARTINSBURG WV CLIMATE SUMMARY FOR MARCH 2 2015...

CLIMATE NORMAL PERIOD 1981 TO 2010
CLIMATE RECORD PERIOD 1926 TO 2015


WEATHER ITEM   OBSERVED TIME   RECORD YEAR NORMAL DEPARTURE LAST
                VALUE   (LST)  VALUE       VALUE  FROM      YEAR
                                                  NORMAL
..................................................................
TEMPERATURE (F)
 YESTERDAY
  MAXIMUM         42    233 PM  75    1992  47     -5       41
  MINIMUM         24   1134 PM  10    1980  27     -3       31
  AVERAGE         33                        37     -4       36

PRECIPITATION (IN)
  YESTERDAY        0.00          0.96 1994   0.10  -0.10     0.22
  MONTH TO DATE    0.13                      0.19  -0.06     0.22
  SINCE MAR 1      0.13                      0.19  -0.06     0.22
  SINCE JAN 1      2.42                      4.97  -2.55     3.97

DEGREE DAYS
 HEATING
  YESTERDAY       32                        28      4       29
  MONTH TO DATE   71                        56     15       65
  SINCE MAR 1     71                        56     15       65
  SINCE JUL 1   3994                      4012    -18     4158

 COOLING
  YESTERDAY        0                         0      0        0
  MONTH TO DATE    0                         0      0        0
  SINCE MAR 1      0                         0      0        0
  SINCE JAN 1      0                         0      0        0
..................................................................


WIND (MPH)
  HIGHEST WIND SPEED    25   HIGHEST WIND DIRECTION    NW (300)
  HIGHEST GUST SPEED    35   HIGHEST GUST DIRECTION     W (290)
  AVERAGE WIND SPEED    10.7


SKY COVER
  POSSIBLE SUNSHINE  MM
  AVERAGE SKY COVER 0.4


WEATHER CONDITIONS
 THE FOLLOWING WEATHER WAS RECORDED YESTERDAY.
  FOG
  HAZE


RELATIVE HUMIDITY (PERCENT)
 HIGHEST    92           500 AM
 LOWEST     32           200 PM
 AVERAGE    62

..........................................................


THE MARTINSBURG WV CLIMATE NORMALS FOR TODAY
                         NORMAL    RECORD    YEAR
 MAXIMUM TEMPERATURE (F)   48        71      1967
 MINIMUM TEMPERATURE (F)   28        -1      2014


SUNRISE AND SUNSET
MARCH  3 2015.........SUNRISE   642 AM EST   SUNSET   606 PM EST
MARCH  4 2015.........SUNRISE   641 AM EST   SUNSET   607 PM EST


-  INDICATES NEGATIVE NUMBERS.
R  INDICATES RECORD WAS SET OR TIED.
MM INDICATES DATA IS MISSING.
T  INDICATES TRACE AMOUNT.




$$
