000
CDUS41 KLWX 310522
CLIMRB


CLIMATE REPORT
NATIONAL WEATHER SERVICE BALTIMORE MD/WASHINGTON DC
122 AM EDT SUN AUG 31 2014


...................................

...THE MARTINSBURG WV CLIMATE SUMMARY FOR AUGUST 30 2014...

CLIMATE NORMAL PERIOD 1981 TO 2010
CLIMATE RECORD PERIOD 1926 TO 2014


WEATHER ITEM   OBSERVED TIME   RECORD YEAR NORMAL DEPARTURE LAST
                VALUE   (LST)  VALUE       VALUE  FROM      YEAR
                                                  NORMAL
..................................................................
TEMPERATURE (F)
 YESTERDAY
  MAXIMUM         84    405 PM 101    1953  82      2       87
  MINIMUM         60    537 AM  40    1986  60      0       63
  AVERAGE         72                        71      1       75

PRECIPITATION (IN)
  YESTERDAY        0.00          1.03 1977   0.09  -0.09     0.00
  MONTH TO DATE    2.23                      2.98  -0.75     3.62
  SINCE JUN 1      9.60                     10.41  -0.81    10.76
  SINCE JAN 1     24.47                     26.14  -1.67    22.02

DEGREE DAYS
 HEATING
  YESTERDAY        0                         0      0        0
  MONTH TO DATE    0                         0      0        4
  SINCE JUN 1      5                        25    -20        6
  SINCE JUL 1      3                         1      2        4

 COOLING
  YESTERDAY        7                         6      1       10
  MONTH TO DATE  196                       242    -46      205
  SINCE JUN 1    733                       728      5      792
  SINCE JAN 1    814                       785     29      903
..................................................................


WIND (MPH)
  HIGHEST WIND SPEED    13   HIGHEST WIND DIRECTION    SE (140)
  HIGHEST GUST SPEED    19   HIGHEST GUST DIRECTION     W (280)
  AVERAGE WIND SPEED     4.6


SKY COVER
  POSSIBLE SUNSHINE  MM
  AVERAGE SKY COVER 0.5


WEATHER CONDITIONS
 THE FOLLOWING WEATHER WAS RECORDED YESTERDAY.
  FOG
  HAZE


RELATIVE HUMIDITY (PERCENT)
 HIGHEST    90          1100 PM
 LOWEST     58           300 PM
 AVERAGE    74

..........................................................


THE MARTINSBURG WV CLIMATE NORMALS FOR TODAY
                         NORMAL    RECORD    YEAR
 MAXIMUM TEMPERATURE (F)   82       100      1953
 MINIMUM TEMPERATURE (F)   59        43      1934


SUNRISE AND SUNSET
AUGUST 31 2014........SUNRISE   639 AM EDT   SUNSET   744 PM EDT
SEPTEMBER  1 2014.....SUNRISE   640 AM EDT   SUNSET   743 PM EDT


-  INDICATES NEGATIVE NUMBERS.
R  INDICATES RECORD WAS SET OR TIED.
MM INDICATES DATA IS MISSING.
T  INDICATES TRACE AMOUNT.




$$
