000
CDUS41 KLWX 212123
CLIMRB


CLIMATE REPORT
NATIONAL WEATHER SERVICE BALTIMORE MD/WASHINGTON DC
423 PM EST TUE FEB 21 2017


...................................

...THE MARTINSBURG WV CLIMATE SUMMARY FOR FEBRUARY 21 2017...
VALID TODAY AS OF 0400 PM LOCAL TIME.

CLIMATE NORMAL PERIOD 1981 TO 2010
CLIMATE RECORD PERIOD 1926 TO 2017


WEATHER ITEM   OBSERVED TIME   RECORD YEAR NORMAL DEPARTURE LAST
                VALUE   (LST)  VALUE       VALUE  FROM      YEAR
                                                  NORMAL
..................................................................
TEMPERATURE (F)
 TODAY
  MAXIMUM         56    359 PM  72    1930  45     11       59
  MINIMUM         36    204 AM   3    1936  25     11       41
  AVERAGE         46                        35     11       50

PRECIPITATION (IN)
  TODAY            0.00          0.87 1929   0.08  -0.08     0.18
  MONTH TO DATE    0.66                      1.72  -1.06     1.86
  SINCE DEC 1      5.92                      6.87  -0.95     5.88
  SINCE JAN 1      4.13                      4.16  -0.03     3.22

DEGREE DAYS
 HEATING
  TODAY           19                        30    -11       15
  MONTH TO DATE  486                       670   -184      682
  SINCE DEC 1   2177                      2683   -506     2366
  SINCE JUL 1   2981                      3753   -772     3224

 COOLING
  TODAY            0                         0      0        0
  MONTH TO DATE    0                         0      0        0
  SINCE DEC 1      0                         0      0        0
  SINCE JAN 1      0                         0      0        0
..................................................................


WIND (MPH)
  HIGHEST WIND SPEED    15   HIGHEST WIND DIRECTION    SE (140)
  HIGHEST GUST SPEED    20   HIGHEST GUST DIRECTION    SE (140)
  AVERAGE WIND SPEED     4.8


SKY COVER
  POSSIBLE SUNSHINE  MM
  AVERAGE SKY COVER 0.0


WEATHER CONDITIONS
 THE FOLLOWING WEATHER WAS RECORDED TODAY.
  NO SIGNIFICANT WEATHER WAS OBSERVED.


RELATIVE HUMIDITY (PERCENT)
 HIGHEST    70           100 AM
 LOWEST     41           500 AM
 AVERAGE    56

..........................................................


THE MARTINSBURG WV CLIMATE NORMALS FOR TOMORROW
                         NORMAL    RECORD    YEAR
 MAXIMUM TEMPERATURE (F)   45        75      1974
 MINIMUM TEMPERATURE (F)   26         2      1963


SUNRISE AND SUNSET
FEBRUARY 21 2017......SUNRISE   656 AM EST   SUNSET   556 PM EST
FEBRUARY 22 2017......SUNRISE   654 AM EST   SUNSET   557 PM EST


-  INDICATES NEGATIVE NUMBERS.
R  INDICATES RECORD WAS SET OR TIED.
MM INDICATES DATA IS MISSING.
T  INDICATES TRACE AMOUNT.




$$
