338
CDUS41 KLWX 260527
CLIMRB


CLIMATE REPORT
NATIONAL WEATHER SERVICE BALTIMORE MD/WASHINGTON DC
127 AM EDT SUN MAR 26 2017


...................................

...THE MARTINSBURG WV CLIMATE SUMMARY FOR MARCH 25 2017...

CLIMATE NORMAL PERIOD 1981 TO 2010
CLIMATE RECORD PERIOD 1926 TO 2017


WEATHER ITEM   OBSERVED TIME   RECORD YEAR NORMAL DEPARTURE LAST
                VALUE   (LST)  VALUE       VALUE  FROM      YEAR
                                                  NORMAL
..................................................................
TEMPERATURE (F)
 YESTERDAY
  MAXIMUM         78    112 PM  83    1939  56     22       67
  MINIMUM         57   1159 PM  15    1940  34     23       43
  AVERAGE         68                        45     23       55

PRECIPITATION (IN)
  YESTERDAY        0.00          0.66 2013   0.12  -0.12      T
  MONTH TO DATE    1.31                      2.77  -1.46     1.44
  SINCE MAR 1      1.31                      2.77  -1.46     1.44
  SINCE JAN 1      5.69                      7.55  -1.86     5.53

DEGREE DAYS
 HEATING
  YESTERDAY        0                        20    -20       10
  MONTH TO DATE  609                       602      7      407
  SINCE MAR 1    609                       602      7      407
  SINCE JUL 1   3687                      4558   -871     3822

 COOLING
  YESTERDAY        3                         0      3        0
  MONTH TO DATE    3                         0      3        2
  SINCE MAR 1      3                         0      3        2
  SINCE JAN 1      3                         0      3        2
..................................................................


WIND (MPH)
  HIGHEST WIND SPEED    15   HIGHEST WIND DIRECTION     N (20)
  HIGHEST GUST SPEED    19   HIGHEST GUST DIRECTION     N (10)
  AVERAGE WIND SPEED     5.5


SKY COVER
  POSSIBLE SUNSHINE  MM
  AVERAGE SKY COVER 0.4


WEATHER CONDITIONS
 THE FOLLOWING WEATHER WAS RECORDED YESTERDAY.
  NO SIGNIFICANT WEATHER WAS OBSERVED.


RELATIVE HUMIDITY (PERCENT)
 HIGHEST    67           600 AM
 LOWEST     38           400 PM
 AVERAGE    53

..........................................................


THE MARTINSBURG WV CLIMATE NORMALS FOR TODAY
                         NORMAL    RECORD    YEAR
 MAXIMUM TEMPERATURE (F)   56        86      1939
 MINIMUM TEMPERATURE (F)   35        17      1940


SUNRISE AND SUNSET
MARCH 26 2017.........SUNRISE   705 AM EDT   SUNSET   730 PM EDT
MARCH 27 2017.........SUNRISE   704 AM EDT   SUNSET   731 PM EDT


-  INDICATES NEGATIVE NUMBERS.
R  INDICATES RECORD WAS SET OR TIED.
MM INDICATES DATA IS MISSING.
T  INDICATES TRACE AMOUNT.




$$
