000
CDUS41 KLWX 250523
CLIMRB


CLIMATE REPORT
NATIONAL WEATHER SERVICE BALTIMORE MD/WASHINGTON DC
122 AM EDT SUN SEP 25 2016


...................................

...THE MARTINSBURG WV CLIMATE SUMMARY FOR SEPTEMBER 24 2016...

CLIMATE NORMAL PERIOD 1981 TO 2010
CLIMATE RECORD PERIOD 1926 TO 2016


WEATHER ITEM   OBSERVED TIME   RECORD YEAR NORMAL DEPARTURE LAST
                VALUE   (LST)  VALUE       VALUE  FROM      YEAR
                                                  NORMAL
..................................................................
TEMPERATURE (F)
 YESTERDAY
  MAXIMUM         77    419 PM  96    1970  74      3       80
  MINIMUM         55   1150 PM  29    1963  51      4       45
  AVERAGE         66                        62      4       63

PRECIPITATION (IN)
  YESTERDAY        0.00          2.60 1926   0.12  -0.12     0.00
  MONTH TO DATE    1.02                      2.86  -1.84     1.72
  SINCE SEP 1      1.02                      2.86  -1.84     1.72
  SINCE JAN 1     17.87                     29.10 -11.23    20.67

DEGREE DAYS
 HEATING
  YESTERDAY        0                         5     -5        2
  MONTH TO DATE    0                        52    -52       22
  SINCE SEP 1      0                        52    -52       22
  SINCE JUL 1      0                        59    -59       22

 COOLING
  YESTERDAY        1                         2     -1        0
  MONTH TO DATE  199                        87    112      131
  SINCE SEP 1    199                        87    112      131
  SINCE JAN 1   1271                       879    392     1100
..................................................................


WIND (MPH)
  HIGHEST WIND SPEED    17   HIGHEST WIND DIRECTION    NE (30)
  HIGHEST GUST SPEED    22   HIGHEST GUST DIRECTION     N (10)
  AVERAGE WIND SPEED     6.1


SKY COVER
  POSSIBLE SUNSHINE  MM
  AVERAGE SKY COVER 0.4


WEATHER CONDITIONS
 THE FOLLOWING WEATHER WAS RECORDED YESTERDAY.
  NO SIGNIFICANT WEATHER WAS OBSERVED.


RELATIVE HUMIDITY (PERCENT)
 HIGHEST    93           400 AM
 LOWEST     50           300 PM
 AVERAGE    72

..........................................................


THE MARTINSBURG WV CLIMATE NORMALS FOR TODAY
                         NORMAL    RECORD    YEAR
 MAXIMUM TEMPERATURE (F)   73        95      2010
 MINIMUM TEMPERATURE (F)   50        29      1963


SUNRISE AND SUNSET
SEPTEMBER 25 2016.....SUNRISE   703 AM EDT   SUNSET   703 PM EDT
SEPTEMBER 26 2016.....SUNRISE   704 AM EDT   SUNSET   702 PM EDT


-  INDICATES NEGATIVE NUMBERS.
R  INDICATES RECORD WAS SET OR TIED.
MM INDICATES DATA IS MISSING.
T  INDICATES TRACE AMOUNT.




$$
