000
CDUS41 KLWX 290537
CLIMRB


CLIMATE REPORT
NATIONAL WEATHER SERVICE BALTIMORE MD/WASHINGTON DC
135 AM EDT WED OCT 29 2014


...................................

...THE MARTINSBURG WV CLIMATE SUMMARY FOR OCTOBER 28 2014...

CLIMATE NORMAL PERIOD 1981 TO 2010
CLIMATE RECORD PERIOD 1926 TO 2014


WEATHER ITEM   OBSERVED TIME   RECORD YEAR NORMAL DEPARTURE LAST
                VALUE   (LST)  VALUE       VALUE  FROM      YEAR
                                                  NORMAL
..................................................................
TEMPERATURE (F)
 YESTERDAY
  MAXIMUM         84R   303 PM  80    1984  62     22       61
  MINIMUM         46    129 AM  24    1936  39      7       29
  AVERAGE         65                        50     15       45

PRECIPITATION (IN)
  YESTERDAY        0.00          2.50 1937   0.10  -0.10     0.00
  MONTH TO DATE    3.18                      2.76   0.42     5.39
  SINCE SEP 1      5.63                      6.33  -0.70     6.63
  SINCE JAN 1     30.10                     32.57  -2.47    29.01

DEGREE DAYS
 HEATING
  YESTERDAY        0                        15    -15       20
  MONTH TO DATE  192                       308   -116      264
  SINCE SEP 1    243                       392   -149      360
  SINCE JUL 1    246                       399   -153      364

 COOLING
  YESTERDAY        0                         0      0        0
  MONTH TO DATE    3                         8     -5       40
  SINCE SEP 1    130                       101     29      139
  SINCE JAN 1    958                       893     65     1057
..................................................................


WIND (MPH)
  HIGHEST WIND SPEED    13   HIGHEST WIND DIRECTION     S (190)
  HIGHEST GUST SPEED    19   HIGHEST GUST DIRECTION     S (190)
  AVERAGE WIND SPEED     4.2


SKY COVER
  POSSIBLE SUNSHINE  MM
  AVERAGE SKY COVER 0.0


WEATHER CONDITIONS
 THE FOLLOWING WEATHER WAS RECORDED YESTERDAY.
  NO SIGNIFICANT WEATHER WAS OBSERVED.


RELATIVE HUMIDITY (PERCENT)
 HIGHEST    71          1200 AM
 LOWEST     27           200 PM
 AVERAGE    49

..........................................................


THE MARTINSBURG WV CLIMATE NORMALS FOR TODAY
                         NORMAL    RECORD    YEAR
 MAXIMUM TEMPERATURE (F)   61        79      1945
 MINIMUM TEMPERATURE (F)   39        21      1965


SUNRISE AND SUNSET
OCTOBER 29 2014.......SUNRISE   737 AM EDT   SUNSET   614 PM EDT
OCTOBER 30 2014.......SUNRISE   738 AM EDT   SUNSET   613 PM EDT


-  INDICATES NEGATIVE NUMBERS.
R  INDICATES RECORD WAS SET OR TIED.
MM INDICATES DATA IS MISSING.
T  INDICATES TRACE AMOUNT.




$$
