000
CDUS41 KLWX 272147
CLIMRB


CLIMATE REPORT
NATIONAL WEATHER SERVICE BALTIMORE MD/WASHINGTON DC
545 PM EDT WED MAY 27 2015


...................................

...THE MARTINSBURG WV CLIMATE SUMMARY FOR MAY 27 2015...
VALID TODAY AS OF 0500 PM LOCAL TIME.

CLIMATE NORMAL PERIOD 1981 TO 2010
CLIMATE RECORD PERIOD 1926 TO 2015


WEATHER ITEM   OBSERVED TIME   RECORD YEAR NORMAL DEPARTURE LAST
                VALUE   (LST)  VALUE       VALUE  FROM      YEAR
                                                  NORMAL
..................................................................
TEMPERATURE (F)
 TODAY
  MAXIMUM         82   1021 AM  95    1941  76      6       88
  MINIMUM         65    513 AM  37    1958  53     12       62
  AVERAGE         74                        64     10       75

PRECIPITATION (IN)
  TODAY            0.28          1.47 1968   0.13   0.15     0.34
  MONTH TO DATE    2.23                      3.57  -1.34     5.08
  SINCE MAR 1      7.85                     10.43  -2.58    10.91
  SINCE JAN 1     10.14                     15.21  -5.07    14.66

DEGREE DAYS
 HEATING
  TODAY            0                         3     -3        0
  MONTH TO DATE   65                       158    -93       90
  SINCE MAR 1   1092                      1259   -167     1287
  SINCE JUL 1   5015                      5215   -200     5380

 COOLING
  TODAY            9                         3      6       10
  MONTH TO DATE  104                        40     64       63
  SINCE MAR 1    105                        49     56       70
  SINCE JAN 1    105                        49     56       70
..................................................................


WIND (MPH)
  HIGHEST WIND SPEED    25   HIGHEST WIND DIRECTION     W (280)
  HIGHEST GUST SPEED    33   HIGHEST GUST DIRECTION     W (280)
  AVERAGE WIND SPEED     4.1


SKY COVER
  POSSIBLE SUNSHINE  MM
  AVERAGE SKY COVER 0.2


WEATHER CONDITIONS
 THE FOLLOWING WEATHER WAS RECORDED TODAY.
  HEAVY RAIN
  RAIN
  LIGHT RAIN
  FOG


RELATIVE HUMIDITY (PERCENT)
 HIGHEST    93           100 AM
 LOWEST     69          1000 AM
 AVERAGE    81

..........................................................


THE MARTINSBURG WV CLIMATE NORMALS FOR TOMORROW
                         NORMAL    RECORD    YEAR
 MAXIMUM TEMPERATURE (F)   76        96      1941
 MINIMUM TEMPERATURE (F)   53        36      1994


SUNRISE AND SUNSET
MAY 27 2015...........SUNRISE   550 AM EDT   SUNSET   829 PM EDT
MAY 28 2015...........SUNRISE   549 AM EDT   SUNSET   830 PM EDT


-  INDICATES NEGATIVE NUMBERS.
R  INDICATES RECORD WAS SET OR TIED.
MM INDICATES DATA IS MISSING.
T  INDICATES TRACE AMOUNT.




$$
