000
CDUS41 KLWX 270529
CLIMRB


CLIMATE REPORT
NATIONAL WEATHER SERVICE BALTIMORE MD/WASHINGTON DC
1228 AM EST THU NOV 27 2014


...................................

...THE MARTINSBURG WV CLIMATE SUMMARY FOR NOVEMBER 26 2014...

CLIMATE NORMAL PERIOD 1981 TO 2010
CLIMATE RECORD PERIOD 1926 TO 2014


WEATHER ITEM   OBSERVED TIME   RECORD YEAR NORMAL DEPARTURE LAST
                VALUE   (LST)  VALUE       VALUE  FROM      YEAR
                                                  NORMAL
..................................................................
TEMPERATURE (F)
 YESTERDAY
  MAXIMUM         43    351 AM  73    1979  50     -7       36
  MINIMUM         34   1159 PM   7    1938  31      3       32
  AVERAGE         39                        40     -1       34

PRECIPITATION (IN)
  YESTERDAY        0.88          1.35 2013   0.11   0.77     1.35
  MONTH TO DATE    2.18                      2.69  -0.51     1.96
  SINCE SEP 1      7.91                      9.31  -1.40     8.68
  SINCE JAN 1     32.38                     35.55  -3.17    31.06

DEGREE DAYS
 HEATING
  YESTERDAY       26                        25      1       31
  MONTH TO DATE  567                       522     45      556
  SINCE SEP 1    852                       961   -109      949
  SINCE JUL 1    855                       968   -113      953

 COOLING
  YESTERDAY        0                         0      0        0
  MONTH TO DATE    0                         0      0        0
  SINCE SEP 1    130                       103     27      139
  SINCE JAN 1    958                       895     63     1057
..................................................................


WIND (MPH)
  HIGHEST WIND SPEED    13   HIGHEST WIND DIRECTION     N (360)
  HIGHEST GUST SPEED    17   HIGHEST GUST DIRECTION     N (360)
  AVERAGE WIND SPEED     5.7


SKY COVER
  POSSIBLE SUNSHINE  MM
  AVERAGE SKY COVER 0.9


WEATHER CONDITIONS
 THE FOLLOWING WEATHER WAS RECORDED YESTERDAY.
  RAIN
  LIGHT RAIN
  LIGHT SNOW
  FOG


RELATIVE HUMIDITY (PERCENT)
 HIGHEST    92           900 AM
 LOWEST     57           200 AM
 AVERAGE    75

..........................................................


THE MARTINSBURG WV CLIMATE NORMALS FOR TODAY
                         NORMAL    RECORD    YEAR
 MAXIMUM TEMPERATURE (F)   49        71      1976
 MINIMUM TEMPERATURE (F)   31         8      1938


SUNRISE AND SUNSET
NOVEMBER 27 2014......SUNRISE   709 AM EST   SUNSET   450 PM EST
NOVEMBER 28 2014......SUNRISE   710 AM EST   SUNSET   450 PM EST


-  INDICATES NEGATIVE NUMBERS.
R  INDICATES RECORD WAS SET OR TIED.
MM INDICATES DATA IS MISSING.
T  INDICATES TRACE AMOUNT.




$$
