000
CDUS41 KLWX 290529
CLIMRB


CLIMATE REPORT
NATIONAL WEATHER SERVICE BALTIMORE MD/WASHINGTON DC
128 AM EDT FRI APR 29 2016


...................................

...THE MARTINSBURG WV CLIMATE SUMMARY FOR APRIL 28 2016...

CLIMATE NORMAL PERIOD 1981 TO 2010
CLIMATE RECORD PERIOD 1926 TO 2016


WEATHER ITEM   OBSERVED TIME   RECORD YEAR NORMAL DEPARTURE LAST
                VALUE   (LST)  VALUE       VALUE  FROM      YEAR
                                                  NORMAL
..................................................................
TEMPERATURE (F)
 YESTERDAY
  MAXIMUM         52   1105 AM  92    1935  68    -16       70
  MINIMUM         46   1159 PM  30    1947  44      2       44
  AVERAGE         49                        56     -7       57

PRECIPITATION (IN)
  YESTERDAY        0.31          2.13 1928   0.11   0.20     0.00
  MONTH TO DATE    1.01                      3.11  -2.10     2.76
  SINCE MAR 1      2.76                      6.63  -3.87     5.06
  SINCE JAN 1      6.85                     11.41  -4.56     7.35

DEGREE DAYS
 HEATING
  YESTERDAY       16                         9      7        8
  MONTH TO DATE  353                       367    -14      271
  SINCE MAR 1    846                      1081   -235     1013
  SINCE JUL 1   4261                      5037   -776     4936

 COOLING
  YESTERDAY        0                         0      0        0
  MONTH TO DATE   10                         0     10        1
  SINCE MAR 1     12                         1     11        1
  SINCE JAN 1     12                         1     11        1
..................................................................


WIND (MPH)
  HIGHEST WIND SPEED    13   HIGHEST WIND DIRECTION     E (70)
  HIGHEST GUST SPEED    18   HIGHEST GUST DIRECTION     N (350)
  AVERAGE WIND SPEED     5.9


SKY COVER
  POSSIBLE SUNSHINE  MM
  AVERAGE SKY COVER 1.0


WEATHER CONDITIONS
 THE FOLLOWING WEATHER WAS RECORDED YESTERDAY.
  LIGHT RAIN
  FOG
  HAZE


RELATIVE HUMIDITY (PERCENT)
 HIGHEST   100           600 PM
 LOWEST     80           300 PM
 AVERAGE    90

..........................................................


THE MARTINSBURG WV CLIMATE NORMALS FOR TODAY
                         NORMAL    RECORD    YEAR
 MAXIMUM TEMPERATURE (F)   68        93      1974
 MINIMUM TEMPERATURE (F)   45        29      1947


SUNRISE AND SUNSET
APRIL 29 2016.........SUNRISE   615 AM EDT   SUNSET   804 PM EDT
APRIL 30 2016.........SUNRISE   614 AM EDT   SUNSET   805 PM EDT


-  INDICATES NEGATIVE NUMBERS.
R  INDICATES RECORD WAS SET OR TIED.
MM INDICATES DATA IS MISSING.
T  INDICATES TRACE AMOUNT.




$$
