496
CDUS45 KPUB 201151
CLIPUB


CLIMATE REPORT
NATIONAL WEATHER SERVICE PUEBLO
450 AM MST SAT JAN 20 2018


...................................

...THE PUEBLO CO CLIMATE SUMMARY FOR JANUARY 19 2018...

CLIMATE NORMAL PERIOD 1981 TO 2010
CLIMATE RECORD PERIOD 1888 TO 2018


WEATHER ITEM   OBSERVED TIME   RECORD YEAR NORMAL DEPARTURE LAST
                VALUE   (LST)  VALUE       VALUE  FROM      YEAR
                                                  NORMAL
..................................................................
TEMPERATURE (F)
 YESTERDAY
  MAXIMUM         72    253 PM  75    1986  47     25       56
  MINIMUM         23    554 AM -26    1943  14      9       21
  AVERAGE         48                        31     17       39

PRECIPITATION (IN)
  YESTERDAY        0.00          0.55 1990   0.01  -0.01     0.00
  MONTH TO DATE    0.14                      0.21  -0.07     0.73
  SINCE DEC 1      0.15                      0.59  -0.44     1.49
  SINCE JAN 1      0.14                      0.21  -0.07     0.73

SNOWFALL (IN)
  YESTERDAY        0.0          11.6  1990   0.2   -0.2      0.0
  MONTH TO DATE    0.2                       4.0   -3.8      8.7
  SINCE DEC 1      0.8                       9.5   -8.7     13.1
  SINCE JUL 1      2.2                      15.5  -13.3     13.1
  SNOW DEPTH       0

DEGREE DAYS
 HEATING
  YESTERDAY       17                        34    -17       26
  MONTH TO DATE  610                       660    -50      668
  SINCE DEC 1   1596                      1742   -146     1743
  SINCE JUL 1   2617                      3023   -406     2525

 COOLING
  YESTERDAY        0                         0      0        0
  MONTH TO DATE    0                         0      0        0
  SINCE DEC 1      0                         0      0        0
  SINCE JAN 1      0                         0      0        0
..................................................................


WIND (MPH)
  HIGHEST WIND SPEED    23   HIGHEST WIND DIRECTION     W (280)
  HIGHEST GUST SPEED    28   HIGHEST GUST DIRECTION    NW (300)
  AVERAGE WIND SPEED     7.8


SKY COVER
  POSSIBLE SUNSHINE  MM
  AVERAGE SKY COVER 0.0


WEATHER CONDITIONS
 THE FOLLOWING WEATHER WAS RECORDED YESTERDAY.
  NO SIGNIFICANT WEATHER WAS OBSERVED.


RELATIVE HUMIDITY (PERCENT)
 HIGHEST    65           600 AM
 LOWEST     10           300 PM
 AVERAGE    38

..........................................................


THE PUEBLO CO CLIMATE NORMALS FOR TODAY
                         NORMAL    RECORD    YEAR
 MAXIMUM TEMPERATURE (F)   47        78      1971
 MINIMUM TEMPERATURE (F)   14       -13      1984


SUNRISE AND SUNSET
JANUARY 20 2018.......SUNRISE   711 AM MST   SUNSET   507 PM MST
JANUARY 21 2018.......SUNRISE   711 AM MST   SUNSET   508 PM MST


-  INDICATES NEGATIVE NUMBERS.
R  INDICATES RECORD WAS SET OR TIED.
MM INDICATES DATA IS MISSING.
T  INDICATES TRACE AMOUNT.




$$
