000
CDUS45 KPUB 161037
CLIPUB


CLIMATE REPORT
NATIONAL WEATHER SERVICE PUEBLO
437 AM MDT WED AUG 16 2017


...................................

...THE PUEBLO CO CLIMATE SUMMARY FOR AUGUST 15 2017...

CLIMATE NORMAL PERIOD 1981 TO 2010
CLIMATE RECORD PERIOD 1888 TO 2017


WEATHER ITEM   OBSERVED TIME   RECORD YEAR NORMAL DEPARTURE LAST
                VALUE   (LST)  VALUE       VALUE  FROM      YEAR
                                                  NORMAL
..................................................................
TEMPERATURE (F)
 YESTERDAY
  MAXIMUM         92    319 PM 102    1896  90      2       98
  MINIMUM         60    513 AM  50    1978  58      2       52
  AVERAGE         76                        74      2       75

PRECIPITATION (IN)
  YESTERDAY        0.00          1.30 1903   0.09  -0.09      T
  MONTH TO DATE    0.34                      1.25  -0.91     0.42
  SINCE JUN 1      4.99                      4.67   0.32     2.25
  SINCE JAN 1     14.05                      9.16   4.89     9.42

SNOWFALL (IN)
  YESTERDAY        0.0           0.0  2002   0.0    0.0      0.0
  MONTH TO DATE    0.0                       0.0    0.0      0.0
  SINCE JUN 1      0.0                       0.0    0.0       T
  SINCE JUL 1      0.0                       0.0    0.0       T
  SNOW DEPTH       0

DEGREE DAYS
 HEATING
  YESTERDAY        0                         0      0        0
  MONTH TO DATE    0                         0      0        0
  SINCE JUN 1      5                        26    -21        1
  SINCE JUL 1      0                         1     -1        0

 COOLING
  YESTERDAY       11                         9      2       10
  MONTH TO DATE  107                       144    -37      197
  SINCE JUN 1    742                       655     87     1020
  SINCE JAN 1    752                       689     63     1050
..................................................................


WIND (MPH)
  HIGHEST WIND SPEED    30   HIGHEST WIND DIRECTION     N (20)
  HIGHEST GUST SPEED    38   HIGHEST GUST DIRECTION     N (10)
  AVERAGE WIND SPEED     9.8


SKY COVER
  POSSIBLE SUNSHINE  MM
  AVERAGE SKY COVER 0.0


WEATHER CONDITIONS
 THE FOLLOWING WEATHER WAS RECORDED YESTERDAY.
  NO SIGNIFICANT WEATHER WAS OBSERVED.


RELATIVE HUMIDITY (PERCENT)
 HIGHEST    90           400 AM
 LOWEST     18           300 PM
 AVERAGE    54

..........................................................


THE PUEBLO CO CLIMATE NORMALS FOR TODAY
                         NORMAL    RECORD    YEAR
 MAXIMUM TEMPERATURE (F)   90       103      2002
 MINIMUM TEMPERATURE (F)   58        48      1978


SUNRISE AND SUNSET
AUGUST 16 2017........SUNRISE   614 AM MDT   SUNSET   750 PM MDT
AUGUST 17 2017........SUNRISE   615 AM MDT   SUNSET   749 PM MDT


-  INDICATES NEGATIVE NUMBERS.
R  INDICATES RECORD WAS SET OR TIED.
MM INDICATES DATA IS MISSING.
T  INDICATES TRACE AMOUNT.




$$
