000
CDUS45 KPUB 281109
CLIPUB


CLIMATE REPORT
NATIONAL WEATHER SERVICE PUEBLO
507 AM MDT SUN AUG 28 2016


...................................

...THE PUEBLO CO CLIMATE SUMMARY FOR AUGUST 27 2016...

CLIMATE NORMAL PERIOD 1981 TO 2010
CLIMATE RECORD PERIOD 1888 TO 2016


WEATHER ITEM   OBSERVED TIME   RECORD YEAR NORMAL DEPARTURE LAST
                VALUE   (LST)  VALUE       VALUE  FROM      YEAR
                                                  NORMAL
..................................................................
TEMPERATURE (F)
 YESTERDAY
  MAXIMUM         91    333 PM 100    1960  88      3       96
  MINIMUM         53    320 AM  45    1992  56     -3       63
  AVERAGE         72                        72      0       80

PRECIPITATION (IN)
  YESTERDAY        0.03          0.99 1930   0.06  -0.03     0.01
  MONTH TO DATE    1.20                      2.09  -0.89     4.24
  SINCE JUN 1      3.03                      5.51  -2.48     6.10
  SINCE JAN 1     10.20                     10.00   0.20    15.02

SNOWFALL (IN)
  YESTERDAY        0.0           0.0  2002   0.0    0.0      0.0
  MONTH TO DATE    T                         0.0    0.0      0.0
  SINCE JUN 1      T                         0.0    0.0      0.0
  SINCE JUL 1      T                         0.0    0.0      0.0
  SNOW DEPTH       0

DEGREE DAYS
 HEATING
  YESTERDAY        0                         0      0        0
  MONTH TO DATE    0                         0      0        0
  SINCE JUN 1      1                        26    -25        0
  SINCE JUL 1      0                         1     -1        0

 COOLING
  YESTERDAY        7                         7      0       15
  MONTH TO DATE  283                       239     44      354
  SINCE JUN 1   1106                       750    356      997
  SINCE JAN 1   1136                       784    352     1001
..................................................................


WIND (MPH)
  HIGHEST WIND SPEED    23   HIGHEST WIND DIRECTION    SW (240)
  HIGHEST GUST SPEED    30   HIGHEST GUST DIRECTION    SW (240)
  AVERAGE WIND SPEED     6.2


SKY COVER
  POSSIBLE SUNSHINE  MM
  AVERAGE SKY COVER 0.2


WEATHER CONDITIONS
 THE FOLLOWING WEATHER WAS RECORDED YESTERDAY.
  THUNDERSTORM
  RAIN
  LIGHT RAIN


RELATIVE HUMIDITY (PERCENT)
 HIGHEST    72           300 AM
 LOWEST     15           100 PM
 AVERAGE    44

..........................................................


THE PUEBLO CO CLIMATE NORMALS FOR TODAY
                         NORMAL    RECORD    YEAR
 MAXIMUM TEMPERATURE (F)   88       100      1970
 MINIMUM TEMPERATURE (F)   55        42      1964


SUNRISE AND SUNSET
AUGUST 28 2016........SUNRISE   625 AM MDT   SUNSET   733 PM MDT
AUGUST 29 2016........SUNRISE   625 AM MDT   SUNSET   731 PM MDT


-  INDICATES NEGATIVE NUMBERS.
R  INDICATES RECORD WAS SET OR TIED.
MM INDICATES DATA IS MISSING.
T  INDICATES TRACE AMOUNT.




$$
