000
CDUS45 KPUB 271043
CLIPUB


CLIMATE REPORT
NATIONAL WEATHER SERVICE PUEBLO
443 AM MDT THU AUG 27 2015


...................................

...THE PUEBLO CO CLIMATE SUMMARY FOR AUGUST 26 2015...

CLIMATE NORMAL PERIOD 1981 TO 2010
CLIMATE RECORD PERIOD 1888 TO 2015


WEATHER ITEM   OBSERVED TIME   RECORD YEAR NORMAL DEPARTURE LAST
                VALUE   (LST)  VALUE       VALUE  FROM      YEAR
                                                  NORMAL
..................................................................
TEMPERATURE (F)
 YESTERDAY
  MAXIMUM         95    257 PM 100    1988  88      7       79
  MINIMUM         55    453 AM  39    1910  56     -1       63
  AVERAGE         75                        72      3       71

PRECIPITATION (IN)
  YESTERDAY        T             2.31 1946   0.06  -0.06      T
  MONTH TO DATE    4.23                      2.03   2.20     1.25
  SINCE JUN 1      6.09                      5.45   0.64     5.39
  SINCE JAN 1     15.01                      9.94   5.07     9.59

SNOWFALL (IN)
  YESTERDAY        0.0           0.0  2002   0.0    0.0      0.0
  MONTH TO DATE    0.0                       0.0    0.0       T
  SINCE JUN 1      0.0                       0.0    0.0       T
  SINCE JUL 1      0.0                       0.0    0.0       T
  SNOW DEPTH       0

DEGREE DAYS
 HEATING
  YESTERDAY        0                         0      0        0
  MONTH TO DATE    0                         0      0        0
  SINCE JUN 1      0                        26    -26        4
  SINCE JUL 1      0                         1     -1        1

 COOLING
  YESTERDAY       10                         7      3        6
  MONTH TO DATE  339                       232    107      233
  SINCE JUN 1    982                       743    239      794
  SINCE JAN 1    986                       777    209      846
..................................................................


WIND (MPH)
  HIGHEST WIND SPEED    31   HIGHEST WIND DIRECTION    SW (230)
  HIGHEST GUST SPEED    42   HIGHEST GUST DIRECTION     S (200)
  AVERAGE WIND SPEED     6.3


SKY COVER
  POSSIBLE SUNSHINE  MM
  AVERAGE SKY COVER 0.0


WEATHER CONDITIONS
 THE FOLLOWING WEATHER WAS RECORDED YESTERDAY.
  LIGHT RAIN


RELATIVE HUMIDITY (PERCENT)
 HIGHEST    66           500 AM
 LOWEST     12           300 PM
 AVERAGE    39

..........................................................


THE PUEBLO CO CLIMATE NORMALS FOR TODAY
                         NORMAL    RECORD    YEAR
 MAXIMUM TEMPERATURE (F)   88       100      1960
 MINIMUM TEMPERATURE (F)   56        45      1992


SUNRISE AND SUNSET
AUGUST 27 2015........SUNRISE   623 AM MDT   SUNSET   735 PM MDT
AUGUST 28 2015........SUNRISE   624 AM MDT   SUNSET   734 PM MDT


-  INDICATES NEGATIVE NUMBERS.
R  INDICATES RECORD WAS SET OR TIED.
MM INDICATES DATA IS MISSING.
T  INDICATES TRACE AMOUNT.




$$
