000
CDUS45 KPUB 252326
CLIPUB


CLIMATE REPORT
NATIONAL WEATHER SERVICE PUEBLO
526 PM MDT THU AUG 25 2016


...................................

...THE PUEBLO CO CLIMATE SUMMARY FOR AUGUST 25 2016...
VALID TODAY AS OF 0500 PM LOCAL TIME.

CLIMATE NORMAL PERIOD 1981 TO 2010
CLIMATE RECORD PERIOD 1888 TO 2016


WEATHER ITEM   OBSERVED TIME   RECORD YEAR NORMAL DEPARTURE LAST
                VALUE   (LST)  VALUE       VALUE  FROM      YEAR
                                                  NORMAL
..................................................................
TEMPERATURE (F)
 TODAY
  MAXIMUM         79    349 PM  98    2011  88     -9       97
                                      1973
                                      1955
  MINIMUM         50    527 AM  44    1900  56     -6       56
  AVERAGE         65                        72     -7       77

PRECIPITATION (IN)
  TODAY            0.00          1.13 2001   0.06  -0.06     0.00
  MONTH TO DATE    1.17                      1.97  -0.80     4.23
  SINCE JUN 1      3.00                      5.39  -2.39     6.09
  SINCE JAN 1     10.17                      9.88   0.29    15.01

SNOWFALL (IN)
  TODAY            0.0           0.0  2001   0.0    0.0      0.0
  MONTH TO DATE    T                         0.0    0.0      0.0
  SINCE JUN 1      T                         0.0    0.0      0.0
  SINCE JUL 1      T                         0.0    0.0      0.0
  SNOW DEPTH       0

DEGREE DAYS
 HEATING
  TODAY            0                         0      0        0
  MONTH TO DATE    0                         0      0        0
  SINCE JUN 1      1                        26    -25        0
  SINCE JUL 1      0                         1     -1        0

 COOLING
  TODAY            0                         7     -7       12
  MONTH TO DATE  272                       225     47      329
  SINCE JUN 1   1095                       736    359      972
  SINCE JAN 1   1125                       770    355      976
..................................................................


WIND (MPH)
  HIGHEST WIND SPEED    17   HIGHEST WIND DIRECTION     E (110)
  HIGHEST GUST SPEED    22   HIGHEST GUST DIRECTION    SE (130)
  AVERAGE WIND SPEED     5.4


SKY COVER
  POSSIBLE SUNSHINE  MM
  AVERAGE SKY COVER 0.0


WEATHER CONDITIONS
 THE FOLLOWING WEATHER WAS RECORDED TODAY.
  NO SIGNIFICANT WEATHER WAS OBSERVED.


RELATIVE HUMIDITY (PERCENT)
 HIGHEST    80          1200 AM
 LOWEST     28           400 PM
 AVERAGE    54

..........................................................


THE PUEBLO CO CLIMATE NORMALS FOR TOMORROW
                         NORMAL    RECORD    YEAR
 MAXIMUM TEMPERATURE (F)   88       100      1988
 MINIMUM TEMPERATURE (F)   56        39      1910


SUNRISE AND SUNSET
AUGUST 25 2016........SUNRISE   622 AM MDT   SUNSET   737 PM MDT
AUGUST 26 2016........SUNRISE   623 AM MDT   SUNSET   736 PM MDT


-  INDICATES NEGATIVE NUMBERS.
R  INDICATES RECORD WAS SET OR TIED.
MM INDICATES DATA IS MISSING.
T  INDICATES TRACE AMOUNT.




$$
