000
CDUS45 KPUB 250035
CLIPUB


CLIMATE REPORT
NATIONAL WEATHER SERVICE PUEBLO
534 PM MST MON NOV 24 2014


...................................

...THE PUEBLO CO CLIMATE SUMMARY FOR NOVEMBER 24 2014...
VALID TODAY AS OF 0500 PM LOCAL TIME.

CLIMATE NORMAL PERIOD 1981 TO 2010
CLIMATE RECORD PERIOD 1888 TO 2014


WEATHER ITEM   OBSERVED TIME   RECORD YEAR NORMAL DEPARTURE LAST
                VALUE   (LST)  VALUE       VALUE  FROM      YEAR
                                                  NORMAL
..................................................................
TEMPERATURE (F)
 TODAY
  MAXIMUM         47   1259 PM  81    1990  52     -5       33
  MINIMUM         19    357 AM  -7    1993  19      0       24
  AVERAGE         33                        35     -2       29

PRECIPITATION (IN)
  TODAY            0.00          0.59 1980   0.02  -0.02     0.09
  MONTH TO DATE    0.46                      0.38   0.08     0.31
  SINCE SEP 1      1.99                      1.87   0.12     1.82
  SINCE JAN 1     11.59                     12.10  -0.51     9.62

SNOWFALL (IN)
  TODAY            0.0           6.1  1946   0.2   -0.2      0.8
  MONTH TO DATE    9.4                       3.3    6.1      3.4
  SINCE SEP 1      9.4                       4.9    4.5      3.5
  SINCE JUL 1      9.4                       4.9    4.5      3.5
  SNOW DEPTH       0

DEGREE DAYS
 HEATING
  TODAY           32                        30      2       36
  MONTH TO DATE  709                       584    125      570
  SINCE SEP 1   1034                      1089    -55     1024
  SINCE JUL 1   1035                      1094    -59     1024

 COOLING
  TODAY            0                         0      0        0
  MONTH TO DATE    0                         0      0        0
  SINCE SEP 1    127                        86     41      170
  SINCE JAN 1   1002                       897    105     1230
..................................................................


WIND (MPH)
  HIGHEST WIND SPEED    32   HIGHEST WIND DIRECTION     N (20)
  HIGHEST GUST SPEED    37   HIGHEST GUST DIRECTION     N (20)
  AVERAGE WIND SPEED    13.1


SKY COVER
  POSSIBLE SUNSHINE  MM
  AVERAGE SKY COVER 0.2


WEATHER CONDITIONS
 THE FOLLOWING WEATHER WAS RECORDED TODAY.
  NO SIGNIFICANT WEATHER WAS OBSERVED.


RELATIVE HUMIDITY (PERCENT)
 HIGHEST    92          1200 AM
 LOWEST     17           100 PM
 AVERAGE    55

..........................................................


THE PUEBLO CO CLIMATE NORMALS FOR TOMORROW
                         NORMAL    RECORD    YEAR
 MAXIMUM TEMPERATURE (F)   51        82      1990
 MINIMUM TEMPERATURE (F)   19        -6      1993


SUNRISE AND SUNSET
NOVEMBER 24 2014......SUNRISE   649 AM MST   SUNSET   440 PM MST
NOVEMBER 25 2014......SUNRISE   650 AM MST   SUNSET   440 PM MST


-  INDICATES NEGATIVE NUMBERS.
R  INDICATES RECORD WAS SET OR TIED.
MM INDICATES DATA IS MISSING.
T  INDICATES TRACE AMOUNT.




$$
