000
CDUS45 KPUB 111041
CLIPUB


CLIMATE REPORT
NATIONAL WEATHER SERVICE PUEBLO
441 AM MDT FRI JUL 11 2014


...................................

...THE PUEBLO CO CLIMATE SUMMARY FOR JULY 10 2014...

CLIMATE NORMAL PERIOD 1981 TO 2010
CLIMATE RECORD PERIOD 1888 TO 2014


WEATHER ITEM   OBSERVED TIME   RECORD YEAR NORMAL DEPARTURE LAST
                VALUE   (LST)  VALUE       VALUE  FROM      YEAR
                                                  NORMAL
..................................................................
TEMPERATURE (F)
 YESTERDAY
  MAXIMUM         97    454 PM 103    1971  94      3       95
  MINIMUM         60    515 AM  49    1905  58      2       66
                                      1895
  AVERAGE         79                        76      3       81

PRECIPITATION (IN)
  YESTERDAY        0.00          1.36 1990   0.06  -0.06      T
  MONTH TO DATE    0.32                      0.56  -0.24     0.13
  SINCE JUN 1      1.18                      1.92  -0.74     0.40
  SINCE JAN 1      5.38                      6.41  -1.03     2.33

SNOWFALL (IN)
  YESTERDAY        0.0           T    2002   0.0    0.0      0.0
  MONTH TO DATE    0.0                       0.0    0.0      0.0
  SINCE JUN 1      T                         0.0    0.0       T
  SINCE JUL 1      0.0                       0.0    0.0      0.0
  SNOW DEPTH       0

DEGREE DAYS
 HEATING
  YESTERDAY        0                         0      0        0
  MONTH TO DATE    0                         0      0        0
  SINCE JUN 1      3                        25    -22       17
  SINCE JUL 1      0                         0      0        0

 COOLING
  YESTERDAY       14                        11      3       16
  MONTH TO DATE  111                       105      6      119
  SINCE JUN 1    351                       280     71      422
  SINCE JAN 1    403                       314     89      495
..................................................................


WIND (MPH)
  HIGHEST WIND SPEED    17   HIGHEST WIND DIRECTION     E (110)
  HIGHEST GUST SPEED    20   HIGHEST GUST DIRECTION     E (100)
  AVERAGE WIND SPEED     8.0


SKY COVER
  POSSIBLE SUNSHINE  MM
  AVERAGE SKY COVER 0.0


WEATHER CONDITIONS
 THE FOLLOWING WEATHER WAS RECORDED YESTERDAY.
  NO SIGNIFICANT WEATHER WAS OBSERVED.


RELATIVE HUMIDITY (PERCENT)
 HIGHEST    72           400 AM
 LOWEST     11           300 PM
 AVERAGE    42

..........................................................


THE PUEBLO CO CLIMATE NORMALS FOR TODAY
                         NORMAL    RECORD    YEAR
 MAXIMUM TEMPERATURE (F)   94       106      2003
 MINIMUM TEMPERATURE (F)   59        50      1995
                                             1895


SUNRISE AND SUNSET
JULY 11 2014..........SUNRISE   544 AM MDT   SUNSET   823 PM MDT
JULY 12 2014..........SUNRISE   545 AM MDT   SUNSET   822 PM MDT


-  INDICATES NEGATIVE NUMBERS.
R  INDICATES RECORD WAS SET OR TIED.
MM INDICATES DATA IS MISSING.
T  INDICATES TRACE AMOUNT.




$$
