000
CDUS45 KPUB 231229 CCA
CLIPUB

CLIMATE REPORT...CORRECTION
NATIONAL WEATHER SERVICE PUEBLO
431 AM MST TUE DEC 23 2014


...................................

...THE PUEBLO CO CLIMATE SUMMARY FOR DECEMBER 22 2014...

CLIMATE NORMAL PERIOD 1981 TO 2010
CLIMATE RECORD PERIOD 1888 TO 2014


WEATHER ITEM   OBSERVED TIME   RECORD YEAR NORMAL DEPARTURE LAST
                VALUE   (LST)  VALUE       VALUE  FROM      YEAR
                                                  NORMAL
..................................................................
TEMPERATURE (F)
 YESTERDAY
  MAXIMUM         43   1241 PM  75    1955  45     -2       42
  MINIMUM         26   1148 PM -23    1990  13     13       20
  AVERAGE         35                        29      6       31

PRECIPITATION (IN)
  YESTERDAY        0.08          0.25 2011   0.02   0.06      T
  MONTH TO DATE    0.13                      0.29  -0.16     0.02
  SINCE DEC 1      0.13                      0.29  -0.16     0.02
  SINCE JAN 1     11.72                     12.48  -0.76     9.67

SNOWFALL (IN)      ...CORRECTION...
  YESTERDAY        0.1           5.4  2011   0.1    0.0       T
  MONTH TO DATE    0.3                       3.9   -3.6      2.0
  SINCE DEC 1      0.3                       3.9   -3.6      2.0
  SINCE JUL 1     10.2                       9.9    0.3      5.7
  SNOW DEPTH       0

DEGREE DAYS
 HEATING
  YESTERDAY       30                        36     -6       34
  MONTH TO DATE  664                       764   -100      767
  SINCE DEC 1    664                       764   -100      767
  SINCE JUL 1   1826                      2045   -219     1950

 COOLING
  YESTERDAY        0                         0      0        0
  MONTH TO DATE    0                         0      0        0
  SINCE DEC 1      0                         0      0        0
  SINCE JAN 1   1002                       897    105     1230
..................................................................


WIND (MPH)
  HIGHEST WIND SPEED    30   HIGHEST WIND DIRECTION     N (10)
  HIGHEST GUST SPEED    42   HIGHEST GUST DIRECTION     N (10)
  AVERAGE WIND SPEED     7.4


SKY COVER
  POSSIBLE SUNSHINE  MM
  AVERAGE SKY COVER 0.9


WEATHER CONDITIONS
 THE FOLLOWING WEATHER WAS RECORDED YESTERDAY.
  LIGHT RAIN
  LIGHT SNOW
  FOG


RELATIVE HUMIDITY (PERCENT)
 HIGHEST    92           300 PM
 LOWEST     57           100 PM
 AVERAGE    75

..........................................................


THE PUEBLO CO CLIMATE NORMALS FOR TODAY
                         NORMAL    RECORD    YEAR
 MAXIMUM TEMPERATURE (F)   45        77      1964
 MINIMUM TEMPERATURE (F)   13       -25      1990


SUNRISE AND SUNSET
DECEMBER 23 2014......SUNRISE   712 AM MST   SUNSET   442 PM MST
DECEMBER 24 2014......SUNRISE   713 AM MST   SUNSET   443 PM MST


-  INDICATES NEGATIVE NUMBERS.
R  INDICATES RECORD WAS SET OR TIED.
MM INDICATES DATA IS MISSING.
T  INDICATES TRACE AMOUNT.




$$
