000
CDUS45 KPUB 260025
CLIPUB


CLIMATE REPORT
NATIONAL WEATHER SERVICE PUEBLO
625 PM MDT MON AUG 25 2014


...................................

...THE PUEBLO CO CLIMATE SUMMARY FOR AUGUST 25 2014...
VALID TODAY AS OF 0500 PM LOCAL TIME.

CLIMATE NORMAL PERIOD 1981 TO 2010
CLIMATE RECORD PERIOD 1888 TO 2014


WEATHER ITEM   OBSERVED TIME   RECORD YEAR NORMAL DEPARTURE LAST
                VALUE   (LST)  VALUE       VALUE  FROM      YEAR
                                                  NORMAL
..................................................................
TEMPERATURE (F)
 TODAY
  MAXIMUM         86    430 PM  98    2011  88     -2       93
                                      1973
                                      1955
  MINIMUM         56    335 AM  44    1900  56      0       62
  AVERAGE         71                        72     -1       78

PRECIPITATION (IN)
  TODAY            0.00          1.13 2001   0.06  -0.06     0.00
  MONTH TO DATE    1.25                      1.97  -0.72     3.92
  SINCE JUN 1      5.39                      5.39   0.00     5.87
  SINCE JAN 1      9.59                      9.88  -0.29     7.80

SNOWFALL (IN)
  TODAY            0.0           T    2001   0.0    0.0      0.0
  MONTH TO DATE    0.0                       0.0    0.0      0.0
  SINCE JUN 1      T                         0.0    0.0       T
  SINCE JUL 1      0.0                       0.0    0.0       T
  SNOW DEPTH       0

DEGREE DAYS
 HEATING
  TODAY            0                         0      0        0
  MONTH TO DATE    0                         0      0        0
  SINCE JUN 1      4                        26    -22       17
  SINCE JUL 1      1                         1      0        0

 COOLING
  TODAY            6                         7     -1       13
  MONTH TO DATE  227                       225      2      237
  SINCE JUN 1    788                       736     52      903
  SINCE JAN 1    840                       770     70      976
..................................................................


WIND (MPH)
  HIGHEST WIND SPEED    18   HIGHEST WIND DIRECTION    SE (120)
  HIGHEST GUST SPEED    23   HIGHEST GUST DIRECTION    SE (150)
  AVERAGE WIND SPEED     8.8


SKY COVER
  POSSIBLE SUNSHINE  MM
  AVERAGE SKY COVER 0.0


WEATHER CONDITIONS
 THE FOLLOWING WEATHER WAS RECORDED TODAY.
  NO SIGNIFICANT WEATHER WAS OBSERVED.


RELATIVE HUMIDITY (PERCENT)
 HIGHEST    72           300 AM
 LOWEST     30           300 PM
 AVERAGE    51

..........................................................


THE PUEBLO CO CLIMATE NORMALS FOR TOMORROW
                         NORMAL    RECORD    YEAR
 MAXIMUM TEMPERATURE (F)   88       100      1988
 MINIMUM TEMPERATURE (F)   56        39      1910


SUNRISE AND SUNSET
AUGUST 25 2014........SUNRISE   622 AM MDT   SUNSET   738 PM MDT
AUGUST 26 2014........SUNRISE   622 AM MDT   SUNSET   737 PM MDT


-  INDICATES NEGATIVE NUMBERS.
R  INDICATES RECORD WAS SET OR TIED.
MM INDICATES DATA IS MISSING.
T  INDICATES TRACE AMOUNT.




$$
