000
CDUS45 KPUB 011056
CLIPUB


CLIMATE REPORT
NATIONAL WEATHER SERVICE PUEBLO
456 AM MDT SAT AUG 1 2015


...................................

...THE PUEBLO CO CLIMATE SUMMARY FOR JULY 31 2015...

CLIMATE NORMAL PERIOD 1981 TO 2010
CLIMATE RECORD PERIOD 1888 TO 2015


WEATHER ITEM   OBSERVED TIME   RECORD YEAR NORMAL DEPARTURE LAST
                VALUE   (LST)  VALUE       VALUE  FROM      YEAR
                                                  NORMAL
..................................................................
TEMPERATURE (F)
 YESTERDAY
  MAXIMUM         93    349 PM 104    2002  92      1       75
  MINIMUM         61    522 AM  49    2004  59      2       59
  AVERAGE         77                        76      1       67

PRECIPITATION (IN)
  YESTERDAY        T             1.21 1933   0.08  -0.08     0.00
  MONTH TO DATE    0.64                      2.06  -1.42     3.28
  SINCE JUN 1      1.86                      3.42  -1.56     4.14
  SINCE JAN 1     10.78                      7.91   2.87     8.34

SNOWFALL (IN)
  YESTERDAY        0.0           0.0  2002   0.0    0.0      0.0
                                      2001
  MONTH TO DATE    0.0                       0.0    0.0      0.0
  SINCE JUN 1      0.0                       0.0    0.0       T
  SINCE JUL 1      0.0                       0.0    0.0      0.0
  SNOW DEPTH       0

DEGREE DAYS
 HEATING
  YESTERDAY        0                         0      0        0
  MONTH TO DATE    0                         0      0        1
  SINCE JUN 1      0                        26    -26        4
  SINCE JUL 1      0                         1     -1        1

 COOLING
  YESTERDAY       12                        11      1        2
  MONTH TO DATE  400                       336     64      321
  SINCE JUN 1    643                       511    132      561
  SINCE JAN 1    647                       545    102      613
..................................................................


WIND (MPH)
  HIGHEST WIND SPEED    20   HIGHEST WIND DIRECTION    SE (140)
  HIGHEST GUST SPEED    27   HIGHEST GUST DIRECTION    SE (150)
  AVERAGE WIND SPEED     5.7


SKY COVER
  POSSIBLE SUNSHINE  MM
  AVERAGE SKY COVER 0.2


WEATHER CONDITIONS
 THE FOLLOWING WEATHER WAS RECORDED YESTERDAY.
  LIGHT RAIN


RELATIVE HUMIDITY (PERCENT)
 HIGHEST    84           500 AM
 LOWEST     26           300 PM
 AVERAGE    55

..........................................................


THE PUEBLO CO CLIMATE NORMALS FOR TODAY
                         NORMAL    RECORD    YEAR
 MAXIMUM TEMPERATURE (F)   91       103      1938
 MINIMUM TEMPERATURE (F)   59        46      1995


SUNRISE AND SUNSET
AUGUST  1 2015........SUNRISE   600 AM MDT   SUNSET   808 PM MDT
AUGUST  2 2015........SUNRISE   601 AM MDT   SUNSET   807 PM MDT


-  INDICATES NEGATIVE NUMBERS.
R  INDICATES RECORD WAS SET OR TIED.
MM INDICATES DATA IS MISSING.
T  INDICATES TRACE AMOUNT.




$$
