696
CDUS45 KPUB 191036
CLIPUB


CLIMATE REPORT
NATIONAL WEATHER SERVICE PUEBLO
436 AM MDT TUE MAY 19 2015


...................................

...THE PUEBLO CO CLIMATE SUMMARY FOR MAY 18 2015...

CLIMATE NORMAL PERIOD 1981 TO 2010
CLIMATE RECORD PERIOD 1888 TO 2015


WEATHER ITEM   OBSERVED TIME   RECORD YEAR NORMAL DEPARTURE LAST
                VALUE   (LST)  VALUE       VALUE  FROM      YEAR
                                                  NORMAL
..................................................................
TEMPERATURE (F)
 YESTERDAY
  MAXIMUM         59    242 PM  99    1996  77    -18       83
  MINIMUM         51   1159 PM  30    1986  45      6       46
  AVERAGE         55                        61     -6       65

PRECIPITATION (IN)
  YESTERDAY        0.05          2.17 1955   0.04   0.01     0.00
  MONTH TO DATE    2.90                      0.88   2.02     0.25
  SINCE MAR 1      4.89                      3.21   1.68     3.07
  SINCE JAN 1      6.27                      3.86   2.41     3.80

SNOWFALL (IN)
  YESTERDAY        0.0           T    1971   0.0    0.0      0.0
  MONTH TO DATE    T                         0.5   -0.5       T
  SINCE MAR 1      1.7                      10.0   -8.3     10.7
  SINCE JUL 1     42.8                      31.8   11.0     29.3
  SNOW DEPTH       0

DEGREE DAYS
 HEATING
  YESTERDAY       10                         5      5        0
  MONTH TO DATE  141                       128     13      150
  SINCE MAR 1   1129                      1265   -136     1202
  SINCE JUL 1   5151                      5568   -417     5407

 COOLING
  YESTERDAY        0                         1     -1        0
  MONTH TO DATE    1                         9     -8        7
  SINCE MAR 1      1                        11    -10        9
  SINCE JAN 1      1                        11    -10        9
..................................................................


WIND (MPH)
  HIGHEST WIND SPEED    21   HIGHEST WIND DIRECTION     E (110)
  HIGHEST GUST SPEED    27   HIGHEST GUST DIRECTION     E (110)
  AVERAGE WIND SPEED    11.0


SKY COVER
  POSSIBLE SUNSHINE  MM
  AVERAGE SKY COVER 0.9


WEATHER CONDITIONS
 THE FOLLOWING WEATHER WAS RECORDED YESTERDAY.
  LIGHT RAIN
  FOG


RELATIVE HUMIDITY (PERCENT)
 HIGHEST    72           700 PM
 LOWEST     55          1000 AM
 AVERAGE    64

..........................................................


THE PUEBLO CO CLIMATE NORMALS FOR TODAY
                         NORMAL    RECORD    YEAR
 MAXIMUM TEMPERATURE (F)   78        98      1974
 MINIMUM TEMPERATURE (F)   45        32      1971
                                             1915


SUNRISE AND SUNSET
MAY 19 2015...........SUNRISE   544 AM MDT   SUNSET   806 PM MDT
MAY 20 2015...........SUNRISE   543 AM MDT   SUNSET   806 PM MDT


-  INDICATES NEGATIVE NUMBERS.
R  INDICATES RECORD WAS SET OR TIED.
MM INDICATES DATA IS MISSING.
T  INDICATES TRACE AMOUNT.




$$
