000
CDUS45 KPUB 211127
CLIPUB


CLIMATE REPORT
NATIONAL WEATHER SERVICE PUEBLO
427 AM MST TUE FEB 21 2017


...................................

...THE PUEBLO CO CLIMATE SUMMARY FOR FEBRUARY 20 2017...

CLIMATE NORMAL PERIOD 1981 TO 2010
CLIMATE RECORD PERIOD 1888 TO 2017


WEATHER ITEM   OBSERVED TIME   RECORD YEAR NORMAL DEPARTURE LAST
                VALUE   (LST)  VALUE       VALUE  FROM      YEAR
                                                  NORMAL
..................................................................
TEMPERATURE (F)
 YESTERDAY
  MAXIMUM         68    322 PM  81    1981  52     16       70
  MINIMUM         31   1158 PM  -6    1889  19     12       36
  AVERAGE         50                        35     15       53

PRECIPITATION (IN)
  YESTERDAY        T             0.42 1913   0.01  -0.01     0.00
  MONTH TO DATE    0.17                      0.19  -0.02     0.33
  SINCE DEC 1      1.68                      0.92   0.76     1.26
  SINCE JAN 1      0.92                      0.54   0.38     0.86

SNOWFALL (IN)
  YESTERDAY        0.0          10.5  1913   0.1   -0.1      0.0
  MONTH TO DATE    0.0                       2.8   -2.8      5.8
  SINCE DEC 1     14.2                      14.8   -0.6     17.8
  SINCE JUL 1     14.2                      20.8   -6.6     24.2
  SNOW DEPTH       0

DEGREE DAYS
 HEATING
  YESTERDAY       15                        30    -15       12
  MONTH TO DATE  416                       643   -227      499
  SINCE DEC 1   2500                      2794   -294     2430
  SINCE JUL 1   3282                      4075   -793     3304

 COOLING
  YESTERDAY        0                         0      0        0
  MONTH TO DATE    0                         0      0        0
  SINCE DEC 1      0                         0      0        0
  SINCE JAN 1      0                         0      0        0
..................................................................


WIND (MPH)
  HIGHEST WIND SPEED    21   HIGHEST WIND DIRECTION    SE (130)
  HIGHEST GUST SPEED    29   HIGHEST GUST DIRECTION     W (290)
  AVERAGE WIND SPEED     9.6


SKY COVER
  POSSIBLE SUNSHINE  MM
  AVERAGE SKY COVER 0.1


WEATHER CONDITIONS
 THE FOLLOWING WEATHER WAS RECORDED YESTERDAY.
  LIGHT RAIN


RELATIVE HUMIDITY (PERCENT)
 HIGHEST    70           500 AM
 LOWEST      9           300 PM
 AVERAGE    40

..........................................................


THE PUEBLO CO CLIMATE NORMALS FOR TODAY
                         NORMAL    RECORD    YEAR
 MAXIMUM TEMPERATURE (F)   52        75      1982
                                             1977
 MINIMUM TEMPERATURE (F)   19        -5      1911


SUNRISE AND SUNSET
FEBRUARY 21 2017......SUNRISE   640 AM MST   SUNSET   543 PM MST
FEBRUARY 22 2017......SUNRISE   639 AM MST   SUNSET   544 PM MST


-  INDICATES NEGATIVE NUMBERS.
R  INDICATES RECORD WAS SET OR TIED.
MM INDICATES DATA IS MISSING.
T  INDICATES TRACE AMOUNT.




$$
