000
CDUS45 KPUB 260102
CLIPUB


CLIMATE REPORT
NATIONAL WEATHER SERVICE PUEBLO
552 PM MST TUE NOV 25 2014


...................................

...THE PUEBLO CO CLIMATE SUMMARY FOR NOVEMBER 25 2014...
VALID TODAY AS OF 0500 PM LOCAL TIME.

CLIMATE NORMAL PERIOD 1981 TO 2010
CLIMATE RECORD PERIOD 1888 TO 2014


WEATHER ITEM   OBSERVED TIME   RECORD YEAR NORMAL DEPARTURE LAST
                VALUE   (LST)  VALUE       VALUE  FROM      YEAR
                                                  NORMAL
..................................................................
TEMPERATURE (F)
 TODAY
  MAXIMUM         57    238 PM  82    1990  51      6       40
  MINIMUM         16    341 AM  -6    1993  19     -3       31
  AVERAGE         37                        35      2       36

PRECIPITATION (IN)
  TODAY            0.00          0.19 1943   0.01  -0.01     0.03
  MONTH TO DATE    0.46                      0.39   0.07     0.34
  SINCE SEP 1      1.99                      1.88   0.11     1.85
  SINCE JAN 1     11.59                     12.11  -0.52     9.65

SNOWFALL (IN)
  TODAY            0.0           2.8  1943   0.2   -0.2      0.2
  MONTH TO DATE    9.4                       3.5    5.9      3.6
  SINCE SEP 1      9.4                       5.1    4.3      3.7
  SINCE JUL 1      9.4                       5.1    4.3      3.7
  SNOW DEPTH       0

DEGREE DAYS
 HEATING
  TODAY           28                        30     -2       29
  MONTH TO DATE  737                       614    123      599
  SINCE SEP 1   1062                      1119    -57     1053
  SINCE JUL 1   1063                      1124    -61     1053

 COOLING
  TODAY            0                         0      0        0
  MONTH TO DATE    0                         0      0        0
  SINCE SEP 1    127                        86     41      170
  SINCE JAN 1   1002                       897    105     1230
..................................................................


WIND (MPH)
  HIGHEST WIND SPEED    30   HIGHEST WIND DIRECTION     W (260)
  HIGHEST GUST SPEED    37   HIGHEST GUST DIRECTION     W (270)
  AVERAGE WIND SPEED    10.8


SKY COVER
  POSSIBLE SUNSHINE  MM
  AVERAGE SKY COVER 0.0


WEATHER CONDITIONS
 THE FOLLOWING WEATHER WAS RECORDED TODAY.
  NO SIGNIFICANT WEATHER WAS OBSERVED.


RELATIVE HUMIDITY (PERCENT)
 HIGHEST    88          1200 AM
 LOWEST     20           100 PM
 AVERAGE    54

..........................................................


THE PUEBLO CO CLIMATE NORMALS FOR TOMORROW
                         NORMAL    RECORD    YEAR
 MAXIMUM TEMPERATURE (F)   51        76      1894
 MINIMUM TEMPERATURE (F)   18        -7      1952


SUNRISE AND SUNSET
NOVEMBER 25 2014......SUNRISE   650 AM MST   SUNSET   440 PM MST
NOVEMBER 26 2014......SUNRISE   651 AM MST   SUNSET   439 PM MST


-  INDICATES NEGATIVE NUMBERS.
R  INDICATES RECORD WAS SET OR TIED.
MM INDICATES DATA IS MISSING.
T  INDICATES TRACE AMOUNT.




$$
