000
CDUS45 KPUB 231033
CLIPUB


CLIMATE REPORT
NATIONAL WEATHER SERVICE PUEBLO
433 AM MDT SAT MAY 23 2015


...................................

...THE PUEBLO CO CLIMATE SUMMARY FOR MAY 22 2015...

CLIMATE NORMAL PERIOD 1981 TO 2010
CLIMATE RECORD PERIOD 1888 TO 2015


WEATHER ITEM   OBSERVED TIME   RECORD YEAR NORMAL DEPARTURE LAST
                VALUE   (LST)  VALUE       VALUE  FROM      YEAR
                                                  NORMAL
..................................................................
TEMPERATURE (F)
 YESTERDAY
  MAXIMUM         72    317 PM  95    2012  79     -7       73
  MINIMUM         47    656 AM  32    1931  46      1       54
  AVERAGE         60                        62     -2       64

PRECIPITATION (IN)
  YESTERDAY        0.09          0.92 1938   0.04   0.05      T
  MONTH TO DATE    4.79                      1.07   3.72     0.25
  SINCE MAR 1      6.78                      3.40   3.38     3.07
  SINCE JAN 1      8.16                      4.05   4.11     3.80

SNOWFALL (IN)
  YESTERDAY        0.0           0.0  2002   0.0    0.0      0.0
                                      2001
  MONTH TO DATE    T                         0.5   -0.5       T
  SINCE MAR 1      1.7                      10.0   -8.3     10.7
  SINCE JUL 1     42.8                      31.8   11.0     29.3
  SNOW DEPTH       0

DEGREE DAYS
 HEATING
  YESTERDAY        5                         4      1        1
  MONTH TO DATE  199                       145     54      151
  SINCE MAR 1   1187                      1282    -95     1203
  SINCE JUL 1   5209                      5585   -376     5408

 COOLING
  YESTERDAY        0                         1     -1        0
  MONTH TO DATE    1                        13    -12       19
  SINCE MAR 1      1                        15    -14       21
  SINCE JAN 1      1                        15    -14       21
..................................................................


WIND (MPH)
  HIGHEST WIND SPEED    25   HIGHEST WIND DIRECTION     N (10)
  HIGHEST GUST SPEED    31   HIGHEST GUST DIRECTION     N (10)
  AVERAGE WIND SPEED    10.4


SKY COVER
  POSSIBLE SUNSHINE  MM
  AVERAGE SKY COVER 0.5


WEATHER CONDITIONS
 THE FOLLOWING WEATHER WAS RECORDED YESTERDAY.
  THUNDERSTORM
  LIGHT RAIN
  FOG


RELATIVE HUMIDITY (PERCENT)
 HIGHEST   100          1200 AM
 LOWEST     37           500 PM
 AVERAGE    69

..........................................................


THE PUEBLO CO CLIMATE NORMALS FOR TODAY
                         NORMAL    RECORD    YEAR
 MAXIMUM TEMPERATURE (F)   79       100      2000
 MINIMUM TEMPERATURE (F)   46        32      1893


SUNRISE AND SUNSET
MAY 23 2015...........SUNRISE   541 AM MDT   SUNSET   809 PM MDT
MAY 24 2015...........SUNRISE   541 AM MDT   SUNSET   810 PM MDT


-  INDICATES NEGATIVE NUMBERS.
R  INDICATES RECORD WAS SET OR TIED.
MM INDICATES DATA IS MISSING.
T  INDICATES TRACE AMOUNT.




$$
