000
CDUS45 KPUB 241128
CLIPUB


CLIMATE REPORT
NATIONAL WEATHER SERVICE PUEBLO
427 AM MST TUE FEB 24 2015


...................................

...THE PUEBLO CO CLIMATE SUMMARY FOR FEBRUARY 23 2015...

CLIMATE NORMAL PERIOD 1981 TO 2010
CLIMATE RECORD PERIOD 1888 TO 2015


WEATHER ITEM   OBSERVED TIME   RECORD YEAR NORMAL DEPARTURE LAST
                VALUE   (LST)  VALUE       VALUE  FROM      YEAR
                                                  NORMAL
..................................................................
TEMPERATURE (F)
 YESTERDAY
  MAXIMUM         18    415 PM  75    2009  53    -35       44
  MINIMUM          2   1044 PM  -8    1911  19    -17       24
  AVERAGE         10                        36    -26       34

PRECIPITATION (IN)
  YESTERDAY        T             0.23 2012   0.02  -0.02     0.00
  MONTH TO DATE    0.74                      0.23   0.51     0.28
  SINCE DEC 1      1.23                      0.96   0.27     0.76
  SINCE JAN 1      0.99                      0.58   0.41     0.73

SNOWFALL (IN)
  YESTERDAY        0.2           3.5  2012   0.1    0.1      0.0
  MONTH TO DATE    9.8                       3.2    6.6      4.9
  SINCE DEC 1     17.5                      15.2    2.3     14.9
  SINCE JUL 1     27.4                      21.2    6.2     18.6
  SNOW DEPTH       4

DEGREE DAYS
 HEATING
  YESTERDAY       55                        29     26       31
  MONTH TO DATE  598                       731   -133      790
  SINCE DEC 1   2634                      2882   -248     2892
  SINCE JUL 1   3796                      4163   -367     4075

 COOLING
  YESTERDAY        0                         0      0        0
  MONTH TO DATE    0                         0      0        0
  SINCE DEC 1      0                         0      0        0
  SINCE JAN 1      0                         0      0        0
..................................................................


WIND (MPH)
  HIGHEST WIND SPEED    10   HIGHEST WIND DIRECTION     E (70)
  HIGHEST GUST SPEED    14   HIGHEST GUST DIRECTION     E (110)
  AVERAGE WIND SPEED     5.2


SKY COVER
  POSSIBLE SUNSHINE  MM
  AVERAGE SKY COVER 0.4


WEATHER CONDITIONS
 THE FOLLOWING WEATHER WAS RECORDED YESTERDAY.
  LIGHT SNOW
  FOG


RELATIVE HUMIDITY (PERCENT)
 HIGHEST    95           900 PM
 LOWEST     67          1200 PM
 AVERAGE    81

..........................................................


THE PUEBLO CO CLIMATE NORMALS FOR TODAY
                         NORMAL    RECORD    YEAR
 MAXIMUM TEMPERATURE (F)   53        79      1986
 MINIMUM TEMPERATURE (F)   20       -17      1894


SUNRISE AND SUNSET
FEBRUARY 24 2015......SUNRISE   637 AM MST   SUNSET   546 PM MST
FEBRUARY 25 2015......SUNRISE   636 AM MST   SUNSET   547 PM MST


-  INDICATES NEGATIVE NUMBERS.
R  INDICATES RECORD WAS SET OR TIED.
MM INDICATES DATA IS MISSING.
T  INDICATES TRACE AMOUNT.




$$
