000
CDUS45 KPUB 261042
CLIPUB


CLIMATE REPORT
NATIONAL WEATHER SERVICE PUEBLO
442 AM MDT SAT JUL 26 2014


...................................

...THE PUEBLO CO CLIMATE SUMMARY FOR JULY 25 2014...

CLIMATE NORMAL PERIOD 1981 TO 2010
CLIMATE RECORD PERIOD 1888 TO 2014


WEATHER ITEM   OBSERVED TIME   RECORD YEAR NORMAL DEPARTURE LAST
                VALUE   (LST)  VALUE       VALUE  FROM      YEAR
                                                  NORMAL
..................................................................
TEMPERATURE (F)
 YESTERDAY
  MAXIMUM        100    121 PM 107    2003  93      7       88
  MINIMUM         68   1128 PM  48    1995  60      8       61
  AVERAGE         84                        76      8       75

PRECIPITATION (IN)
  YESTERDAY        0.21          1.96 1977   0.07   0.14     0.07
  MONTH TO DATE    2.31                      1.60   0.71     1.64
  SINCE JUN 1      3.17                      2.96   0.21     1.91
  SINCE JAN 1      7.37                      7.45  -0.08     3.84

SNOWFALL (IN)
  YESTERDAY        0.0           T    2001   0.0    0.0      0.0
  MONTH TO DATE    0.0                       0.0    0.0      0.0
  SINCE JUN 1      T                         0.0    0.0       T
  SINCE JUL 1      0.0                       0.0    0.0      0.0
  SNOW DEPTH       0

DEGREE DAYS
 HEATING
  YESTERDAY        0                         0      0        0
  MONTH TO DATE    0                         0      0        0
  SINCE JUN 1      3                        25    -22       17
  SINCE JUL 1      0                         0      0        0

 COOLING
  YESTERDAY       19                        11      8       10
  MONTH TO DATE  280                       270     10      303
  SINCE JUN 1    520                       445     75      606
  SINCE JAN 1    572                       479     93      679
..................................................................


WIND (MPH)
  HIGHEST WIND SPEED    41   HIGHEST WIND DIRECTION    NW (310)
  HIGHEST GUST SPEED    53   HIGHEST GUST DIRECTION    NW (320)
  AVERAGE WIND SPEED     8.3


SKY COVER
  POSSIBLE SUNSHINE  MM
  AVERAGE SKY COVER 0.0


WEATHER CONDITIONS
 THE FOLLOWING WEATHER WAS RECORDED YESTERDAY.
  THUNDERSTORM
  HEAVY RAIN
  RAIN
  LIGHT RAIN
  HAZE


RELATIVE HUMIDITY (PERCENT)
 HIGHEST    73           800 PM
 LOWEST     17           200 PM
 AVERAGE    45

..........................................................


THE PUEBLO CO CLIMATE NORMALS FOR TODAY
                         NORMAL    RECORD    YEAR
 MAXIMUM TEMPERATURE (F)   92       101      2003
                                             1995
                                             1993
 MINIMUM TEMPERATURE (F)   60        52      1993


SUNRISE AND SUNSET
JULY 26 2014..........SUNRISE   555 AM MDT   SUNSET   813 PM MDT
JULY 27 2014..........SUNRISE   556 AM MDT   SUNSET   812 PM MDT


-  INDICATES NEGATIVE NUMBERS.
R  INDICATES RECORD WAS SET OR TIED.
MM INDICATES DATA IS MISSING.
T  INDICATES TRACE AMOUNT.




$$
