000
CDUS45 KPUB 251049
CLIPUB


CLIMATE REPORT
NATIONAL WEATHER SERVICE PUEBLO
449 AM MDT MON AUG 25 2014


...................................

...THE PUEBLO CO CLIMATE SUMMARY FOR AUGUST 24 2014...

CLIMATE NORMAL PERIOD 1981 TO 2010
CLIMATE RECORD PERIOD 1888 TO 2014


WEATHER ITEM   OBSERVED TIME   RECORD YEAR NORMAL DEPARTURE LAST
                VALUE   (LST)  VALUE       VALUE  FROM      YEAR
                                                  NORMAL
..................................................................
TEMPERATURE (F)
 YESTERDAY
  MAXIMUM         89    455 PM 101    2011  88      1       92
  MINIMUM         53    530 AM  40    1968  56     -3       58
  AVERAGE         71                        72     -1       75

PRECIPITATION (IN)
  YESTERDAY        0.00          1.76 1992   0.07  -0.07     0.00
  MONTH TO DATE    1.25                      1.91  -0.66     3.92
  SINCE JUN 1      5.39                      5.33   0.06     5.87
  SINCE JAN 1      9.59                      9.82  -0.23     7.80

SNOWFALL (IN)
  YESTERDAY        0.0           0.0  2002   0.0    0.0      0.0
  MONTH TO DATE    0.0                       0.0    0.0      0.0
  SINCE JUN 1      T                         0.0    0.0       T
  SINCE JUL 1      0.0                       0.0    0.0       T
  SNOW DEPTH       0

DEGREE DAYS
 HEATING
  YESTERDAY        0                         0      0        0
  MONTH TO DATE    0                         0      0        0
  SINCE JUN 1      4                        26    -22       17
  SINCE JUL 1      1                         1      0        0

 COOLING
  YESTERDAY        6                         8     -2       10
  MONTH TO DATE  221                       218      3      224
  SINCE JUN 1    782                       729     53      890
  SINCE JAN 1    834                       763     71      963
..................................................................


WIND (MPH)
  HIGHEST WIND SPEED    17   HIGHEST WIND DIRECTION     E (110)
  HIGHEST GUST SPEED    22   HIGHEST GUST DIRECTION    SE (140)
  AVERAGE WIND SPEED     6.4


SKY COVER
  POSSIBLE SUNSHINE  MM
  AVERAGE SKY COVER 0.0


WEATHER CONDITIONS
 THE FOLLOWING WEATHER WAS RECORDED YESTERDAY.
  NO SIGNIFICANT WEATHER WAS OBSERVED.


RELATIVE HUMIDITY (PERCENT)
 HIGHEST    71           500 AM
 LOWEST     21           500 PM
 AVERAGE    46

..........................................................


THE PUEBLO CO CLIMATE NORMALS FOR TODAY
                         NORMAL    RECORD    YEAR
 MAXIMUM TEMPERATURE (F)   88        98      2011
                                             1973
                                             1955
 MINIMUM TEMPERATURE (F)   56        44      1900


SUNRISE AND SUNSET
AUGUST 25 2014........SUNRISE   622 AM MDT   SUNSET   738 PM MDT
AUGUST 26 2014........SUNRISE   622 AM MDT   SUNSET   737 PM MDT


-  INDICATES NEGATIVE NUMBERS.
R  INDICATES RECORD WAS SET OR TIED.
MM INDICATES DATA IS MISSING.
T  INDICATES TRACE AMOUNT.




$$
