000
CDUS45 KPUB 251129
CLIPUB


CLIMATE REPORT
NATIONAL WEATHER SERVICE PUEBLO
429 AM MST SUN JAN 25 2015


...................................

...THE PUEBLO CO CLIMATE SUMMARY FOR JANUARY 24 2015...

CLIMATE NORMAL PERIOD 1981 TO 2010
CLIMATE RECORD PERIOD 1888 TO 2015


WEATHER ITEM   OBSERVED TIME   RECORD YEAR NORMAL DEPARTURE LAST
                VALUE   (LST)  VALUE       VALUE  FROM      YEAR
                                                  NORMAL
..................................................................
TEMPERATURE (F)
 YESTERDAY
  MAXIMUM         57    147 PM  73    1981  47     10       62
  MINIMUM         20    720 AM  -8    1940  14      6        1
  AVERAGE         39                        31      8       32

PRECIPITATION (IN)
  YESTERDAY        0.00          0.32 1948   0.01  -0.01     0.00
  MONTH TO DATE    0.19                      0.27  -0.08     0.08
  SINCE DEC 1      0.43                      0.65  -0.22     0.11
  SINCE JAN 1      0.19                      0.27  -0.08     0.08

SNOWFALL (IN)
  YESTERDAY        0.0           4.2  1948   0.2   -0.2      0.0
  MONTH TO DATE    4.3                       5.0   -0.7      2.7
  SINCE DEC 1      7.5                      10.5   -3.0      4.9
  SINCE JUL 1     17.4                      16.5    0.9      8.6
  SNOW DEPTH       0

DEGREE DAYS
 HEATING
  YESTERDAY       26                        34     -8       33
  MONTH TO DATE  819                       830    -11      797
  SINCE DEC 1   1888                      1912    -24     1852
  SINCE JUL 1   3050                      3193   -143     3035

 COOLING
  YESTERDAY        0                         0      0        0
  MONTH TO DATE    0                         0      0        0
  SINCE DEC 1      0                         0      0        0
  SINCE JAN 1      0                         0      0        0
..................................................................


WIND (MPH)
  HIGHEST WIND SPEED    23   HIGHEST WIND DIRECTION     W (290)
  HIGHEST GUST SPEED    31   HIGHEST GUST DIRECTION     W (290)
  AVERAGE WIND SPEED     7.2


SKY COVER
  POSSIBLE SUNSHINE  MM
  AVERAGE SKY COVER 0.0


WEATHER CONDITIONS
 THE FOLLOWING WEATHER WAS RECORDED YESTERDAY.
  NO SIGNIFICANT WEATHER WAS OBSERVED.


RELATIVE HUMIDITY (PERCENT)
 HIGHEST    92           500 AM
 LOWEST     24           200 PM
 AVERAGE    58

..........................................................


THE PUEBLO CO CLIMATE NORMALS FOR TODAY
                         NORMAL    RECORD    YEAR
 MAXIMUM TEMPERATURE (F)   47        70      1890
 MINIMUM TEMPERATURE (F)   14       -12      1940


SUNRISE AND SUNSET
JANUARY 25 2015.......SUNRISE   709 AM MST   SUNSET   513 PM MST
JANUARY 26 2015.......SUNRISE   708 AM MST   SUNSET   514 PM MST


-  INDICATES NEGATIVE NUMBERS.
R  INDICATES RECORD WAS SET OR TIED.
MM INDICATES DATA IS MISSING.
T  INDICATES TRACE AMOUNT.




$$
