000
CDUS45 KPUB 270020
CLIPUB


CLIMATE REPORT
NATIONAL WEATHER SERVICE PUEBLO
620 PM MDT SUN JUL 26 2015


...................................

...THE PUEBLO CO CLIMATE SUMMARY FOR JULY 26 2015...
VALID TODAY AS OF 0500 PM LOCAL TIME.

CLIMATE NORMAL PERIOD 1981 TO 2010
CLIMATE RECORD PERIOD 1888 TO 2015


WEATHER ITEM   OBSERVED TIME   RECORD YEAR NORMAL DEPARTURE LAST
                VALUE   (LST)  VALUE       VALUE  FROM      YEAR
                                                  NORMAL
..................................................................
TEMPERATURE (F)
 TODAY
  MAXIMUM        101    410 PM 104    1982  92      9       98
  MINIMUM         68    526 AM  52    1993  60      8       62
  AVERAGE         85                        76      9       80

PRECIPITATION (IN)
  TODAY            0.00          1.21 1984   0.08  -0.08     0.03
  MONTH TO DATE    0.64                      1.68  -1.04     2.34
  SINCE JUN 1      1.86                      3.04  -1.18     3.20
  SINCE JAN 1     10.78                      7.53   3.25     7.40

SNOWFALL (IN)
  TODAY            0.0           0.0  2002   0.0    0.0      0.0
                                      2001
  MONTH TO DATE    0.0                       0.0    0.0      0.0
  SINCE JUN 1      0.0                       0.0    0.0       T
  SINCE JUL 1      0.0                       0.0    0.0      0.0
  SNOW DEPTH       0

DEGREE DAYS
 HEATING
  TODAY            0                         0      0        0
  MONTH TO DATE    0                         0      0        0
  SINCE JUN 1      0                        25    -25        3
  SINCE JUL 1      0                         0      0        0

 COOLING
  TODAY           20                        11      9       15
  MONTH TO DATE  330                       281     49      295
  SINCE JUN 1    573                       456    117      535
  SINCE JAN 1    577                       490     87      587
..................................................................


WIND (MPH)
  HIGHEST WIND SPEED    22   HIGHEST WIND DIRECTION    SW (230)
  HIGHEST GUST SPEED    27   HIGHEST GUST DIRECTION    SW (220)
  AVERAGE WIND SPEED     8.1


SKY COVER
  POSSIBLE SUNSHINE  MM
  AVERAGE SKY COVER 0.0


WEATHER CONDITIONS
 THE FOLLOWING WEATHER WAS RECORDED TODAY.
  NO SIGNIFICANT WEATHER WAS OBSERVED.


RELATIVE HUMIDITY (PERCENT)
 HIGHEST    78           500 AM
 LOWEST     14           300 PM
 AVERAGE    46

..........................................................


THE PUEBLO CO CLIMATE NORMALS FOR TOMORROW
                         NORMAL    RECORD    YEAR
 MAXIMUM TEMPERATURE (F)   92       103      1960
 MINIMUM TEMPERATURE (F)   60        49      2004


SUNRISE AND SUNSET
JULY 26 2015..........SUNRISE   555 AM MDT   SUNSET   814 PM MDT
JULY 27 2015..........SUNRISE   556 AM MDT   SUNSET   813 PM MDT


-  INDICATES NEGATIVE NUMBERS.
R  INDICATES RECORD WAS SET OR TIED.
MM INDICATES DATA IS MISSING.
T  INDICATES TRACE AMOUNT.




$$
