000
CDUS45 KPUB 141120
CLIPUB


CLIMATE REPORT
NATIONAL WEATHER SERVICE PUEBLO
419 AM MST TUE FEB 14 2017


...................................

...THE PUEBLO CO CLIMATE SUMMARY FOR FEBRUARY 13 2017...

CLIMATE NORMAL PERIOD 1981 TO 2010
CLIMATE RECORD PERIOD 1888 TO 2017


WEATHER ITEM   OBSERVED TIME   RECORD YEAR NORMAL DEPARTURE LAST
                VALUE   (LST)  VALUE       VALUE  FROM      YEAR
                                                  NORMAL
..................................................................
TEMPERATURE (F)
 YESTERDAY
  MAXIMUM         46    531 PM  76    2016  50     -4       76
  MINIMUM         34    752 AM -26    1905  17     17       28
  AVERAGE         40                        33      7       52

PRECIPITATION (IN)
  YESTERDAY        0.17          0.20 1909   0.00   0.17     0.00
  MONTH TO DATE    0.17                      0.11   0.06     0.33
  SINCE DEC 1      1.68                      0.84   0.84     1.26
  SINCE JAN 1      0.92                      0.46   0.46     0.86

SNOWFALL (IN)
  YESTERDAY        0.0           5.2  1908   0.1   -0.1      0.0
  MONTH TO DATE    0.0                       1.9   -1.9      5.8
  SINCE DEC 1     14.2                      13.9    0.3     17.8
  SINCE JUL 1     14.2                      19.9   -5.7     24.2
  SNOW DEPTH       0

DEGREE DAYS
 HEATING
  YESTERDAY       25                        32     -7       13
  MONTH TO DATE  286                       428   -142      389
  SINCE DEC 1   2370                      2579   -209     2320
  SINCE JUL 1   3152                      3860   -708     3194

 COOLING
  YESTERDAY        0                         0      0        0
  MONTH TO DATE    0                         0      0        0
  SINCE DEC 1      0                         0      0        0
  SINCE JAN 1      0                         0      0        0
..................................................................


WIND (MPH)
  HIGHEST WIND SPEED    12   HIGHEST WIND DIRECTION    NW (310)
  HIGHEST GUST SPEED    14   HIGHEST GUST DIRECTION    SW (210)
  AVERAGE WIND SPEED     3.6


SKY COVER
  POSSIBLE SUNSHINE  MM
  AVERAGE SKY COVER 1.0


WEATHER CONDITIONS
 THE FOLLOWING WEATHER WAS RECORDED YESTERDAY.
  LIGHT RAIN
  FOG


RELATIVE HUMIDITY (PERCENT)
 HIGHEST    92          1000 AM
 LOWEST     51          1200 AM
 AVERAGE    72

..........................................................


THE PUEBLO CO CLIMATE NORMALS FOR TODAY
                         NORMAL    RECORD    YEAR
 MAXIMUM TEMPERATURE (F)   50        76      1999
                                             1924
 MINIMUM TEMPERATURE (F)   17       -15      1895


SUNRISE AND SUNSET
FEBRUARY 14 2017......SUNRISE   649 AM MST   SUNSET   536 PM MST
FEBRUARY 15 2017......SUNRISE   648 AM MST   SUNSET   537 PM MST


-  INDICATES NEGATIVE NUMBERS.
R  INDICATES RECORD WAS SET OR TIED.
MM INDICATES DATA IS MISSING.
T  INDICATES TRACE AMOUNT.




$$
