000
CDUS45 KPUB 011028
CLIPUB


CLIMATE REPORT
NATIONAL WEATHER SERVICE PUEBLO
428 AM MDT MON JUN 1 2015


...................................

...THE PUEBLO CO CLIMATE SUMMARY FOR MAY 31 2015...

CLIMATE NORMAL PERIOD 1981 TO 2010
CLIMATE RECORD PERIOD 1888 TO 2015


WEATHER ITEM   OBSERVED TIME   RECORD YEAR NORMAL DEPARTURE LAST
                VALUE   (LST)  VALUE       VALUE  FROM      YEAR
                                                  NORMAL
..................................................................
TEMPERATURE (F)
 YESTERDAY
  MAXIMUM         84   1253 PM 102    2002  81      3       89
  MINIMUM         50    510 AM  32    2004  49      1       52
  AVERAGE         67                        65      2       71

PRECIPITATION (IN)
  YESTERDAY        T             1.64 1894   0.05  -0.05      T
  MONTH TO DATE    5.55                      1.51   4.04     0.65
  SINCE MAR 1      7.54                      3.84   3.70     3.47
  SINCE JAN 1      8.92                      4.49   4.43     4.20

SNOWFALL (IN)
  YESTERDAY        0.0           0.0  2002   0.0    0.0      0.0
                                      2001
  MONTH TO DATE    T                         0.5   -0.5       T
  SINCE MAR 1      1.7                      10.0   -8.3     10.7
  SINCE JUL 1     42.8                      31.8   11.0     29.3
  SNOW DEPTH       0

DEGREE DAYS
 HEATING
  YESTERDAY        0                         2     -2        0
  MONTH TO DATE  244                       173     71      156
  SINCE MAR 1   1232                      1310    -78     1208
  SINCE JUL 1   5254                      5613   -359     5413

 COOLING
  YESTERDAY        2                         2      0        6
  MONTH TO DATE    4                        32    -28       50
  SINCE MAR 1      4                        34    -30       52
  SINCE JAN 1      4                        34    -30       52
..................................................................


WIND (MPH)
  HIGHEST WIND SPEED    18   HIGHEST WIND DIRECTION    SW (220)
  HIGHEST GUST SPEED    23   HIGHEST GUST DIRECTION     W (260)
  AVERAGE WIND SPEED     5.8


SKY COVER
  POSSIBLE SUNSHINE  MM
  AVERAGE SKY COVER 0.1


WEATHER CONDITIONS
 THE FOLLOWING WEATHER WAS RECORDED YESTERDAY.
  THUNDERSTORM
  LIGHT RAIN


RELATIVE HUMIDITY (PERCENT)
 HIGHEST    93           500 AM
 LOWEST     25           100 PM
 AVERAGE    59

..........................................................


THE PUEBLO CO CLIMATE NORMALS FOR TODAY
                         NORMAL    RECORD    YEAR
 MAXIMUM TEMPERATURE (F)   82       102      2002
 MINIMUM TEMPERATURE (F)   49        37      1988
                                             1919
                                             1917


SUNRISE AND SUNSET
JUNE  1 2015..........SUNRISE   536 AM MDT   SUNSET   816 PM MDT
JUNE  2 2015..........SUNRISE   536 AM MDT   SUNSET   816 PM MDT


-  INDICATES NEGATIVE NUMBERS.
R  INDICATES RECORD WAS SET OR TIED.
MM INDICATES DATA IS MISSING.
T  INDICATES TRACE AMOUNT.




$$
