000
CDUS45 KPUB 221128
CLIPUB


CLIMATE REPORT
NATIONAL WEATHER SERVICE PUEBLO
428 AM MST SAT NOV 22 2014


...................................

...THE PUEBLO CO CLIMATE SUMMARY FOR NOVEMBER 21 2014...

CLIMATE NORMAL PERIOD 1981 TO 2010
CLIMATE RECORD PERIOD 1888 TO 2014


WEATHER ITEM   OBSERVED TIME   RECORD YEAR NORMAL DEPARTURE LAST
                VALUE   (LST)  VALUE       VALUE  FROM      YEAR
                                                  NORMAL
..................................................................
TEMPERATURE (F)
 YESTERDAY
  MAXIMUM         57    256 PM  78    1974  53      4       48
  MINIMUM         23    626 AM  -1    1906  20      3       19
  AVERAGE         40                        37      3       34

PRECIPITATION (IN)
  YESTERDAY        0.00          0.24 1963   0.01  -0.01      T
  MONTH TO DATE    0.44                      0.33   0.11     0.01
  SINCE SEP 1      1.97                      1.82   0.15     1.52
  SINCE JAN 1     11.57                     12.05  -0.48     9.32

SNOWFALL (IN)
  YESTERDAY        0.0           2.7  1992   0.2   -0.2       T
  MONTH TO DATE    9.1                       2.8    6.3       T
  SINCE SEP 1      9.1                       4.4    4.7      0.1
  SINCE JUL 1      9.1                       4.4    4.7      0.1
  SNOW DEPTH       0

DEGREE DAYS
 HEATING
  YESTERDAY       25                        28     -3       31
  MONTH TO DATE  629                       496    133      456
  SINCE SEP 1    954                      1001    -47      910
  SINCE JUL 1    955                      1006    -51      910

 COOLING
  YESTERDAY        0                         0      0        0
  MONTH TO DATE    0                         0      0        0
  SINCE SEP 1    127                        86     41      170
  SINCE JAN 1   1002                       897    105     1230
..................................................................


WIND (MPH)
  HIGHEST WIND SPEED    10   HIGHEST WIND DIRECTION     E (110)
  HIGHEST GUST SPEED    11   HIGHEST GUST DIRECTION    SE (130)
  AVERAGE WIND SPEED     3.2


SKY COVER
  POSSIBLE SUNSHINE  MM
  AVERAGE SKY COVER 0.0


WEATHER CONDITIONS
 THE FOLLOWING WEATHER WAS RECORDED YESTERDAY.
  NO SIGNIFICANT WEATHER WAS OBSERVED.


RELATIVE HUMIDITY (PERCENT)
 HIGHEST    92           400 AM
 LOWEST     30           200 PM
 AVERAGE    61

..........................................................


THE PUEBLO CO CLIMATE NORMALS FOR TODAY
                         NORMAL    RECORD    YEAR
 MAXIMUM TEMPERATURE (F)   53        80      2002
                                             1998
 MINIMUM TEMPERATURE (F)   20        -2      1957


SUNRISE AND SUNSET
NOVEMBER 22 2014......SUNRISE   647 AM MST   SUNSET   441 PM MST
NOVEMBER 23 2014......SUNRISE   648 AM MST   SUNSET   441 PM MST


-  INDICATES NEGATIVE NUMBERS.
R  INDICATES RECORD WAS SET OR TIED.
MM INDICATES DATA IS MISSING.
T  INDICATES TRACE AMOUNT.




$$
