000
CDUS45 KPUB 271053
CLIPUB


CLIMATE REPORT
NATIONAL WEATHER SERVICE PUEBLO
453 AM MDT WED APR 27 2016


...................................

...THE PUEBLO CO CLIMATE SUMMARY FOR APRIL 26 2016...

CLIMATE NORMAL PERIOD 1981 TO 2010
CLIMATE RECORD PERIOD 1888 TO 2016


WEATHER ITEM   OBSERVED TIME   RECORD YEAR NORMAL DEPARTURE LAST
                VALUE   (LST)  VALUE       VALUE  FROM      YEAR
                                                  NORMAL
..................................................................
TEMPERATURE (F)
 YESTERDAY
  MAXIMUM         66    102 PM  90    1981  71     -5       52
  MINIMUM         43   1159 PM  25    1924  37      6       43
  AVERAGE         55                        54      1       48

PRECIPITATION (IN)
  YESTERDAY        0.00          1.07 1933   0.05  -0.05     0.61
  MONTH TO DATE    1.71                      1.18   0.53     1.26
  SINCE MAR 1      2.29                      2.11   0.18     1.83
  SINCE JAN 1      3.15                      2.76   0.39     3.21

SNOWFALL (IN)
  YESTERDAY        0.0           1.3  1995   0.1   -0.1      0.0
  MONTH TO DATE    0.2                       3.5   -3.3       T
  SINCE MAR 1      4.1                       9.2   -5.1      1.7
  SINCE JUL 1     28.3                      31.0   -2.7     42.8
  SNOW DEPTH       0

DEGREE DAYS
 HEATING
  YESTERDAY       10                        11     -1       17
  MONTH TO DATE  281                       394   -113      337
  SINCE MAR 1    879                      1096   -217      945
  SINCE JUL 1   4388                      5399  -1011     4967

 COOLING
  YESTERDAY        0                         0      0        0
  MONTH TO DATE    0                         0      0        0
  SINCE MAR 1      0                         0      0        0
  SINCE JAN 1      0                         0      0        0
..................................................................


WIND (MPH)
  HIGHEST WIND SPEED    32   HIGHEST WIND DIRECTION     N (350)
  HIGHEST GUST SPEED    38   HIGHEST GUST DIRECTION     N (340)
  AVERAGE WIND SPEED    14.0


SKY COVER
  POSSIBLE SUNSHINE  MM
  AVERAGE SKY COVER 0.1


WEATHER CONDITIONS
 THE FOLLOWING WEATHER WAS RECORDED YESTERDAY.
  NO SIGNIFICANT WEATHER WAS OBSERVED.


RELATIVE HUMIDITY (PERCENT)
 HIGHEST    58          1000 PM
 LOWEST     10           200 PM
 AVERAGE    34

..........................................................


THE PUEBLO CO CLIMATE NORMALS FOR TODAY
                         NORMAL    RECORD    YEAR
 MAXIMUM TEMPERATURE (F)   71        88      1992
 MINIMUM TEMPERATURE (F)   38        22      1984


SUNRISE AND SUNSET
APRIL 27 2016.........SUNRISE   606 AM MDT   SUNSET   746 PM MDT
APRIL 28 2016.........SUNRISE   604 AM MDT   SUNSET   747 PM MDT


-  INDICATES NEGATIVE NUMBERS.
R  INDICATES RECORD WAS SET OR TIED.
MM INDICATES DATA IS MISSING.
T  INDICATES TRACE AMOUNT.




$$
