000
CDUS45 KPUB 151048
CLIPUB


CLIMATE REPORT
NATIONAL WEATHER SERVICE PUEBLO
447 AM MDT TUE APR 15 2014


...................................

...THE PUEBLO CO CLIMATE SUMMARY FOR APRIL 14 2014...

CLIMATE NORMAL PERIOD 1981 TO 2010
CLIMATE RECORD PERIOD 1888 TO 2014


WEATHER ITEM   OBSERVED TIME   RECORD YEAR NORMAL DEPARTURE LAST
                VALUE   (LST)  VALUE       VALUE  FROM      YEAR
                                                  NORMAL
..................................................................
TEMPERATURE (F)
 YESTERDAY
  MAXIMUM         41    402 PM  86    2002  67    -26       65
  MINIMUM         24    545 AM  13    1933  33     -9       39
  AVERAGE         33                        50    -17       52

PRECIPITATION (IN)
  YESTERDAY        T             0.84 1956   0.04  -0.04      T
  MONTH TO DATE    1.00                      0.55   0.45     0.04
  SINCE MAR 1      1.76                      1.48   0.28     0.25
  SINCE JAN 1      2.49                      2.13   0.36     0.94

SNOWFALL (IN)
  YESTERDAY        T             0.5  1916   0.1   -0.1      0.0
  MONTH TO DATE    8.3                       2.1    6.2      0.8
  SINCE MAR 1     10.7                       7.8    2.9      6.5
  SINCE JUL 1     29.3                      29.6   -0.3     21.2
  SNOW DEPTH       5

DEGREE DAYS
 HEATING
  YESTERDAY       32                        15     17       13
  MONTH TO DATE  223                       237    -14      262
  SINCE MAR 1    895                       939    -44      997
  SINCE JUL 1   5100                      5242   -142     5234

 COOLING
  YESTERDAY        0                         0      0        0
  MONTH TO DATE    2                         0      2        0
  SINCE MAR 1      2                         0      2        0
  SINCE JAN 1      2                         0      2        0
..................................................................


WIND (MPH)
  HIGHEST WIND SPEED    20   HIGHEST WIND DIRECTION     N (20)
  HIGHEST GUST SPEED    23   HIGHEST GUST DIRECTION     N (20)
  AVERAGE WIND SPEED     6.1


SKY COVER
  POSSIBLE SUNSHINE  MM
  AVERAGE SKY COVER 0.5


WEATHER CONDITIONS
 THE FOLLOWING WEATHER WAS RECORDED YESTERDAY.
  LIGHT SNOW
  FOG


RELATIVE HUMIDITY (PERCENT)
 HIGHEST    88          1200 AM
 LOWEST     50           600 PM
 AVERAGE    69

..........................................................


THE PUEBLO CO CLIMATE NORMALS FOR TODAY
                         NORMAL    RECORD    YEAR
 MAXIMUM TEMPERATURE (F)   67        89      2002
 MINIMUM TEMPERATURE (F)   34        20      1996
                                             1961


SUNRISE AND SUNSET
APRIL 15 2014.........SUNRISE   622 AM MDT   SUNSET   734 PM MDT
APRIL 16 2014.........SUNRISE   621 AM MDT   SUNSET   735 PM MDT


-  INDICATES NEGATIVE NUMBERS.
R  INDICATES RECORD WAS SET OR TIED.
MM INDICATES DATA IS MISSING.
T  INDICATES TRACE AMOUNT.




$$
