000
CDUS45 KPUB 271132
CLIPUB


CLIMATE REPORT
NATIONAL WEATHER SERVICE PUEBLO
431 AM MST SUN NOV 27 2016


...................................

...THE PUEBLO CO CLIMATE SUMMARY FOR NOVEMBER 26 2016...

CLIMATE NORMAL PERIOD 1981 TO 2010
CLIMATE RECORD PERIOD 1888 TO 2016


WEATHER ITEM   OBSERVED TIME   RECORD YEAR NORMAL DEPARTURE LAST
                VALUE   (LST)  VALUE       VALUE  FROM      YEAR
                                                  NORMAL
..................................................................
TEMPERATURE (F)
 YESTERDAY
  MAXIMUM         60    243 PM  76    1894  51      9       33
  MINIMUM         16    547 AM  -7    1952  18     -2       23
  AVERAGE         38                        34      4       28

PRECIPITATION (IN)
  YESTERDAY        0.00          0.46 1987   0.02  -0.02     0.41
  MONTH TO DATE    0.78                      0.41   0.37     0.51
  SINCE SEP 1      0.83                      1.90  -1.07     1.18
  SINCE JAN 1     11.15                     12.13  -0.98    16.20

SNOWFALL (IN)
  YESTERDAY        0.0           4.9  1987   0.2   -0.2      4.2
  MONTH TO DATE    T                         3.7   -3.7      4.8
  SINCE SEP 1      T                         5.3   -5.3      4.8
  SINCE JUL 1      T                         5.3   -5.3      4.8
  SNOW DEPTH       0

DEGREE DAYS
 HEATING
  YESTERDAY       27                        31     -4       37
  MONTH TO DATE  454                       645   -191      525
  SINCE SEP 1    668                      1150   -482      701
  SINCE JUL 1    668                      1155   -487      701

 COOLING
  YESTERDAY        0                         0      0        0
  MONTH TO DATE    0                         0      0        0
  SINCE SEP 1    193                        86    107      227
  SINCE JAN 1   1358                       897    461     1273
..................................................................


WIND (MPH)
  HIGHEST WIND SPEED    13   HIGHEST WIND DIRECTION     W (290)
  HIGHEST GUST SPEED    13   HIGHEST GUST DIRECTION     W (290)
  AVERAGE WIND SPEED     4.5


SKY COVER
  POSSIBLE SUNSHINE  MM
  AVERAGE SKY COVER 0.0


WEATHER CONDITIONS
 THE FOLLOWING WEATHER WAS RECORDED YESTERDAY.
  NO SIGNIFICANT WEATHER WAS OBSERVED.


RELATIVE HUMIDITY (PERCENT)
 HIGHEST    81          1200 AM
 LOWEST      9           100 PM
 AVERAGE    45

..........................................................


THE PUEBLO CO CLIMATE NORMALS FOR TODAY
                         NORMAL    RECORD    YEAR
 MAXIMUM TEMPERATURE (F)   50        78      1998
 MINIMUM TEMPERATURE (F)   18       -11      1976
                                             1952


SUNRISE AND SUNSET
NOVEMBER 27 2016......SUNRISE   653 AM MST   SUNSET   439 PM MST
NOVEMBER 28 2016......SUNRISE   654 AM MST   SUNSET   439 PM MST


-  INDICATES NEGATIVE NUMBERS.
R  INDICATES RECORD WAS SET OR TIED.
MM INDICATES DATA IS MISSING.
T  INDICATES TRACE AMOUNT.




$$
