502
CDUS45 KPUB 021601 CCA
CLIPUB

CLIMATE REPORT...COR WEATHER CONDITIONS
NATIONAL WEATHER SERVICE PUEBLO
445 AM MDT MON MAY 2 2016


...................................

...THE PUEBLO CO CLIMATE SUMMARY FOR MAY 1 2016...

CLIMATE NORMAL PERIOD 1981 TO 2010
CLIMATE RECORD PERIOD 1888 TO 2016


WEATHER ITEM   OBSERVED TIME   RECORD YEAR NORMAL DEPARTURE LAST
                VALUE   (LST)  VALUE       VALUE  FROM      YEAR
                                                  NORMAL
..................................................................
TEMPERATURE (F)
 YESTERDAY
  MAXIMUM         47    335 PM  94    1992  72    -25       70
  MINIMUM         37    113 AM  23    1909  39     -2       53
  AVERAGE         42                        56    -14       62

PRECIPITATION (IN)
  YESTERDAY        T             1.02 1999   0.05  -0.05     0.02
  MONTH TO DATE    T                         0.05  -0.05     0.02
  SINCE MAR 1      3.55                      2.38   1.17     2.01
  SINCE JAN 1      4.41                      3.03   1.38     3.39

SNOWFALL (IN)
  YESTERDAY        0.0           4.5  1954   0.0    0.0      0.0
  MONTH TO DATE    0.0                       0.0    0.0      0.0
  SINCE MAR 1      7.2                       9.5   -2.3      1.7
  SINCE JUL 1     31.4                      31.3    0.1     42.8
  SNOW DEPTH       0

DEGREE DAYS
 HEATING
  YESTERDAY       23                        10     13        3
  MONTH TO DATE   23                        10     13        3
  SINCE MAR 1    987                      1147   -160      991
  SINCE JUL 1   4496                      5450   -954     5013

 COOLING
  YESTERDAY        0                         0      0        0
  MONTH TO DATE    0                         0      0        0
  SINCE MAR 1      0                         2     -2        0
  SINCE JAN 1      0                         2     -2        0
..................................................................


WIND (MPH)
  HIGHEST WIND SPEED    25   HIGHEST WIND DIRECTION     N (20)
  HIGHEST GUST SPEED    33   HIGHEST GUST DIRECTION     N (10)
  AVERAGE WIND SPEED    11.3


SKY COVER
  POSSIBLE SUNSHINE  MM
  AVERAGE SKY COVER 0.7


WEATHER CONDITIONS
 THE FOLLOWING WEATHER WAS RECORDED YESTERDAY.
  LIGHT RAIN


RELATIVE HUMIDITY (PERCENT)
 HIGHEST    76          1000 PM
 LOWEST     53           900 AM
 AVERAGE    65

..........................................................


THE PUEBLO CO CLIMATE NORMALS FOR TODAY
                         NORMAL    RECORD    YEAR
 MAXIMUM TEMPERATURE (F)   73        89      1981
 MINIMUM TEMPERATURE (F)   40        25      2011
                                             1954


SUNRISE AND SUNSET
MAY  2 2016...........SUNRISE   600 AM MDT   SUNSET   751 PM MDT
MAY  3 2016...........SUNRISE   558 AM MDT   SUNSET   752 PM MDT


-  INDICATES NEGATIVE NUMBERS.
R  INDICATES RECORD WAS SET OR TIED.
MM INDICATES DATA IS MISSING.
T  INDICATES TRACE AMOUNT.




$$
