000
CDUS45 KPUB 150021
CLIPUB


CLIMATE REPORT
NATIONAL WEATHER SERVICE PUEBLO
521 PM MST WED FEB 14 2018


...................................

...THE PUEBLO CO CLIMATE SUMMARY FOR FEBRUARY 14 2018...
VALID TODAY AS OF 0500 PM LOCAL TIME.

CLIMATE NORMAL PERIOD 1981 TO 2010
CLIMATE RECORD PERIOD 1888 TO 2018


WEATHER ITEM   OBSERVED TIME   RECORD YEAR NORMAL DEPARTURE LAST
                VALUE   (LST)  VALUE       VALUE  FROM      YEAR
                                                  NORMAL
..................................................................
TEMPERATURE (F)
 TODAY
  MAXIMUM         65    237 PM  76    1999  50     15       53
                                      1924
  MINIMUM         32    659 AM -15    1895  17     15       28
  AVERAGE         49                        34     15       41

PRECIPITATION (IN)
  TODAY            0.00          0.60 1987   0.01  -0.01     0.00
  MONTH TO DATE    0.35                      0.12   0.23     0.17
  SINCE DEC 1      0.59                      0.85  -0.26     1.68
  SINCE JAN 1      0.58                      0.47   0.11     0.92

SNOWFALL (IN)
  TODAY            0.0           8.6  1909   0.2   -0.2      0.0
  MONTH TO DATE    5.9                       2.1    3.8      0.0
  SINCE DEC 1      7.7                      14.1   -6.4     14.2
  SINCE JUL 1      9.1                      20.1  -11.0     14.2
  SNOW DEPTH       0

DEGREE DAYS
 HEATING
  TODAY           16                        32    -16       24
  MONTH TO DATE  436                       460    -24      310
  SINCE DEC 1   2370                      2611   -241     2394
  SINCE JUL 1   3391                      3892   -501     3176

 COOLING
  TODAY            0                         0      0        0
  MONTH TO DATE    0                         0      0        0
  SINCE DEC 1      0                         0      0        0
  SINCE JAN 1      0                         0      0        0
..................................................................


WIND (MPH)
  HIGHEST WIND SPEED    25   HIGHEST WIND DIRECTION    SW (240)
  HIGHEST GUST SPEED    32   HIGHEST GUST DIRECTION     W (260)
  AVERAGE WIND SPEED     6.7


SKY COVER
  POSSIBLE SUNSHINE  MM
  AVERAGE SKY COVER 0.0


WEATHER CONDITIONS
 THE FOLLOWING WEATHER WAS RECORDED TODAY.
  NO SIGNIFICANT WEATHER WAS OBSERVED.


RELATIVE HUMIDITY (PERCENT)
 HIGHEST    75           800 AM
 LOWEST     16           400 PM
 AVERAGE    46

..........................................................


THE PUEBLO CO CLIMATE NORMALS FOR TOMORROW
                         NORMAL    RECORD    YEAR
 MAXIMUM TEMPERATURE (F)   50        78      1947
 MINIMUM TEMPERATURE (F)   17       -23      1895


SUNRISE AND SUNSET
FEBRUARY 14 2018......SUNRISE   650 AM MST   SUNSET   535 PM MST
FEBRUARY 15 2018......SUNRISE   648 AM MST   SUNSET   536 PM MST


-  INDICATES NEGATIVE NUMBERS.
R  INDICATES RECORD WAS SET OR TIED.
MM INDICATES DATA IS MISSING.
T  INDICATES TRACE AMOUNT.




$$
