000
CDUS45 KPUB 271058
CLIPUB


CLIMATE REPORT
NATIONAL WEATHER SERVICE PUEBLO
457 AM MDT FRI MAY 27 2016


...................................

...THE PUEBLO CO CLIMATE SUMMARY FOR MAY 26 2016...

CLIMATE NORMAL PERIOD 1981 TO 2010
CLIMATE RECORD PERIOD 1888 TO 2016


WEATHER ITEM   OBSERVED TIME   RECORD YEAR NORMAL DEPARTURE LAST
                VALUE   (LST)  VALUE       VALUE  FROM      YEAR
                                                  NORMAL
..................................................................
TEMPERATURE (F)
 YESTERDAY
  MAXIMUM         75   1057 AM  97    2012  80     -5       74
  MINIMUM         51   1015 PM  35    1950  47      4       45
  AVERAGE         63                        64     -1       60

PRECIPITATION (IN)
  YESTERDAY        0.01          1.60 2010   0.05  -0.04     0.13
  MONTH TO DATE    0.79                      1.27  -0.48     5.05
  SINCE MAR 1      4.34                      3.60   0.74     7.04
  SINCE JAN 1      5.20                      4.25   0.95     8.42

SNOWFALL (IN)
  YESTERDAY        0.0           0.0  2010   0.0    0.0      0.0
  MONTH TO DATE    0.0                       0.5   -0.5       T
  SINCE MAR 1      7.2                      10.0   -2.8      1.7
  SINCE JUL 1     31.4                      31.8   -0.4     42.8
  SNOW DEPTH       0

DEGREE DAYS
 HEATING
  YESTERDAY        2                         3     -1        5
  MONTH TO DATE  135                       159    -24      233
  SINCE MAR 1   1099                      1296   -197     1221
  SINCE JUL 1   4608                      5599   -991     5243

 COOLING
  YESTERDAY        0                         2     -2        0
  MONTH TO DATE   28                        20      8        1
  SINCE MAR 1     28                        22      6        1
  SINCE JAN 1     28                        22      6        1
..................................................................


WIND (MPH)
  HIGHEST WIND SPEED    40   HIGHEST WIND DIRECTION    SW (220)
  HIGHEST GUST SPEED    48   HIGHEST GUST DIRECTION    SW (230)
  AVERAGE WIND SPEED     9.8


SKY COVER
  POSSIBLE SUNSHINE  MM
  AVERAGE SKY COVER 0.3


WEATHER CONDITIONS
 THE FOLLOWING WEATHER WAS RECORDED YESTERDAY.
  THUNDERSTORM
  LIGHT RAIN


RELATIVE HUMIDITY (PERCENT)
 HIGHEST    63           900 PM
 LOWEST     20          1200 AM
 AVERAGE    42

..........................................................


THE PUEBLO CO CLIMATE NORMALS FOR TODAY
                         NORMAL    RECORD    YEAR
 MAXIMUM TEMPERATURE (F)   80        95      2006
 MINIMUM TEMPERATURE (F)   48        34      1997


SUNRISE AND SUNSET
MAY 27 2016...........SUNRISE   538 AM MDT   SUNSET   813 PM MDT
MAY 28 2016...........SUNRISE   538 AM MDT   SUNSET   813 PM MDT


-  INDICATES NEGATIVE NUMBERS.
R  INDICATES RECORD WAS SET OR TIED.
MM INDICATES DATA IS MISSING.
T  INDICATES TRACE AMOUNT.




$$
