000
CDUS45 KPUB 191102
CLIPUB


CLIMATE REPORT
NATIONAL WEATHER SERVICE PUEBLO
502 AM MDT TUE AUG 19 2014


...................................

...THE PUEBLO CO CLIMATE SUMMARY FOR AUGUST 18 2014...

CLIMATE NORMAL PERIOD 1981 TO 2010
CLIMATE RECORD PERIOD 1888 TO 2014


WEATHER ITEM   OBSERVED TIME   RECORD YEAR NORMAL DEPARTURE LAST
                VALUE   (LST)  VALUE       VALUE  FROM      YEAR
                                                  NORMAL
..................................................................
TEMPERATURE (F)
 YESTERDAY
  MAXIMUM         96    140 PM 103    1986  89      7       91
  MINIMUM         54    533 AM  48    1960  58     -4       61
                                      1950
  AVERAGE         75                        73      2       76

PRECIPITATION (IN)
  YESTERDAY        0.00          1.75 1953   0.08  -0.08     0.00
  MONTH TO DATE    1.24                      1.48  -0.24     3.26
  SINCE JUN 1      5.38                      4.90   0.48     5.21
  SINCE JAN 1      9.58                      9.39   0.19     7.14

SNOWFALL (IN)
  YESTERDAY        0.0           0.0  2002   0.0    0.0      0.0
  MONTH TO DATE    0.0                       0.0    0.0      0.0
  SINCE JUN 1      T                         0.0    0.0       T
  SINCE JUL 1      0.0                       0.0    0.0       T
  SNOW DEPTH       0

DEGREE DAYS
 HEATING
  YESTERDAY        0                         0      0        0
  MONTH TO DATE    0                         0      0        0
  SINCE JUN 1      4                        26    -22       17
  SINCE JUL 1      1                         1      0        0

 COOLING
  YESTERDAY       10                         8      2       11
  MONTH TO DATE  165                       170     -5      155
  SINCE JUN 1    726                       681     45      821
  SINCE JAN 1    778                       715     63      894
..................................................................


WIND (MPH)
  HIGHEST WIND SPEED    25   HIGHEST WIND DIRECTION     N (360)
  HIGHEST GUST SPEED    32   HIGHEST GUST DIRECTION     N (360)
  AVERAGE WIND SPEED     7.2


SKY COVER
  POSSIBLE SUNSHINE  MM
  AVERAGE SKY COVER 0.0


WEATHER CONDITIONS
 THE FOLLOWING WEATHER WAS RECORDED YESTERDAY.
  NO SIGNIFICANT WEATHER WAS OBSERVED.


RELATIVE HUMIDITY (PERCENT)
 HIGHEST    77           400 AM
 LOWEST     11           200 PM
 AVERAGE    44

..........................................................


THE PUEBLO CO CLIMATE NORMALS FOR TODAY
                         NORMAL    RECORD    YEAR
 MAXIMUM TEMPERATURE (F)   89       100      1973
 MINIMUM TEMPERATURE (F)   57        50      2001
                                             1960


SUNRISE AND SUNSET
AUGUST 19 2014........SUNRISE   616 AM MDT   SUNSET   746 PM MDT
AUGUST 20 2014........SUNRISE   617 AM MDT   SUNSET   745 PM MDT


-  INDICATES NEGATIVE NUMBERS.
R  INDICATES RECORD WAS SET OR TIED.
MM INDICATES DATA IS MISSING.
T  INDICATES TRACE AMOUNT.




$$
