000
CDUS45 KPUB 130024
CLIPUB


CLIMATE REPORT
NATIONAL WEATHER SERVICE PUEBLO
624 PM MDT SAT APR 12 2014


...................................

...THE PUEBLO CO CLIMATE SUMMARY FOR APRIL 12 2014...
VALID TODAY AS OF 0500 PM LOCAL TIME.

CLIMATE NORMAL PERIOD 1981 TO 2010
CLIMATE RECORD PERIOD 1888 TO 2014


WEATHER ITEM   OBSERVED TIME   RECORD YEAR NORMAL DEPARTURE LAST
                VALUE   (LST)  VALUE       VALUE  FROM      YEAR
                                                  NORMAL
..................................................................
TEMPERATURE (F)
 TODAY
  MAXIMUM         80   1228 PM  83    2010  66     14       65
                                      2003
                                      1982
  MINIMUM         53    655 AM   2    1997  33     20       28
  AVERAGE         67                        49     18       47

PRECIPITATION (IN)
  TODAY            0.00          0.74 1898   0.05  -0.05     0.00
  MONTH TO DATE    0.60                      0.47   0.13     0.04
  SINCE MAR 1      1.36                      1.40  -0.04     0.25
  SINCE JAN 1      2.09                      2.05   0.04     0.94

SNOWFALL (IN)
  TODAY            0.0           3.0  1994   0.2   -0.2      0.0
  MONTH TO DATE    3.1                       1.9    1.2      0.8
  SINCE MAR 1      5.5                       7.6   -2.1      6.5
  SINCE JUL 1     24.1                      29.4   -5.3     21.2
  SNOW DEPTH       0

DEGREE DAYS
 HEATING
  TODAY            0                        16    -16       18
  MONTH TO DATE  168                       207    -39      240
  SINCE MAR 1    840                       909    -69      975
  SINCE JUL 1   5045                      5212   -167     5212

 COOLING
  TODAY            2                         0      2        0
  MONTH TO DATE    2                         0      2        0
  SINCE MAR 1      2                         0      2        0
  SINCE JAN 1      2                         0      2        0
..................................................................


WIND (MPH)
  HIGHEST WIND SPEED    22   HIGHEST WIND DIRECTION     S (190)
  HIGHEST GUST SPEED    31   HIGHEST GUST DIRECTION     S (200)
  AVERAGE WIND SPEED     9.5


SKY COVER
  POSSIBLE SUNSHINE  MM
  AVERAGE SKY COVER 0.0


WEATHER CONDITIONS
 THE FOLLOWING WEATHER WAS RECORDED TODAY.
  NO SIGNIFICANT WEATHER WAS OBSERVED.


RELATIVE HUMIDITY (PERCENT)
 HIGHEST    32           700 AM
 LOWEST      7          1000 AM
 AVERAGE    20

..........................................................


THE PUEBLO CO CLIMATE NORMALS FOR TOMORROW
                         NORMAL    RECORD    YEAR
 MAXIMUM TEMPERATURE (F)   66        90      2006
 MINIMUM TEMPERATURE (F)   33        11      1997


SUNRISE AND SUNSET
APRIL 12 2014.........SUNRISE   627 AM MDT   SUNSET   732 PM MDT
APRIL 13 2014.........SUNRISE   625 AM MDT   SUNSET   733 PM MDT


-  INDICATES NEGATIVE NUMBERS.
R  INDICATES RECORD WAS SET OR TIED.
MM INDICATES DATA IS MISSING.
T  INDICATES TRACE AMOUNT.




$$
