000
CDUS45 KPUB 280023
CLIPUB


CLIMATE REPORT
NATIONAL WEATHER SERVICE PUEBLO
623 PM MDT MON OCT 27 2014


...................................

...THE PUEBLO CO CLIMATE SUMMARY FOR OCTOBER 27 2014...
VALID TODAY AS OF 0500 PM LOCAL TIME.

CLIMATE NORMAL PERIOD 1981 TO 2010
CLIMATE RECORD PERIOD 1888 TO 2014


WEATHER ITEM   OBSERVED TIME   RECORD YEAR NORMAL DEPARTURE LAST
                VALUE   (LST)  VALUE       VALUE  FROM      YEAR
                                                  NORMAL
..................................................................
TEMPERATURE (F)
 TODAY
  MAXIMUM         68    105 AM  87    1922  66      2       75
  MINIMUM         41    646 AM   8    1997  30     11       33
  AVERAGE         55                        48      7       54

PRECIPITATION (IN)
  TODAY            T             0.61 1921   0.02  -0.02     0.00
  MONTH TO DATE    0.91                      0.64   0.27     0.24
  SINCE SEP 1      1.53                      1.41   0.12     1.51
  SINCE JAN 1     11.13                     11.64  -0.51     9.31

SNOWFALL (IN)
  TODAY            0.0           3.4  1996   0.1   -0.1      0.0
  MONTH TO DATE    0.0                       1.0   -1.0      0.1
  SINCE SEP 1      0.0                       1.3   -1.3      0.1
  SINCE JUL 1      T                         1.3   -1.3      0.1
  SNOW DEPTH       0

DEGREE DAYS
 HEATING
  TODAY           10                        17     -7       11
  MONTH TO DATE  202                       339   -137      358
  SINCE SEP 1    255                       432   -177      383
  SINCE JUL 1    256                       437   -181      383

 COOLING
  TODAY            0                         0      0        0
  MONTH TO DATE    0                         0      0        3
  SINCE SEP 1    127                        83     44      170
  SINCE JAN 1   1002                       894    108     1230
..................................................................


WIND (MPH)
  HIGHEST WIND SPEED    25   HIGHEST WIND DIRECTION     N (20)
  HIGHEST GUST SPEED    32   HIGHEST GUST DIRECTION     N (20)
  AVERAGE WIND SPEED     8.1


SKY COVER
  POSSIBLE SUNSHINE  MM
  AVERAGE SKY COVER 0.2


WEATHER CONDITIONS
 THE FOLLOWING WEATHER WAS RECORDED TODAY.
  LIGHT RAIN


RELATIVE HUMIDITY (PERCENT)
 HIGHEST    76           600 AM
 LOWEST     27          1200 AM
 AVERAGE    52

..........................................................


THE PUEBLO CO CLIMATE NORMALS FOR TOMORROW
                         NORMAL    RECORD    YEAR
 MAXIMUM TEMPERATURE (F)   65        85      1994
 MINIMUM TEMPERATURE (F)   30        12      1917


SUNRISE AND SUNSET
OCTOBER 27 2014.......SUNRISE   719 AM MDT   SUNSET   604 PM MDT
OCTOBER 28 2014.......SUNRISE   720 AM MDT   SUNSET   603 PM MDT


-  INDICATES NEGATIVE NUMBERS.
R  INDICATES RECORD WAS SET OR TIED.
MM INDICATES DATA IS MISSING.
T  INDICATES TRACE AMOUNT.




$$
