000
CDUS45 KPUB 281040
CLIPUB


CLIMATE REPORT
NATIONAL WEATHER SERVICE PUEBLO
440 AM MDT TUE MAR 28 2017


...................................

...THE PUEBLO CO CLIMATE SUMMARY FOR MARCH 27 2017...

CLIMATE NORMAL PERIOD 1981 TO 2010
CLIMATE RECORD PERIOD 1888 TO 2017


WEATHER ITEM   OBSERVED TIME   RECORD YEAR NORMAL DEPARTURE LAST
                VALUE   (LST)  VALUE       VALUE  FROM      YEAR
                                                  NORMAL
..................................................................
TEMPERATURE (F)
 YESTERDAY
  MAXIMUM         68    411 PM  85    1988  62      6       56
  MINIMUM         30    543 AM  -1    1899  29      1       15
  AVERAGE         49                        45      4       36

PRECIPITATION (IN)
  YESTERDAY        0.01          0.48 1998   0.03  -0.02     0.00
  MONTH TO DATE    0.22                      0.79  -0.57     0.58
  SINCE MAR 1      0.22                      0.79  -0.57     0.58
  SINCE JAN 1      1.14                      1.44  -0.30     1.44

SNOWFALL (IN)
  YESTERDAY        0.0           3.6  2009   0.2   -0.2      0.0
                                      1972
  MONTH TO DATE    0.0                       4.9   -4.9      3.9
  SINCE MAR 1      0.0                       4.9   -4.9      3.9
  SINCE JUL 1     14.2                      26.7  -12.5     28.1
  SNOW DEPTH       0

DEGREE DAYS
 HEATING
  YESTERDAY       16                        20     -4       29
  MONTH TO DATE  407                       624   -217      530
  SINCE MAR 1    407                       624   -217      530
  SINCE JUL 1   3907                      4927  -1020     4039

 COOLING
  YESTERDAY        0                         0      0        0
  MONTH TO DATE    0                         0      0        0
  SINCE MAR 1      0                         0      0        0
  SINCE JAN 1      0                         0      0        0
..................................................................


WIND (MPH)
  HIGHEST WIND SPEED    21   HIGHEST WIND DIRECTION     S (200)
  HIGHEST GUST SPEED    26   HIGHEST GUST DIRECTION    SW (210)
  AVERAGE WIND SPEED     6.6


SKY COVER
  POSSIBLE SUNSHINE  MM
  AVERAGE SKY COVER 0.3


WEATHER CONDITIONS
 THE FOLLOWING WEATHER WAS RECORDED YESTERDAY.
  LIGHT RAIN
  FOG
  HAZE


RELATIVE HUMIDITY (PERCENT)
 HIGHEST    96           300 AM
 LOWEST     26           500 PM
 AVERAGE    61

..........................................................


THE PUEBLO CO CLIMATE NORMALS FOR TODAY
                         NORMAL    RECORD    YEAR
 MAXIMUM TEMPERATURE (F)   62        84      1986
                                             1963
 MINIMUM TEMPERATURE (F)   29        -6      1899


SUNRISE AND SUNSET
MARCH 28 2017.........SUNRISE   649 AM MDT   SUNSET   718 PM MDT
MARCH 29 2017.........SUNRISE   647 AM MDT   SUNSET   719 PM MDT


-  INDICATES NEGATIVE NUMBERS.
R  INDICATES RECORD WAS SET OR TIED.
MM INDICATES DATA IS MISSING.
T  INDICATES TRACE AMOUNT.




$$
