000
CDUS45 KPUB 210051
CLIPUB


CLIMATE REPORT
NATIONAL WEATHER SERVICE PUEBLO
651 PM MDT THU JUL 20 2017


...................................

...THE PUEBLO CO CLIMATE SUMMARY FOR JULY 20 2017...
VALID TODAY AS OF 0500 PM LOCAL TIME.

CLIMATE NORMAL PERIOD 1981 TO 2010
CLIMATE RECORD PERIOD 1888 TO 2017


WEATHER ITEM   OBSERVED TIME   RECORD YEAR NORMAL DEPARTURE LAST
                VALUE   (LST)  VALUE       VALUE  FROM      YEAR
                                                  NORMAL
..................................................................
TEMPERATURE (F)
 TODAY
  MAXIMUM         99    401 PM 108    2005  93      6      104
  MINIMUM         70    246 AM  43    1897  59     11       66
  AVERAGE         85                        76      9       85

PRECIPITATION (IN)
  TODAY            0.00          1.27 2013   0.07  -0.07      T
  MONTH TO DATE    0.28                      1.23  -0.95     0.46
  SINCE JUN 1      1.85                      2.59  -0.74     1.24
  SINCE JAN 1     10.91                      7.08   3.83     8.41

SNOWFALL (IN)
  TODAY            0.0           0.0  2002   0.0    0.0      0.0
                                      2001
  MONTH TO DATE    0.0                       0.0    0.0       T
  SINCE JUN 1      0.0                       0.0    0.0       T
  SINCE JUL 1      0.0                       0.0    0.0       T
  SNOW DEPTH       0

DEGREE DAYS
 HEATING
  TODAY            0                         0      0        0
  MONTH TO DATE    0                         0      0        0
  SINCE JUN 1      5                        25    -20        1
  SINCE JUL 1      0                         0      0        0

 COOLING
  TODAY           20                        11      9       20
  MONTH TO DATE  255                       215     40      300
  SINCE JUN 1    488                       390     98      639
  SINCE JAN 1    498                       424     74      669
..................................................................


WIND (MPH)
  HIGHEST WIND SPEED    21   HIGHEST WIND DIRECTION     N (350)
  HIGHEST GUST SPEED    26   HIGHEST GUST DIRECTION    SE (130)
  AVERAGE WIND SPEED     9.0


SKY COVER
  POSSIBLE SUNSHINE  MM
  AVERAGE SKY COVER 0.0


WEATHER CONDITIONS
 THE FOLLOWING WEATHER WAS RECORDED TODAY.
  NO SIGNIFICANT WEATHER WAS OBSERVED.


RELATIVE HUMIDITY (PERCENT)
 HIGHEST    57          1200 AM
 LOWEST     20           400 PM
 AVERAGE    39

..........................................................


THE PUEBLO CO CLIMATE NORMALS FOR TOMORROW
                         NORMAL    RECORD    YEAR
 MAXIMUM TEMPERATURE (F)   93       106      2005
                                             1981
 MINIMUM TEMPERATURE (F)   59        48      1897


SUNRISE AND SUNSET
JULY 20 2017..........SUNRISE   551 AM MDT   SUNSET   818 PM MDT
JULY 21 2017..........SUNRISE   552 AM MDT   SUNSET   817 PM MDT


-  INDICATES NEGATIVE NUMBERS.
R  INDICATES RECORD WAS SET OR TIED.
MM INDICATES DATA IS MISSING.
T  INDICATES TRACE AMOUNT.




$$
