000
CDUS45 KPUB 120021
CLIPUB


CLIMATE REPORT
NATIONAL WEATHER SERVICE PUEBLO
521 PM MST MON DEC 11 2017


...................................

...THE PUEBLO CO CLIMATE SUMMARY FOR DECEMBER 11 2017...
VALID TODAY AS OF 0500 PM LOCAL TIME.

CLIMATE NORMAL PERIOD 1981 TO 2010
CLIMATE RECORD PERIOD 1888 TO 2017


WEATHER ITEM   OBSERVED TIME   RECORD YEAR NORMAL DEPARTURE LAST
                VALUE   (LST)  VALUE       VALUE  FROM      YEAR
                                                  NORMAL
..................................................................
TEMPERATURE (F)
 TODAY
  MAXIMUM         61    151 PM  79    2004  46     15       58
  MINIMUM         16    420 AM -22    1961  14      2       19
  AVERAGE         39                        30      9       39

PRECIPITATION (IN)
  TODAY            0.00          0.28 1991   0.01  -0.01     0.00
  MONTH TO DATE    0.00                      0.15  -0.15      T
  SINCE DEC 1      0.00                      0.15  -0.15      T
  SINCE JAN 1     15.98                     12.34   3.64    11.15

SNOWFALL (IN)
  TODAY            0.0           3.4  1991   0.2   -0.2      0.0
  MONTH TO DATE    0.0                       2.0   -2.0      0.3
  SINCE DEC 1      0.0                       2.0   -2.0      0.3
  SINCE JUL 1      1.4                       8.0   -6.6      0.3
  SNOW DEPTH       0

DEGREE DAYS
 HEATING
  TODAY           26                        35     -9       26
  MONTH TO DATE  289                       372    -83      397
  SINCE DEC 1    289                       372    -83      397
  SINCE JUL 1   1310                      1653   -343     1179

 COOLING
  TODAY            0                         0      0        0
  MONTH TO DATE    0                         0      0        0
  SINCE DEC 1      0                         0      0        0
  SINCE JAN 1   1027                       897    130     1358
..................................................................


WIND (MPH)
  HIGHEST WIND SPEED    16   HIGHEST WIND DIRECTION     E (110)
  HIGHEST GUST SPEED    20   HIGHEST GUST DIRECTION     E (110)
  AVERAGE WIND SPEED     6.3


SKY COVER
  POSSIBLE SUNSHINE  MM
  AVERAGE SKY COVER 0.0


WEATHER CONDITIONS
 THE FOLLOWING WEATHER WAS RECORDED TODAY.
  HAZE


RELATIVE HUMIDITY (PERCENT)
 HIGHEST    47          1200 AM
 LOWEST      8           100 PM
 AVERAGE    28

..........................................................


THE PUEBLO CO CLIMATE NORMALS FOR TOMORROW
                         NORMAL    RECORD    YEAR
 MAXIMUM TEMPERATURE (F)   46        71      1924
 MINIMUM TEMPERATURE (F)   14       -28      1961


SUNRISE AND SUNSET
DECEMBER 11 2017......SUNRISE   705 AM MST   SUNSET   438 PM MST
DECEMBER 12 2017......SUNRISE   706 AM MST   SUNSET   438 PM MST


-  INDICATES NEGATIVE NUMBERS.
R  INDICATES RECORD WAS SET OR TIED.
MM INDICATES DATA IS MISSING.
T  INDICATES TRACE AMOUNT.




$$
