000
CDUS45 KPUB 171208
CLIPUB


CLIMATE REPORT
NATIONAL WEATHER SERVICE PUEBLO
507 AM MST TUE JAN 17 2017


...................................

...THE PUEBLO CO CLIMATE SUMMARY FOR JANUARY 16 2017...

CLIMATE NORMAL PERIOD 1981 TO 2010
CLIMATE RECORD PERIOD 1888 TO 2017


WEATHER ITEM   OBSERVED TIME   RECORD YEAR NORMAL DEPARTURE LAST
                VALUE   (LST)  VALUE       VALUE  FROM      YEAR
                                                  NORMAL
..................................................................
TEMPERATURE (F)
 YESTERDAY
  MAXIMUM         39    407 PM  70    1974  47     -8       41
  MINIMUM         32    122 AM -14    1987  14     18       15
  AVERAGE         36                        30      6       28

PRECIPITATION (IN)
  YESTERDAY        0.25          0.40 2001   0.01   0.24     0.00
                                      1988
  MONTH TO DATE    0.73                      0.18   0.55     0.41
  SINCE DEC 1      1.49                      0.56   0.93     0.81
  SINCE JAN 1      0.73                      0.18   0.55     0.41

SNOWFALL (IN)
  YESTERDAY        1.7          11.3  2001   0.2    1.5      0.0
  MONTH TO DATE    8.7                       3.3    5.4      5.0
  SINCE DEC 1     13.1                       8.8    4.3     10.5
  SINCE JUL 1     13.1                      14.8   -1.7     16.9
  SNOW DEPTH       2

DEGREE DAYS
 HEATING
  YESTERDAY       29                        34     -5       37
  MONTH TO DATE  582                       558     24      590
  SINCE DEC 1   1657                      1640     17     1537
  SINCE JUL 1   2439                      2921   -482     2411

 COOLING
  YESTERDAY        0                         0      0        0
  MONTH TO DATE    0                         0      0        0
  SINCE DEC 1      0                         0      0        0
  SINCE JAN 1      0                         0      0        0
..................................................................


WIND (MPH)
  HIGHEST WIND SPEED    26   HIGHEST WIND DIRECTION     N (10)
  HIGHEST GUST SPEED    35   HIGHEST GUST DIRECTION     N (10)
  AVERAGE WIND SPEED     9.4


SKY COVER
  POSSIBLE SUNSHINE  MM
  AVERAGE SKY COVER 1.0


WEATHER CONDITIONS
 THE FOLLOWING WEATHER WAS RECORDED YESTERDAY.
  LIGHT RAIN
  SNOW
  LIGHT SNOW
  FOG


RELATIVE HUMIDITY (PERCENT)
 HIGHEST    96           200 AM
 LOWEST     64           100 PM
 AVERAGE    80

..........................................................


THE PUEBLO CO CLIMATE NORMALS FOR TODAY
                         NORMAL    RECORD    YEAR
 MAXIMUM TEMPERATURE (F)   47        70      1974
                                             1971
                                             1923
 MINIMUM TEMPERATURE (F)   14       -15      2001


SUNRISE AND SUNSET
JANUARY 17 2017.......SUNRISE   713 AM MST   SUNSET   504 PM MST
JANUARY 18 2017.......SUNRISE   712 AM MST   SUNSET   505 PM MST


-  INDICATES NEGATIVE NUMBERS.
R  INDICATES RECORD WAS SET OR TIED.
MM INDICATES DATA IS MISSING.
T  INDICATES TRACE AMOUNT.




$$
