455
CDUS45 KPUB 182333
CLIPUB


CLIMATE REPORT
NATIONAL WEATHER SERVICE PUEBLO
533 PM MDT WED OCT 18 2017


...................................

...THE PUEBLO CO CLIMATE SUMMARY FOR OCTOBER 18 2017...
VALID TODAY AS OF 0500 PM LOCAL TIME.

CLIMATE NORMAL PERIOD 1981 TO 2010
CLIMATE RECORD PERIOD 1888 TO 2017


WEATHER ITEM   OBSERVED TIME   RECORD YEAR NORMAL DEPARTURE LAST
                VALUE   (LST)  VALUE       VALUE  FROM      YEAR
                                                  NORMAL
..................................................................
TEMPERATURE (F)
 TODAY
  MAXIMUM         83    348 PM  88    2009  69     14       68
                                      2003
  MINIMUM         39    428 AM  19    1996  33      6       33
  AVERAGE         61                        51     10       51

PRECIPITATION (IN)
  TODAY            0.00          0.87 1960   0.03  -0.03     0.00
  MONTH TO DATE    0.20                      0.44  -0.24      T
  SINCE SEP 1      1.40                      1.21   0.19     0.05
  SINCE JAN 1     15.66                     11.44   4.22    10.37

SNOWFALL (IN)
  TODAY            0.0           0.4  1917   0.0    0.0      0.0
  MONTH TO DATE    0.0                       0.4   -0.4      0.0
  SINCE SEP 1      0.0                       0.7   -0.7      0.0
  SINCE JUL 1      0.0                       0.7   -0.7       T
  SNOW DEPTH       0

DEGREE DAYS
 HEATING
  TODAY            4                        14    -10       14
  MONTH TO DATE  160                       197    -37      110
  SINCE SEP 1    247                       290    -43      130
  SINCE JUL 1    247                       295    -48      130

 COOLING
  TODAY            0                         0      0        0
  MONTH TO DATE    0                         0      0       18
  SINCE SEP 1    146                        83     63      190
  SINCE JAN 1   1027                       894    133     1355
..................................................................


WIND (MPH)
  HIGHEST WIND SPEED    14   HIGHEST WIND DIRECTION    NW (300)
  HIGHEST GUST SPEED    14   HIGHEST GUST DIRECTION     W (270)
  AVERAGE WIND SPEED     6.2


SKY COVER
  POSSIBLE SUNSHINE  MM
  AVERAGE SKY COVER 0.0


WEATHER CONDITIONS
 THE FOLLOWING WEATHER WAS RECORDED TODAY.
  NO SIGNIFICANT WEATHER WAS OBSERVED.


RELATIVE HUMIDITY (PERCENT)
 HIGHEST    55           400 AM
 LOWEST      6           300 PM
 AVERAGE    31

..........................................................


THE PUEBLO CO CLIMATE NORMALS FOR TOMORROW
                         NORMAL    RECORD    YEAR
 MAXIMUM TEMPERATURE (F)   68        91      2003
 MINIMUM TEMPERATURE (F)   33        18      1966


SUNRISE AND SUNSET
OCTOBER 18 2017.......SUNRISE   710 AM MDT   SUNSET   616 PM MDT
OCTOBER 19 2017.......SUNRISE   711 AM MDT   SUNSET   614 PM MDT


-  INDICATES NEGATIVE NUMBERS.
R  INDICATES RECORD WAS SET OR TIED.
MM INDICATES DATA IS MISSING.
T  INDICATES TRACE AMOUNT.




$$
