000
CDUS45 KPUB 281158
CLIPUB


CLIMATE REPORT
NATIONAL WEATHER SERVICE PUEBLO
458 AM MST SAT FEB 28 2015


...................................

...THE PUEBLO CO CLIMATE SUMMARY FOR FEBRUARY 27 2015...

CLIMATE NORMAL PERIOD 1981 TO 2010
CLIMATE RECORD PERIOD 1888 TO 2015


WEATHER ITEM   OBSERVED TIME   RECORD YEAR NORMAL DEPARTURE LAST
                VALUE   (LST)  VALUE       VALUE  FROM      YEAR
                                                  NORMAL
..................................................................
TEMPERATURE (F)
 YESTERDAY
  MAXIMUM         19    400 PM  81    1980  54    -35       64
  MINIMUM          8    540 AM  -7    1960  21    -13       18
  AVERAGE         14                        37    -23       41

PRECIPITATION (IN)
  YESTERDAY        0.11          0.70 1918   0.01   0.10     0.00
  MONTH TO DATE    1.13                      0.28   0.85     0.28
  SINCE DEC 1      1.62                      1.01   0.61     0.76
  SINCE JAN 1      1.38                      0.63   0.75     0.73

SNOWFALL (IN)
  YESTERDAY        4.7           9.1  1939   0.1    4.6      0.0
  MONTH TO DATE   23.4                       3.7   19.7      4.9
  SINCE DEC 1     31.1                      15.7   15.4     14.9
  SINCE JUL 1     41.0                      21.7   19.3     18.6
  SNOW DEPTH       9

DEGREE DAYS
 HEATING
  YESTERDAY       51                        28     23       24
  MONTH TO DATE  769                       844    -75      903
  SINCE DEC 1   2805                      2995   -190     3005
  SINCE JUL 1   3967                      4276   -309     4188

 COOLING
  YESTERDAY        0                         0      0        0
  MONTH TO DATE    0                         0      0        0
  SINCE DEC 1      0                         0      0        0
  SINCE JAN 1      0                         0      0        0
..................................................................


WIND (MPH)
  HIGHEST WIND SPEED    16   HIGHEST WIND DIRECTION     E (80)
  HIGHEST GUST SPEED    17   HIGHEST GUST DIRECTION     E (80)
  AVERAGE WIND SPEED     6.8


SKY COVER
  POSSIBLE SUNSHINE  MM
  AVERAGE SKY COVER 0.9


WEATHER CONDITIONS
 THE FOLLOWING WEATHER WAS RECORDED YESTERDAY.
  SNOW
  LIGHT SNOW
  FOG
  HAZE


RELATIVE HUMIDITY (PERCENT)
 HIGHEST    92          1200 AM
 LOWEST     62           400 PM
 AVERAGE    77

..........................................................


THE PUEBLO CO CLIMATE NORMALS FOR TODAY
                         NORMAL    RECORD    YEAR
 MAXIMUM TEMPERATURE (F)   54        79      2006
                                             1972
 MINIMUM TEMPERATURE (F)   21       -19      1962


SUNRISE AND SUNSET
FEBRUARY 28 2015......SUNRISE   632 AM MST   SUNSET   550 PM MST
MARCH  1 2015.........SUNRISE   630 AM MST   SUNSET   551 PM MST


-  INDICATES NEGATIVE NUMBERS.
R  INDICATES RECORD WAS SET OR TIED.
MM INDICATES DATA IS MISSING.
T  INDICATES TRACE AMOUNT.




$$
