201
CDUS45 KPUB 202325
CLIPUB


CLIMATE REPORT
NATIONAL WEATHER SERVICE PUEBLO
525 PM MDT MON MAR 20 2017


...................................

...THE PUEBLO CO CLIMATE SUMMARY FOR MARCH 20 2017...
VALID TODAY AS OF 0500 PM LOCAL TIME.

CLIMATE NORMAL PERIOD 1981 TO 2010
CLIMATE RECORD PERIOD 1888 TO 2017


WEATHER ITEM   OBSERVED TIME   RECORD YEAR NORMAL DEPARTURE LAST
                VALUE   (LST)  VALUE       VALUE  FROM      YEAR
                                                  NORMAL
..................................................................
TEMPERATURE (F)
 TODAY
  MAXIMUM         84R   315 PM  83    1997  60     24       59
  MINIMUM         39    609 AM  -7    1965  27     12       14
  AVERAGE         62                        44     18       37

PRECIPITATION (IN)
  TODAY            0.00          0.45 2005   0.04  -0.04     0.00
  MONTH TO DATE    0.00                      0.56  -0.56     0.10
  SINCE MAR 1      0.00                      0.56  -0.56     0.10
  SINCE JAN 1      0.92                      1.21  -0.29     0.96

SNOWFALL (IN)
  TODAY            0.0           1.6  2006   0.2   -0.2      0.0
  MONTH TO DATE    0.0                       3.5   -3.5      1.1
  SINCE MAR 1      0.0                       3.5   -3.5      1.1
  SINCE JUL 1     14.2                      25.3  -11.1     25.3
  SNOW DEPTH       0

DEGREE DAYS
 HEATING
  TODAY            3                        21    -18       28
  MONTH TO DATE  302                       481   -179      375
  SINCE MAR 1    302                       481   -179      375
  SINCE JUL 1   3802                      4784   -982     3884

 COOLING
  TODAY            0                         0      0        0
  MONTH TO DATE    0                         0      0        0
  SINCE MAR 1      0                         0      0        0
  SINCE JAN 1      0                         0      0        0
..................................................................


WIND (MPH)
  HIGHEST WIND SPEED    18   HIGHEST WIND DIRECTION     S (200)
  HIGHEST GUST SPEED    26   HIGHEST GUST DIRECTION    SW (240)
  AVERAGE WIND SPEED     6.8


SKY COVER
  POSSIBLE SUNSHINE  MM
  AVERAGE SKY COVER 0.0


WEATHER CONDITIONS
 THE FOLLOWING WEATHER WAS RECORDED TODAY.
  NO SIGNIFICANT WEATHER WAS OBSERVED.


RELATIVE HUMIDITY (PERCENT)
 HIGHEST    38           600 AM
 LOWEST      8           300 PM
 AVERAGE    23

..........................................................


THE PUEBLO CO CLIMATE NORMALS FOR TOMORROW
                         NORMAL    RECORD    YEAR
 MAXIMUM TEMPERATURE (F)   61        82      2016
 MINIMUM TEMPERATURE (F)   27         9      1965


SUNRISE AND SUNSET
MARCH 20 2017.........SUNRISE   701 AM MDT   SUNSET   710 PM MDT
MARCH 21 2017.........SUNRISE   700 AM MDT   SUNSET   711 PM MDT


-  INDICATES NEGATIVE NUMBERS.
R  INDICATES RECORD WAS SET OR TIED.
MM INDICATES DATA IS MISSING.
T  INDICATES TRACE AMOUNT.




$$
