000
CDUS45 KPUB 291026
CLIPUB


CLIMATE REPORT
NATIONAL WEATHER SERVICE PUEBLO
425 AM MDT MON JUN 29 2015


...................................

...THE PUEBLO CO CLIMATE SUMMARY FOR JUNE 28 2015...

CLIMATE NORMAL PERIOD 1981 TO 2010
CLIMATE RECORD PERIOD 1888 TO 2015


WEATHER ITEM   OBSERVED TIME   RECORD YEAR NORMAL DEPARTURE LAST
                VALUE   (LST)  VALUE       VALUE  FROM      YEAR
                                                  NORMAL
..................................................................
TEMPERATURE (F)
 YESTERDAY
  MAXIMUM         96    110 PM 106    1990  92      4       90
  MINIMUM         62   1159 PM  44    1985  56      6       56
  AVERAGE         79                        74      5       73

PRECIPITATION (IN)
  YESTERDAY        0.02          0.54 1995   0.05  -0.03     0.00
  MONTH TO DATE    1.22                      1.26  -0.04     0.86
  SINCE JUN 1      1.22                      1.26  -0.04     0.86
  SINCE JAN 1     10.14                      5.75   4.39     5.06

SNOWFALL (IN)
  YESTERDAY        0.0           0.0  2002   0.0    0.0      0.0
                                      2001
  MONTH TO DATE    0.0                       0.0    0.0       T
  SINCE JUN 1      0.0                       0.0    0.0       T
  SINCE JUL 1     42.8                      31.8   11.0     29.3
  SNOW DEPTH       0

DEGREE DAYS
 HEATING
  YESTERDAY        0                         0      0        0
  MONTH TO DATE    0                        22    -22        3
  SINCE JUN 1      0                        22    -22        3
  SINCE JUL 1   5254                      5635   -381     5416

 COOLING
  YESTERDAY       14                         9      5        8
  MONTH TO DATE  217                       157     60      208
  SINCE JUN 1    217                       157     60      208
  SINCE JAN 1    221                       191     30      260
..................................................................


WIND (MPH)
  HIGHEST WIND SPEED    31   HIGHEST WIND DIRECTION     N (360)
  HIGHEST GUST SPEED    39   HIGHEST GUST DIRECTION     N (360)
  AVERAGE WIND SPEED     7.3


SKY COVER
  POSSIBLE SUNSHINE  MM
  AVERAGE SKY COVER 0.1


WEATHER CONDITIONS
 THE FOLLOWING WEATHER WAS RECORDED YESTERDAY.
  THUNDERSTORM
  LIGHT RAIN


RELATIVE HUMIDITY (PERCENT)
 HIGHEST    81          1000 PM
 LOWEST     15           100 PM
 AVERAGE    48

..........................................................


THE PUEBLO CO CLIMATE NORMALS FOR TODAY
                         NORMAL    RECORD    YEAR
 MAXIMUM TEMPERATURE (F)   92       108      1990
 MINIMUM TEMPERATURE (F)   56        45      1945


SUNRISE AND SUNSET
JUNE 29 2015..........SUNRISE   537 AM MDT   SUNSET   826 PM MDT
JUNE 30 2015..........SUNRISE   538 AM MDT   SUNSET   826 PM MDT


-  INDICATES NEGATIVE NUMBERS.
R  INDICATES RECORD WAS SET OR TIED.
MM INDICATES DATA IS MISSING.
T  INDICATES TRACE AMOUNT.




$$
