000
CDUS45 KPUB 161033
CLIPUB


CLIMATE REPORT
NATIONAL WEATHER SERVICE PUEBLO
433 AM MDT MON OCT 16 2017


...................................

...THE PUEBLO CO CLIMATE SUMMARY FOR OCTOBER 15 2017...

CLIMATE NORMAL PERIOD 1981 TO 2010
CLIMATE RECORD PERIOD 1888 TO 2017


WEATHER ITEM   OBSERVED TIME   RECORD YEAR NORMAL DEPARTURE LAST
                VALUE   (LST)  VALUE       VALUE  FROM      YEAR
                                                  NORMAL
..................................................................
TEMPERATURE (F)
 YESTERDAY
  MAXIMUM         66    344 PM  89    2016  70     -4       89
  MINIMUM         26    537 AM  21    1952  34     -8       49
  AVERAGE         46                        52     -6       69

PRECIPITATION (IN)
  YESTERDAY        0.00          1.02 1942   0.02  -0.02     0.00
  MONTH TO DATE    0.20                      0.36  -0.16      T
  SINCE SEP 1      1.40                      1.13   0.27     0.05
  SINCE JAN 1     15.66                     11.36   4.30    10.37

SNOWFALL (IN)
  YESTERDAY        0.0           0.6  1890   0.0    0.0      0.0
  MONTH TO DATE    0.0                       0.3   -0.3      0.0
  SINCE SEP 1      0.0                       0.6   -0.6      0.0
  SINCE JUL 1      0.0                       0.6   -0.6       T
  SNOW DEPTH       0

DEGREE DAYS
 HEATING
  YESTERDAY       19                        13      6        0
  MONTH TO DATE  141                       156    -15       96
  SINCE SEP 1    228                       249    -21      116
  SINCE JUL 1    228                       254    -26      116

 COOLING
  YESTERDAY        0                         0      0        4
  MONTH TO DATE    0                         0      0       17
  SINCE SEP 1    146                        83     63      189
  SINCE JAN 1   1027                       894    133     1354
..................................................................


WIND (MPH)
  HIGHEST WIND SPEED    12   HIGHEST WIND DIRECTION    SE (140)
  HIGHEST GUST SPEED    14   HIGHEST GUST DIRECTION     S (190)
  AVERAGE WIND SPEED     5.6


SKY COVER
  POSSIBLE SUNSHINE  MM
  AVERAGE SKY COVER 0.0


WEATHER CONDITIONS
 THE FOLLOWING WEATHER WAS RECORDED YESTERDAY.
  NO SIGNIFICANT WEATHER WAS OBSERVED.


RELATIVE HUMIDITY (PERCENT)
 HIGHEST    75           500 AM
 LOWEST     16           300 PM
 AVERAGE    46

..........................................................


THE PUEBLO CO CLIMATE NORMALS FOR TODAY
                         NORMAL    RECORD    YEAR
 MAXIMUM TEMPERATURE (F)   69        94      1991
 MINIMUM TEMPERATURE (F)   34        22      2001
                                             1890


SUNRISE AND SUNSET
OCTOBER 16 2017.......SUNRISE   708 AM MDT   SUNSET   618 PM MDT
OCTOBER 17 2017.......SUNRISE   709 AM MDT   SUNSET   617 PM MDT


-  INDICATES NEGATIVE NUMBERS.
R  INDICATES RECORD WAS SET OR TIED.
MM INDICATES DATA IS MISSING.
T  INDICATES TRACE AMOUNT.




$$
