000
CDUS45 KPUB 272321
CLIPUB


CLIMATE REPORT
NATIONAL WEATHER SERVICE PUEBLO
521 PM MDT WED MAY 27 2015


...................................

...THE PUEBLO CO CLIMATE SUMMARY FOR MAY 27 2015...
VALID TODAY AS OF 0500 PM LOCAL TIME.

CLIMATE NORMAL PERIOD 1981 TO 2010
CLIMATE RECORD PERIOD 1888 TO 2015


WEATHER ITEM   OBSERVED TIME   RECORD YEAR NORMAL DEPARTURE LAST
                VALUE   (LST)  VALUE       VALUE  FROM      YEAR
                                                  NORMAL
..................................................................
TEMPERATURE (F)
 TODAY
  MAXIMUM         79    310 PM  95    2006  80     -1       90
  MINIMUM         48    507 AM  34    1997  48      0       49
  AVERAGE         64                        64      0       70

PRECIPITATION (IN)
  TODAY            0.14          1.93 1902   0.05   0.09     0.00
  MONTH TO DATE    5.16                      1.32   3.84     0.45
  SINCE MAR 1      7.15                      3.65   3.50     3.27
  SINCE JAN 1      8.53                      4.30   4.23     4.00

SNOWFALL (IN)
  TODAY            T   R         0.0  2002   0.0    0.0      0.0
                                      2001
  MONTH TO DATE    T                         0.5   -0.5       T
  SINCE MAR 1      1.7                      10.0   -8.3     10.7
  SINCE JUL 1     42.8                      31.8   11.0     29.3
  SNOW DEPTH       0

DEGREE DAYS
 HEATING
  TODAY            1                         3     -2        0
  MONTH TO DATE  234                       162     72      156
  SINCE MAR 1   1222                      1299    -77     1208
  SINCE JUL 1   5244                      5602   -358     5413

 COOLING
  TODAY            0                         2     -2        5
  MONTH TO DATE    1                        22    -21       24
  SINCE MAR 1      1                        24    -23       26
  SINCE JAN 1      1                        24    -23       26
..................................................................


WIND (MPH)
  HIGHEST WIND SPEED    29   HIGHEST WIND DIRECTION     W (260)
  HIGHEST GUST SPEED    41   HIGHEST GUST DIRECTION     W (270)
  AVERAGE WIND SPEED     5.3


SKY COVER
  POSSIBLE SUNSHINE  MM
  AVERAGE SKY COVER 0.0


WEATHER CONDITIONS
 THE FOLLOWING WEATHER WAS RECORDED TODAY.
  THUNDERSTORM
  HEAVY RAIN
  RAIN
  LIGHT RAIN
  HAIL


RELATIVE HUMIDITY (PERCENT)
 HIGHEST    93           300 AM
 LOWEST     32           200 PM
 AVERAGE    63

..........................................................


THE PUEBLO CO CLIMATE NORMALS FOR TOMORROW
                         NORMAL    RECORD    YEAR
 MAXIMUM TEMPERATURE (F)   80        97      2000
                                             1974
                                             1951
 MINIMUM TEMPERATURE (F)   48        35      1915


SUNRISE AND SUNSET
MAY 27 2015...........SUNRISE   539 AM MDT   SUNSET   812 PM MDT
MAY 28 2015...........SUNRISE   538 AM MDT   SUNSET   813 PM MDT


-  INDICATES NEGATIVE NUMBERS.
R  INDICATES RECORD WAS SET OR TIED.
MM INDICATES DATA IS MISSING.
T  INDICATES TRACE AMOUNT.




$$
