766
CDUS45 KPUB 151158
CLIPUB


CLIMATE REPORT
NATIONAL WEATHER SERVICE PUEBLO
453 AM MST SUN JAN 15 2017


...................................

...THE PUEBLO CO CLIMATE SUMMARY FOR JANUARY 14 2017...

CLIMATE NORMAL PERIOD 1981 TO 2010
CLIMATE RECORD PERIOD 1888 TO 2017


WEATHER ITEM   OBSERVED TIME   RECORD YEAR NORMAL DEPARTURE LAST
                VALUE   (LST)  VALUE       VALUE  FROM      YEAR
                                                  NORMAL
..................................................................
TEMPERATURE (F)
 YESTERDAY
  MAXIMUM         46    309 PM  67    2006  47     -1       51
  MINIMUM         25   1110 PM -15    1979  14     11       22
  AVERAGE         36                        30      6       37

PRECIPITATION (IN)
  YESTERDAY        0.00          0.35 1960   0.01  -0.01     0.00
  MONTH TO DATE    0.41                      0.15   0.26     0.41
  SINCE DEC 1      1.17                      0.53   0.64     0.81
  SINCE JAN 1      0.41                      0.15   0.26     0.41

SNOWFALL (IN)
  YESTERDAY        0.0           5.9  1959   0.3   -0.3      0.0
  MONTH TO DATE    6.5                       2.9    3.6      5.0
  SINCE DEC 1     10.9                       8.4    2.5     10.5
  SINCE JUL 1     10.9                      14.4   -3.5     16.9
  SNOW DEPTH       0

DEGREE DAYS
 HEATING
  YESTERDAY       29                        35     -6       28
  MONTH TO DATE  518                       490     28      517
  SINCE DEC 1   1593                      1572     21     1464
  SINCE JUL 1   2375                      2853   -478     2338

 COOLING
  YESTERDAY        0                         0      0        0
  MONTH TO DATE    0                         0      0        0
  SINCE DEC 1      0                         0      0        0
  SINCE JAN 1      0                         0      0        0
..................................................................


WIND (MPH)
  HIGHEST WIND SPEED    10   HIGHEST WIND DIRECTION     N (360)
  HIGHEST GUST SPEED    13   HIGHEST GUST DIRECTION    SE (130)
  AVERAGE WIND SPEED     4.1


SKY COVER
  POSSIBLE SUNSHINE  MM
  AVERAGE SKY COVER 0.3


WEATHER CONDITIONS
 THE FOLLOWING WEATHER WAS RECORDED YESTERDAY.
  NO SIGNIFICANT WEATHER WAS OBSERVED.


RELATIVE HUMIDITY (PERCENT)
 HIGHEST    88           300 AM
 LOWEST     42           300 PM
 AVERAGE    65

..........................................................


THE PUEBLO CO CLIMATE NORMALS FOR TODAY
                         NORMAL    RECORD    YEAR
 MAXIMUM TEMPERATURE (F)   47        73      1999
 MINIMUM TEMPERATURE (F)   14       -14      2007


SUNRISE AND SUNSET
JANUARY 15 2017.......SUNRISE   713 AM MST   SUNSET   502 PM MST
JANUARY 16 2017.......SUNRISE   713 AM MST   SUNSET   503 PM MST


-  INDICATES NEGATIVE NUMBERS.
R  INDICATES RECORD WAS SET OR TIED.
MM INDICATES DATA IS MISSING.
T  INDICATES TRACE AMOUNT.




$$
