000
CDUS45 KPUB 181031
CLIPUB


CLIMATE REPORT
NATIONAL WEATHER SERVICE PUEBLO
430 AM MDT MON SEP 18 2017


...................................

...THE PUEBLO CO CLIMATE SUMMARY FOR SEPTEMBER 17 2017...

CLIMATE NORMAL PERIOD 1981 TO 2010
CLIMATE RECORD PERIOD 1888 TO 2017


WEATHER ITEM   OBSERVED TIME   RECORD YEAR NORMAL DEPARTURE LAST
                VALUE   (LST)  VALUE       VALUE  FROM      YEAR
                                                  NORMAL
..................................................................
TEMPERATURE (F)
 YESTERDAY
  MAXIMUM         75    509 PM  96    2004  81     -6       87
                                      2000
  MINIMUM         55   1030 PM  33    1903  47      8       47
  AVERAGE         65                        64      1       67

PRECIPITATION (IN)
  YESTERDAY        0.00          0.97 1971   0.02  -0.02     0.00
  MONTH TO DATE    T                         0.49  -0.49     0.05
  SINCE SEP 1      T                         0.49  -0.49     0.05
  SINCE JAN 1     14.26                     10.72   3.54    10.37

SNOWFALL (IN)
  YESTERDAY        0.0           7.3  1971   0.0    0.0      0.0
  MONTH TO DATE    0.0                       0.1   -0.1      0.0
  SINCE SEP 1      0.0                       0.1   -0.1      0.0
  SINCE JUL 1      0.0                       0.1   -0.1       T
  SNOW DEPTH       0

DEGREE DAYS
 HEATING
  YESTERDAY        0                         3     -3        0
  MONTH TO DATE    1                        27    -26        4
  SINCE SEP 1      1                        27    -26        4
  SINCE JUL 1      1                        32    -31        4

 COOLING
  YESTERDAY        0                         2     -2        2
  MONTH TO DATE  130                        67     63      117
  SINCE SEP 1    130                        67     63      117
  SINCE JAN 1   1011                       878    133     1282
..................................................................


WIND (MPH)
  HIGHEST WIND SPEED    30   HIGHEST WIND DIRECTION    NW (310)
  HIGHEST GUST SPEED    38   HIGHEST GUST DIRECTION    NW (310)
  AVERAGE WIND SPEED     8.4


SKY COVER
  POSSIBLE SUNSHINE  MM
  AVERAGE SKY COVER 0.6


WEATHER CONDITIONS
 THE FOLLOWING WEATHER WAS RECORDED YESTERDAY.
  NO SIGNIFICANT WEATHER WAS OBSERVED.


RELATIVE HUMIDITY (PERCENT)
 HIGHEST    72           700 AM
 LOWEST     33           600 PM
 AVERAGE    53

..........................................................


THE PUEBLO CO CLIMATE NORMALS FOR TODAY
                         NORMAL    RECORD    YEAR
 MAXIMUM TEMPERATURE (F)   81        96      2004
 MINIMUM TEMPERATURE (F)   47        33      2006
                                             1971


SUNRISE AND SUNSET
SEPTEMBER 18 2017.....SUNRISE   643 AM MDT   SUNSET   701 PM MDT
SEPTEMBER 19 2017.....SUNRISE   643 AM MDT   SUNSET   659 PM MDT


-  INDICATES NEGATIVE NUMBERS.
R  INDICATES RECORD WAS SET OR TIED.
MM INDICATES DATA IS MISSING.
T  INDICATES TRACE AMOUNT.




$$
