000
CDUS45 KPUB 011155
CLIPUB


CLIMATE REPORT
NATIONAL WEATHER SERVICE PUEBLO
455 AM MST SUN MAR 1 2015


...................................

...THE PUEBLO CO CLIMATE SUMMARY FOR FEBRUARY 28 2015...

CLIMATE NORMAL PERIOD 1981 TO 2010
CLIMATE RECORD PERIOD 1888 TO 2015


WEATHER ITEM   OBSERVED TIME   RECORD YEAR NORMAL DEPARTURE LAST
                VALUE   (LST)  VALUE       VALUE  FROM      YEAR
                                                  NORMAL
..................................................................
TEMPERATURE (F)
 YESTERDAY
  MAXIMUM         20    800 PM  79    2006  54    -34       65
                                      1972
  MINIMUM          0    650 AM -19    1962  21    -21       30
  AVERAGE         10                        38    -28       48

PRECIPITATION (IN)
  YESTERDAY        T             0.58 1931   0.02  -0.02     0.00
  MONTH TO DATE    1.13                      0.30   0.83     0.28
  SINCE DEC 1      1.62                      1.03   0.59     0.76
  SINCE JAN 1      1.38                      0.65   0.73     0.73

SNOWFALL (IN)
  YESTERDAY        0.1           6.7  1931   0.1    0.0      0.0
  MONTH TO DATE   23.5                       3.8   19.7      4.9
  SINCE DEC 1     31.2                      15.8   15.4     14.9
  SINCE JUL 1     41.1                      21.8   19.3     18.6
  SNOW DEPTH       3

DEGREE DAYS
 HEATING
  YESTERDAY       55                        27     28       17
  MONTH TO DATE  824                       871    -47      920
  SINCE DEC 1   2860                      3022   -162     3022
  SINCE JUL 1   4022                      4303   -281     4205

 COOLING
  YESTERDAY        0                         0      0        0
  MONTH TO DATE    0                         0      0        0
  SINCE DEC 1      0                         0      0        0
  SINCE JAN 1      0                         0      0        0
..................................................................


WIND (MPH)
  HIGHEST WIND SPEED     9   HIGHEST WIND DIRECTION     S (170)
  HIGHEST GUST SPEED    11   HIGHEST GUST DIRECTION     S (170)
  AVERAGE WIND SPEED     3.7


SKY COVER
  POSSIBLE SUNSHINE  MM
  AVERAGE SKY COVER 0.5


WEATHER CONDITIONS
 THE FOLLOWING WEATHER WAS RECORDED YESTERDAY.
  LIGHT SNOW
  FOG


RELATIVE HUMIDITY (PERCENT)
 HIGHEST    88           300 AM
 LOWEST     62           100 PM
 AVERAGE    75

..........................................................


THE PUEBLO CO CLIMATE NORMALS FOR TODAY
                         NORMAL    RECORD    YEAR
 MAXIMUM TEMPERATURE (F)   55        79      2008
 MINIMUM TEMPERATURE (F)   21       -13      1922


SUNRISE AND SUNSET
MARCH  1 2015.........SUNRISE   630 AM MST   SUNSET   551 PM MST
MARCH  2 2015.........SUNRISE   629 AM MST   SUNSET   552 PM MST


-  INDICATES NEGATIVE NUMBERS.
R  INDICATES RECORD WAS SET OR TIED.
MM INDICATES DATA IS MISSING.
T  INDICATES TRACE AMOUNT.




$$
