000
CDUS45 KPUB 092325
CLIPUB


CLIMATE REPORT
NATIONAL WEATHER SERVICE PUEBLO
525 PM MDT WED JUL 9 2014


...................................

...THE PUEBLO CO CLIMATE SUMMARY FOR JULY 9 2014...
VALID TODAY AS OF 0500 PM LOCAL TIME.

CLIMATE NORMAL PERIOD 1981 TO 2010
CLIMATE RECORD PERIOD 1888 TO 2014


WEATHER ITEM   OBSERVED TIME   RECORD YEAR NORMAL DEPARTURE LAST
                VALUE   (LST)  VALUE       VALUE  FROM      YEAR
                                                  NORMAL
..................................................................
TEMPERATURE (F)
 TODAY
  MAXIMUM         95    323 PM 101    2002  93      2      100
                                      1987
                                      1983
  MINIMUM         57    513 AM  51    1997  58     -1       67
                                      1905
  AVERAGE         76                        76      0       84

PRECIPITATION (IN)
  TODAY            0.00          1.48 1996   0.06  -0.06      T
  MONTH TO DATE    0.32                      0.50  -0.18     0.13
  SINCE JUN 1      1.18                      1.86  -0.68     0.40
  SINCE JAN 1      5.38                      6.35  -0.97     2.33

SNOWFALL (IN)
  TODAY            0.0           0.0  2002   0.0    0.0      0.0
                                      2001
  MONTH TO DATE    0.0                       0.0    0.0      0.0
  SINCE JUN 1      T                         0.0    0.0       T
  SINCE JUL 1      0.0                       0.0    0.0      0.0
  SNOW DEPTH       0

DEGREE DAYS
 HEATING
  TODAY            0                         0      0        0
  MONTH TO DATE    0                         0      0        0
  SINCE JUN 1      3                        25    -22       17
  SINCE JUL 1      0                         0      0        0

 COOLING
  TODAY           11                        11      0       19
  MONTH TO DATE   97                        94      3      103
  SINCE JUN 1    337                       269     68      406
  SINCE JAN 1    389                       303     86      479
..................................................................


WIND (MPH)
  HIGHEST WIND SPEED    12   HIGHEST WIND DIRECTION    SE (140)
  HIGHEST GUST SPEED    19   HIGHEST GUST DIRECTION     S (170)
  AVERAGE WIND SPEED     4.3


SKY COVER
  POSSIBLE SUNSHINE  MM
  AVERAGE SKY COVER 0.0


WEATHER CONDITIONS
 THE FOLLOWING WEATHER WAS RECORDED TODAY.
  NO SIGNIFICANT WEATHER WAS OBSERVED.


RELATIVE HUMIDITY (PERCENT)
 HIGHEST    93           500 AM
 LOWEST     15           400 PM
 AVERAGE    54

..........................................................


THE PUEBLO CO CLIMATE NORMALS FOR TOMORROW
                         NORMAL    RECORD    YEAR
 MAXIMUM TEMPERATURE (F)   94       103      1971
 MINIMUM TEMPERATURE (F)   58        49      1905
                                             1895


SUNRISE AND SUNSET
JULY  9 2014..........SUNRISE   543 AM MDT   SUNSET   824 PM MDT
JULY 10 2014..........SUNRISE   543 AM MDT   SUNSET   823 PM MDT


-  INDICATES NEGATIVE NUMBERS.
R  INDICATES RECORD WAS SET OR TIED.
MM INDICATES DATA IS MISSING.
T  INDICATES TRACE AMOUNT.




$$
