000
CDUS45 KPUB 302332
CLIPUB


CLIMATE REPORT
NATIONAL WEATHER SERVICE PUEBLO
531 PM MDT SAT MAY 30 2015


...................................

...THE PUEBLO CO CLIMATE SUMMARY FOR MAY 30 2015...
VALID TODAY AS OF 0500 PM LOCAL TIME.

CLIMATE NORMAL PERIOD 1981 TO 2010
CLIMATE RECORD PERIOD 1888 TO 2015


WEATHER ITEM   OBSERVED TIME   RECORD YEAR NORMAL DEPARTURE LAST
                VALUE   (LST)  VALUE       VALUE  FROM      YEAR
                                                  NORMAL
..................................................................
TEMPERATURE (F)
 TODAY
  MAXIMUM         69    330 PM 102    2000  81    -12       85
  MINIMUM         49    459 AM  39    1986  48      1       60
  AVERAGE         59                        65     -6       73

PRECIPITATION (IN)
  TODAY            0.07          1.38 1894   0.04   0.03     0.20
  MONTH TO DATE    5.55                      1.46   4.09     0.65
  SINCE MAR 1      7.54                      3.79   3.75     3.47
  SINCE JAN 1      8.92                      4.44   4.48     4.20

SNOWFALL (IN)
  TODAY            0.0           T    2001   0.0    0.0      0.0
  MONTH TO DATE    T                         0.5   -0.5       T
  SINCE MAR 1      1.7                      10.0   -8.3     10.7
  SINCE JUL 1     42.8                      31.8   11.0     29.3
  SNOW DEPTH       0

DEGREE DAYS
 HEATING
  TODAY            6                         3      3        0
  MONTH TO DATE  244                       171     73      156
  SINCE MAR 1   1232                      1308    -76     1208
  SINCE JUL 1   5254                      5611   -357     5413

 COOLING
  TODAY            0                         2     -2        8
  MONTH TO DATE    2                        28    -26       44
  SINCE MAR 1      2                        30    -28       46
  SINCE JAN 1      2                        30    -28       46
..................................................................


WIND (MPH)
  HIGHEST WIND SPEED    16   HIGHEST WIND DIRECTION     E (110)
  HIGHEST GUST SPEED    20   HIGHEST GUST DIRECTION     S (170)
  AVERAGE WIND SPEED     7.6


SKY COVER
  POSSIBLE SUNSHINE  MM
  AVERAGE SKY COVER 0.4


WEATHER CONDITIONS
 THE FOLLOWING WEATHER WAS RECORDED TODAY.
  RAIN
  LIGHT RAIN
  FOG


RELATIVE HUMIDITY (PERCENT)
 HIGHEST   100           500 AM
 LOWEST     55           300 PM
 AVERAGE    78

..........................................................


THE PUEBLO CO CLIMATE NORMALS FOR TOMORROW
                         NORMAL    RECORD    YEAR
 MAXIMUM TEMPERATURE (F)   81       102      2002
 MINIMUM TEMPERATURE (F)   49        32      2004


SUNRISE AND SUNSET
MAY 30 2015...........SUNRISE   537 AM MDT   SUNSET   814 PM MDT
MAY 31 2015...........SUNRISE   537 AM MDT   SUNSET   815 PM MDT


-  INDICATES NEGATIVE NUMBERS.
R  INDICATES RECORD WAS SET OR TIED.
MM INDICATES DATA IS MISSING.
T  INDICATES TRACE AMOUNT.




$$
