000
CDUS45 KPUB 172325
CLIPUB


CLIMATE REPORT
NATIONAL WEATHER SERVICE PUEBLO
525 PM MDT FRI MAR 17 2017


...................................

...THE PUEBLO CO CLIMATE SUMMARY FOR MARCH 17 2017...
VALID TODAY AS OF 0500 PM LOCAL TIME.

CLIMATE NORMAL PERIOD 1981 TO 2010
CLIMATE RECORD PERIOD 1888 TO 2017


WEATHER ITEM   OBSERVED TIME   RECORD YEAR NORMAL DEPARTURE LAST
                VALUE   (LST)  VALUE       VALUE  FROM      YEAR
                                                  NORMAL
..................................................................
TEMPERATURE (F)
 TODAY
  MAXIMUM         75    400 PM  80    2007  60     15       68
                                      1974
                                      1921
  MINIMUM         38        MM  -9    1892  26     12       20
  AVERAGE         57                        43     14       44

PRECIPITATION (IN)
  TODAY            0.00          0.76 1905   0.04  -0.04     0.00
  MONTH TO DATE    0.00                      0.46  -0.46      T
  SINCE MAR 1      0.00                      0.46  -0.46      T
  SINCE JAN 1      0.92                      1.11  -0.19     0.86

SNOWFALL (IN)
  TODAY            0.0           3.8  2008   0.2   -0.2      0.0
  MONTH TO DATE    0.0                       2.8   -2.8      0.0
  SINCE MAR 1      0.0                       2.8   -2.8      0.0
  SINCE JUL 1     14.2                      24.6  -10.4     24.2
  SNOW DEPTH      MM

DEGREE DAYS
 HEATING
  TODAY            8                        22    -14       21
  MONTH TO DATE  294                       416   -122      274
  SINCE MAR 1    294                       416   -122      274
  SINCE JUL 1   3794                      4719   -925     3783

 COOLING
  TODAY            0                         0      0        0
  MONTH TO DATE    0                         0      0        0
  SINCE MAR 1      0                         0      0        0
  SINCE JAN 1      0                         0      0        0
..................................................................


WIND (MPH)
  HIGHEST WIND SPEED    16   HIGHEST WIND DIRECTION    SE (120)
  HIGHEST GUST SPEED    23   HIGHEST GUST DIRECTION     S (170)
  AVERAGE WIND SPEED     5.7


SKY COVER
  POSSIBLE SUNSHINE  MM
  AVERAGE SKY COVER 0.0


WEATHER CONDITIONS
 THE FOLLOWING WEATHER WAS RECORDED TODAY.
  NO SIGNIFICANT WEATHER WAS OBSERVED.


RELATIVE HUMIDITY (PERCENT)
 HIGHEST    40           600 AM
 LOWEST     14           400 PM
 AVERAGE    27

..........................................................


THE PUEBLO CO CLIMATE NORMALS FOR TOMORROW
                         NORMAL    RECORD    YEAR
 MAXIMUM TEMPERATURE (F)   60        85      1907
 MINIMUM TEMPERATURE (F)   26        -4      1892


SUNRISE AND SUNSET
MARCH 17 2017.........SUNRISE   706 AM MDT   SUNSET   707 PM MDT
MARCH 18 2017.........SUNRISE   704 AM MDT   SUNSET   708 PM MDT


-  INDICATES NEGATIVE NUMBERS.
R  INDICATES RECORD WAS SET OR TIED.
MM INDICATES DATA IS MISSING.
T  INDICATES TRACE AMOUNT.




$$
