000
CDUS45 KPUB 261127
CLIPUB


CLIMATE REPORT
NATIONAL WEATHER SERVICE PUEBLO
427 AM MST MON JAN 26 2015


...................................

...THE PUEBLO CO CLIMATE SUMMARY FOR JANUARY 25 2015...

CLIMATE NORMAL PERIOD 1981 TO 2010
CLIMATE RECORD PERIOD 1888 TO 2015


WEATHER ITEM   OBSERVED TIME   RECORD YEAR NORMAL DEPARTURE LAST
                VALUE   (LST)  VALUE       VALUE  FROM      YEAR
                                                  NORMAL
..................................................................
TEMPERATURE (F)
 YESTERDAY
  MAXIMUM         58    310 PM  70    1890  47     11       62
  MINIMUM         24    615 AM -12    1940  14     10       25
  AVERAGE         41                        31     10       44

PRECIPITATION (IN)
  YESTERDAY        0.00          0.33 1932   0.01  -0.01     0.00
  MONTH TO DATE    0.19                      0.28  -0.09     0.08
  SINCE DEC 1      0.43                      0.66  -0.23     0.11
  SINCE JAN 1      0.19                      0.28  -0.09     0.08

SNOWFALL (IN)
  YESTERDAY        0.0           4.2  2004   0.3   -0.3      0.0
  MONTH TO DATE    4.3                       5.3   -1.0      2.7
  SINCE DEC 1      7.5                      10.8   -3.3      4.9
  SINCE JUL 1     17.4                      16.8    0.6      8.6
  SNOW DEPTH       0

DEGREE DAYS
 HEATING
  YESTERDAY       24                        34    -10       21
  MONTH TO DATE  843                       864    -21      818
  SINCE DEC 1   1912                      1946    -34     1873
  SINCE JUL 1   3074                      3227   -153     3056

 COOLING
  YESTERDAY        0                         0      0        0
  MONTH TO DATE    0                         0      0        0
  SINCE DEC 1      0                         0      0        0
  SINCE JAN 1      0                         0      0        0
..................................................................


WIND (MPH)
  HIGHEST WIND SPEED    13   HIGHEST WIND DIRECTION     N (20)
  HIGHEST GUST SPEED    15   HIGHEST GUST DIRECTION     N (20)
  AVERAGE WIND SPEED     3.6


SKY COVER
  POSSIBLE SUNSHINE  MM
  AVERAGE SKY COVER 0.0


WEATHER CONDITIONS
 THE FOLLOWING WEATHER WAS RECORDED YESTERDAY.
  NO SIGNIFICANT WEATHER WAS OBSERVED.


RELATIVE HUMIDITY (PERCENT)
 HIGHEST    88           400 AM
 LOWEST     32           200 PM
 AVERAGE    60

..........................................................


THE PUEBLO CO CLIMATE NORMALS FOR TODAY
                         NORMAL    RECORD    YEAR
 MAXIMUM TEMPERATURE (F)   47        74      1951
 MINIMUM TEMPERATURE (F)   14       -13      1996


SUNRISE AND SUNSET
JANUARY 26 2015.......SUNRISE   708 AM MST   SUNSET   514 PM MST
JANUARY 27 2015.......SUNRISE   707 AM MST   SUNSET   515 PM MST


-  INDICATES NEGATIVE NUMBERS.
R  INDICATES RECORD WAS SET OR TIED.
MM INDICATES DATA IS MISSING.
T  INDICATES TRACE AMOUNT.




$$
