000
CDUS45 KPUB 031053
CLIPUB


CLIMATE REPORT
NATIONAL WEATHER SERVICE PUEBLO
453 AM MDT TUE MAY 3 2016


...................................

...THE PUEBLO CO CLIMATE SUMMARY FOR MAY 2 2016...

CLIMATE NORMAL PERIOD 1981 TO 2010
CLIMATE RECORD PERIOD 1888 TO 2016


WEATHER ITEM   OBSERVED TIME   RECORD YEAR NORMAL DEPARTURE LAST
                VALUE   (LST)  VALUE       VALUE  FROM      YEAR
                                                  NORMAL
..................................................................
TEMPERATURE (F)
 YESTERDAY
  MAXIMUM         63    459 PM  89    1981  73    -10       83
  MINIMUM         32    438 AM  25    2011  40     -8       48
                                      1954
  AVERAGE         48                        56     -8       66

PRECIPITATION (IN)
  YESTERDAY        0.00          0.53 1990   0.05  -0.05      T
  MONTH TO DATE    T                         0.10  -0.10     0.02
  SINCE MAR 1      3.55                      2.43   1.12     2.01
  SINCE JAN 1      4.41                      3.08   1.33     3.39

SNOWFALL (IN)
  YESTERDAY        0.0           3.0  1990   0.1   -0.1      0.0
  MONTH TO DATE    0.0                       0.1   -0.1      0.0
  SINCE MAR 1      7.2                       9.6   -2.4      1.7
  SINCE JUL 1     31.4                      31.4    0.0     42.8
  SNOW DEPTH       0

DEGREE DAYS
 HEATING
  YESTERDAY       17                         9      8        0
  MONTH TO DATE   40                        19     21        3
  SINCE MAR 1   1004                      1156   -152      991
  SINCE JUL 1   4513                      5459   -946     5013

 COOLING
  YESTERDAY        0                         0      0        1
  MONTH TO DATE    0                         0      0        1
  SINCE MAR 1      0                         2     -2        1
  SINCE JAN 1      0                         2     -2        1
..................................................................


WIND (MPH)
  HIGHEST WIND SPEED    12   HIGHEST WIND DIRECTION    NE (30)
  HIGHEST GUST SPEED    15   HIGHEST GUST DIRECTION     E (80)
  AVERAGE WIND SPEED     4.8


SKY COVER
  POSSIBLE SUNSHINE  MM
  AVERAGE SKY COVER 0.1


WEATHER CONDITIONS
 THE FOLLOWING WEATHER WAS RECORDED YESTERDAY.
  NO SIGNIFICANT WEATHER WAS OBSERVED.


RELATIVE HUMIDITY (PERCENT)
 HIGHEST    89           600 AM
 LOWEST     25           500 PM
 AVERAGE    57

..........................................................


THE PUEBLO CO CLIMATE NORMALS FOR TODAY
                         NORMAL    RECORD    YEAR
 MAXIMUM TEMPERATURE (F)   73        92      1947
 MINIMUM TEMPERATURE (F)   40        23      2013
                                             2011


SUNRISE AND SUNSET
MAY  3 2016...........SUNRISE   558 AM MDT   SUNSET   752 PM MDT
MAY  4 2016...........SUNRISE   557 AM MDT   SUNSET   753 PM MDT


-  INDICATES NEGATIVE NUMBERS.
R  INDICATES RECORD WAS SET OR TIED.
MM INDICATES DATA IS MISSING.
T  INDICATES TRACE AMOUNT.




$$
