000
CDUS45 KPUB 150025
CLIPUB


CLIMATE REPORT
NATIONAL WEATHER SERVICE PUEBLO
625 PM MDT THU SEP 14 2017


...................................

...THE PUEBLO CO CLIMATE SUMMARY FOR SEPTEMBER 14 2017...
VALID TODAY AS OF 0500 PM LOCAL TIME.

CLIMATE NORMAL PERIOD 1981 TO 2010
CLIMATE RECORD PERIOD 1888 TO 2017


WEATHER ITEM   OBSERVED TIME   RECORD YEAR NORMAL DEPARTURE LAST
                VALUE   (LST)  VALUE       VALUE  FROM      YEAR
                                                  NORMAL
..................................................................
TEMPERATURE (F)
 TODAY
  MAXIMUM         93    258 PM  97    1956  83     10       80
  MINIMUM         52    517 AM  31    1993  49      3       53
  AVERAGE         73                        66      7       67

PRECIPITATION (IN)
  TODAY            0.00          0.55 1917   0.02  -0.02     0.04
  MONTH TO DATE    T                         0.43  -0.43     0.05
  SINCE SEP 1      T                         0.43  -0.43     0.05
  SINCE JAN 1     14.26                     10.66   3.60    10.37

SNOWFALL (IN)
  TODAY            0.0           0.0  2002   0.1   -0.1      0.0
  MONTH TO DATE    0.0                       0.1   -0.1      0.0
  SINCE SEP 1      0.0                       0.1   -0.1      0.0
  SINCE JUL 1      0.0                       0.1   -0.1       T
  SNOW DEPTH       0

DEGREE DAYS
 HEATING
  TODAY            0                         2     -2        0
  MONTH TO DATE    0                        18    -18        2
  SINCE SEP 1      0                        18    -18        2
  SINCE JUL 1      0                        23    -23        2

 COOLING
  TODAY            8                         3      5        2
  MONTH TO DATE  120                        60     60      113
  SINCE SEP 1    120                        60     60      113
  SINCE JAN 1   1001                       871    130     1278
..................................................................


WIND (MPH)
  HIGHEST WIND SPEED    24   HIGHEST WIND DIRECTION    NW (300)
  HIGHEST GUST SPEED    29   HIGHEST GUST DIRECTION     W (280)
  AVERAGE WIND SPEED     8.3


SKY COVER
  POSSIBLE SUNSHINE  MM
  AVERAGE SKY COVER 0.0


WEATHER CONDITIONS
 THE FOLLOWING WEATHER WAS RECORDED TODAY.
  NO SIGNIFICANT WEATHER WAS OBSERVED.


RELATIVE HUMIDITY (PERCENT)
 HIGHEST    66           500 AM
 LOWEST     13           100 PM
 AVERAGE    40

..........................................................


THE PUEBLO CO CLIMATE NORMALS FOR TOMORROW
                         NORMAL    RECORD    YEAR
 MAXIMUM TEMPERATURE (F)   82        99      1990
 MINIMUM TEMPERATURE (F)   48        32      1993


SUNRISE AND SUNSET
SEPTEMBER 14 2017.....SUNRISE   639 AM MDT   SUNSET   707 PM MDT
SEPTEMBER 15 2017.....SUNRISE   640 AM MDT   SUNSET   706 PM MDT


-  INDICATES NEGATIVE NUMBERS.
R  INDICATES RECORD WAS SET OR TIED.
MM INDICATES DATA IS MISSING.
T  INDICATES TRACE AMOUNT.




$$
