000
CDUS45 KPUB 151154
CLIPUB


CLIMATE REPORT
NATIONAL WEATHER SERVICE PUEBLO
453 AM MST WED NOV 15 2017


...................................

...THE PUEBLO CO CLIMATE SUMMARY FOR NOVEMBER 14 2017...

CLIMATE NORMAL PERIOD 1981 TO 2010
CLIMATE RECORD PERIOD 1888 TO 2017


WEATHER ITEM   OBSERVED TIME   RECORD YEAR NORMAL DEPARTURE LAST
                VALUE   (LST)  VALUE       VALUE  FROM      YEAR
                                                  NORMAL
..................................................................
TEMPERATURE (F)
 YESTERDAY
  MAXIMUM         77    336 PM  82    1990  57     20       75
  MINIMUM         30    248 AM  -8    1916  23      7       25
  AVERAGE         54                        40     14       50

PRECIPITATION (IN)
  YESTERDAY        0.00          0.68 1985   0.01  -0.01     0.00
  MONTH TO DATE    0.22                      0.23  -0.01     0.00
  SINCE SEP 1      1.63                      1.72  -0.09     0.05
  SINCE JAN 1     15.89                     11.95   3.94    10.37

SNOWFALL (IN)
  YESTERDAY        0.0          16.0  1985   0.1   -0.1      0.0
  MONTH TO DATE    1.4                       1.7   -0.3      0.0
  SINCE SEP 1      1.4                       3.3   -1.9      0.0
  SINCE JUL 1      1.4                       3.3   -1.9       T
  SNOW DEPTH       0

DEGREE DAYS
 HEATING
  YESTERDAY       11                        25    -14       15
  MONTH TO DATE  273                       309    -36      207
  SINCE SEP 1    730                       814    -84      421
  SINCE JUL 1    730                       819    -89      421

 COOLING
  YESTERDAY        0                         0      0        0
  MONTH TO DATE    0                         0      0        0
  SINCE SEP 1    146                        86     60      193
  SINCE JAN 1   1027                       897    130     1358
..................................................................


WIND (MPH)
  HIGHEST WIND SPEED    23   HIGHEST WIND DIRECTION     W (280)
  HIGHEST GUST SPEED    28   HIGHEST GUST DIRECTION     W (290)
  AVERAGE WIND SPEED     7.1


SKY COVER
  POSSIBLE SUNSHINE  MM
  AVERAGE SKY COVER 0.0


WEATHER CONDITIONS
 THE FOLLOWING WEATHER WAS RECORDED YESTERDAY.
  NO SIGNIFICANT WEATHER WAS OBSERVED.


RELATIVE HUMIDITY (PERCENT)
 HIGHEST    75           100 AM
 LOWEST      8           300 PM
 AVERAGE    42

..........................................................


THE PUEBLO CO CLIMATE NORMALS FOR TODAY
                         NORMAL    RECORD    YEAR
 MAXIMUM TEMPERATURE (F)   56        81      2016
 MINIMUM TEMPERATURE (F)   23        -4      1997
                                             1955


SUNRISE AND SUNSET
NOVEMBER 15 2017......SUNRISE   640 AM MST   SUNSET   445 PM MST
NOVEMBER 16 2017......SUNRISE   641 AM MST   SUNSET   445 PM MST


-  INDICATES NEGATIVE NUMBERS.
R  INDICATES RECORD WAS SET OR TIED.
MM INDICATES DATA IS MISSING.
T  INDICATES TRACE AMOUNT.




$$
