000
CDUS45 KPUB 281038
CLIPUB


CLIMATE REPORT
NATIONAL WEATHER SERVICE PUEBLO
438 AM MDT SUN SEP 28 2014


...................................

...THE PUEBLO CO CLIMATE SUMMARY FOR SEPTEMBER 27 2014...

CLIMATE NORMAL PERIOD 1981 TO 2010
CLIMATE RECORD PERIOD 1888 TO 2014


WEATHER ITEM   OBSERVED TIME   RECORD YEAR NORMAL DEPARTURE LAST
                VALUE   (LST)  VALUE       VALUE  FROM      YEAR
                                                  NORMAL
..................................................................
TEMPERATURE (F)
 YESTERDAY
  MAXIMUM         87    339 PM  94    2010  77     10       84
                                      1953
  MINIMUM         47    545 AM  29    1908  42      5       46
  AVERAGE         67                        60      7       65

PRECIPITATION (IN)
  YESTERDAY        0.00          0.82 1976   0.02  -0.02     0.00
  MONTH TO DATE    0.35                      0.71  -0.36     1.27
  SINCE SEP 1      0.35                      0.71  -0.36     1.27
  SINCE JAN 1      9.95                     10.94  -0.99     9.07

SNOWFALL (IN)
  YESTERDAY        0.0           4.3  1935   0.0    0.0      0.0
  MONTH TO DATE    0.0                       0.2   -0.2      0.0
  SINCE SEP 1      0.0                       0.2   -0.2      0.0
  SINCE JUL 1      T                         0.2   -0.2       T
  SNOW DEPTH       0

DEGREE DAYS
 HEATING
  YESTERDAY        0                         6     -6        0
  MONTH TO DATE   46                        74    -28       10
  SINCE SEP 1     46                        74    -28       10
  SINCE JUL 1     47                        79    -32       10

 COOLING
  YESTERDAY        2                         1      1        0
  MONTH TO DATE  123                        80     43      162
  SINCE SEP 1    123                        80     43      162
  SINCE JAN 1    998                       891    107     1222
..................................................................


WIND (MPH)
  HIGHEST WIND SPEED    15   HIGHEST WIND DIRECTION     E (100)
  HIGHEST GUST SPEED    20   HIGHEST GUST DIRECTION     E (80)
  AVERAGE WIND SPEED     4.7


SKY COVER
  POSSIBLE SUNSHINE  MM
  AVERAGE SKY COVER 0.0


WEATHER CONDITIONS
 THE FOLLOWING WEATHER WAS RECORDED YESTERDAY.
  NO SIGNIFICANT WEATHER WAS OBSERVED.


RELATIVE HUMIDITY (PERCENT)
 HIGHEST    63           400 AM
 LOWEST     14           400 PM
 AVERAGE    39

..........................................................


THE PUEBLO CO CLIMATE NORMALS FOR TODAY
                         NORMAL    RECORD    YEAR
 MAXIMUM TEMPERATURE (F)   76        94      1998
 MINIMUM TEMPERATURE (F)   42        27      1999


SUNRISE AND SUNSET
SEPTEMBER 28 2014.....SUNRISE   651 AM MDT   SUNSET   646 PM MDT
SEPTEMBER 29 2014.....SUNRISE   652 AM MDT   SUNSET   644 PM MDT


-  INDICATES NEGATIVE NUMBERS.
R  INDICATES RECORD WAS SET OR TIED.
MM INDICATES DATA IS MISSING.
T  INDICATES TRACE AMOUNT.




$$
