089
CDUS45 KPUB 180036
CLIPUB


CLIMATE REPORT
NATIONAL WEATHER SERVICE PUEBLO
536 PM MST TUE JAN 17 2017


...................................

...THE PUEBLO CO CLIMATE SUMMARY FOR JANUARY 17 2017...
VALID TODAY AS OF 0500 PM LOCAL TIME.

CLIMATE NORMAL PERIOD 1981 TO 2010
CLIMATE RECORD PERIOD 1888 TO 2017


WEATHER ITEM   OBSERVED TIME   RECORD YEAR NORMAL DEPARTURE LAST
                VALUE   (LST)  VALUE       VALUE  FROM      YEAR
                                                  NORMAL
..................................................................
TEMPERATURE (F)
 TODAY
  MAXIMUM         40    223 PM  70    1974  47     -7       33
                                      1971
                                      1923
  MINIMUM         25    706 AM -15    2001  14     11       16
  AVERAGE         33                        31      2       25

PRECIPITATION (IN)
  TODAY            0.00          0.42 1956   0.01  -0.01     0.00
  MONTH TO DATE    0.73                      0.19   0.54     0.41
  SINCE DEC 1      1.49                      0.57   0.92     0.81
  SINCE JAN 1      0.73                      0.19   0.54     0.41

SNOWFALL (IN)
  TODAY            0.0           6.9  1956   0.2   -0.2      0.0
  MONTH TO DATE    8.7                       3.5    5.2      5.0
  SINCE DEC 1     13.1                       9.0    4.1     10.5
  SINCE JUL 1     13.1                      15.0   -1.9     16.9
  SNOW DEPTH       0

DEGREE DAYS
 HEATING
  TODAY           32                        34     -2       40
  MONTH TO DATE  614                       592     22      630
  SINCE DEC 1   1689                      1674     15     1577
  SINCE JUL 1   2471                      2955   -484     2451

 COOLING
  TODAY            0                         0      0        0
  MONTH TO DATE    0                         0      0        0
  SINCE DEC 1      0                         0      0        0
  SINCE JAN 1      0                         0      0        0
..................................................................


WIND (MPH)
  HIGHEST WIND SPEED     9   HIGHEST WIND DIRECTION    SE (140)
  HIGHEST GUST SPEED    12   HIGHEST GUST DIRECTION     S (170)
  AVERAGE WIND SPEED     2.5


SKY COVER
  POSSIBLE SUNSHINE  MM
  AVERAGE SKY COVER 0.7


WEATHER CONDITIONS
 THE FOLLOWING WEATHER WAS RECORDED TODAY.
  FOG
  FOG W/VISIBILITY <= 1/4 MILE
  HAZE


RELATIVE HUMIDITY (PERCENT)
 HIGHEST   100           500 AM
 LOWEST     85           100 PM
 AVERAGE    93

..........................................................


THE PUEBLO CO CLIMATE NORMALS FOR TOMORROW
                         NORMAL    RECORD    YEAR
 MAXIMUM TEMPERATURE (F)   47        71      1999
                                             1920
 MINIMUM TEMPERATURE (F)   14       -22      1943


SUNRISE AND SUNSET
JANUARY 17 2017.......SUNRISE   713 AM MST   SUNSET   504 PM MST
JANUARY 18 2017.......SUNRISE   712 AM MST   SUNSET   505 PM MST


-  INDICATES NEGATIVE NUMBERS.
R  INDICATES RECORD WAS SET OR TIED.
MM INDICATES DATA IS MISSING.
T  INDICATES TRACE AMOUNT.




$$
