000
CDUS45 KPUB 190035
CLIPUB


CLIMATE REPORT
NATIONAL WEATHER SERVICE PUEBLO
632 PM MDT THU AUG 18 2016


...................................

...THE PUEBLO CO CLIMATE SUMMARY FOR AUGUST 18 2016...
VALID TODAY AS OF 0500 PM LOCAL TIME.

CLIMATE NORMAL PERIOD 1981 TO 2010
CLIMATE RECORD PERIOD 1888 TO 2016


WEATHER ITEM   OBSERVED TIME   RECORD YEAR NORMAL DEPARTURE LAST
                VALUE   (LST)  VALUE       VALUE  FROM      YEAR
                                                  NORMAL
..................................................................
TEMPERATURE (F)
 TODAY
  MAXIMUM         95    148 PM 103    1986  89      6       82
  MINIMUM         56    537 AM  48    1960  58     -2       60
                                      1950
  AVERAGE         76                        73      3       71

PRECIPITATION (IN)
  TODAY            T             1.75 1953   0.08  -0.08     0.00
  MONTH TO DATE    0.82                      1.48  -0.66     4.23
  SINCE JUN 1      2.65                      4.90  -2.25     6.09
  SINCE JAN 1      9.82                      9.39   0.43    15.01

SNOWFALL (IN)
  TODAY            0.0           0.0  2002   0.0    0.0      0.0
  MONTH TO DATE    T                         0.0    0.0      0.0
  SINCE JUN 1      T                         0.0    0.0      0.0
  SINCE JUL 1      T                         0.0    0.0      0.0
  SNOW DEPTH       0

DEGREE DAYS
 HEATING
  TODAY            0                         0      0        0
  MONTH TO DATE    0                         0      0        0
  SINCE JUN 1      1                        26    -25        0
  SINCE JUL 1      0                         1     -1        0

 COOLING
  TODAY           11                         8      3        6
  MONTH TO DATE  230                       170     60      269
  SINCE JUN 1   1053                       681    372      912
  SINCE JAN 1   1083                       715    368      916
..................................................................


WIND (MPH)
  HIGHEST WIND SPEED    30   HIGHEST WIND DIRECTION     N (350)
  HIGHEST GUST SPEED    36   HIGHEST GUST DIRECTION     N (360)
  AVERAGE WIND SPEED     4.6


SKY COVER
  POSSIBLE SUNSHINE  MM
  AVERAGE SKY COVER 0.1


WEATHER CONDITIONS
 THE FOLLOWING WEATHER WAS RECORDED TODAY.
  THUNDERSTORM
  LIGHT RAIN


RELATIVE HUMIDITY (PERCENT)
 HIGHEST    77           500 AM
 LOWEST     18           200 PM
 AVERAGE    48

..........................................................


THE PUEBLO CO CLIMATE NORMALS FOR TOMORROW
                         NORMAL    RECORD    YEAR
 MAXIMUM TEMPERATURE (F)   89       100      1973
 MINIMUM TEMPERATURE (F)   57        50      2001
                                             1960


SUNRISE AND SUNSET
AUGUST 18 2016........SUNRISE   616 AM MDT   SUNSET   747 PM MDT
AUGUST 19 2016........SUNRISE   617 AM MDT   SUNSET   746 PM MDT


-  INDICATES NEGATIVE NUMBERS.
R  INDICATES RECORD WAS SET OR TIED.
MM INDICATES DATA IS MISSING.
T  INDICATES TRACE AMOUNT.




$$
