000
CDUS45 KPUB 251046
CLIPUB


CLIMATE REPORT
NATIONAL WEATHER SERVICE PUEBLO
446 AM MDT SAT JUL 25 2015


...................................

...THE PUEBLO CO CLIMATE SUMMARY FOR JULY 24 2015...

CLIMATE NORMAL PERIOD 1981 TO 2010
CLIMATE RECORD PERIOD 1888 TO 2015


WEATHER ITEM   OBSERVED TIME   RECORD YEAR NORMAL DEPARTURE LAST
                VALUE   (LST)  VALUE       VALUE  FROM      YEAR
                                                  NORMAL
..................................................................
TEMPERATURE (F)
 YESTERDAY
  MAXIMUM        101    313 PM 108    2003  93      8      100
  MINIMUM         64    434 AM  49    1995  60      4       63
  AVERAGE         83                        76      7       82

PRECIPITATION (IN)
  YESTERDAY        0.00          1.20 1904   0.07  -0.07     0.00
  MONTH TO DATE    0.64                      1.53  -0.89     2.10
  SINCE JUN 1      1.86                      2.89  -1.03     2.96
  SINCE JAN 1     10.78                      7.38   3.40     7.16

SNOWFALL (IN)
  YESTERDAY        0.0           0.0  2002   0.0    0.0      0.0
                                      2001
  MONTH TO DATE    0.0                       0.0    0.0      0.0
  SINCE JUN 1      0.0                       0.0    0.0       T
  SINCE JUL 1      0.0                       0.0    0.0      0.0
  SNOW DEPTH       0

DEGREE DAYS
 HEATING
  YESTERDAY        0                         0      0        0
  MONTH TO DATE    0                         0      0        0
  SINCE JUN 1      0                        25    -25        3
  SINCE JUL 1      0                         0      0        0

 COOLING
  YESTERDAY       18                        11      7       17
  MONTH TO DATE  291                       259     32      261
  SINCE JUN 1    534                       434    100      501
  SINCE JAN 1    538                       468     70      553
..................................................................


WIND (MPH)
  HIGHEST WIND SPEED    25   HIGHEST WIND DIRECTION     N (10)
  HIGHEST GUST SPEED    30   HIGHEST GUST DIRECTION     N (360)
  AVERAGE WIND SPEED    10.7


SKY COVER
  POSSIBLE SUNSHINE  MM
  AVERAGE SKY COVER 0.1


WEATHER CONDITIONS
 THE FOLLOWING WEATHER WAS RECORDED YESTERDAY.
  NO SIGNIFICANT WEATHER WAS OBSERVED.


RELATIVE HUMIDITY (PERCENT)
 HIGHEST    63           400 AM
 LOWEST     12           100 PM
 AVERAGE    38

..........................................................


THE PUEBLO CO CLIMATE NORMALS FOR TODAY
                         NORMAL    RECORD    YEAR
 MAXIMUM TEMPERATURE (F)   93       107      2003
 MINIMUM TEMPERATURE (F)   60        48      1995


SUNRISE AND SUNSET
JULY 25 2015..........SUNRISE   554 AM MDT   SUNSET   814 PM MDT
JULY 26 2015..........SUNRISE   555 AM MDT   SUNSET   814 PM MDT


-  INDICATES NEGATIVE NUMBERS.
R  INDICATES RECORD WAS SET OR TIED.
MM INDICATES DATA IS MISSING.
T  INDICATES TRACE AMOUNT.




$$
