000
CDUS45 KPUB 111035
CLIPUB


CLIMATE REPORT
NATIONAL WEATHER SERVICE PUEBLO
434 AM MDT WED OCT 11 2017


...................................

...THE PUEBLO CO CLIMATE SUMMARY FOR OCTOBER 10 2017...

CLIMATE NORMAL PERIOD 1981 TO 2010
CLIMATE RECORD PERIOD 1888 TO 2017


WEATHER ITEM   OBSERVED TIME   RECORD YEAR NORMAL DEPARTURE LAST
                VALUE   (LST)  VALUE       VALUE  FROM      YEAR
                                                  NORMAL
..................................................................
TEMPERATURE (F)
 YESTERDAY
  MAXIMUM         63    337 PM  89    1965  72     -9       84
  MINIMUM         26    555 AM  24    2009  36    -10       43
  AVERAGE         45                        54     -9       64

PRECIPITATION (IN)
  YESTERDAY        0.00          0.81 2005   0.02  -0.02     0.00
  MONTH TO DATE    0.20                      0.24  -0.04      T
  SINCE SEP 1      1.40                      1.01   0.39     0.05
  SINCE JAN 1     15.66                     11.24   4.42    10.37

SNOWFALL (IN)
  YESTERDAY        0.0           0.6  1946   0.0    0.0      0.0
  MONTH TO DATE    0.0                       0.2   -0.2      0.0
  SINCE SEP 1      0.0                       0.5   -0.5      0.0
  SINCE JUL 1      0.0                       0.5   -0.5       T
  SNOW DEPTH       0

DEGREE DAYS
 HEATING
  YESTERDAY       20                        11      9        1
  MONTH TO DATE   92                        94     -2       68
  SINCE SEP 1    179                       187     -8       88
  SINCE JUL 1    179                       192    -13       88

 COOLING
  YESTERDAY        0                         0      0        0
  MONTH TO DATE    0                         0      0       11
  SINCE SEP 1    146                        83     63      183
  SINCE JAN 1   1027                       894    133     1348
..................................................................


WIND (MPH)
  HIGHEST WIND SPEED    16   HIGHEST WIND DIRECTION    SE (120)
  HIGHEST GUST SPEED    18   HIGHEST GUST DIRECTION    SE (130)
  AVERAGE WIND SPEED     5.3


SKY COVER
  POSSIBLE SUNSHINE  MM
  AVERAGE SKY COVER 0.0


WEATHER CONDITIONS
 THE FOLLOWING WEATHER WAS RECORDED YESTERDAY.
  NO SIGNIFICANT WEATHER WAS OBSERVED.


RELATIVE HUMIDITY (PERCENT)
 HIGHEST    92          1200 AM
 LOWEST     27           300 PM
 AVERAGE    60

..........................................................


THE PUEBLO CO CLIMATE NORMALS FOR TODAY
                         NORMAL    RECORD    YEAR
 MAXIMUM TEMPERATURE (F)   71        94      2015
 MINIMUM TEMPERATURE (F)   36        20      1946


SUNRISE AND SUNSET
OCTOBER 11 2017.......SUNRISE   703 AM MDT   SUNSET   625 PM MDT
OCTOBER 12 2017.......SUNRISE   704 AM MDT   SUNSET   624 PM MDT


-  INDICATES NEGATIVE NUMBERS.
R  INDICATES RECORD WAS SET OR TIED.
MM INDICATES DATA IS MISSING.
T  INDICATES TRACE AMOUNT.




$$
