000
CDUS45 KPUB 102330
CLIPUB


CLIMATE REPORT
NATIONAL WEATHER SERVICE PUEBLO
530 PM MDT THU AUG 10 2017


...................................

...THE PUEBLO CO CLIMATE SUMMARY FOR AUGUST 10 2017...
VALID TODAY AS OF 0500 PM LOCAL TIME.

CLIMATE NORMAL PERIOD 1981 TO 2010
CLIMATE RECORD PERIOD 1888 TO 2017


WEATHER ITEM   OBSERVED TIME   RECORD YEAR NORMAL DEPARTURE LAST
                VALUE   (LST)  VALUE       VALUE  FROM      YEAR
                                                  NORMAL
..................................................................
TEMPERATURE (F)
 TODAY
  MAXIMUM         89    308 PM 101    2016  90     -1      101
                                      1995
  MINIMUM         58    454 AM  51    1892  59     -1       63
  AVERAGE         74                        74      0       82

PRECIPITATION (IN)
  TODAY            0.00          1.59 2015   0.09  -0.09      T
  MONTH TO DATE    0.26                      0.83  -0.57     0.23
  SINCE JUN 1      4.91                      4.25   0.66     2.06
  SINCE JAN 1     13.97                      8.74   5.23     9.23

SNOWFALL (IN)
  TODAY            0.0           0.0  2009   0.0    0.0      0.0
  MONTH TO DATE    0.0                       0.0    0.0      0.0
  SINCE JUN 1      0.0                       0.0    0.0       T
  SINCE JUL 1      0.0                       0.0    0.0       T
  SNOW DEPTH       0

DEGREE DAYS
 HEATING
  TODAY            0                         0      0        0
  MONTH TO DATE    0                         0      0        0
  SINCE JUN 1      5                        26    -21        1
  SINCE JUL 1      0                         1     -1        0

 COOLING
  TODAY            9                         9      0       17
  MONTH TO DATE   67                        99    -32      138
  SINCE JUN 1    702                       610     92      961
  SINCE JAN 1    712                       644     68      991
..................................................................


WIND (MPH)
  HIGHEST WIND SPEED    17   HIGHEST WIND DIRECTION    SE (120)
  HIGHEST GUST SPEED    22   HIGHEST GUST DIRECTION    SE (120)
  AVERAGE WIND SPEED     5.8


SKY COVER
  POSSIBLE SUNSHINE  MM
  AVERAGE SKY COVER 0.2


WEATHER CONDITIONS
 THE FOLLOWING WEATHER WAS RECORDED TODAY.
  FOG


RELATIVE HUMIDITY (PERCENT)
 HIGHEST    93           500 AM
 LOWEST     31           200 PM
 AVERAGE    62

..........................................................


THE PUEBLO CO CLIMATE NORMALS FOR TOMORROW
                         NORMAL    RECORD    YEAR
 MAXIMUM TEMPERATURE (F)   90       103      1995
 MINIMUM TEMPERATURE (F)   59        50      1968


SUNRISE AND SUNSET
AUGUST 10 2017........SUNRISE   609 AM MDT   SUNSET   758 PM MDT
AUGUST 11 2017........SUNRISE   609 AM MDT   SUNSET   756 PM MDT


-  INDICATES NEGATIVE NUMBERS.
R  INDICATES RECORD WAS SET OR TIED.
MM INDICATES DATA IS MISSING.
T  INDICATES TRACE AMOUNT.




$$
