000
CDUS45 KPUB 151141
CLIPUB


CLIMATE REPORT
NATIONAL WEATHER SERVICE PUEBLO
441 AM MST SAT NOV 15 2014


...................................

...THE PUEBLO CO CLIMATE SUMMARY FOR NOVEMBER 14 2014...

CLIMATE NORMAL PERIOD 1981 TO 2010
CLIMATE RECORD PERIOD 1888 TO 2014


WEATHER ITEM   OBSERVED TIME   RECORD YEAR NORMAL DEPARTURE LAST
                VALUE   (LST)  VALUE       VALUE  FROM      YEAR
                                                  NORMAL
..................................................................
TEMPERATURE (F)
 YESTERDAY
  MAXIMUM         22    928 PM  82    1990  57    -35       58
  MINIMUM          1    613 AM  -8    1916  23    -22       34
  AVERAGE         12                        40    -28       46

PRECIPITATION (IN)
  YESTERDAY        0.00          0.68 1985   0.01  -0.01     0.00
  MONTH TO DATE    0.24                      0.23   0.01     0.01
  SINCE SEP 1      1.77                      1.72   0.05     1.52
  SINCE JAN 1     11.37                     11.95  -0.58     9.32

SNOWFALL (IN)
  YESTERDAY        0.0          16.0  1985   0.1   -0.1      0.0
  MONTH TO DATE    5.4                       1.7    3.7       T
  SINCE SEP 1      5.4                       3.3    2.1      0.1
  SINCE JUL 1      5.4                       3.3    2.1      0.1
  SNOW DEPTH       3

DEGREE DAYS
 HEATING
  YESTERDAY       53                        25     28       19
  MONTH TO DATE  375                       309     66      299
  SINCE SEP 1    700                       814   -114      753
  SINCE JUL 1    701                       819   -118      753

 COOLING
  YESTERDAY        0                         0      0        0
  MONTH TO DATE    0                         0      0        0
  SINCE SEP 1    127                        86     41      170
  SINCE JAN 1   1002                       897    105     1230
..................................................................


WIND (MPH)
  HIGHEST WIND SPEED    10   HIGHEST WIND DIRECTION     E (80)
  HIGHEST GUST SPEED    12   HIGHEST GUST DIRECTION     E (80)
  AVERAGE WIND SPEED     4.4


SKY COVER
  POSSIBLE SUNSHINE  MM
  AVERAGE SKY COVER 0.1


WEATHER CONDITIONS
 THE FOLLOWING WEATHER WAS RECORDED YESTERDAY.
  NO SIGNIFICANT WEATHER WAS OBSERVED.


RELATIVE HUMIDITY (PERCENT)
 HIGHEST    88          1100 PM
 LOWEST     61          1000 AM
 AVERAGE    75

..........................................................


THE PUEBLO CO CLIMATE NORMALS FOR TODAY
                         NORMAL    RECORD    YEAR
 MAXIMUM TEMPERATURE (F)   56        80      1998
                                             1990
                                             1894
 MINIMUM TEMPERATURE (F)   23        -4      1997
                                             1955


SUNRISE AND SUNSET
NOVEMBER 15 2014......SUNRISE   639 AM MST   SUNSET   446 PM MST
NOVEMBER 16 2014......SUNRISE   640 AM MST   SUNSET   445 PM MST


-  INDICATES NEGATIVE NUMBERS.
R  INDICATES RECORD WAS SET OR TIED.
MM INDICATES DATA IS MISSING.
T  INDICATES TRACE AMOUNT.




$$
