000
CDUS45 KPUB 291021
CLIPUB


CLIMATE REPORT
NATIONAL WEATHER SERVICE PUEBLO
421 AM MDT MON SEP 29 2014


...................................

...THE PUEBLO CO CLIMATE SUMMARY FOR SEPTEMBER 28 2014...

CLIMATE NORMAL PERIOD 1981 TO 2010
CLIMATE RECORD PERIOD 1888 TO 2014


WEATHER ITEM   OBSERVED TIME   RECORD YEAR NORMAL DEPARTURE LAST
                VALUE   (LST)  VALUE       VALUE  FROM      YEAR
                                                  NORMAL
..................................................................
TEMPERATURE (F)
 YESTERDAY
  MAXIMUM         85    230 PM  94    1998  76      9       73
  MINIMUM         52    209 AM  27    1999  42     10       36
  AVERAGE         69                        59     10       55

PRECIPITATION (IN)
  YESTERDAY        0.00          0.75 1936   0.02  -0.02     0.00
  MONTH TO DATE    0.35                      0.73  -0.38     1.27
  SINCE SEP 1      0.35                      0.73  -0.38     1.27
  SINCE JAN 1      9.95                     10.96  -1.01     9.07

SNOWFALL (IN)
  YESTERDAY        0.0           6.6  1936   0.1   -0.1      0.0
  MONTH TO DATE    0.0                       0.3   -0.3      0.0
  SINCE SEP 1      0.0                       0.3   -0.3      0.0
  SINCE JUL 1      T                         0.3   -0.3       T
  SNOW DEPTH       0

DEGREE DAYS
 HEATING
  YESTERDAY        0                         7     -7       10
  MONTH TO DATE   46                        81    -35       20
  SINCE SEP 1     46                        81    -35       20
  SINCE JUL 1     47                        86    -39       20

 COOLING
  YESTERDAY        4                         1      3        0
  MONTH TO DATE  127                        81     46      162
  SINCE SEP 1    127                        81     46      162
  SINCE JAN 1   1002                       892    110     1222
..................................................................


WIND (MPH)
  HIGHEST WIND SPEED    26   HIGHEST WIND DIRECTION    NW (310)
  HIGHEST GUST SPEED    33   HIGHEST GUST DIRECTION    NW (310)
  AVERAGE WIND SPEED     7.6


SKY COVER
  POSSIBLE SUNSHINE  MM
  AVERAGE SKY COVER 0.1


WEATHER CONDITIONS
 THE FOLLOWING WEATHER WAS RECORDED YESTERDAY.
  NO SIGNIFICANT WEATHER WAS OBSERVED.


RELATIVE HUMIDITY (PERCENT)
 HIGHEST    72           300 AM
 LOWEST     24           300 PM
 AVERAGE    48

..........................................................


THE PUEBLO CO CLIMATE NORMALS FOR TODAY
                         NORMAL    RECORD    YEAR
 MAXIMUM TEMPERATURE (F)   76        94      2010
                                             1933
 MINIMUM TEMPERATURE (F)   41        21      1999


SUNRISE AND SUNSET
SEPTEMBER 29 2014.....SUNRISE   652 AM MDT   SUNSET   644 PM MDT
SEPTEMBER 30 2014.....SUNRISE   653 AM MDT   SUNSET   642 PM MDT


-  INDICATES NEGATIVE NUMBERS.
R  INDICATES RECORD WAS SET OR TIED.
MM INDICATES DATA IS MISSING.
T  INDICATES TRACE AMOUNT.




$$
