000
CDUS45 KPUB 221606
CLIPUB

CLIMATE REPORT...COR WEATHER CONDITIONS
NATIONAL WEATHER SERVICE PUEBLO
432 AM MDT FRI JUL 22 2016


...................................

...THE PUEBLO CO CLIMATE SUMMARY FOR JULY 21 2016...

CLIMATE NORMAL PERIOD 1981 TO 2010
CLIMATE RECORD PERIOD 1888 TO 2016


WEATHER ITEM   OBSERVED TIME   RECORD YEAR NORMAL DEPARTURE LAST
                VALUE   (LST)  VALUE       VALUE  FROM      YEAR
                                                  NORMAL
..................................................................
TEMPERATURE (F)
 YESTERDAY
  MAXIMUM        103    230 PM 106    2005  93     10       86
                                      1981
  MINIMUM         66    536 AM  48    1897  59      7       61
  AVERAGE         85                        76      9       74

PRECIPITATION (IN)
  YESTERDAY        T             0.97 1930   0.07  -0.07     0.07
  MONTH TO DATE    0.46                      1.30  -0.84     0.64
  SINCE JUN 1      1.24                      2.66  -1.42     1.86
  SINCE JAN 1      8.41                      7.15   1.26    10.78

SNOWFALL (IN)
  YESTERDAY        0.0           0.0  2002   0.0    0.0      0.0
                                      2001
  MONTH TO DATE    T                         0.0    0.0      0.0
  SINCE JUN 1      T                         0.0    0.0      0.0
  SINCE JUL 1      T                         0.0    0.0      0.0
  SNOW DEPTH       0

DEGREE DAYS
 HEATING
  YESTERDAY        0                         0      0        0
  MONTH TO DATE    0                         0      0        0
  SINCE JUN 1      1                        25    -24        0
  SINCE JUL 1      0                         0      0        0

 COOLING
  YESTERDAY       20                        11      9        9
  MONTH TO DATE  320                       226     94      244
  SINCE JUN 1    659                       401    258      487
  SINCE JAN 1    689                       435    254      491
..................................................................


WIND (MPH)
  HIGHEST WIND SPEED    35   HIGHEST WIND DIRECTION     N (350)
  HIGHEST GUST SPEED    41   HIGHEST GUST DIRECTION     N (350)
  AVERAGE WIND SPEED     9.5


SKY COVER
  POSSIBLE SUNSHINE  MM
  AVERAGE SKY COVER 0.0


WEATHER CONDITIONS
 THE FOLLOWING WEATHER WAS RECORDED YESTERDAY.
  LIGHT RAIN


RELATIVE HUMIDITY (PERCENT)
 HIGHEST    63           500 AM
 LOWEST     12           200 PM
 AVERAGE    38

..........................................................


THE PUEBLO CO CLIMATE NORMALS FOR TODAY
                         NORMAL    RECORD    YEAR
 MAXIMUM TEMPERATURE (F)   93       103      1982
                                             1963
                                             1931
 MINIMUM TEMPERATURE (F)   59        48      1988


SUNRISE AND SUNSET
JULY 22 2016..........SUNRISE   553 AM MDT   SUNSET   816 PM MDT
JULY 23 2016..........SUNRISE   553 AM MDT   SUNSET   815 PM MDT


-  INDICATES NEGATIVE NUMBERS.
R  INDICATES RECORD WAS SET OR TIED.
MM INDICATES DATA IS MISSING.
T  INDICATES TRACE AMOUNT.




$$
