000
CDUS45 KPUB 171114
CLIPUB


CLIMATE REPORT
NATIONAL WEATHER SERVICE PUEBLO
513 AM MDT THU APR 17 2014


...................................

...THE PUEBLO CO CLIMATE SUMMARY FOR APRIL 16 2014...

CLIMATE NORMAL PERIOD 1981 TO 2010
CLIMATE RECORD PERIOD 1888 TO 2014


WEATHER ITEM   OBSERVED TIME   RECORD YEAR NORMAL DEPARTURE LAST
                VALUE   (LST)  VALUE       VALUE  FROM      YEAR
                                                  NORMAL
..................................................................
TEMPERATURE (F)
 YESTERDAY
  MAXIMUM         63   1206 PM  85    2006  67     -4       53
                                      1985
                                      1964
  MINIMUM         35    520 AM  22    2011  34      1       34
  AVERAGE         49                        50     -1       44

PRECIPITATION (IN)
  YESTERDAY        0.09          1.07 2007   0.05   0.04     0.00
  MONTH TO DATE    1.09                      0.65   0.44     0.04
  SINCE MAR 1      1.85                      1.58   0.27     0.25
  SINCE JAN 1      2.58                      2.23   0.35     0.94

SNOWFALL (IN)
  YESTERDAY        0.0           1.2  1998   0.2   -0.2      0.0
  MONTH TO DATE    8.3                       2.4    5.9      0.8
  SINCE MAR 1     10.7                       8.1    2.6      6.5
  SINCE JUL 1     29.3                      29.9   -0.6     21.2
  SNOW DEPTH       0

DEGREE DAYS
 HEATING
  YESTERDAY       16                        14      2       21
  MONTH TO DATE  256                       266    -10      294
  SINCE MAR 1    928                       968    -40     1029
  SINCE JUL 1   5133                      5271   -138     5266

 COOLING
  YESTERDAY        0                         0      0        0
  MONTH TO DATE    2                         0      2        0
  SINCE MAR 1      2                         0      2        0
  SINCE JAN 1      2                         0      2        0
..................................................................


WIND (MPH)
  HIGHEST WIND SPEED    24   HIGHEST WIND DIRECTION    SE (130)
  HIGHEST GUST SPEED    32   HIGHEST GUST DIRECTION    SE (140)
  AVERAGE WIND SPEED     7.8


SKY COVER
  POSSIBLE SUNSHINE  MM
  AVERAGE SKY COVER 0.4


WEATHER CONDITIONS
 THE FOLLOWING WEATHER WAS RECORDED YESTERDAY.
  LIGHT RAIN
  FOG


RELATIVE HUMIDITY (PERCENT)
 HIGHEST    92          1000 PM
 LOWEST     22          1100 AM
 AVERAGE    57

..........................................................


THE PUEBLO CO CLIMATE NORMALS FOR TODAY
                         NORMAL    RECORD    YEAR
 MAXIMUM TEMPERATURE (F)   68        88      2006
                                             1954
 MINIMUM TEMPERATURE (F)   34        17      1901


SUNRISE AND SUNSET
APRIL 17 2014.........SUNRISE   620 AM MDT   SUNSET   736 PM MDT
APRIL 18 2014.........SUNRISE   618 AM MDT   SUNSET   737 PM MDT


-  INDICATES NEGATIVE NUMBERS.
R  INDICATES RECORD WAS SET OR TIED.
MM INDICATES DATA IS MISSING.
T  INDICATES TRACE AMOUNT.




$$
