000
CDUS45 KPUB 260033
CLIPUB


CLIMATE REPORT
NATIONAL WEATHER SERVICE PUEBLO
533 PM MST WED FEB 25 2015


...................................

...THE PUEBLO CO CLIMATE SUMMARY FOR FEBRUARY 25 2015...
VALID TODAY AS OF 0500 PM LOCAL TIME.

CLIMATE NORMAL PERIOD 1981 TO 2010
CLIMATE RECORD PERIOD 1888 TO 2015


WEATHER ITEM   OBSERVED TIME   RECORD YEAR NORMAL DEPARTURE LAST
                VALUE   (LST)  VALUE       VALUE  FROM      YEAR
                                                  NORMAL
..................................................................
TEMPERATURE (F)
 TODAY
  MAXIMUM         46    118 PM  80    1986  53     -7       49
  MINIMUM         18    626 AM  -7    1960  20     -2       17
  AVERAGE         32                        37     -5       33

PRECIPITATION (IN)
  TODAY            0.00          0.32 1977   0.02  -0.02      T
  MONTH TO DATE    0.74                      0.26   0.48     0.28
  SINCE DEC 1      1.23                      0.99   0.24     0.76
  SINCE JAN 1      0.99                      0.61   0.38     0.73

SNOWFALL (IN)
  TODAY            0.0           3.6  1977   0.1   -0.1       T
  MONTH TO DATE    9.8                       3.4    6.4      4.9
  SINCE DEC 1     17.5                      15.4    2.1     14.9
  SINCE JUL 1     27.4                      21.4    6.0     18.6
  SNOW DEPTH       1

DEGREE DAYS
 HEATING
  TODAY           33                        28      5       32
  MONTH TO DATE  674                       788   -114      843
  SINCE DEC 1   2710                      2939   -229     2945
  SINCE JUL 1   3872                      4220   -348     4128

 COOLING
  TODAY            0                         0      0        0
  MONTH TO DATE    0                         0      0        0
  SINCE DEC 1      0                         0      0        0
  SINCE JAN 1      0                         0      0        0
..................................................................


WIND (MPH)
  HIGHEST WIND SPEED    29   HIGHEST WIND DIRECTION     N (20)
  HIGHEST GUST SPEED    35   HIGHEST GUST DIRECTION     N (20)
  AVERAGE WIND SPEED     9.6


SKY COVER
  POSSIBLE SUNSHINE  MM
  AVERAGE SKY COVER 0.5


WEATHER CONDITIONS
 THE FOLLOWING WEATHER WAS RECORDED TODAY.
  NO SIGNIFICANT WEATHER WAS OBSERVED.


RELATIVE HUMIDITY (PERCENT)
 HIGHEST    84          1200 AM
 LOWEST     53          1100 AM
 AVERAGE    69

..........................................................


THE PUEBLO CO CLIMATE NORMALS FOR TOMORROW
                         NORMAL    RECORD    YEAR
 MAXIMUM TEMPERATURE (F)   54        80      1986
 MINIMUM TEMPERATURE (F)   20        -7      1964


SUNRISE AND SUNSET
FEBRUARY 25 2015......SUNRISE   636 AM MST   SUNSET   547 PM MST
FEBRUARY 26 2015......SUNRISE   634 AM MST   SUNSET   548 PM MST


-  INDICATES NEGATIVE NUMBERS.
R  INDICATES RECORD WAS SET OR TIED.
MM INDICATES DATA IS MISSING.
T  INDICATES TRACE AMOUNT.




$$
