000
CDUS45 KPUB 071157
CLIPUB


CLIMATE REPORT
NATIONAL WEATHER SERVICE PUEBLO
456 AM MST THU DEC 7 2017


...................................

...THE PUEBLO CO CLIMATE SUMMARY FOR DECEMBER 6 2017...

CLIMATE NORMAL PERIOD 1981 TO 2010
CLIMATE RECORD PERIOD 1888 TO 2017


WEATHER ITEM   OBSERVED TIME   RECORD YEAR NORMAL DEPARTURE LAST
                VALUE   (LST)  VALUE       VALUE  FROM      YEAR
                                                  NORMAL
..................................................................
TEMPERATURE (F)
 YESTERDAY
  MAXIMUM         42    132 PM  76    1939  47     -5       32
  MINIMUM         11    525 AM -19    1972  15     -4        8
  AVERAGE         27                        31     -4       20

PRECIPITATION (IN)
  YESTERDAY        0.00          0.54 1989   0.01  -0.01     0.00
  MONTH TO DATE    0.00                      0.08  -0.08     0.00
  SINCE DEC 1      0.00                      0.08  -0.08     0.00
  SINCE JAN 1     15.98                     12.27   3.71    11.15

SNOWFALL (IN)
  YESTERDAY        0.0           4.9  1978   0.2   -0.2      0.0
  MONTH TO DATE    0.0                       1.1   -1.1      0.0
  SINCE DEC 1      0.0                       1.1   -1.1      0.0
  SINCE JUL 1      1.4                       7.1   -5.7       T
  SNOW DEPTH       0

DEGREE DAYS
 HEATING
  YESTERDAY       38                        34      4       45
  MONTH TO DATE  155                       199    -44      213
  SINCE DEC 1    155                       199    -44      213
  SINCE JUL 1   1176                      1480   -304      995

 COOLING
  YESTERDAY        0                         0      0        0
  MONTH TO DATE    0                         0      0        0
  SINCE DEC 1      0                         0      0        0
  SINCE JAN 1   1027                       897    130     1358
..................................................................


WIND (MPH)
  HIGHEST WIND SPEED    17   HIGHEST WIND DIRECTION     N (10)
  HIGHEST GUST SPEED    21   HIGHEST GUST DIRECTION     N (10)
  AVERAGE WIND SPEED     5.1


SKY COVER
  POSSIBLE SUNSHINE  MM
  AVERAGE SKY COVER 0.4


WEATHER CONDITIONS
 THE FOLLOWING WEATHER WAS RECORDED YESTERDAY.
  NO SIGNIFICANT WEATHER WAS OBSERVED.


RELATIVE HUMIDITY (PERCENT)
 HIGHEST    67           700 AM
 LOWEST     28           700 PM
 AVERAGE    48

..........................................................


THE PUEBLO CO CLIMATE NORMALS FOR TODAY
                         NORMAL    RECORD    YEAR
 MAXIMUM TEMPERATURE (F)   47        76      1970
 MINIMUM TEMPERATURE (F)   15       -11      1972


SUNRISE AND SUNSET
DECEMBER  7 2017......SUNRISE   702 AM MST   SUNSET   438 PM MST
DECEMBER  8 2017......SUNRISE   703 AM MST   SUNSET   438 PM MST


-  INDICATES NEGATIVE NUMBERS.
R  INDICATES RECORD WAS SET OR TIED.
MM INDICATES DATA IS MISSING.
T  INDICATES TRACE AMOUNT.




$$
