000
CDUS45 KPUB 280020
CLIPUB


CLIMATE REPORT
NATIONAL WEATHER SERVICE PUEBLO
620 PM MDT SUN JUL 27 2014


...................................

...THE PUEBLO CO CLIMATE SUMMARY FOR JULY 27 2014...
VALID TODAY AS OF 0500 PM LOCAL TIME.

CLIMATE NORMAL PERIOD 1981 TO 2010
CLIMATE RECORD PERIOD 1888 TO 2014


WEATHER ITEM   OBSERVED TIME   RECORD YEAR NORMAL DEPARTURE LAST
                VALUE   (LST)  VALUE       VALUE  FROM      YEAR
                                                  NORMAL
..................................................................
TEMPERATURE (F)
 TODAY
  MAXIMUM         87    101 PM 103    1960  92     -5       97
  MINIMUM         60    501 AM  49    2004  60      0       58
  AVERAGE         74                        76     -2       78

PRECIPITATION (IN)
  TODAY            0.00          1.49 1921   0.07  -0.07      T
  MONTH TO DATE    2.34                      1.75   0.59     1.64
  SINCE JUN 1      3.20                      3.11   0.09     1.91
  SINCE JAN 1      7.40                      7.60  -0.20     3.84

SNOWFALL (IN)
  TODAY            0.0           0.0  2002   0.0    0.0      0.0
                                      2001
  MONTH TO DATE    0.0                       0.0    0.0      0.0
  SINCE JUN 1      T                         0.0    0.0       T
  SINCE JUL 1      0.0                       0.0    0.0      0.0
  SNOW DEPTH       0

DEGREE DAYS
 HEATING
  TODAY            0                         0      0        0
  MONTH TO DATE    0                         0      0        0
  SINCE JUN 1      3                        25    -22       17
  SINCE JUL 1      0                         0      0        0

 COOLING
  TODAY            9                        11     -2       13
  MONTH TO DATE  304                       292     12      323
  SINCE JUN 1    544                       467     77      626
  SINCE JAN 1    596                       501     95      699
..................................................................


WIND (MPH)
  HIGHEST WIND SPEED    18   HIGHEST WIND DIRECTION    SE (130)
  HIGHEST GUST SPEED    22   HIGHEST GUST DIRECTION    SE (150)
  AVERAGE WIND SPEED     6.3


SKY COVER
  POSSIBLE SUNSHINE  MM
  AVERAGE SKY COVER 0.1


WEATHER CONDITIONS
 THE FOLLOWING WEATHER WAS RECORDED TODAY.
  NO SIGNIFICANT WEATHER WAS OBSERVED.


RELATIVE HUMIDITY (PERCENT)
 HIGHEST    90           600 AM
 LOWEST     40           400 PM
 AVERAGE    65

..........................................................


THE PUEBLO CO CLIMATE NORMALS FOR TOMORROW
                         NORMAL    RECORD    YEAR
 MAXIMUM TEMPERATURE (F)   92       103      1978
 MINIMUM TEMPERATURE (F)   59        51      1913


SUNRISE AND SUNSET
JULY 27 2014..........SUNRISE   556 AM MDT   SUNSET   812 PM MDT
JULY 28 2014..........SUNRISE   557 AM MDT   SUNSET   812 PM MDT


-  INDICATES NEGATIVE NUMBERS.
R  INDICATES RECORD WAS SET OR TIED.
MM INDICATES DATA IS MISSING.
T  INDICATES TRACE AMOUNT.




$$
