000
CDUS45 KPUB 231039
CLIPUB


CLIMATE REPORT
NATIONAL WEATHER SERVICE PUEBLO
439 AM MDT WED JUL 23 2014


...................................

...THE PUEBLO CO CLIMATE SUMMARY FOR JULY 22 2014...

CLIMATE NORMAL PERIOD 1981 TO 2010
CLIMATE RECORD PERIOD 1888 TO 2014


WEATHER ITEM   OBSERVED TIME   RECORD YEAR NORMAL DEPARTURE LAST
                VALUE   (LST)  VALUE       VALUE  FROM      YEAR
                                                  NORMAL
..................................................................
TEMPERATURE (F)
 YESTERDAY
  MAXIMUM         97    220 PM 103    1982  93      4       99
                                      1963
                                      1931
  MINIMUM         59    438 AM  48    1988  59      0       62
  AVERAGE         78                        76      2       81

PRECIPITATION (IN)
  YESTERDAY        0.00          0.64 1895   0.08  -0.08     0.00
  MONTH TO DATE    2.10                      1.38   0.72     1.57
  SINCE JUN 1      2.96                      2.74   0.22     1.84
  SINCE JAN 1      7.16                      7.23  -0.07     3.77

SNOWFALL (IN)
  YESTERDAY        0.0           0.0  2002   0.0    0.0      0.0
                                      2001
  MONTH TO DATE    0.0                       0.0    0.0      0.0
  SINCE JUN 1      T                         0.0    0.0       T
  SINCE JUL 1      0.0                       0.0    0.0      0.0
  SNOW DEPTH       0

DEGREE DAYS
 HEATING
  YESTERDAY        0                         0      0        0
  MONTH TO DATE    0                         0      0        0
  SINCE JUN 1      3                        25    -22       17
  SINCE JUL 1      0                         0      0        0

 COOLING
  YESTERDAY       13                        11      2       16
  MONTH TO DATE  230                       237     -7      264
  SINCE JUN 1    470                       412     58      567
  SINCE JAN 1    522                       446     76      640
..................................................................


WIND (MPH)
  HIGHEST WIND SPEED    22   HIGHEST WIND DIRECTION     E (70)
  HIGHEST GUST SPEED    27   HIGHEST GUST DIRECTION     E (90)
  AVERAGE WIND SPEED     7.8


SKY COVER
  POSSIBLE SUNSHINE  MM
  AVERAGE SKY COVER 0.0


WEATHER CONDITIONS
 THE FOLLOWING WEATHER WAS RECORDED YESTERDAY.
  NO SIGNIFICANT WEATHER WAS OBSERVED.


RELATIVE HUMIDITY (PERCENT)
 HIGHEST    78           300 AM
 LOWEST     20          1200 PM
 AVERAGE    49

..........................................................


THE PUEBLO CO CLIMATE NORMALS FOR TODAY
                         NORMAL    RECORD    YEAR
 MAXIMUM TEMPERATURE (F)   93       105      2005
                                             1987
 MINIMUM TEMPERATURE (F)   59        52      1995


SUNRISE AND SUNSET
JULY 23 2014..........SUNRISE   553 AM MDT   SUNSET   816 PM MDT
JULY 24 2014..........SUNRISE   554 AM MDT   SUNSET   815 PM MDT


-  INDICATES NEGATIVE NUMBERS.
R  INDICATES RECORD WAS SET OR TIED.
MM INDICATES DATA IS MISSING.
T  INDICATES TRACE AMOUNT.




$$
