202
CDUS45 KPUB 261123
CLIPUB


CLIMATE REPORT
NATIONAL WEATHER SERVICE PUEBLO
517 AM MDT THU MAY 26 2016


...................................

...THE PUEBLO CO CLIMATE SUMMARY FOR MAY 25 2016...

CLIMATE NORMAL PERIOD 1981 TO 2010
CLIMATE RECORD PERIOD 1888 TO 2016


WEATHER ITEM   OBSERVED TIME   RECORD YEAR NORMAL DEPARTURE LAST
                VALUE   (LST)  VALUE       VALUE  FROM      YEAR
                                                  NORMAL
..................................................................
TEMPERATURE (F)
 YESTERDAY
  MAXIMUM         84    525 PM  94    1964  80      4       69
  MINIMUM         49    329 AM  32    2002  47      2       42
  AVERAGE         67                        63      4       56

PRECIPITATION (IN)
  YESTERDAY        0.00          1.50 1996   0.05  -0.05      T
  MONTH TO DATE    0.78                      1.22  -0.44     4.92
  SINCE MAR 1      4.33                      3.55   0.78     6.91
  SINCE JAN 1      5.19                      4.20   0.99     8.29

SNOWFALL (IN)
  YESTERDAY        0.0           0.0  2002   0.0    0.0      0.0
                                      2001
  MONTH TO DATE    0.0                       0.5   -0.5       T
  SINCE MAR 1      7.2                      10.0   -2.8      1.7
  SINCE JUL 1     31.4                      31.8   -0.4     42.8
  SNOW DEPTH       0

DEGREE DAYS
 HEATING
  YESTERDAY        0                         3     -3        9
  MONTH TO DATE  133                       156    -23      228
  SINCE MAR 1   1097                      1293   -196     1216
  SINCE JUL 1   4606                      5596   -990     5238

 COOLING
  YESTERDAY        2                         2      0        0
  MONTH TO DATE   28                        18     10        1
  SINCE MAR 1     28                        20      8        1
  SINCE JAN 1     28                        20      8        1
..................................................................


WIND (MPH)
  HIGHEST WIND SPEED    23   HIGHEST WIND DIRECTION    SW (220)
  HIGHEST GUST SPEED    29   HIGHEST GUST DIRECTION    SW (220)
  AVERAGE WIND SPEED     8.3


SKY COVER
  POSSIBLE SUNSHINE  MM
  AVERAGE SKY COVER 0.0


WEATHER CONDITIONS
 THE FOLLOWING WEATHER WAS RECORDED YESTERDAY.
  NO SIGNIFICANT WEATHER WAS OBSERVED.


RELATIVE HUMIDITY (PERCENT)
 HIGHEST    41           100 AM
 LOWEST      6           600 PM
 AVERAGE    24

..........................................................


THE PUEBLO CO CLIMATE NORMALS FOR TODAY
                         NORMAL    RECORD    YEAR
 MAXIMUM TEMPERATURE (F)   80        97      2012
 MINIMUM TEMPERATURE (F)   47        35      1950


SUNRISE AND SUNSET
MAY 26 2016...........SUNRISE   539 AM MDT   SUNSET   812 PM MDT
MAY 27 2016...........SUNRISE   538 AM MDT   SUNSET   813 PM MDT


-  INDICATES NEGATIVE NUMBERS.
R  INDICATES RECORD WAS SET OR TIED.
MM INDICATES DATA IS MISSING.
T  INDICATES TRACE AMOUNT.




$$
