265
CDUS45 KPUB 061144
CLIPUB


CLIMATE REPORT
NATIONAL WEATHER SERVICE PUEBLO
444 AM MST SAT FEB 6 2016


...................................

...THE PUEBLO CO CLIMATE SUMMARY FOR FEBRUARY 5 2016...

CLIMATE NORMAL PERIOD 1981 TO 2010
CLIMATE RECORD PERIOD 1888 TO 2016


WEATHER ITEM   OBSERVED TIME   RECORD YEAR NORMAL DEPARTURE LAST
                VALUE   (LST)  VALUE       VALUE  FROM      YEAR
                                                  NORMAL
..................................................................
TEMPERATURE (F)
 YESTERDAY
  MAXIMUM         39    325 PM  77    1963  48     -9       70
  MINIMUM         15   1159 PM -11    1982  15      0       20
  AVERAGE         27                        32     -5       45

PRECIPITATION (IN)
  YESTERDAY        0.03          0.32 1989   0.01   0.02     0.00
  MONTH TO DATE    0.35                      0.04   0.31      T
  SINCE DEC 1      1.28                      0.77   0.51     0.49
  SINCE JAN 1      0.88                      0.39   0.49     0.25

SNOWFALL (IN)
  YESTERDAY        0.4           7.5  1989   0.2    0.2      0.0
  MONTH TO DATE    5.8                       0.8    5.0       T
  SINCE DEC 1     17.8                      12.8    5.0      7.7
  SINCE JUL 1     24.2                      18.8    5.4     17.6
  SNOW DEPTH       1

DEGREE DAYS
 HEATING
  YESTERDAY       38                        33      5       20
  MONTH TO DATE  212                       168     44      133
  SINCE DEC 1   2143                      2319   -176     2169
  SINCE JUL 1   3017                      3600   -583     3331

 COOLING
  YESTERDAY        0                         0      0        0
  MONTH TO DATE    0                         0      0        0
  SINCE DEC 1      0                         0      0        0
  SINCE JAN 1      0                         0      0        0
..................................................................


WIND (MPH)
  HIGHEST WIND SPEED    17   HIGHEST WIND DIRECTION     N (360)
  HIGHEST GUST SPEED    22   HIGHEST GUST DIRECTION     N (360)
  AVERAGE WIND SPEED     5.0


SKY COVER
  POSSIBLE SUNSHINE  MM
  AVERAGE SKY COVER 0.4


WEATHER CONDITIONS
 THE FOLLOWING WEATHER WAS RECORDED YESTERDAY.
  LIGHT SNOW
  FOG


RELATIVE HUMIDITY (PERCENT)
 HIGHEST    88           700 AM
 LOWEST     33           100 PM
 AVERAGE    61

..........................................................


THE PUEBLO CO CLIMATE NORMALS FOR TODAY
                         NORMAL    RECORD    YEAR
 MAXIMUM TEMPERATURE (F)   48        78      2015
 MINIMUM TEMPERATURE (F)   15       -23      1989


SUNRISE AND SUNSET
FEBRUARY  6 2016......SUNRISE   659 AM MST   SUNSET   526 PM MST
FEBRUARY  7 2016......SUNRISE   658 AM MST   SUNSET   527 PM MST


-  INDICATES NEGATIVE NUMBERS.
R  INDICATES RECORD WAS SET OR TIED.
MM INDICATES DATA IS MISSING.
T  INDICATES TRACE AMOUNT.




$$
