000
CDUS45 KPUB 300023
CLIPUB


CLIMATE REPORT
NATIONAL WEATHER SERVICE PUEBLO
623 PM MDT WED OCT 29 2014


...................................

...THE PUEBLO CO CLIMATE SUMMARY FOR OCTOBER 29 2014...
VALID TODAY AS OF 0500 PM LOCAL TIME.

CLIMATE NORMAL PERIOD 1981 TO 2010
CLIMATE RECORD PERIOD 1888 TO 2014


WEATHER ITEM   OBSERVED TIME   RECORD YEAR NORMAL DEPARTURE LAST
                VALUE   (LST)  VALUE       VALUE  FROM      YEAR
                                                  NORMAL
..................................................................
TEMPERATURE (F)
 TODAY
  MAXIMUM         73    330 PM  87    2003  65      8       55
  MINIMUM         27    611 AM  -4    1917  29     -2       34
  AVERAGE         50                        47      3       45

PRECIPITATION (IN)
  TODAY            0.00          0.58 1929   0.02  -0.02      T
  MONTH TO DATE    0.91                      0.68   0.23     0.24
  SINCE SEP 1      1.53                      1.45   0.08     1.51
  SINCE JAN 1     11.13                     11.68  -0.55     9.31

SNOWFALL (IN)
  TODAY            0.0           6.2  1929   0.0    0.0      0.0
  MONTH TO DATE    0.0                       1.1   -1.1      0.1
  SINCE SEP 1      0.0                       1.4   -1.4      0.1
  SINCE JUL 1      T                         1.4   -1.4      0.1
  SNOW DEPTH       0

DEGREE DAYS
 HEATING
  TODAY           15                        18     -3       20
  MONTH TO DATE  238                       375   -137      397
  SINCE SEP 1    291                       468   -177      422
  SINCE JUL 1    292                       473   -181      422

 COOLING
  TODAY            0                         0      0        0
  MONTH TO DATE    0                         0      0        3
  SINCE SEP 1    127                        83     44      170
  SINCE JAN 1   1002                       894    108     1230
..................................................................


WIND (MPH)
  HIGHEST WIND SPEED    16   HIGHEST WIND DIRECTION     E (110)
  HIGHEST GUST SPEED    19   HIGHEST GUST DIRECTION     E (110)
  AVERAGE WIND SPEED     5.6


SKY COVER
  POSSIBLE SUNSHINE  MM
  AVERAGE SKY COVER 0.0


WEATHER CONDITIONS
 THE FOLLOWING WEATHER WAS RECORDED TODAY.
  NO SIGNIFICANT WEATHER WAS OBSERVED.


RELATIVE HUMIDITY (PERCENT)
 HIGHEST    72           400 AM
 LOWEST      9           200 PM
 AVERAGE    41

..........................................................


THE PUEBLO CO CLIMATE NORMALS FOR TOMORROW
                         NORMAL    RECORD    YEAR
 MAXIMUM TEMPERATURE (F)   64        83      1933
 MINIMUM TEMPERATURE (F)   29         5      1993


SUNRISE AND SUNSET
OCTOBER 29 2014.......SUNRISE   721 AM MDT   SUNSET   602 PM MDT
OCTOBER 30 2014.......SUNRISE   722 AM MDT   SUNSET   601 PM MDT


-  INDICATES NEGATIVE NUMBERS.
R  INDICATES RECORD WAS SET OR TIED.
MM INDICATES DATA IS MISSING.
T  INDICATES TRACE AMOUNT.




$$
