592
CDUS45 KPUB 251045
CLIPUB


CLIMATE REPORT
NATIONAL WEATHER SERVICE PUEBLO
444 AM MDT TUE APR 25 2017


...................................

...THE PUEBLO CO CLIMATE SUMMARY FOR APRIL 24 2017...

CLIMATE NORMAL PERIOD 1981 TO 2010
CLIMATE RECORD PERIOD 1888 TO 2017


WEATHER ITEM   OBSERVED TIME   RECORD YEAR NORMAL DEPARTURE LAST
                VALUE   (LST)  VALUE       VALUE  FROM      YEAR
                                                  NORMAL
..................................................................
TEMPERATURE (F)
 YESTERDAY
  MAXIMUM         78    130 PM  92    2012  70      8       78
  MINIMUM         43    418 AM  19    2013  37      6       47
  AVERAGE         61                        53      8       63

PRECIPITATION (IN)
  YESTERDAY        0.00          1.73 1980   0.05  -0.05     0.00
  MONTH TO DATE    2.34                      1.07   1.27     1.71
  SINCE MAR 1      3.29                      2.00   1.29     2.29
  SINCE JAN 1      4.21                      2.65   1.56     3.15

SNOWFALL (IN)
  YESTERDAY        0.0           5.6  1980   0.1   -0.1      0.0
  MONTH TO DATE    5.6                       3.3    2.3      0.2
  SINCE MAR 1      5.6                       9.0   -3.4      4.1
  SINCE JUL 1     19.8                      30.8  -11.0     28.3
  SNOW DEPTH       0

DEGREE DAYS
 HEATING
  YESTERDAY        4                        12     -8        2
  MONTH TO DATE  255                       371   -116      266
  SINCE MAR 1    731                      1073   -342      864
  SINCE JUL 1   4231                      5376  -1145     4373

 COOLING
  YESTERDAY        0                         0      0        0
  MONTH TO DATE    0                         0      0        0
  SINCE MAR 1      0                         0      0        0
  SINCE JAN 1      0                         0      0        0
..................................................................


WIND (MPH)
  HIGHEST WIND SPEED    28   HIGHEST WIND DIRECTION     W (250)
  HIGHEST GUST SPEED    36   HIGHEST GUST DIRECTION    SW (240)
  AVERAGE WIND SPEED     8.7


SKY COVER
  POSSIBLE SUNSHINE  MM
  AVERAGE SKY COVER 0.0


WEATHER CONDITIONS
 THE FOLLOWING WEATHER WAS RECORDED YESTERDAY.
  NO SIGNIFICANT WEATHER WAS OBSERVED.


RELATIVE HUMIDITY (PERCENT)
 HIGHEST    83           300 AM
 LOWEST     15           200 PM
 AVERAGE    49

..........................................................


THE PUEBLO CO CLIMATE NORMALS FOR TODAY
                         NORMAL    RECORD    YEAR
 MAXIMUM TEMPERATURE (F)   70        88      2012
                                             1981
                                             1949
 MINIMUM TEMPERATURE (F)   37        22      1950


SUNRISE AND SUNSET
APRIL 25 2017.........SUNRISE   608 AM MDT   SUNSET   744 PM MDT
APRIL 26 2017.........SUNRISE   607 AM MDT   SUNSET   745 PM MDT


-  INDICATES NEGATIVE NUMBERS.
R  INDICATES RECORD WAS SET OR TIED.
MM INDICATES DATA IS MISSING.
T  INDICATES TRACE AMOUNT.




$$
