000
CDUS45 KPUB 070020
CLIPUB


CLIMATE REPORT
NATIONAL WEATHER SERVICE PUEBLO
519 PM MST SAT FEB 6 2016


...................................

...THE PUEBLO CO CLIMATE SUMMARY FOR FEBRUARY 6 2016...
VALID TODAY AS OF 0500 PM LOCAL TIME.

CLIMATE NORMAL PERIOD 1981 TO 2010
CLIMATE RECORD PERIOD 1888 TO 2016


WEATHER ITEM   OBSERVED TIME   RECORD YEAR NORMAL DEPARTURE LAST
                VALUE   (LST)  VALUE       VALUE  FROM      YEAR
                                                  NORMAL
..................................................................
TEMPERATURE (F)
 TODAY
  MAXIMUM         49    326 PM  78    2015  48      1       78
  MINIMUM         10    518 AM -23    1989  15     -5       27
  AVERAGE         30                        32     -2       53

PRECIPITATION (IN)
  TODAY            0.00          0.14 1933   0.01  -0.01     0.00
                                      1929
                                      1923
  MONTH TO DATE    0.35                      0.05   0.30      T
  SINCE DEC 1      1.28                      0.78   0.50     0.49
  SINCE JAN 1      0.88                      0.40   0.48     0.25

SNOWFALL (IN)
  TODAY            0.0           2.1  1974   0.1   -0.1      0.0
  MONTH TO DATE    5.8                       0.9    4.9       T
  SINCE DEC 1     17.8                      12.9    4.9      7.7
  SINCE JUL 1     24.2                      18.9    5.3     17.6
  SNOW DEPTH       0

DEGREE DAYS
 HEATING
  TODAY           35                        33      2       12
  MONTH TO DATE  247                       201     46      145
  SINCE DEC 1   2178                      2352   -174     2181
  SINCE JUL 1   3052                      3633   -581     3343

 COOLING
  TODAY            0                         0      0        0
  MONTH TO DATE    0                         0      0        0
  SINCE DEC 1      0                         0      0        0
  SINCE JAN 1      0                         0      0        0
..................................................................


WIND (MPH)
  HIGHEST WIND SPEED    10   HIGHEST WIND DIRECTION     N (10)
  HIGHEST GUST SPEED    12   HIGHEST GUST DIRECTION     N (20)
  AVERAGE WIND SPEED     3.2


SKY COVER
  POSSIBLE SUNSHINE  MM
  AVERAGE SKY COVER 0.0


WEATHER CONDITIONS
 THE FOLLOWING WEATHER WAS RECORDED TODAY.
  NO SIGNIFICANT WEATHER WAS OBSERVED.


RELATIVE HUMIDITY (PERCENT)
 HIGHEST    83           200 AM
 LOWEST     31           300 PM
 AVERAGE    57

..........................................................


THE PUEBLO CO CLIMATE NORMALS FOR TOMORROW
                         NORMAL    RECORD    YEAR
 MAXIMUM TEMPERATURE (F)   49        78      2015
 MINIMUM TEMPERATURE (F)   16       -25      1899


SUNRISE AND SUNSET
FEBRUARY  6 2016......SUNRISE   659 AM MST   SUNSET   526 PM MST
FEBRUARY  7 2016......SUNRISE   658 AM MST   SUNSET   527 PM MST


-  INDICATES NEGATIVE NUMBERS.
R  INDICATES RECORD WAS SET OR TIED.
MM INDICATES DATA IS MISSING.
T  INDICATES TRACE AMOUNT.




$$
