000
CDUS45 KPUB 131044
CLIPUB


CLIMATE REPORT
NATIONAL WEATHER SERVICE PUEBLO
444 AM MDT SAT SEP 13 2014


...................................

...THE PUEBLO CO CLIMATE SUMMARY FOR SEPTEMBER 12 2014...

CLIMATE NORMAL PERIOD 1981 TO 2010
CLIMATE RECORD PERIOD 1888 TO 2014


WEATHER ITEM   OBSERVED TIME   RECORD YEAR NORMAL DEPARTURE LAST
                VALUE   (LST)  VALUE       VALUE  FROM      YEAR
                                                  NORMAL
..................................................................
TEMPERATURE (F)
 YESTERDAY
  MAXIMUM         49    338 PM  97    1956  83    -34       77
  MINIMUM         39    427 AM  33    1902  50    -11       63
  AVERAGE         44                        66    -22       70

PRECIPITATION (IN)
  YESTERDAY        0.04          0.60 1909   0.02   0.02     0.06
  MONTH TO DATE    0.13                      0.38  -0.25     0.20
  SINCE SEP 1      0.13                      0.38  -0.25     0.20
  SINCE JAN 1      9.73                     10.61  -0.88     8.00

SNOWFALL (IN)
  YESTERDAY        0.0           0.0  2002   0.0    0.0      0.0
  MONTH TO DATE    0.0                       0.0    0.0      0.0
  SINCE SEP 1      0.0                       0.0    0.0      0.0
  SINCE JUL 1      T                         0.0    0.0       T
  SNOW DEPTH       0

DEGREE DAYS
 HEATING
  YESTERDAY       21                         2     19        0
  MONTH TO DATE   37                        14     23        0
  SINCE SEP 1     37                        14     23        0
  SINCE JUL 1     38                        19     19        0

 COOLING
  YESTERDAY        0                         3     -3        5
  MONTH TO DATE   60                        54      6      126
  SINCE SEP 1     60                        54      6      126
  SINCE JAN 1    935                       865     70     1186
..................................................................


WIND (MPH)
  HIGHEST WIND SPEED    17   HIGHEST WIND DIRECTION    NE (60)
  HIGHEST GUST SPEED    21   HIGHEST GUST DIRECTION    NE (50)
  AVERAGE WIND SPEED     8.6


SKY COVER
  POSSIBLE SUNSHINE  MM
  AVERAGE SKY COVER 0.9


WEATHER CONDITIONS
 THE FOLLOWING WEATHER WAS RECORDED YESTERDAY.
  LIGHT RAIN
  FOG


RELATIVE HUMIDITY (PERCENT)
 HIGHEST    92           400 AM
 LOWEST     61           100 PM
 AVERAGE    77

..........................................................


THE PUEBLO CO CLIMATE NORMALS FOR TODAY
                         NORMAL    RECORD    YEAR
 MAXIMUM TEMPERATURE (F)   83       100      1990
 MINIMUM TEMPERATURE (F)   49        33      1945
                                             1898


SUNRISE AND SUNSET
SEPTEMBER 13 2014.....SUNRISE   638 AM MDT   SUNSET   709 PM MDT
SEPTEMBER 14 2014.....SUNRISE   639 AM MDT   SUNSET   708 PM MDT


-  INDICATES NEGATIVE NUMBERS.
R  INDICATES RECORD WAS SET OR TIED.
MM INDICATES DATA IS MISSING.
T  INDICATES TRACE AMOUNT.




$$
