326
CDUS45 KPUB 160029
CLIPUB


CLIMATE REPORT
NATIONAL WEATHER SERVICE PUEBLO
528 PM MST MON JAN 15 2018


...................................

...THE PUEBLO CO CLIMATE SUMMARY FOR JANUARY 15 2018...
VALID TODAY AS OF 0500 PM LOCAL TIME.

CLIMATE NORMAL PERIOD 1981 TO 2010
CLIMATE RECORD PERIOD 1888 TO 2018


WEATHER ITEM   OBSERVED TIME   RECORD YEAR NORMAL DEPARTURE LAST
                VALUE   (LST)  VALUE       VALUE  FROM      YEAR
                                                  NORMAL
..................................................................
TEMPERATURE (F)
 TODAY
  MAXIMUM         32    256 AM  73    1999  47    -15       35
  MINIMUM         20   1207 AM -14    2007  14      6       24
  AVERAGE         26                        30     -4       30

PRECIPITATION (IN)
  TODAY            0.01          0.54 1925   0.02  -0.01     0.07
  MONTH TO DATE    0.14                      0.17  -0.03     0.48
  SINCE DEC 1      0.15                      0.55  -0.40     1.24
  SINCE JAN 1      0.14                      0.17  -0.03     0.48

SNOWFALL (IN)
  TODAY            0.2           8.8  1987   0.2    0.0      0.5
  MONTH TO DATE    0.2                       3.1   -2.9      7.0
  SINCE DEC 1      0.8                       8.6   -7.8     11.4
  SINCE JUL 1      2.2                      14.6  -12.4     11.4
  SNOW DEPTH       T

DEGREE DAYS
 HEATING
  TODAY           39                        34      5       35
  MONTH TO DATE  478                       524    -46      553
  SINCE DEC 1   1464                      1606   -142     1628
  SINCE JUL 1   2485                      2887   -402     2410

 COOLING
  TODAY            0                         0      0        0
  MONTH TO DATE    0                         0      0        0
  SINCE DEC 1      0                         0      0        0
  SINCE JAN 1      0                         0      0        0
..................................................................


WIND (MPH)
  HIGHEST WIND SPEED    21   HIGHEST WIND DIRECTION    NE (50)
  HIGHEST GUST SPEED    24   HIGHEST GUST DIRECTION    NE (50)
  AVERAGE WIND SPEED     6.5


SKY COVER
  POSSIBLE SUNSHINE  MM
  AVERAGE SKY COVER 0.8


WEATHER CONDITIONS
 THE FOLLOWING WEATHER WAS RECORDED TODAY.
  LT FREEZING RAIN
  LIGHT SNOW
  FOG
  HAZE


RELATIVE HUMIDITY (PERCENT)
 HIGHEST    92          1200 AM
 LOWEST     68           200 PM
 AVERAGE    80

..........................................................


THE PUEBLO CO CLIMATE NORMALS FOR TOMORROW
                         NORMAL    RECORD    YEAR
 MAXIMUM TEMPERATURE (F)   47        70      1974
 MINIMUM TEMPERATURE (F)   14       -14      1987


SUNRISE AND SUNSET
JANUARY 15 2018.......SUNRISE   713 AM MST   SUNSET   502 PM MST
JANUARY 16 2018.......SUNRISE   713 AM MST   SUNSET   503 PM MST


-  INDICATES NEGATIVE NUMBERS.
R  INDICATES RECORD WAS SET OR TIED.
MM INDICATES DATA IS MISSING.
T  INDICATES TRACE AMOUNT.




$$
