266
CDUS45 KPUB 222320
CLIPUB


CLIMATE REPORT
NATIONAL WEATHER SERVICE PUEBLO
520 PM MDT SAT APR 22 2017


...................................

...THE PUEBLO CO CLIMATE SUMMARY FOR APRIL 22 2017...
VALID TODAY AS OF 0500 PM LOCAL TIME.

CLIMATE NORMAL PERIOD 1981 TO 2010
CLIMATE RECORD PERIOD 1888 TO 2017


WEATHER ITEM   OBSERVED TIME   RECORD YEAR NORMAL DEPARTURE LAST
                VALUE   (LST)  VALUE       VALUE  FROM      YEAR
                                                  NORMAL
..................................................................
TEMPERATURE (F)
 TODAY
  MAXIMUM         55    333 PM  88    1965  69    -14       83
  MINIMUM         39    530 AM  22    1982  36      3       38
  AVERAGE         47                        52     -5       61

PRECIPITATION (IN)
  TODAY            0.10          1.44 2004   0.05   0.05      T
  MONTH TO DATE    2.34                      0.96   1.38     1.71
  SINCE MAR 1      3.29                      1.89   1.40     2.29
  SINCE JAN 1      4.21                      2.54   1.67     3.15

SNOWFALL (IN)
  TODAY            0.0           4.2  1909   0.2   -0.2      0.0
  MONTH TO DATE    5.6                       3.1    2.5      0.2
  SINCE MAR 1      5.6                       8.8   -3.2      4.1
  SINCE JUL 1     19.8                      30.6  -10.8     28.3
  SNOW DEPTH       0

DEGREE DAYS
 HEATING
  TODAY           18                        13      5        4
  MONTH TO DATE  243                       347   -104      264
  SINCE MAR 1    719                      1049   -330      862
  SINCE JUL 1   4219                      5352  -1133     4371

 COOLING
  TODAY            0                         0      0        0
  MONTH TO DATE    0                         0      0        0
  SINCE MAR 1      0                         0      0        0
  SINCE JAN 1      0                         0      0        0
..................................................................


WIND (MPH)
  HIGHEST WIND SPEED    12   HIGHEST WIND DIRECTION     E (110)
  HIGHEST GUST SPEED    14   HIGHEST GUST DIRECTION    SE (130)
  AVERAGE WIND SPEED     5.6


SKY COVER
  POSSIBLE SUNSHINE  MM
  AVERAGE SKY COVER 0.9


WEATHER CONDITIONS
 THE FOLLOWING WEATHER WAS RECORDED TODAY.
  LIGHT RAIN


RELATIVE HUMIDITY (PERCENT)
 HIGHEST    92           300 AM
 LOWEST     46           300 PM
 AVERAGE    69

..........................................................


THE PUEBLO CO CLIMATE NORMALS FOR TOMORROW
                         NORMAL    RECORD    YEAR
 MAXIMUM TEMPERATURE (F)   70        90      1989
 MINIMUM TEMPERATURE (F)   36        20      2013


SUNRISE AND SUNSET
APRIL 22 2017.........SUNRISE   612 AM MDT   SUNSET   741 PM MDT
APRIL 23 2017.........SUNRISE   611 AM MDT   SUNSET   742 PM MDT


-  INDICATES NEGATIVE NUMBERS.
R  INDICATES RECORD WAS SET OR TIED.
MM INDICATES DATA IS MISSING.
T  INDICATES TRACE AMOUNT.




$$
