000
CDUS45 KPUB 140020
CLIPUB


CLIMATE REPORT
NATIONAL WEATHER SERVICE PUEBLO
520 PM MST TUE FEB 13 2018


...................................

...THE PUEBLO CO CLIMATE SUMMARY FOR FEBRUARY 13 2018...
VALID TODAY AS OF 0500 PM LOCAL TIME.

CLIMATE NORMAL PERIOD 1981 TO 2010
CLIMATE RECORD PERIOD 1888 TO 2018


WEATHER ITEM   OBSERVED TIME   RECORD YEAR NORMAL DEPARTURE LAST
                VALUE   (LST)  VALUE       VALUE  FROM      YEAR
                                                  NORMAL
..................................................................
TEMPERATURE (F)
 TODAY
  MAXIMUM         60    358 PM  76    2016  50     10       46
  MINIMUM         18    641 AM -26    1905  17      1       34
  AVERAGE         39                        33      6       40

PRECIPITATION (IN)
  TODAY            0.00          0.20 1909   0.00   0.00     0.17
  MONTH TO DATE    0.35                      0.11   0.24     0.17
  SINCE DEC 1      0.59                      0.84  -0.25     1.68
  SINCE JAN 1      0.58                      0.46   0.12     0.92

SNOWFALL (IN)
  TODAY            0.0           5.2  1908   0.1   -0.1      0.0
  MONTH TO DATE    5.9                       1.9    4.0      0.0
  SINCE DEC 1      7.7                      13.9   -6.2     14.2
  SINCE JUL 1      9.1                      19.9  -10.8     14.2
  SNOW DEPTH       0

DEGREE DAYS
 HEATING
  TODAY           26                        32     -6       25
  MONTH TO DATE  420                       428     -8      286
  SINCE DEC 1   2354                      2579   -225     2370
  SINCE JUL 1   3375                      3860   -485     3152

 COOLING
  TODAY            0                         0      0        0
  MONTH TO DATE    0                         0      0        0
  SINCE DEC 1      0                         0      0        0
  SINCE JAN 1      0                         0      0        0
..................................................................


WIND (MPH)
  HIGHEST WIND SPEED     8   HIGHEST WIND DIRECTION    SE (140)
  HIGHEST GUST SPEED    10   HIGHEST GUST DIRECTION    SE (150)
  AVERAGE WIND SPEED     3.1


SKY COVER
  POSSIBLE SUNSHINE  MM
  AVERAGE SKY COVER 0.0


WEATHER CONDITIONS
 THE FOLLOWING WEATHER WAS RECORDED TODAY.
  NO SIGNIFICANT WEATHER WAS OBSERVED.


RELATIVE HUMIDITY (PERCENT)
 HIGHEST    92          1200 AM
 LOWEST     33           400 PM
 AVERAGE    63

..........................................................


THE PUEBLO CO CLIMATE NORMALS FOR TOMORROW
                         NORMAL    RECORD    YEAR
 MAXIMUM TEMPERATURE (F)   50        76      1999
                                             1924
 MINIMUM TEMPERATURE (F)   17       -15      1895


SUNRISE AND SUNSET
FEBRUARY 13 2018......SUNRISE   651 AM MST   SUNSET   534 PM MST
FEBRUARY 14 2018......SUNRISE   650 AM MST   SUNSET   535 PM MST


-  INDICATES NEGATIVE NUMBERS.
R  INDICATES RECORD WAS SET OR TIED.
MM INDICATES DATA IS MISSING.
T  INDICATES TRACE AMOUNT.




$$
