000
CDUS45 KPUB 161148
CLIPUB


CLIMATE REPORT
NATIONAL WEATHER SERVICE PUEBLO
448 AM MST TUE DEC 16 2014


...................................

...THE PUEBLO CO CLIMATE SUMMARY FOR DECEMBER 15 2014...

CLIMATE NORMAL PERIOD 1981 TO 2010
CLIMATE RECORD PERIOD 1888 TO 2014


WEATHER ITEM   OBSERVED TIME   RECORD YEAR NORMAL DEPARTURE LAST
                VALUE   (LST)  VALUE       VALUE  FROM      YEAR
                                                  NORMAL
..................................................................
TEMPERATURE (F)
 YESTERDAY
  MAXIMUM         48    326 PM  73    1929  45      3       62
  MINIMUM         18    725 AM -18    1892  14      4       16
  AVERAGE         33                        30      3       39

PRECIPITATION (IN)
  YESTERDAY        0.00          0.28 1967   0.01  -0.01     0.00
  MONTH TO DATE    0.04                      0.20  -0.16     0.02
  SINCE DEC 1      0.04                      0.20  -0.16     0.02
  SINCE JAN 1     11.63                     12.39  -0.76     9.67

SNOWFALL (IN)
  YESTERDAY        0.0           4.6  1988   0.2   -0.2      0.0
  MONTH TO DATE    T                         2.7   -2.7      2.0
  SINCE DEC 1      T                         2.7   -2.7      2.0
  SINCE JUL 1      9.9                       8.7    1.2      5.7
  SNOW DEPTH       0

DEGREE DAYS
 HEATING
  YESTERDAY       32                        35     -3       26
  MONTH TO DATE  430                       512    -82      578
  SINCE DEC 1    430                       512    -82      578
  SINCE JUL 1   1592                      1793   -201     1761

 COOLING
  YESTERDAY        0                         0      0        0
  MONTH TO DATE    0                         0      0        0
  SINCE DEC 1      0                         0      0        0
  SINCE JAN 1   1002                       897    105     1230
..................................................................


WIND (MPH)
  HIGHEST WIND SPEED    21   HIGHEST WIND DIRECTION    NE (40)
  HIGHEST GUST SPEED    25   HIGHEST GUST DIRECTION    NE (50)
  AVERAGE WIND SPEED     5.8


SKY COVER
  POSSIBLE SUNSHINE  MM
  AVERAGE SKY COVER 0.1


WEATHER CONDITIONS
 THE FOLLOWING WEATHER WAS RECORDED YESTERDAY.
  NO SIGNIFICANT WEATHER WAS OBSERVED.


RELATIVE HUMIDITY (PERCENT)
 HIGHEST   100           500 AM
 LOWEST     26           300 PM
 AVERAGE    63

..........................................................


THE PUEBLO CO CLIMATE NORMALS FOR TODAY
                         NORMAL    RECORD    YEAR
 MAXIMUM TEMPERATURE (F)   45        70      1939
 MINIMUM TEMPERATURE (F)   14        -8      1940


SUNRISE AND SUNSET
DECEMBER 16 2014......SUNRISE   708 AM MST   SUNSET   439 PM MST
DECEMBER 17 2014......SUNRISE   709 AM MST   SUNSET   439 PM MST


-  INDICATES NEGATIVE NUMBERS.
R  INDICATES RECORD WAS SET OR TIED.
MM INDICATES DATA IS MISSING.
T  INDICATES TRACE AMOUNT.




$$
