000
CDUS45 KPUB 300026
CLIPUB


CLIMATE REPORT
NATIONAL WEATHER SERVICE PUEBLO
526 PM MST TUE NOV 29 2016


...................................

...THE PUEBLO CO CLIMATE SUMMARY FOR NOVEMBER 29 2016...
VALID TODAY AS OF 0500 PM LOCAL TIME.

CLIMATE NORMAL PERIOD 1981 TO 2010
CLIMATE RECORD PERIOD 1888 TO 2016


WEATHER ITEM   OBSERVED TIME   RECORD YEAR NORMAL DEPARTURE LAST
                VALUE   (LST)  VALUE       VALUE  FROM      YEAR
                                                  NORMAL
..................................................................
TEMPERATURE (F)
 TODAY
  MAXIMUM         47    159 PM  74    2003  49     -2       29
                                      1973
                                      1945
  MINIMUM         17    621 AM -17    1896  17      0       23
  AVERAGE         32                        33     -1       26

PRECIPITATION (IN)
  TODAY            0.00          0.44 1908   0.02  -0.02      T
  MONTH TO DATE    0.78                      0.46   0.32     0.55
  SINCE SEP 1      0.83                      1.95  -1.12     1.22
  SINCE JAN 1     11.15                     12.18  -1.03    16.24

SNOWFALL (IN)
  TODAY            0.0           9.0  1908   0.1   -0.1      0.1
  MONTH TO DATE    T                         4.2   -4.2      6.0
  SINCE SEP 1      T                         5.8   -5.8      6.0
  SINCE JUL 1      T                         5.8   -5.8      6.0
  SNOW DEPTH       0

DEGREE DAYS
 HEATING
  TODAY           33                        32      1       39
  MONTH TO DATE  533                       739   -206      656
  SINCE SEP 1    747                      1244   -497      832
  SINCE JUL 1    747                      1249   -502      832

 COOLING
  TODAY            0                         0      0        0
  MONTH TO DATE    0                         0      0        0
  SINCE SEP 1    193                        86    107      227
  SINCE JAN 1   1358                       897    461     1273
..................................................................


WIND (MPH)
  HIGHEST WIND SPEED    17   HIGHEST WIND DIRECTION    NE (60)
  HIGHEST GUST SPEED    20   HIGHEST GUST DIRECTION    NE (60)
  AVERAGE WIND SPEED     6.0


SKY COVER
  POSSIBLE SUNSHINE  MM
  AVERAGE SKY COVER 0.2


WEATHER CONDITIONS
 THE FOLLOWING WEATHER WAS RECORDED TODAY.
  NO SIGNIFICANT WEATHER WAS OBSERVED.


RELATIVE HUMIDITY (PERCENT)
 HIGHEST    74           500 AM
 LOWEST     19           100 PM
 AVERAGE    47

..........................................................


THE PUEBLO CO CLIMATE NORMALS FOR TOMORROW
                         NORMAL    RECORD    YEAR
 MAXIMUM TEMPERATURE (F)   49        74      1995
 MINIMUM TEMPERATURE (F)   17       -10      1896


SUNRISE AND SUNSET
NOVEMBER 29 2016......SUNRISE   655 AM MST   SUNSET   438 PM MST
NOVEMBER 30 2016......SUNRISE   656 AM MST   SUNSET   438 PM MST


-  INDICATES NEGATIVE NUMBERS.
R  INDICATES RECORD WAS SET OR TIED.
MM INDICATES DATA IS MISSING.
T  INDICATES TRACE AMOUNT.




$$
