063
CDUS45 KPUB 161157
CLIPUB


CLIMATE REPORT
NATIONAL WEATHER SERVICE PUEBLO
457 AM MST THU NOV 16 2017


...................................

...THE PUEBLO CO CLIMATE SUMMARY FOR NOVEMBER 15 2017...

CLIMATE NORMAL PERIOD 1981 TO 2010
CLIMATE RECORD PERIOD 1888 TO 2017


WEATHER ITEM   OBSERVED TIME   RECORD YEAR NORMAL DEPARTURE LAST
                VALUE   (LST)  VALUE       VALUE  FROM      YEAR
                                                  NORMAL
..................................................................
TEMPERATURE (F)
 YESTERDAY
  MAXIMUM         56    220 PM  81    2016  56      0       81
  MINIMUM         24    644 AM  -4    1997  23      1       32
                                      1955
  AVERAGE         40                        40      0       57

PRECIPITATION (IN)
  YESTERDAY        0.00          0.37 1962   0.02  -0.02     0.00
  MONTH TO DATE    0.22                      0.25  -0.03     0.00
  SINCE SEP 1      1.63                      1.74  -0.11     0.05
  SINCE JAN 1     15.89                     11.97   3.92    10.37

SNOWFALL (IN)
  YESTERDAY        0.0           4.0  1951   0.2   -0.2      0.0
  MONTH TO DATE    1.4                       1.9   -0.5      0.0
  SINCE SEP 1      1.4                       3.5   -2.1      0.0
  SINCE JUL 1      1.4                       3.5   -2.1       T
  SNOW DEPTH       0

DEGREE DAYS
 HEATING
  YESTERDAY       25                        25      0        8
  MONTH TO DATE  298                       334    -36      215
  SINCE SEP 1    755                       839    -84      429
  SINCE JUL 1    755                       844    -89      429

 COOLING
  YESTERDAY        0                         0      0        0
  MONTH TO DATE    0                         0      0        0
  SINCE SEP 1    146                        86     60      193
  SINCE JAN 1   1027                       897    130     1358
..................................................................


WIND (MPH)
  HIGHEST WIND SPEED    17   HIGHEST WIND DIRECTION    SE (120)
  HIGHEST GUST SPEED    21   HIGHEST GUST DIRECTION    SE (130)
  AVERAGE WIND SPEED     5.3


SKY COVER
  POSSIBLE SUNSHINE  MM
  AVERAGE SKY COVER 0.0


WEATHER CONDITIONS
 THE FOLLOWING WEATHER WAS RECORDED YESTERDAY.
  NO SIGNIFICANT WEATHER WAS OBSERVED.


RELATIVE HUMIDITY (PERCENT)
 HIGHEST    81           600 AM
 LOWEST     30           200 PM
 AVERAGE    56

..........................................................


THE PUEBLO CO CLIMATE NORMALS FOR TODAY
                         NORMAL    RECORD    YEAR
 MAXIMUM TEMPERATURE (F)   56        82      2016
 MINIMUM TEMPERATURE (F)   22       -11      1955


SUNRISE AND SUNSET
NOVEMBER 16 2017......SUNRISE   641 AM MST   SUNSET   445 PM MST
NOVEMBER 17 2017......SUNRISE   642 AM MST   SUNSET   444 PM MST


-  INDICATES NEGATIVE NUMBERS.
R  INDICATES RECORD WAS SET OR TIED.
MM INDICATES DATA IS MISSING.
T  INDICATES TRACE AMOUNT.




$$
