000
CDUS45 KPUB 231627
CLIPUB

CLIMATE REPORT...COR WEATHER CONDITIONS
NATIONAL WEATHER SERVICE PUEBLO
514 AM MDT FRI SEP 23 2016


...................................

...THE PUEBLO CO CLIMATE SUMMARY FOR SEPTEMBER 22 2016...

CLIMATE NORMAL PERIOD 1981 TO 2010
CLIMATE RECORD PERIOD 1888 TO 2016


WEATHER ITEM   OBSERVED TIME   RECORD YEAR NORMAL DEPARTURE LAST
                VALUE   (LST)  VALUE       VALUE  FROM      YEAR
                                                  NORMAL
..................................................................
TEMPERATURE (F)
 YESTERDAY
  MAXIMUM         91    138 PM  93    1953  79     12       88
  MINIMUM         54    444 AM  28    1912  45      9       62
  AVERAGE         73                        62     11       75

PRECIPITATION (IN)
  YESTERDAY        T             0.76 1941   0.02  -0.02     0.01
  MONTH TO DATE    0.05                      0.60  -0.55     0.03
  SINCE SEP 1      0.05                      0.60  -0.55     0.03
  SINCE JAN 1     10.37                     10.83  -0.46    15.05

SNOWFALL (IN)
  YESTERDAY        0.0           0.2  1895   0.0    0.0      0.0
  MONTH TO DATE    0.0                       0.2   -0.2      0.0
  SINCE SEP 1      0.0                       0.2   -0.2      0.0
  SINCE JUL 1      T                         0.2   -0.2      0.0
  SNOW DEPTH       0

DEGREE DAYS
 HEATING
  YESTERDAY        0                         4     -4        0
  MONTH TO DATE    4                        46    -42        0
  SINCE SEP 1      4                        46    -42        0
  SINCE JUL 1      4                        51    -47        0

 COOLING
  YESTERDAY        8                         1      7       10
  MONTH TO DATE  155                        75     80      189
  SINCE SEP 1    155                        75     80      189
  SINCE JAN 1   1320                       886    434     1235
..................................................................


WIND (MPH)
  HIGHEST WIND SPEED    25   HIGHEST WIND DIRECTION     S (190)
  HIGHEST GUST SPEED    35   HIGHEST GUST DIRECTION    SW (210)
  AVERAGE WIND SPEED    10.4


SKY COVER
  POSSIBLE SUNSHINE  MM
  AVERAGE SKY COVER 0.2


WEATHER CONDITIONS
 THE FOLLOWING WEATHER WAS RECORDED YESTERDAY.
  LIGHT RAIN


RELATIVE HUMIDITY (PERCENT)
 HIGHEST    77           300 AM
 LOWEST     22           500 PM
 AVERAGE    50

..........................................................


THE PUEBLO CO CLIMATE NORMALS FOR TODAY
                         NORMAL    RECORD    YEAR
 MAXIMUM TEMPERATURE (F)   79        95      2003
 MINIMUM TEMPERATURE (F)   44        28      1895


SUNRISE AND SUNSET
SEPTEMBER 23 2016.....SUNRISE   647 AM MDT   SUNSET   653 PM MDT
SEPTEMBER 24 2016.....SUNRISE   648 AM MDT   SUNSET   651 PM MDT


-  INDICATES NEGATIVE NUMBERS.
R  INDICATES RECORD WAS SET OR TIED.
MM INDICATES DATA IS MISSING.
T  INDICATES TRACE AMOUNT.




$$
