000
CDUS45 KPUB 181033
CLIPUB


CLIMATE REPORT
NATIONAL WEATHER SERVICE PUEBLO
433 AM MDT SAT OCT 18 2014


...................................

...THE PUEBLO CO CLIMATE SUMMARY FOR OCTOBER 17 2014...

CLIMATE NORMAL PERIOD 1981 TO 2010
CLIMATE RECORD PERIOD 1888 TO 2014


WEATHER ITEM   OBSERVED TIME   RECORD YEAR NORMAL DEPARTURE LAST
                VALUE   (LST)  VALUE       VALUE  FROM      YEAR
                                                  NORMAL
..................................................................
TEMPERATURE (F)
 YESTERDAY
  MAXIMUM         66    253 PM  93    1991  69     -3       59
  MINIMUM         39    629 AM  20    1992  34      5       28
  AVERAGE         53                        51      2       44

PRECIPITATION (IN)
  YESTERDAY        0.00          0.69 1942   0.02  -0.02     0.00
  MONTH TO DATE    0.91                      0.41   0.50     0.16
  SINCE SEP 1      1.53                      1.18   0.35     1.43
  SINCE JAN 1     11.13                     11.41  -0.28     9.23

SNOWFALL (IN)
  YESTERDAY        0.0           0.6  1925   0.0    0.0      0.0
  MONTH TO DATE    0.0                       0.4   -0.4       T
  SINCE SEP 1      0.0                       0.7   -0.7       T
  SINCE JUL 1      T                         0.7   -0.7       T
  SNOW DEPTH       0

DEGREE DAYS
 HEATING
  YESTERDAY       12                        14     -2       21
  MONTH TO DATE  155                       183    -28      186
  SINCE SEP 1    208                       276    -68      211
  SINCE JUL 1    209                       281    -72      211

 COOLING
  YESTERDAY        0                         0      0        0
  MONTH TO DATE    0                         0      0        3
  SINCE SEP 1    127                        83     44      170
  SINCE JAN 1   1002                       894    108     1230
..................................................................


WIND (MPH)
  HIGHEST WIND SPEED    13   HIGHEST WIND DIRECTION    SE (120)
  HIGHEST GUST SPEED    16   HIGHEST GUST DIRECTION     E (110)
  AVERAGE WIND SPEED     6.7


SKY COVER
  POSSIBLE SUNSHINE  MM
  AVERAGE SKY COVER 0.0


WEATHER CONDITIONS
 THE FOLLOWING WEATHER WAS RECORDED YESTERDAY.
  NO SIGNIFICANT WEATHER WAS OBSERVED.


RELATIVE HUMIDITY (PERCENT)
 HIGHEST    79           600 AM
 LOWEST     29          1100 AM
 AVERAGE    54

..........................................................


THE PUEBLO CO CLIMATE NORMALS FOR TODAY
                         NORMAL    RECORD    YEAR
 MAXIMUM TEMPERATURE (F)   69        88      2009
                                             2003
 MINIMUM TEMPERATURE (F)   33        19      1996


SUNRISE AND SUNSET
OCTOBER 18 2014.......SUNRISE   710 AM MDT   SUNSET   616 PM MDT
OCTOBER 19 2014.......SUNRISE   711 AM MDT   SUNSET   615 PM MDT


-  INDICATES NEGATIVE NUMBERS.
R  INDICATES RECORD WAS SET OR TIED.
MM INDICATES DATA IS MISSING.
T  INDICATES TRACE AMOUNT.




$$
