000
CDUS45 KPUB 162326
CLIPUB


CLIMATE REPORT
NATIONAL WEATHER SERVICE PUEBLO
524 PM MDT FRI JUN 16 2017


...................................

...THE PUEBLO CO CLIMATE SUMMARY FOR JUNE 16 2017...
VALID TODAY AS OF 0500 PM LOCAL TIME.

CLIMATE NORMAL PERIOD 1981 TO 2010
CLIMATE RECORD PERIOD 1888 TO 2017


WEATHER ITEM   OBSERVED TIME   RECORD YEAR NORMAL DEPARTURE LAST
                VALUE   (LST)  VALUE       VALUE  FROM      YEAR
                                                  NORMAL
..................................................................
TEMPERATURE (F)
 TODAY
  MAXIMUM         98    157 PM 102    1985  88     10       99
  MINIMUM         56    422 AM  41    1998  53      3       49
  AVERAGE         77                        70      7       74

PRECIPITATION (IN)
  TODAY            0.00          0.64 1969   0.04  -0.04     0.00
  MONTH TO DATE    1.46                      0.74   0.72     0.33
  SINCE JUN 1      1.46                      0.74   0.72     0.33
  SINCE JAN 1     10.52                      5.23   5.29     7.50

SNOWFALL (IN)
  TODAY            0.0           0.0  2002   0.0    0.0      0.0
                                      2001
  MONTH TO DATE    0.0                       0.0    0.0       T
  SINCE JUN 1      0.0                       0.0    0.0       T
  SINCE JUL 1     28.2                      31.8   -3.6     31.4
  SNOW DEPTH       0

DEGREE DAYS
 HEATING
  TODAY            0                         1     -1        0
  MONTH TO DATE    0                        22    -22        1
  SINCE JUN 1      0                        22    -22        1
  SINCE JUL 1   4538                      5635  -1097     4624

 COOLING
  TODAY           12                         6      6        9
  MONTH TO DATE   92                        66     26      123
  SINCE JUN 1     92                        66     26      123
  SINCE JAN 1    102                       100      2      153
..................................................................


WIND (MPH)
  HIGHEST WIND SPEED    14   HIGHEST WIND DIRECTION    SE (130)
  HIGHEST GUST SPEED    19   HIGHEST GUST DIRECTION     W (260)
  AVERAGE WIND SPEED     7.8


SKY COVER
  POSSIBLE SUNSHINE  MM
  AVERAGE SKY COVER 0.0


WEATHER CONDITIONS
 THE FOLLOWING WEATHER WAS RECORDED TODAY.
  NO SIGNIFICANT WEATHER WAS OBSERVED.


RELATIVE HUMIDITY (PERCENT)
 HIGHEST    66           400 AM
 LOWEST     10          1100 AM
 AVERAGE    38

..........................................................


THE PUEBLO CO CLIMATE NORMALS FOR TOMORROW
                         NORMAL    RECORD    YEAR
 MAXIMUM TEMPERATURE (F)   88       101      2002
                                             1960
 MINIMUM TEMPERATURE (F)   53        37      1912


SUNRISE AND SUNSET
JUNE 16 2017..........SUNRISE   534 AM MDT   SUNSET   824 PM MDT
JUNE 17 2017..........SUNRISE   534 AM MDT   SUNSET   824 PM MDT


-  INDICATES NEGATIVE NUMBERS.
R  INDICATES RECORD WAS SET OR TIED.
MM INDICATES DATA IS MISSING.
T  INDICATES TRACE AMOUNT.




$$
