788
CDUS45 KPUB 210027
CLIPUB


CLIMATE REPORT
NATIONAL WEATHER SERVICE PUEBLO
627 PM MDT SAT MAY 20 2017


...................................

...THE PUEBLO CO CLIMATE SUMMARY FOR MAY 20 2017...
VALID TODAY AS OF 0500 PM LOCAL TIME.

CLIMATE NORMAL PERIOD 1981 TO 2010
CLIMATE RECORD PERIOD 1888 TO 2017


WEATHER ITEM   OBSERVED TIME   RECORD YEAR NORMAL DEPARTURE LAST
                VALUE   (LST)  VALUE       VALUE  FROM      YEAR
                                                  NORMAL
..................................................................
TEMPERATURE (F)
 TODAY
  MAXIMUM         66    414 PM  94    2005  78    -12       87
                                      1970
                                      1954
  MINIMUM         34    523 AM  33    2011  46    -12       47
                                      1960
                                      1931
  AVERAGE         50                        62    -12       67

PRECIPITATION (IN)
  TODAY            0.00          0.99 1900   0.05  -0.05     0.00
  MONTH TO DATE    2.66                      0.98   1.68     0.78
  SINCE MAR 1      7.80                      3.31   4.49     4.33
  SINCE JAN 1      8.72                      3.96   4.76     5.19

SNOWFALL (IN)
  TODAY            0.0           0.2  2001   0.0    0.0      0.0
  MONTH TO DATE    T                         0.5   -0.5      0.0
  SINCE MAR 1     14.0                      10.0    4.0      7.2
  SINCE JUL 1     28.2                      31.8   -3.6     31.4
  SNOW DEPTH       0

DEGREE DAYS
 HEATING
  TODAY           15                         4     11        0
  MONTH TO DATE  155                       137     18      132
  SINCE MAR 1    999                      1274   -275     1096
  SINCE JUL 1   4499                      5577  -1078     4605

 COOLING
  TODAY            0                         1     -1        2
  MONTH TO DATE    4                        11     -7        5
  SINCE MAR 1      4                        13     -9        5
  SINCE JAN 1      4                        13     -9        5
..................................................................


WIND (MPH)
  HIGHEST WIND SPEED    14   HIGHEST WIND DIRECTION    SE (140)
  HIGHEST GUST SPEED    18   HIGHEST GUST DIRECTION    SE (140)
  AVERAGE WIND SPEED     4.8


SKY COVER
  POSSIBLE SUNSHINE  MM
  AVERAGE SKY COVER 0.2


WEATHER CONDITIONS
 THE FOLLOWING WEATHER WAS RECORDED TODAY.
  NO SIGNIFICANT WEATHER WAS OBSERVED.


RELATIVE HUMIDITY (PERCENT)
 HIGHEST    89           400 AM
 LOWEST     31           300 PM
 AVERAGE    60

..........................................................


THE PUEBLO CO CLIMATE NORMALS FOR TOMORROW
                         NORMAL    RECORD    YEAR
 MAXIMUM TEMPERATURE (F)   78        97      2005
 MINIMUM TEMPERATURE (F)   46        33      2001
                                             1931


SUNRISE AND SUNSET
MAY 20 2017...........SUNRISE   543 AM MDT   SUNSET   807 PM MDT
MAY 21 2017...........SUNRISE   542 AM MDT   SUNSET   808 PM MDT


-  INDICATES NEGATIVE NUMBERS.
R  INDICATES RECORD WAS SET OR TIED.
MM INDICATES DATA IS MISSING.
T  INDICATES TRACE AMOUNT.




$$
