000
CDUS45 KPUB 012327
CLIPUB


CLIMATE REPORT
NATIONAL WEATHER SERVICE PUEBLO
527 PM MDT WED JUL 1 2015


...................................

...THE PUEBLO CO CLIMATE SUMMARY FOR JULY 1 2015...
VALID TODAY AS OF 0500 PM LOCAL TIME.

CLIMATE NORMAL PERIOD 1981 TO 2010
CLIMATE RECORD PERIOD 1888 TO 2015


WEATHER ITEM   OBSERVED TIME   RECORD YEAR NORMAL DEPARTURE LAST
                VALUE   (LST)  VALUE       VALUE  FROM      YEAR
                                                  NORMAL
..................................................................
TEMPERATURE (F)
 TODAY
  MAXIMUM         98    142 PM 104    1990  92      6       81
  MINIMUM         67    529 AM  47    1947  57     10       58
  AVERAGE         83                        74      9       70

PRECIPITATION (IN)
  TODAY            0.00          0.67 1924   0.06  -0.06     0.06
  MONTH TO DATE    0.00                      0.06  -0.06     0.06
  SINCE JUN 1      1.22                      1.42  -0.20     0.92
  SINCE JAN 1     10.14                      5.91   4.23     5.12

SNOWFALL (IN)
  TODAY            0.0           0.0  2002   0.0    0.0      0.0
                                      2001
  MONTH TO DATE    0.0                       0.0    0.0      0.0
  SINCE JUN 1      0.0                       0.0    0.0       T
  SINCE JUL 1      0.0                       0.0    0.0      0.0
  SNOW DEPTH       0

DEGREE DAYS
 HEATING
  TODAY            0                         0      0        0
  MONTH TO DATE    0                         0      0        0
  SINCE JUN 1      0                        25    -25        3
  SINCE JUL 1      0                         0      0        0

 COOLING
  TODAY           18                        10      8        5
  MONTH TO DATE   18                        10      8        5
  SINCE JUN 1    261                       185     76      245
  SINCE JAN 1    265                       219     46      297
..................................................................


WIND (MPH)
  HIGHEST WIND SPEED    16   HIGHEST WIND DIRECTION     E (80)
  HIGHEST GUST SPEED    22   HIGHEST GUST DIRECTION     E (90)
  AVERAGE WIND SPEED     6.5


SKY COVER
  POSSIBLE SUNSHINE  MM
  AVERAGE SKY COVER 0.0


WEATHER CONDITIONS
 THE FOLLOWING WEATHER WAS RECORDED TODAY.
  NO SIGNIFICANT WEATHER WAS OBSERVED.


RELATIVE HUMIDITY (PERCENT)
 HIGHEST    63           400 AM
 LOWEST     20           200 PM
 AVERAGE    42

..........................................................


THE PUEBLO CO CLIMATE NORMALS FOR TOMORROW
                         NORMAL    RECORD    YEAR
 MAXIMUM TEMPERATURE (F)   93       104      2003
                                             1999
 MINIMUM TEMPERATURE (F)   57        44      1945


SUNRISE AND SUNSET
JULY  1 2015..........SUNRISE   538 AM MDT   SUNSET   825 PM MDT
JULY  2 2015..........SUNRISE   539 AM MDT   SUNSET   825 PM MDT


-  INDICATES NEGATIVE NUMBERS.
R  INDICATES RECORD WAS SET OR TIED.
MM INDICATES DATA IS MISSING.
T  INDICATES TRACE AMOUNT.




$$
