000
CDUS45 KPUB 291129
CLIPUB


CLIMATE REPORT
NATIONAL WEATHER SERVICE PUEBLO
429 AM MST TUE NOV 29 2016


...................................

...THE PUEBLO CO CLIMATE SUMMARY FOR NOVEMBER 28 2016...

CLIMATE NORMAL PERIOD 1981 TO 2010
CLIMATE RECORD PERIOD 1888 TO 2016


WEATHER ITEM   OBSERVED TIME   RECORD YEAR NORMAL DEPARTURE LAST
                VALUE   (LST)  VALUE       VALUE  FROM      YEAR
                                                  NORMAL
..................................................................
TEMPERATURE (F)
 YESTERDAY
  MAXIMUM         52    241 PM  75    2014  50      2       25
                                      1998
  MINIMUM         27   1159 PM -16    1896  18      9       21
  AVERAGE         40                        34      6       23

PRECIPITATION (IN)
  YESTERDAY        0.00          0.74 1997   0.02  -0.02     0.01
  MONTH TO DATE    0.78                      0.44   0.34     0.55
  SINCE SEP 1      0.83                      1.93  -1.10     1.22
  SINCE JAN 1     11.15                     12.16  -1.01    16.24

SNOWFALL (IN)
  YESTERDAY        0.0           5.0  1997   0.2   -0.2      0.1
  MONTH TO DATE    T                         4.1   -4.1      5.9
  SINCE SEP 1      T                         5.7   -5.7      5.9
  SINCE JUL 1      T                         5.7   -5.7      5.9
  SNOW DEPTH       0

DEGREE DAYS
 HEATING
  YESTERDAY       25                        31     -6       42
  MONTH TO DATE  500                       707   -207      617
  SINCE SEP 1    714                      1212   -498      793
  SINCE JUL 1    714                      1217   -503      793

 COOLING
  YESTERDAY        0                         0      0        0
  MONTH TO DATE    0                         0      0        0
  SINCE SEP 1    193                        86    107      227
  SINCE JAN 1   1358                       897    461     1273
..................................................................


WIND (MPH)
  HIGHEST WIND SPEED    33   HIGHEST WIND DIRECTION     W (270)
  HIGHEST GUST SPEED    40   HIGHEST GUST DIRECTION     W (280)
  AVERAGE WIND SPEED    15.1


SKY COVER
  POSSIBLE SUNSHINE  MM
  AVERAGE SKY COVER 0.2


WEATHER CONDITIONS
 THE FOLLOWING WEATHER WAS RECORDED YESTERDAY.
  NO SIGNIFICANT WEATHER WAS OBSERVED.


RELATIVE HUMIDITY (PERCENT)
 HIGHEST    47          1100 PM
 LOWEST     16           100 PM
 AVERAGE    32

..........................................................


THE PUEBLO CO CLIMATE NORMALS FOR TODAY
                         NORMAL    RECORD    YEAR
 MAXIMUM TEMPERATURE (F)   49        74      2003
                                             1973
                                             1945
 MINIMUM TEMPERATURE (F)   17       -17      1896


SUNRISE AND SUNSET
NOVEMBER 29 2016......SUNRISE   655 AM MST   SUNSET   438 PM MST
NOVEMBER 30 2016......SUNRISE   656 AM MST   SUNSET   438 PM MST


-  INDICATES NEGATIVE NUMBERS.
R  INDICATES RECORD WAS SET OR TIED.
MM INDICATES DATA IS MISSING.
T  INDICATES TRACE AMOUNT.




$$
