000
CDUS45 KPUB 092340
CLIPUB


CLIMATE REPORT
NATIONAL WEATHER SERVICE PUEBLO
540 PM MDT MON OCT 9 2017


...................................

...THE PUEBLO CO CLIMATE SUMMARY FOR OCTOBER 9 2017...
VALID TODAY AS OF 0500 PM LOCAL TIME.

CLIMATE NORMAL PERIOD 1981 TO 2010
CLIMATE RECORD PERIOD 1888 TO 2017


WEATHER ITEM   OBSERVED TIME   RECORD YEAR NORMAL DEPARTURE LAST
                VALUE   (LST)  VALUE       VALUE  FROM      YEAR
                                                  NORMAL
..................................................................
TEMPERATURE (F)
 TODAY
  MAXIMUM         48   1223 AM  89    2003  72    -24       75
  MINIMUM         38   1154 AM  20    1970  37      1       36
  AVERAGE         43                        54    -11       56

PRECIPITATION (IN)
  TODAY            0.08          0.69 2014   0.02   0.06     0.00
  MONTH TO DATE    0.20                      0.22  -0.02      T
  SINCE SEP 1      1.40                      0.99   0.41     0.05
  SINCE JAN 1     15.66                     11.22   4.44    10.37

SNOWFALL (IN)
  TODAY            0.0           0.0  2002   0.1   -0.1      0.0
  MONTH TO DATE    0.0                       0.2   -0.2      0.0
  SINCE SEP 1      0.0                       0.5   -0.5      0.0
  SINCE JUL 1      0.0                       0.5   -0.5       T
  SNOW DEPTH       0

DEGREE DAYS
 HEATING
  TODAY           22                        11     11        9
  MONTH TO DATE   69                        83    -14       67
  SINCE SEP 1    156                       176    -20       87
  SINCE JUL 1    156                       181    -25       87

 COOLING
  TODAY            0                         0      0        0
  MONTH TO DATE    0                         0      0       11
  SINCE SEP 1    146                        83     63      183
  SINCE JAN 1   1027                       894    133     1348
..................................................................


WIND (MPH)
  HIGHEST WIND SPEED    44   HIGHEST WIND DIRECTION     N (10)
  HIGHEST GUST SPEED    55   HIGHEST GUST DIRECTION     N (20)
  AVERAGE WIND SPEED    19.0


SKY COVER
  POSSIBLE SUNSHINE  MM
  AVERAGE SKY COVER 1.0


WEATHER CONDITIONS
 THE FOLLOWING WEATHER WAS RECORDED TODAY.
  LIGHT RAIN
  FOG
  HAZE


RELATIVE HUMIDITY (PERCENT)
 HIGHEST    92          1200 PM
 LOWEST     53           100 AM
 AVERAGE    73

..........................................................


THE PUEBLO CO CLIMATE NORMALS FOR TOMORROW
                         NORMAL    RECORD    YEAR
 MAXIMUM TEMPERATURE (F)   72        89      1965
 MINIMUM TEMPERATURE (F)   36        24      2009


SUNRISE AND SUNSET
OCTOBER  9 2017.......SUNRISE   701 AM MDT   SUNSET   628 PM MDT
OCTOBER 10 2017.......SUNRISE   702 AM MDT   SUNSET   627 PM MDT


-  INDICATES NEGATIVE NUMBERS.
R  INDICATES RECORD WAS SET OR TIED.
MM INDICATES DATA IS MISSING.
T  INDICATES TRACE AMOUNT.




$$
