000
CDUS45 KPUB 211123
CLIPUB


CLIMATE REPORT
NATIONAL WEATHER SERVICE PUEBLO
423 AM MST FRI NOV 21 2014


...................................

...THE PUEBLO CO CLIMATE SUMMARY FOR NOVEMBER 20 2014...

CLIMATE NORMAL PERIOD 1981 TO 2010
CLIMATE RECORD PERIOD 1888 TO 2014


WEATHER ITEM   OBSERVED TIME   RECORD YEAR NORMAL DEPARTURE LAST
                VALUE   (LST)  VALUE       VALUE  FROM      YEAR
                                                  NORMAL
..................................................................
TEMPERATURE (F)
 YESTERDAY
  MAXIMUM         50    215 PM  78    1955  54     -4       58
  MINIMUM         23    627 AM  -9    1906  21      2       29
  AVERAGE         37                        37      0       44

PRECIPITATION (IN)
  YESTERDAY        0.00          0.34 1992   0.02  -0.02     0.00
  MONTH TO DATE    0.44                      0.32   0.12     0.01
  SINCE SEP 1      1.97                      1.81   0.16     1.52
  SINCE JAN 1     11.57                     12.04  -0.47     9.32

SNOWFALL (IN)
  YESTERDAY        0.0           5.2  1992   0.1   -0.1      0.0
  MONTH TO DATE    9.1                       2.6    6.5       T
  SINCE SEP 1      9.1                       4.2    4.9      0.1
  SINCE JUL 1      9.1                       4.2    4.9      0.1
  SNOW DEPTH       0

DEGREE DAYS
 HEATING
  YESTERDAY       28                        28      0       21
  MONTH TO DATE  604                       468    136      425
  SINCE SEP 1    929                       973    -44      879
  SINCE JUL 1    930                       978    -48      879

 COOLING
  YESTERDAY        0                         0      0        0
  MONTH TO DATE    0                         0      0        0
  SINCE SEP 1    127                        86     41      170
  SINCE JAN 1   1002                       897    105     1230
..................................................................


WIND (MPH)
  HIGHEST WIND SPEED    10   HIGHEST WIND DIRECTION    SE (140)
  HIGHEST GUST SPEED    13   HIGHEST GUST DIRECTION     E (100)
  AVERAGE WIND SPEED     3.4


SKY COVER
  POSSIBLE SUNSHINE  MM
  AVERAGE SKY COVER 0.1


WEATHER CONDITIONS
 THE FOLLOWING WEATHER WAS RECORDED YESTERDAY.
  NO SIGNIFICANT WEATHER WAS OBSERVED.


RELATIVE HUMIDITY (PERCENT)
 HIGHEST    88           600 AM
 LOWEST     33           200 PM
 AVERAGE    61

..........................................................


THE PUEBLO CO CLIMATE NORMALS FOR TODAY
                         NORMAL    RECORD    YEAR
 MAXIMUM TEMPERATURE (F)   53        78      1974
 MINIMUM TEMPERATURE (F)   20        -1      1906


SUNRISE AND SUNSET
NOVEMBER 21 2014......SUNRISE   646 AM MST   SUNSET   442 PM MST
NOVEMBER 22 2014......SUNRISE   647 AM MST   SUNSET   441 PM MST


-  INDICATES NEGATIVE NUMBERS.
R  INDICATES RECORD WAS SET OR TIED.
MM INDICATES DATA IS MISSING.
T  INDICATES TRACE AMOUNT.




$$
