000
CDUS45 KPUB 121127
CLIPUB


CLIMATE REPORT
NATIONAL WEATHER SERVICE PUEBLO
427 AM MST FRI DEC 12 2014


...................................

...THE PUEBLO CO CLIMATE SUMMARY FOR DECEMBER 11 2014...

CLIMATE NORMAL PERIOD 1981 TO 2010
CLIMATE RECORD PERIOD 1888 TO 2014


WEATHER ITEM   OBSERVED TIME   RECORD YEAR NORMAL DEPARTURE LAST
                VALUE   (LST)  VALUE       VALUE  FROM      YEAR
                                                  NORMAL
..................................................................
TEMPERATURE (F)
 YESTERDAY
  MAXIMUM         61    311 PM  79    2004  46     15       39
  MINIMUM         16    456 AM -22    1961  14      2       11
  AVERAGE         39                        30      9       25

PRECIPITATION (IN)
  YESTERDAY        0.00          0.28 1991   0.01  -0.01     0.00
  MONTH TO DATE    0.00                      0.15  -0.15     0.02
  SINCE DEC 1      0.00                      0.15  -0.15     0.02
  SINCE JAN 1     11.59                     12.34  -0.75     9.67

SNOWFALL (IN)
  YESTERDAY        0.0           3.4  1991   0.2   -0.2      0.0
  MONTH TO DATE    0.0                       2.0   -2.0      2.0
  SINCE DEC 1      0.0                       2.0   -2.0      2.0
  SINCE JUL 1      9.9                       8.0    1.9      5.7
  SNOW DEPTH       0

DEGREE DAYS
 HEATING
  YESTERDAY       26                        35     -9       40
  MONTH TO DATE  315                       372    -57      457
  SINCE DEC 1    315                       372    -57      457
  SINCE JUL 1   1477                      1653   -176     1640

 COOLING
  YESTERDAY        0                         0      0        0
  MONTH TO DATE    0                         0      0        0
  SINCE DEC 1      0                         0      0        0
  SINCE JAN 1   1002                       897    105     1230
..................................................................


WIND (MPH)
  HIGHEST WIND SPEED    10   HIGHEST WIND DIRECTION    NE (30)
  HIGHEST GUST SPEED    13   HIGHEST GUST DIRECTION    NE (40)
  AVERAGE WIND SPEED     4.1


SKY COVER
  POSSIBLE SUNSHINE  MM
  AVERAGE SKY COVER 0.0


WEATHER CONDITIONS
 THE FOLLOWING WEATHER WAS RECORDED YESTERDAY.
  NO SIGNIFICANT WEATHER WAS OBSERVED.


RELATIVE HUMIDITY (PERCENT)
 HIGHEST    73           500 AM
 LOWEST     13           100 PM
 AVERAGE    43

..........................................................


THE PUEBLO CO CLIMATE NORMALS FOR TODAY
                         NORMAL    RECORD    YEAR
 MAXIMUM TEMPERATURE (F)   46        71      1924
 MINIMUM TEMPERATURE (F)   14       -28      1961


SUNRISE AND SUNSET
DECEMBER 12 2014......SUNRISE   706 AM MST   SUNSET   438 PM MST
DECEMBER 13 2014......SUNRISE   706 AM MST   SUNSET   438 PM MST


-  INDICATES NEGATIVE NUMBERS.
R  INDICATES RECORD WAS SET OR TIED.
MM INDICATES DATA IS MISSING.
T  INDICATES TRACE AMOUNT.




$$
