000
CDUS45 KPUB 121132
CLIPUB


CLIMATE REPORT
NATIONAL WEATHER SERVICE PUEBLO
432 AM MST MON FEB 12 2018


...................................

...THE PUEBLO CO CLIMATE SUMMARY FOR FEBRUARY 11 2018...

CLIMATE NORMAL PERIOD 1981 TO 2010
CLIMATE RECORD PERIOD 1888 TO 2018


WEATHER ITEM   OBSERVED TIME   RECORD YEAR NORMAL DEPARTURE LAST
                VALUE   (LST)  VALUE       VALUE  FROM      YEAR
                                                  NORMAL
..................................................................
TEMPERATURE (F)
 YESTERDAY
  MAXIMUM         34    435 PM  77    1962  49    -15       73
                                      1951
  MINIMUM         -3    702 AM -20    1899  16    -19       39
  AVERAGE         16                        33    -17       56

PRECIPITATION (IN)
  YESTERDAY        T             0.25 1905   0.01  -0.01      T
  MONTH TO DATE    0.35                      0.10   0.25      T
  SINCE DEC 1      0.59                      0.83  -0.24     1.51
  SINCE JAN 1      0.58                      0.45   0.13     0.75

SNOWFALL (IN)
  YESTERDAY        T             4.2  1995   0.2   -0.2      0.0
  MONTH TO DATE    5.9                       1.7    4.2      0.0
  SINCE DEC 1      7.7                      13.7   -6.0     14.2
  SINCE JUL 1      9.1                      19.7  -10.6     14.2
  SNOW DEPTH       4

DEGREE DAYS
 HEATING
  YESTERDAY       49                        32     17        9
  MONTH TO DATE  357                       364     -7      237
  SINCE DEC 1   2291                      2515   -224     2321
  SINCE JUL 1   3312                      3796   -484     3103

 COOLING
  YESTERDAY        0                         0      0        0
  MONTH TO DATE    0                         0      0        0
  SINCE DEC 1      0                         0      0        0
  SINCE JAN 1      0                         0      0        0
..................................................................


WIND (MPH)
  HIGHEST WIND SPEED    13   HIGHEST WIND DIRECTION     W (260)
  HIGHEST GUST SPEED    15   HIGHEST GUST DIRECTION     N (360)
  AVERAGE WIND SPEED     4.6


SKY COVER
  POSSIBLE SUNSHINE  MM
  AVERAGE SKY COVER 0.2


WEATHER CONDITIONS
 THE FOLLOWING WEATHER WAS RECORDED YESTERDAY.
  LIGHT SNOW
  FOG
  FOG W/VISIBILITY <= 1/4 MILE


RELATIVE HUMIDITY (PERCENT)
 HIGHEST   100           500 AM
 LOWEST     63           300 PM
 AVERAGE    82

..........................................................


THE PUEBLO CO CLIMATE NORMALS FOR TODAY
                         NORMAL    RECORD    YEAR
 MAXIMUM TEMPERATURE (F)   50        76      1962
 MINIMUM TEMPERATURE (F)   16       -27      1899


SUNRISE AND SUNSET
FEBRUARY 12 2018......SUNRISE   652 AM MST   SUNSET   533 PM MST
FEBRUARY 13 2018......SUNRISE   651 AM MST   SUNSET   534 PM MST


-  INDICATES NEGATIVE NUMBERS.
R  INDICATES RECORD WAS SET OR TIED.
MM INDICATES DATA IS MISSING.
T  INDICATES TRACE AMOUNT.




$$
