000
CDUS45 KPUB 180019
CLIPUB


CLIMATE REPORT
NATIONAL WEATHER SERVICE PUEBLO
619 PM MDT WED MAY 17 2017


...................................

...THE PUEBLO CO CLIMATE SUMMARY FOR MAY 17 2017...
VALID TODAY AS OF 0500 PM LOCAL TIME.

CLIMATE NORMAL PERIOD 1981 TO 2010
CLIMATE RECORD PERIOD 1888 TO 2017


WEATHER ITEM   OBSERVED TIME   RECORD YEAR NORMAL DEPARTURE LAST
                VALUE   (LST)  VALUE       VALUE  FROM      YEAR
                                                  NORMAL
..................................................................
TEMPERATURE (F)
 TODAY
  MAXIMUM         75    338 PM  94    1964  77     -2       55
  MINIMUM         48    532 AM  33    1910  45      3       44
  AVERAGE         62                        61      1       50

PRECIPITATION (IN)
  TODAY            T             2.67 1995   0.05  -0.05     0.01
  MONTH TO DATE    2.34                      0.84   1.50     0.78
  SINCE MAR 1      7.48                      3.17   4.31     4.33
  SINCE JAN 1      8.40                      3.82   4.58     5.19

SNOWFALL (IN)
  TODAY           MM             0.0  2002   0.0   MM        0.0
                                      2001
  MONTH TO DATE    0.0                       0.5   -0.5      0.0
  SINCE MAR 1     14.0                      10.0    4.0      7.2
  SINCE JUL 1     28.2                      31.8   -3.6     31.4
  SNOW DEPTH       0

DEGREE DAYS
 HEATING
  TODAY            3                         5     -2       15
  MONTH TO DATE  107                       123    -16      117
  SINCE MAR 1    951                      1260   -309     1081
  SINCE JUL 1   4451                      5563  -1112     4590

 COOLING
  TODAY            0                         1     -1        0
  MONTH TO DATE    4                         8     -4        3
  SINCE MAR 1      4                        10     -6        3
  SINCE JAN 1      4                        10     -6        3
..................................................................


WIND (MPH)
  HIGHEST WIND SPEED    18   HIGHEST WIND DIRECTION     W (280)
  HIGHEST GUST SPEED    23   HIGHEST GUST DIRECTION     W (280)
  AVERAGE WIND SPEED     7.6


SKY COVER
  POSSIBLE SUNSHINE  MM
  AVERAGE SKY COVER 0.3


WEATHER CONDITIONS
 THE FOLLOWING WEATHER WAS RECORDED TODAY.
  LIGHT RAIN


RELATIVE HUMIDITY (PERCENT)
 HIGHEST    77          1200 AM
 LOWEST     16           200 PM
 AVERAGE    47

..........................................................


THE PUEBLO CO CLIMATE NORMALS FOR TOMORROW
                         NORMAL    RECORD    YEAR
 MAXIMUM TEMPERATURE (F)   77        99      1996
 MINIMUM TEMPERATURE (F)   45        30      1986


SUNRISE AND SUNSET
MAY 17 2017...........SUNRISE   545 AM MDT   SUNSET   804 PM MDT
MAY 18 2017...........SUNRISE   544 AM MDT   SUNSET   805 PM MDT


-  INDICATES NEGATIVE NUMBERS.
R  INDICATES RECORD WAS SET OR TIED.
MM INDICATES DATA IS MISSING.
T  INDICATES TRACE AMOUNT.




$$
