000
CDUS45 KPUB 180023
CLIPUB


CLIMATE REPORT
NATIONAL WEATHER SERVICE PUEBLO
623 PM MDT WED SEP 17 2014


...................................

...THE PUEBLO CO CLIMATE SUMMARY FOR SEPTEMBER 17 2014...
VALID TODAY AS OF 0500 PM LOCAL TIME.

CLIMATE NORMAL PERIOD 1981 TO 2010
CLIMATE RECORD PERIOD 1888 TO 2014


WEATHER ITEM   OBSERVED TIME   RECORD YEAR NORMAL DEPARTURE LAST
                VALUE   (LST)  VALUE       VALUE  FROM      YEAR
                                                  NORMAL
..................................................................
TEMPERATURE (F)
 TODAY
  MAXIMUM         93    221 PM  96    2004  81     12       85
                                      2000
  MINIMUM         52    542 AM  33    1903  47      5       59
  AVERAGE         73                        64      9       72

PRECIPITATION (IN)
  TODAY            0.00          0.97 1971   0.02  -0.02     0.00
  MONTH TO DATE    0.13                      0.49  -0.36     1.02
  SINCE SEP 1      0.13                      0.49  -0.36     1.02
  SINCE JAN 1      9.73                     10.72  -0.99     8.82

SNOWFALL (IN)
  TODAY            0.0           7.3  1971   0.0    0.0      0.0
  MONTH TO DATE    0.0                       0.1   -0.1      0.0
  SINCE SEP 1      0.0                       0.1   -0.1      0.0
  SINCE JUL 1      T                         0.1   -0.1       T
  SNOW DEPTH       0

DEGREE DAYS
 HEATING
  TODAY            0                         3     -3        0
  MONTH TO DATE   46                        27     19        2
  SINCE SEP 1     46                        27     19        2
  SINCE JUL 1     47                        32     15        2

 COOLING
  TODAY            8                         2      6        7
  MONTH TO DATE   76                        67      9      140
  SINCE SEP 1     76                        67      9      140
  SINCE JAN 1    951                       878     73     1200
..................................................................


WIND (MPH)
  HIGHEST WIND SPEED    17   HIGHEST WIND DIRECTION    NE (50)
  HIGHEST GUST SPEED    21   HIGHEST GUST DIRECTION    NE (50)
  AVERAGE WIND SPEED     4.1


SKY COVER
  POSSIBLE SUNSHINE  MM
  AVERAGE SKY COVER 0.0


WEATHER CONDITIONS
 THE FOLLOWING WEATHER WAS RECORDED TODAY.
  NO SIGNIFICANT WEATHER WAS OBSERVED.


RELATIVE HUMIDITY (PERCENT)
 HIGHEST    64           500 AM
 LOWEST     14           200 PM
 AVERAGE    39

..........................................................


THE PUEBLO CO CLIMATE NORMALS FOR TOMORROW
                         NORMAL    RECORD    YEAR
 MAXIMUM TEMPERATURE (F)   81        96      2004
 MINIMUM TEMPERATURE (F)   47        33      2006
                                             1971


SUNRISE AND SUNSET
SEPTEMBER 17 2014.....SUNRISE   641 AM MDT   SUNSET   703 PM MDT
SEPTEMBER 18 2014.....SUNRISE   642 AM MDT   SUNSET   701 PM MDT


-  INDICATES NEGATIVE NUMBERS.
R  INDICATES RECORD WAS SET OR TIED.
MM INDICATES DATA IS MISSING.
T  INDICATES TRACE AMOUNT.




$$
