336
CDUS45 KPUB 201045
CLIPUB


CLIMATE REPORT
NATIONAL WEATHER SERVICE PUEBLO
445 AM MDT TUE JUN 20 2017


...................................

...THE PUEBLO CO CLIMATE SUMMARY FOR JUNE 19 2017...

CLIMATE NORMAL PERIOD 1981 TO 2010
CLIMATE RECORD PERIOD 1888 TO 2017


WEATHER ITEM   OBSERVED TIME   RECORD YEAR NORMAL DEPARTURE LAST
                VALUE   (LST)  VALUE       VALUE  FROM      YEAR
                                                  NORMAL
..................................................................
TEMPERATURE (F)
 YESTERDAY
  MAXIMUM         89    415 PM 103    2016  89      0      103
  MINIMUM         60   1230 AM  42    1998  54      6       63
  AVERAGE         75                        71      4       83

PRECIPITATION (IN)
  YESTERDAY        0.00          0.91 1948   0.04  -0.04     0.00
  MONTH TO DATE    1.46                      0.86   0.60     0.33
  SINCE JUN 1      1.46                      0.86   0.60     0.33
  SINCE JAN 1     10.52                      5.35   5.17     7.50

SNOWFALL (IN)
  YESTERDAY        0.0           0.0  2002   0.0    0.0      0.0
                                      2001
  MONTH TO DATE    0.0                       0.0    0.0       T
  SINCE JUN 1      0.0                       0.0    0.0       T
  SINCE JUL 1     28.2                      31.8   -3.6     31.4
  SNOW DEPTH       0

DEGREE DAYS
 HEATING
  YESTERDAY        0                         0      0        0
  MONTH TO DATE    0                        22    -22        1
  SINCE JUN 1      0                        22    -22        1
  SINCE JUL 1   4538                      5635  -1097     4624

 COOLING
  YESTERDAY       10                         7      3       18
  MONTH TO DATE  125                        85     40      173
  SINCE JUN 1    125                        85     40      173
  SINCE JAN 1    135                       119     16      203
..................................................................


WIND (MPH)
  HIGHEST WIND SPEED    23   HIGHEST WIND DIRECTION     N (360)
  HIGHEST GUST SPEED    28   HIGHEST GUST DIRECTION     N (350)
  AVERAGE WIND SPEED    11.2


SKY COVER
  POSSIBLE SUNSHINE  MM
  AVERAGE SKY COVER 0.0


WEATHER CONDITIONS
 THE FOLLOWING WEATHER WAS RECORDED YESTERDAY.
  NO SIGNIFICANT WEATHER WAS OBSERVED.


RELATIVE HUMIDITY (PERCENT)
 HIGHEST    56          1200 AM
 LOWEST     21          1200 PM
 AVERAGE    39

..........................................................


THE PUEBLO CO CLIMATE NORMALS FOR TODAY
                         NORMAL    RECORD    YEAR
 MAXIMUM TEMPERATURE (F)   89       103      2006
                                             1974
 MINIMUM TEMPERATURE (F)   54        42      1979


SUNRISE AND SUNSET
JUNE 20 2017..........SUNRISE   535 AM MDT   SUNSET   825 PM MDT
JUNE 21 2017..........SUNRISE   535 AM MDT   SUNSET   825 PM MDT


-  INDICATES NEGATIVE NUMBERS.
R  INDICATES RECORD WAS SET OR TIED.
MM INDICATES DATA IS MISSING.
T  INDICATES TRACE AMOUNT.




$$
