000
CDUS45 KPUB 181044
CLIPUB


CLIMATE REPORT
NATIONAL WEATHER SERVICE PUEBLO
444 AM MDT FRI AUG 18 2017


...................................

...THE PUEBLO CO CLIMATE SUMMARY FOR AUGUST 17 2017...

CLIMATE NORMAL PERIOD 1981 TO 2010
CLIMATE RECORD PERIOD 1888 TO 2017


WEATHER ITEM   OBSERVED TIME   RECORD YEAR NORMAL DEPARTURE LAST
                VALUE   (LST)  VALUE       VALUE  FROM      YEAR
                                                  NORMAL
..................................................................
TEMPERATURE (F)
 YESTERDAY
  MAXIMUM         92    203 PM 101    1973  89      3       92
  MINIMUM         58    545 AM  49    2001  58      0       59
  AVERAGE         75                        74      1       76

PRECIPITATION (IN)
  YESTERDAY        T             1.13 1923   0.08  -0.08     0.00
  MONTH TO DATE    0.34                      1.40  -1.06     0.82
  SINCE JUN 1      4.99                      4.82   0.17     2.65
  SINCE JAN 1     14.05                      9.31   4.74     9.82

SNOWFALL (IN)
  YESTERDAY        0.0           0.0  2002   0.0    0.0      0.0
  MONTH TO DATE    0.0                       0.0    0.0       T
  SINCE JUN 1      0.0                       0.0    0.0       T
  SINCE JUL 1      0.0                       0.0    0.0       T
  SNOW DEPTH       0

DEGREE DAYS
 HEATING
  YESTERDAY        0                         0      0        0
  MONTH TO DATE    0                         0      0        0
  SINCE JUN 1      5                        26    -21        1
  SINCE JUL 1      0                         1     -1        0

 COOLING
  YESTERDAY       10                         9      1       11
  MONTH TO DATE  124                       162    -38      219
  SINCE JUN 1    759                       673     86     1042
  SINCE JAN 1    769                       707     62     1072
..................................................................


WIND (MPH)
  HIGHEST WIND SPEED    28   HIGHEST WIND DIRECTION    NE (50)
  HIGHEST GUST SPEED    36   HIGHEST GUST DIRECTION    NE (50)
  AVERAGE WIND SPEED     5.5


SKY COVER
  POSSIBLE SUNSHINE  MM
  AVERAGE SKY COVER 0.2


WEATHER CONDITIONS
 THE FOLLOWING WEATHER WAS RECORDED YESTERDAY.
  THUNDERSTORM
  LIGHT RAIN


RELATIVE HUMIDITY (PERCENT)
 HIGHEST    78           400 AM
 LOWEST     18           200 PM
 AVERAGE    48

..........................................................


THE PUEBLO CO CLIMATE NORMALS FOR TODAY
                         NORMAL    RECORD    YEAR
 MAXIMUM TEMPERATURE (F)   89       103      1986
 MINIMUM TEMPERATURE (F)   58        48      1960
                                             1950


SUNRISE AND SUNSET
AUGUST 18 2017........SUNRISE   616 AM MDT   SUNSET   747 PM MDT
AUGUST 19 2017........SUNRISE   617 AM MDT   SUNSET   746 PM MDT


-  INDICATES NEGATIVE NUMBERS.
R  INDICATES RECORD WAS SET OR TIED.
MM INDICATES DATA IS MISSING.
T  INDICATES TRACE AMOUNT.




$$
