000
CDUS45 KPUB 262335
CLIPUB


CLIMATE REPORT
NATIONAL WEATHER SERVICE PUEBLO
527 PM MDT FRI SEP 26 2014


...................................

...THE PUEBLO CO CLIMATE SUMMARY FOR SEPTEMBER 26 2014...
VALID TODAY AS OF 0500 PM LOCAL TIME.

CLIMATE NORMAL PERIOD 1981 TO 2010
CLIMATE RECORD PERIOD 1888 TO 2014


WEATHER ITEM   OBSERVED TIME   RECORD YEAR NORMAL DEPARTURE LAST
                VALUE   (LST)  VALUE       VALUE  FROM      YEAR
                                                  NORMAL
..................................................................
TEMPERATURE (F)
 TODAY
  MAXIMUM         89    247 PM  93    2001  77     12       87
  MINIMUM         49    606 AM  31    1912  43      6       48
  AVERAGE         69                        60      9       68

PRECIPITATION (IN)
  TODAY            0.00          1.22 1917   0.02  -0.02     0.00
  MONTH TO DATE    0.35                      0.69  -0.34     1.27
  SINCE SEP 1      0.35                      0.69  -0.34     1.27
  SINCE JAN 1      9.95                     10.92  -0.97     9.07

SNOWFALL (IN)
  TODAY            0.0           T    1936   0.0    0.0      0.0
  MONTH TO DATE    0.0                       0.2   -0.2      0.0
  SINCE SEP 1      0.0                       0.2   -0.2      0.0
  SINCE JUL 1      T                         0.2   -0.2       T
  SNOW DEPTH       0

DEGREE DAYS
 HEATING
  TODAY            0                         6     -6        0
  MONTH TO DATE   46                        68    -22       10
  SINCE SEP 1     46                        68    -22       10
  SINCE JUL 1     47                        73    -26       10

 COOLING
  TODAY            4                         1      3        3
  MONTH TO DATE  121                        79     42      162
  SINCE SEP 1    121                        79     42      162
  SINCE JAN 1    996                       890    106     1222
..................................................................


WIND (MPH)
  HIGHEST WIND SPEED    18   HIGHEST WIND DIRECTION     E (100)
  HIGHEST GUST SPEED    25   HIGHEST GUST DIRECTION     E (100)
  AVERAGE WIND SPEED     5.2


SKY COVER
  POSSIBLE SUNSHINE  MM
  AVERAGE SKY COVER 0.0


WEATHER CONDITIONS
 THE FOLLOWING WEATHER WAS RECORDED TODAY.
  HAZE


RELATIVE HUMIDITY (PERCENT)
 HIGHEST    71           500 AM
 LOWEST     18           400 PM
 AVERAGE    45

..........................................................


THE PUEBLO CO CLIMATE NORMALS FOR TOMORROW
                         NORMAL    RECORD    YEAR
 MAXIMUM TEMPERATURE (F)   77        94      2010
                                             1953
 MINIMUM TEMPERATURE (F)   42        29      1908


SUNRISE AND SUNSET
SEPTEMBER 26 2014.....SUNRISE   649 AM MDT   SUNSET   649 PM MDT
SEPTEMBER 27 2014.....SUNRISE   650 AM MDT   SUNSET   647 PM MDT


-  INDICATES NEGATIVE NUMBERS.
R  INDICATES RECORD WAS SET OR TIED.
MM INDICATES DATA IS MISSING.
T  INDICATES TRACE AMOUNT.




$$
