000
CDUS45 KPUB 061125
CLIPUB


CLIMATE REPORT
NATIONAL WEATHER SERVICE PUEBLO
425 AM MST SAT JAN 6 2018


...................................

...THE PUEBLO CO CLIMATE SUMMARY FOR JANUARY 5 2018...

CLIMATE NORMAL PERIOD 1981 TO 2010
CLIMATE RECORD PERIOD 1888 TO 2018


WEATHER ITEM   OBSERVED TIME   RECORD YEAR NORMAL DEPARTURE LAST
                VALUE   (LST)  VALUE       VALUE  FROM      YEAR
                                                  NORMAL
..................................................................
TEMPERATURE (F)
 YESTERDAY
  MAXIMUM         57    318 PM  74    1927  47     10       15
  MINIMUM         10    326 AM -21    1942  14     -4        6
  AVERAGE         34                        30      4       11

PRECIPITATION (IN)
  YESTERDAY        0.00          0.37 2017   0.02  -0.02     0.37
  MONTH TO DATE    0.00                      0.06  -0.06     0.37
  SINCE DEC 1      0.01                      0.44  -0.43     1.13
  SINCE JAN 1      0.00                      0.06  -0.06     0.37

SNOWFALL (IN)
  YESTERDAY        0.0           6.0  2017   0.2   -0.2      6.0
  MONTH TO DATE    0.0                       1.0   -1.0      6.0
  SINCE DEC 1      0.6                       6.5   -5.9     10.4
  SINCE JUL 1      2.0                      12.5  -10.5     10.4
  SNOW DEPTH       0

DEGREE DAYS
 HEATING
  YESTERDAY       31                        35     -4       54
  MONTH TO DATE  198                       175     23      197
  SINCE DEC 1   1184                      1257    -73     1272
  SINCE JUL 1   2205                      2538   -333     2054

 COOLING
  YESTERDAY        0                         0      0        0
  MONTH TO DATE    0                         0      0        0
  SINCE DEC 1      0                         0      0        0
  SINCE JAN 1      0                         0      0        0
..................................................................


WIND (MPH)
  HIGHEST WIND SPEED    13   HIGHEST WIND DIRECTION     N (360)
  HIGHEST GUST SPEED    14   HIGHEST GUST DIRECTION     N (360)
  AVERAGE WIND SPEED     3.5


SKY COVER
  POSSIBLE SUNSHINE  MM
  AVERAGE SKY COVER 0.0


WEATHER CONDITIONS
 THE FOLLOWING WEATHER WAS RECORDED YESTERDAY.
  NO SIGNIFICANT WEATHER WAS OBSERVED.


RELATIVE HUMIDITY (PERCENT)
 HIGHEST    63           200 AM
 LOWEST     15           400 PM
 AVERAGE    39

..........................................................


THE PUEBLO CO CLIMATE NORMALS FOR TODAY
                         NORMAL    RECORD    YEAR
 MAXIMUM TEMPERATURE (F)   47        74      2006
 MINIMUM TEMPERATURE (F)   14       -18      1913


SUNRISE AND SUNSET
JANUARY  6 2018.......SUNRISE   715 AM MST   SUNSET   453 PM MST
JANUARY  7 2018.......SUNRISE   715 AM MST   SUNSET   454 PM MST


-  INDICATES NEGATIVE NUMBERS.
R  INDICATES RECORD WAS SET OR TIED.
MM INDICATES DATA IS MISSING.
T  INDICATES TRACE AMOUNT.




$$
