000
CDUS45 KPUB 090022 CCA
CLIPUB

CLIMATE REPORT...CORRECTION
NATIONAL WEATHER SERVICE PUEBLO
519 PM MST WED NOV 8 2017


...................................

...THE PUEBLO CO CLIMATE SUMMARY FOR NOVEMBER 8 2017...
VALID TODAY AS OF 0500 PM LOCAL TIME.

CLIMATE NORMAL PERIOD 1981 TO 2010
CLIMATE RECORD PERIOD 1888 TO 2017


WEATHER ITEM   OBSERVED TIME   RECORD YEAR NORMAL DEPARTURE LAST
                VALUE   (LST)  VALUE       VALUE  FROM      YEAR
                                                  NORMAL
..................................................................
TEMPERATURE (F)
 TODAY
  MAXIMUM         43    248 PM  85    2006  60    -17       66
  MINIMUM         29    435 AM  10    1925  26      3       27
                                      1896
  AVERAGE         36                        43     -7       47

PRECIPITATION (IN)
  TODAY            0.02          0.25 1960   0.02   0.00     0.00
  MONTH TO DATE    0.22                      0.14   0.08     0.00
  SINCE SEP 1      1.63                      1.63   0.00     0.05
  SINCE JAN 1     15.89                     11.86   4.03    10.37

SNOWFALL (IN)
  TODAY            0.3           3.2  1890   0.1    0.2      0.0
  MONTH TO DATE    1.4                       0.9    0.5      0.0
  SINCE SEP 1      1.4                       2.5   -1.1      0.0
  SINCE JUL 1      1.4                       2.5   -1.1       T
  SNOW DEPTH       0

DEGREE DAYS
 HEATING
  TODAY           29                        22      7       18
  MONTH TO DATE  148                       165    -17      102
  SINCE SEP 1    605                       670    -65      316
  SINCE JUL 1    605                       675    -70      316

 COOLING
  TODAY            0                         0      0        0
  MONTH TO DATE    0                         0      0        0
  SINCE SEP 1    146                        86     60      193
  SINCE JAN 1   1027                       897    130     1358
..................................................................


WIND (MPH)
  HIGHEST WIND SPEED    10   HIGHEST WIND DIRECTION     N (10)
  HIGHEST GUST SPEED    13   HIGHEST GUST DIRECTION     N (360)
  AVERAGE WIND SPEED     3.1


SKY COVER
  POSSIBLE SUNSHINE  MM
  AVERAGE SKY COVER 0.8


WEATHER CONDITIONS
 THE FOLLOWING WEATHER WAS RECORDED TODAY.
  LIGHT SNOW
  FOG
  HAZE


RELATIVE HUMIDITY (PERCENT)
 HIGHEST    92          1200 AM
 LOWEST     79           300 PM
 AVERAGE    86

..........................................................


THE PUEBLO CO CLIMATE NORMALS FOR TOMORROW
                         NORMAL    RECORD    YEAR
 MAXIMUM TEMPERATURE (F)   60        82      1978
 MINIMUM TEMPERATURE (F)   25         1      1950


SUNRISE AND SUNSET
NOVEMBER  8 2017......SUNRISE   632 AM MST   SUNSET   451 PM MST
NOVEMBER  9 2017......SUNRISE   633 AM MST   SUNSET   450 PM MST


-  INDICATES NEGATIVE NUMBERS.
R  INDICATES RECORD WAS SET OR TIED.
MM INDICATES DATA IS MISSING.
T  INDICATES TRACE AMOUNT.




$$
