000
CDUS45 KPUB 150021
CLIPUB


CLIMATE REPORT
NATIONAL WEATHER SERVICE PUEBLO
521 PM MST TUE FEB 14 2017


...................................

...THE PUEBLO CO CLIMATE SUMMARY FOR FEBRUARY 14 2017...
VALID TODAY AS OF 0500 PM LOCAL TIME.

CLIMATE NORMAL PERIOD 1981 TO 2010
CLIMATE RECORD PERIOD 1888 TO 2017


WEATHER ITEM   OBSERVED TIME   RECORD YEAR NORMAL DEPARTURE LAST
                VALUE   (LST)  VALUE       VALUE  FROM      YEAR
                                                  NORMAL
..................................................................
TEMPERATURE (F)
 TODAY
  MAXIMUM         53    315 PM  76    1999  50      3       54
                                      1924
  MINIMUM         29    707 AM -15    1895  17     12       25
  AVERAGE         41                        34      7       40

PRECIPITATION (IN)
  TODAY            0.00          0.60 1987   0.01  -0.01     0.00
  MONTH TO DATE    0.17                      0.12   0.05     0.33
  SINCE DEC 1      1.68                      0.85   0.83     1.26
  SINCE JAN 1      0.92                      0.47   0.45     0.86

SNOWFALL (IN)
  TODAY            0.0           8.6  1909   0.2   -0.2      0.0
  MONTH TO DATE    0.0                       2.1   -2.1      5.8
  SINCE DEC 1     14.2                      14.1    0.1     17.8
  SINCE JUL 1     14.2                      20.1   -5.9     24.2
  SNOW DEPTH       0

DEGREE DAYS
 HEATING
  TODAY           24                        32     -8       25
  MONTH TO DATE  310                       460   -150      414
  SINCE DEC 1   2394                      2611   -217     2345
  SINCE JUL 1   3176                      3892   -716     3219

 COOLING
  TODAY            0                         0      0        0
  MONTH TO DATE    0                         0      0        0
  SINCE DEC 1      0                         0      0        0
  SINCE JAN 1      0                         0      0        0
..................................................................


WIND (MPH)
  HIGHEST WIND SPEED    20   HIGHEST WIND DIRECTION    NE (60)
  HIGHEST GUST SPEED    24   HIGHEST GUST DIRECTION    NE (60)
  AVERAGE WIND SPEED     7.7


SKY COVER
  POSSIBLE SUNSHINE  MM
  AVERAGE SKY COVER 0.1


WEATHER CONDITIONS
 THE FOLLOWING WEATHER WAS RECORDED TODAY.
  NO SIGNIFICANT WEATHER WAS OBSERVED.


RELATIVE HUMIDITY (PERCENT)
 HIGHEST    75          1200 AM
 LOWEST     24           400 PM
 AVERAGE    50

..........................................................


THE PUEBLO CO CLIMATE NORMALS FOR TOMORROW
                         NORMAL    RECORD    YEAR
 MAXIMUM TEMPERATURE (F)   50        78      1947
 MINIMUM TEMPERATURE (F)   17       -23      1895


SUNRISE AND SUNSET
FEBRUARY 14 2017......SUNRISE   649 AM MST   SUNSET   536 PM MST
FEBRUARY 15 2017......SUNRISE   648 AM MST   SUNSET   537 PM MST


-  INDICATES NEGATIVE NUMBERS.
R  INDICATES RECORD WAS SET OR TIED.
MM INDICATES DATA IS MISSING.
T  INDICATES TRACE AMOUNT.




$$
