000
CDUS45 KPUB 162331
CLIPUB


CLIMATE REPORT
NATIONAL WEATHER SERVICE PUEBLO
527 PM MDT SAT SEP 16 2017


...................................

...THE PUEBLO CO CLIMATE SUMMARY FOR SEPTEMBER 16 2017...
VALID TODAY AS OF 0500 PM LOCAL TIME.

CLIMATE NORMAL PERIOD 1981 TO 2010
CLIMATE RECORD PERIOD 1888 TO 2017


WEATHER ITEM   OBSERVED TIME   RECORD YEAR NORMAL DEPARTURE LAST
                VALUE   (LST)  VALUE       VALUE  FROM      YEAR
                                                  NORMAL
..................................................................
TEMPERATURE (F)
 TODAY
  MAXIMUM         78    249 PM  97    2000  82     -4       77
  MINIMUM         49    550 AM  31    1951  48      1       48
  AVERAGE         64                        65     -1       63

PRECIPITATION (IN)
  TODAY            0.00          0.37 1897   0.02  -0.02     0.00
  MONTH TO DATE    T                         0.47  -0.47     0.05
  SINCE SEP 1      T                         0.47  -0.47     0.05
  SINCE JAN 1     14.26                     10.70   3.56    10.37

SNOWFALL (IN)
  TODAY            0.0           T    1965   0.0    0.0      0.0
  MONTH TO DATE    0.0                       0.1   -0.1      0.0
  SINCE SEP 1      0.0                       0.1   -0.1      0.0
  SINCE JUL 1      0.0                       0.1   -0.1       T
  SNOW DEPTH       0

DEGREE DAYS
 HEATING
  TODAY            1                         3     -2        2
  MONTH TO DATE    1                        24    -23        4
  SINCE SEP 1      1                        24    -23        4
  SINCE JUL 1      1                        29    -28        4

 COOLING
  TODAY            0                         2     -2        0
  MONTH TO DATE  130                        65     65      115
  SINCE SEP 1    130                        65     65      115
  SINCE JAN 1   1011                       876    135     1280
..................................................................


WIND (MPH)
  HIGHEST WIND SPEED    23   HIGHEST WIND DIRECTION     N (10)
  HIGHEST GUST SPEED    29   HIGHEST GUST DIRECTION     N (10)
  AVERAGE WIND SPEED     5.8


SKY COVER
  POSSIBLE SUNSHINE  MM
  AVERAGE SKY COVER 0.1


WEATHER CONDITIONS
 THE FOLLOWING WEATHER WAS RECORDED TODAY.
  NO SIGNIFICANT WEATHER WAS OBSERVED.


RELATIVE HUMIDITY (PERCENT)
 HIGHEST    74           600 AM
 LOWEST     22          1200 AM
 AVERAGE    48

..........................................................


THE PUEBLO CO CLIMATE NORMALS FOR TOMORROW
                         NORMAL    RECORD    YEAR
 MAXIMUM TEMPERATURE (F)   81        96      2004
                                             2000
 MINIMUM TEMPERATURE (F)   47        33      1903


SUNRISE AND SUNSET
SEPTEMBER 16 2017.....SUNRISE   641 AM MDT   SUNSET   704 PM MDT
SEPTEMBER 17 2017.....SUNRISE   642 AM MDT   SUNSET   702 PM MDT


-  INDICATES NEGATIVE NUMBERS.
R  INDICATES RECORD WAS SET OR TIED.
MM INDICATES DATA IS MISSING.
T  INDICATES TRACE AMOUNT.




$$
