481
CDUS45 KPUB 251026
CLIPUB


CLIMATE REPORT
NATIONAL WEATHER SERVICE PUEBLO
425 AM MDT MON JUL 25 2016


...................................

...THE PUEBLO CO CLIMATE SUMMARY FOR JULY 24 2016...

CLIMATE NORMAL PERIOD 1981 TO 2010
CLIMATE RECORD PERIOD 1888 TO 2016


WEATHER ITEM   OBSERVED TIME   RECORD YEAR NORMAL DEPARTURE LAST
                VALUE   (LST)  VALUE       VALUE  FROM      YEAR
                                                  NORMAL
..................................................................
TEMPERATURE (F)
 YESTERDAY
  MAXIMUM         97    119 PM 108    2003  93      4      101
  MINIMUM         66    526 AM  49    1995  60      6       64
  AVERAGE         82                        76      6       83

PRECIPITATION (IN)
  YESTERDAY        0.00          1.20 1904   0.07  -0.07     0.00
  MONTH TO DATE    0.55                      1.53  -0.98     0.64
  SINCE JUN 1      1.33                      2.89  -1.56     1.86
  SINCE JAN 1      8.50                      7.38   1.12    10.78

SNOWFALL (IN)
  YESTERDAY        0.0           0.0  2002   0.0    0.0      0.0
                                      2001
  MONTH TO DATE    T                         0.0    0.0      0.0
  SINCE JUN 1      T                         0.0    0.0      0.0
  SINCE JUL 1      T                         0.0    0.0      0.0
  SNOW DEPTH       0

DEGREE DAYS
 HEATING
  YESTERDAY        0                         0      0        0
  MONTH TO DATE    0                         0      0        0
  SINCE JUN 1      1                        25    -24        0
  SINCE JUL 1      0                         0      0        0

 COOLING
  YESTERDAY       17                        11      6       18
  MONTH TO DATE  379                       259    120      291
  SINCE JUN 1    718                       434    284      534
  SINCE JAN 1    748                       468    280      538
..................................................................


WIND (MPH)
  HIGHEST WIND SPEED    30   HIGHEST WIND DIRECTION     N (10)
  HIGHEST GUST SPEED    36   HIGHEST GUST DIRECTION     N (10)
  AVERAGE WIND SPEED     7.9


SKY COVER
  POSSIBLE SUNSHINE  MM
  AVERAGE SKY COVER 0.1


WEATHER CONDITIONS
 THE FOLLOWING WEATHER WAS RECORDED YESTERDAY.
  THUNDERSTORM


RELATIVE HUMIDITY (PERCENT)
 HIGHEST    61           900 PM
 LOWEST     19           300 PM
 AVERAGE    40

..........................................................


THE PUEBLO CO CLIMATE NORMALS FOR TODAY
                         NORMAL    RECORD    YEAR
 MAXIMUM TEMPERATURE (F)   93       107      2003
 MINIMUM TEMPERATURE (F)   60        48      1995


SUNRISE AND SUNSET
JULY 25 2016..........SUNRISE   555 AM MDT   SUNSET   814 PM MDT
JULY 26 2016..........SUNRISE   556 AM MDT   SUNSET   813 PM MDT


-  INDICATES NEGATIVE NUMBERS.
R  INDICATES RECORD WAS SET OR TIED.
MM INDICATES DATA IS MISSING.
T  INDICATES TRACE AMOUNT.




$$
