756
CDUS45 KPUB 131155
CLIPUB


CLIMATE REPORT
NATIONAL WEATHER SERVICE PUEBLO
455 AM MST FRI JAN 13 2017


...................................

...THE PUEBLO CO CLIMATE SUMMARY FOR JANUARY 12 2017...

CLIMATE NORMAL PERIOD 1981 TO 2010
CLIMATE RECORD PERIOD 1888 TO 2017


WEATHER ITEM   OBSERVED TIME   RECORD YEAR NORMAL DEPARTURE LAST
                VALUE   (LST)  VALUE       VALUE  FROM      YEAR
                                                  NORMAL
..................................................................
TEMPERATURE (F)
 YESTERDAY
  MAXIMUM         51    200 PM  71    1953  47      4       45
                                      1928
  MINIMUM         20   1159 PM -26    1963  14      6        6
  AVERAGE         36                        30      6       26

PRECIPITATION (IN)
  YESTERDAY        0.00          0.29 1982   0.01  -0.01     0.00
  MONTH TO DATE    0.41                      0.13   0.28     0.41
  SINCE DEC 1      1.17                      0.51   0.66     0.81
  SINCE JAN 1      0.41                      0.13   0.28     0.41

SNOWFALL (IN)
  YESTERDAY        0.0           4.4  1982   0.2   -0.2      0.0
  MONTH TO DATE    6.5                       2.4    4.1      5.0
  SINCE DEC 1     10.9                       7.9    3.0     10.5
  SINCE JUL 1     10.9                      13.9   -3.0     16.9
  SNOW DEPTH       0

DEGREE DAYS
 HEATING
  YESTERDAY       29                        35     -6       39
  MONTH TO DATE  448                       420     28      455
  SINCE DEC 1   1523                      1502     21     1402
  SINCE JUL 1   2305                      2783   -478     2276

 COOLING
  YESTERDAY        0                         0      0        0
  MONTH TO DATE    0                         0      0        0
  SINCE DEC 1      0                         0      0        0
  SINCE JAN 1      0                         0      0        0
..................................................................


WIND (MPH)
  HIGHEST WIND SPEED    24   HIGHEST WIND DIRECTION     E (80)
  HIGHEST GUST SPEED    27   HIGHEST GUST DIRECTION     E (80)
  AVERAGE WIND SPEED    10.3


SKY COVER
  POSSIBLE SUNSHINE  MM
  AVERAGE SKY COVER 0.0


WEATHER CONDITIONS
 THE FOLLOWING WEATHER WAS RECORDED YESTERDAY.
  NO SIGNIFICANT WEATHER WAS OBSERVED.


RELATIVE HUMIDITY (PERCENT)
 HIGHEST    84           700 AM
 LOWEST     32           200 PM
 AVERAGE    58

..........................................................


THE PUEBLO CO CLIMATE NORMALS FOR TODAY
                         NORMAL    RECORD    YEAR
 MAXIMUM TEMPERATURE (F)   47        73      1996
                                             1983
 MINIMUM TEMPERATURE (F)   14       -24      1963


SUNRISE AND SUNSET
JANUARY 13 2017.......SUNRISE   714 AM MST   SUNSET   500 PM MST
JANUARY 14 2017.......SUNRISE   714 AM MST   SUNSET   501 PM MST


-  INDICATES NEGATIVE NUMBERS.
R  INDICATES RECORD WAS SET OR TIED.
MM INDICATES DATA IS MISSING.
T  INDICATES TRACE AMOUNT.




$$
