000
CDUS45 KPUB 191900 CCA
CLIPUB

CLIMATE REPORT...CORRECTION
NATIONAL WEATHER SERVICE PUEBLO
445 AM MDT FRI MAY 19 2017


...................................

...THE PUEBLO CO CLIMATE SUMMARY FOR MAY 18 2017...

CLIMATE NORMAL PERIOD 1981 TO 2010
CLIMATE RECORD PERIOD 1888 TO 2017


WEATHER ITEM   OBSERVED TIME   RECORD YEAR NORMAL DEPARTURE LAST
                VALUE   (LST)  VALUE       VALUE  FROM      YEAR
                                                  NORMAL
..................................................................
TEMPERATURE (F)
 YESTERDAY
  MAXIMUM         61    255 PM  99    1996  77    -16       66
  MINIMUM         41   1159 PM  30    1986  45     -4       45
  AVERAGE         51                        61    -10       56

PRECIPITATION (IN)
  YESTERDAY        0.31          2.17 1955   0.04   0.27     0.00
  MONTH TO DATE    2.65                      0.88   1.77     0.78
  SINCE MAR 1      7.79                      3.21   4.58     4.33
  SINCE JAN 1      8.71                      3.86   4.85     5.19

SNOWFALL (IN)
  YESTERDAY        T   R         T    1971   0.0    0.0      0.0
  MONTH TO DATE    T                         0.5   -0.5      0.0
  SINCE MAR 1     14.0                      10.0    4.0      7.2
  SINCE JUL 1     28.2                      31.8   -3.6     31.4
  SNOW DEPTH       0

DEGREE DAYS
 HEATING
  YESTERDAY       14                         5      9        9
  MONTH TO DATE  121                       128     -7      126
  SINCE MAR 1    965                      1265   -300     1090
  SINCE JUL 1   4465                      5568  -1103     4599

 COOLING
  YESTERDAY        0                         1     -1        0
  MONTH TO DATE    4                         9     -5        3
  SINCE MAR 1      4                        11     -7        3
  SINCE JAN 1      4                        11     -7        3
..................................................................


WIND (MPH)
  HIGHEST WIND SPEED    35   HIGHEST WIND DIRECTION     E (110)
  HIGHEST GUST SPEED    42   HIGHEST GUST DIRECTION     E (110)
  AVERAGE WIND SPEED    18.1


SKY COVER
  POSSIBLE SUNSHINE  MM
  AVERAGE SKY COVER 0.8


WEATHER CONDITIONS
 THE FOLLOWING WEATHER WAS RECORDED YESTERDAY.
  THUNDERSTORM
  RAIN
  LIGHT RAIN
  HAIL
  FOG


RELATIVE HUMIDITY (PERCENT)
 HIGHEST    93           600 AM
 LOWEST     60           200 PM
 AVERAGE    77

..........................................................


THE PUEBLO CO CLIMATE NORMALS FOR TODAY
                         NORMAL    RECORD    YEAR
 MAXIMUM TEMPERATURE (F)   78        98      1974
 MINIMUM TEMPERATURE (F)   45        32      1971
                                             1915


SUNRISE AND SUNSET
MAY 19 2017...........SUNRISE   544 AM MDT   SUNSET   806 PM MDT
MAY 20 2017...........SUNRISE   543 AM MDT   SUNSET   807 PM MDT


-  INDICATES NEGATIVE NUMBERS.
R  INDICATES RECORD WAS SET OR TIED.
MM INDICATES DATA IS MISSING.
T  INDICATES TRACE AMOUNT.




$$
