000
CDUS45 KPUB 241027
CLIPUB


CLIMATE REPORT
NATIONAL WEATHER SERVICE PUEBLO
427 AM MDT TUE MAR 24 2015


...................................

...THE PUEBLO CO CLIMATE SUMMARY FOR MARCH 23 2015...

CLIMATE NORMAL PERIOD 1981 TO 2010
CLIMATE RECORD PERIOD 1888 TO 2015


WEATHER ITEM   OBSERVED TIME   RECORD YEAR NORMAL DEPARTURE LAST
                VALUE   (LST)  VALUE       VALUE  FROM      YEAR
                                                  NORMAL
..................................................................
TEMPERATURE (F)
 YESTERDAY
  MAXIMUM         67    409 PM  84    2004  61      6       46
  MINIMUM         37    703 AM  -5    1898  28      9       22
  AVERAGE         52                        44      8       34

PRECIPITATION (IN)
  YESTERDAY        0.00          0.56 1891   0.04  -0.04     0.00
  MONTH TO DATE    0.49                      0.66  -0.17     0.76
  SINCE MAR 1      0.49                      0.66  -0.17     0.76
  SINCE JAN 1      1.87                      1.31   0.56     1.49

SNOWFALL (IN)
  YESTERDAY        0.0           4.2  1891   0.2   -0.2      0.0
  MONTH TO DATE    1.7                       4.1   -2.4      2.4
  SINCE MAR 1      1.7                       4.1   -2.4      2.4
  SINCE JUL 1     42.8                      25.9   16.9     21.0
  SNOW DEPTH       0

DEGREE DAYS
 HEATING
  YESTERDAY       13                        21     -8       31
  MONTH TO DATE  502                       544    -42      532
  SINCE MAR 1    502                       544    -42      532
  SINCE JUL 1   4524                      4847   -323     4737

 COOLING
  YESTERDAY        0                         0      0        0
  MONTH TO DATE    0                         0      0        0
  SINCE MAR 1      0                         0      0        0
  SINCE JAN 1      0                         0      0        0
..................................................................


WIND (MPH)
  HIGHEST WIND SPEED    22   HIGHEST WIND DIRECTION     N (350)
  HIGHEST GUST SPEED    31   HIGHEST GUST DIRECTION     N (340)
  AVERAGE WIND SPEED     7.4


SKY COVER
  POSSIBLE SUNSHINE  MM
  AVERAGE SKY COVER 0.0


WEATHER CONDITIONS
 THE FOLLOWING WEATHER WAS RECORDED YESTERDAY.
  NO SIGNIFICANT WEATHER WAS OBSERVED.


RELATIVE HUMIDITY (PERCENT)
 HIGHEST    76           700 AM
 LOWEST     26           400 PM
 AVERAGE    51

..........................................................


THE PUEBLO CO CLIMATE NORMALS FOR TODAY
                         NORMAL    RECORD    YEAR
 MAXIMUM TEMPERATURE (F)   61        82      2012
 MINIMUM TEMPERATURE (F)   28         5      2013


SUNRISE AND SUNSET
MARCH 24 2015.........SUNRISE   656 AM MDT   SUNSET   714 PM MDT
MARCH 25 2015.........SUNRISE   654 AM MDT   SUNSET   715 PM MDT


-  INDICATES NEGATIVE NUMBERS.
R  INDICATES RECORD WAS SET OR TIED.
MM INDICATES DATA IS MISSING.
T  INDICATES TRACE AMOUNT.




$$
