000
CDUS45 KPUB 081048
CLIPUB


CLIMATE REPORT
NATIONAL WEATHER SERVICE PUEBLO
448 AM MDT SUN OCT 8 2017


...................................

...THE PUEBLO CO CLIMATE SUMMARY FOR OCTOBER 7 2017...

CLIMATE NORMAL PERIOD 1981 TO 2010
CLIMATE RECORD PERIOD 1888 TO 2017


WEATHER ITEM   OBSERVED TIME   RECORD YEAR NORMAL DEPARTURE LAST
                VALUE   (LST)  VALUE       VALUE  FROM      YEAR
                                                  NORMAL
..................................................................
TEMPERATURE (F)
 YESTERDAY
  MAXIMUM         84    318 PM  92    1979  73     11       71
  MINIMUM         40    258 AM  21    1992  38      2       30
  AVERAGE         62                        55      7       51

PRECIPITATION (IN)
  YESTERDAY        0.00          1.60 1947   0.02  -0.02     0.00
  MONTH TO DATE    0.12                      0.17  -0.05      T
  SINCE SEP 1      1.32                      0.94   0.38     0.05
  SINCE JAN 1     15.58                     11.17   4.41    10.37

SNOWFALL (IN)
  YESTERDAY        0.0           4.1  1970   0.0    0.0      0.0
  MONTH TO DATE    0.0                       0.1   -0.1      0.0
  SINCE SEP 1      0.0                       0.4   -0.4      0.0
  SINCE JUL 1      0.0                       0.4   -0.4       T
  SNOW DEPTH       0

DEGREE DAYS
 HEATING
  YESTERDAY        3                        10     -7       14
  MONTH TO DATE   44                        62    -18       47
  SINCE SEP 1    131                       155    -24       67
  SINCE JUL 1    131                       160    -29       67

 COOLING
  YESTERDAY        0                         0      0        0
  MONTH TO DATE    0                         0      0       11
  SINCE SEP 1    146                        83     63      183
  SINCE JAN 1   1027                       894    133     1348
..................................................................


WIND (MPH)
  HIGHEST WIND SPEED    25   HIGHEST WIND DIRECTION     W (280)
  HIGHEST GUST SPEED    31   HIGHEST GUST DIRECTION     W (280)
  AVERAGE WIND SPEED     8.8


SKY COVER
  POSSIBLE SUNSHINE  MM
  AVERAGE SKY COVER 0.0


WEATHER CONDITIONS
 THE FOLLOWING WEATHER WAS RECORDED YESTERDAY.
  NO SIGNIFICANT WEATHER WAS OBSERVED.


RELATIVE HUMIDITY (PERCENT)
 HIGHEST    73           100 AM
 LOWEST     10           100 PM
 AVERAGE    42

..........................................................


THE PUEBLO CO CLIMATE NORMALS FOR TODAY
                         NORMAL    RECORD    YEAR
 MAXIMUM TEMPERATURE (F)   72        90      1934
 MINIMUM TEMPERATURE (F)   37        16      1992


SUNRISE AND SUNSET
OCTOBER  8 2017.......SUNRISE   700 AM MDT   SUNSET   630 PM MDT
OCTOBER  9 2017.......SUNRISE   701 AM MDT   SUNSET   628 PM MDT


-  INDICATES NEGATIVE NUMBERS.
R  INDICATES RECORD WAS SET OR TIED.
MM INDICATES DATA IS MISSING.
T  INDICATES TRACE AMOUNT.




$$
