000
CDUS45 KPUB 171051 CCA
CLIPUB

CDUS45 KPUB DDHHMM CCA
CLIPUB

CLIMATE REPORT
NATIONAL WEATHER SERVICE PUEBLO
438 AM MDT TUE MAY 17 2016


...................................

...THE PUEBLO CO CLIMATE SUMMARY FOR MAY 16 2016...

CLIMATE NORMAL PERIOD 1981 TO 2010
CLIMATE RECORD PERIOD 1888 TO 2016


WEATHER ITEM   OBSERVED TIME   RECORD YEAR NORMAL DEPARTURE LAST
                VALUE   (LST)  VALUE       VALUE  FROM      YEAR
                                                  NORMAL
..................................................................
TEMPERATURE (F)
 YESTERDAY
  MAXIMUM         63    216 PM  98    1996  77    -14       69
  MINIMUM         47   1159 PM  31    2011  44      3       44
                                      1916
  AVERAGE         55                        60     -5       57

PRECIPITATION (IN)
  YESTERDAY        0.76          0.92 1968   0.04   0.72      T
  MONTH TO DATE    0.77                      0.79  -0.02     2.85
  SINCE MAR 1      4.32                      3.12   1.20     4.84
  SINCE JAN 1      5.18                      3.77   1.41     6.22

SNOWFALL (IN)
  YESTERDAY        0.0            T   1968   0.0    0.0      0.0
  MONTH TO DATE    0.0                       0.5   -0.5       T
  SINCE MAR 1      7.2                      10.0   -2.8      1.7
  SINCE JUL 1     31.4                      31.8   -0.4     42.8
  SNOW DEPTH       0

DEGREE DAYS
 HEATING
  YESTERDAY       10                         5      5        8
  MONTH TO DATE  102                       118    -16      126
  SINCE MAR 1   1066                      1255   -189     1114
  SINCE JUL 1   4575                      5558   -983     5136

 COOLING
  YESTERDAY        0                         1     -1        0
  MONTH TO DATE    3                         7     -4        1
  SINCE MAR 1      3                         9     -6        1
  SINCE JAN 1      3                         9     -6        1
..................................................................


WIND (MPH)
  HIGHEST WIND SPEED    20   HIGHEST WIND DIRECTION     E (110)
  HIGHEST GUST SPEED    24   HIGHEST GUST DIRECTION    SE (120)
  AVERAGE WIND SPEED     8.1


SKY COVER
  POSSIBLE SUNSHINE  MM
  AVERAGE SKY COVER 1.0


WEATHER CONDITIONS
 THE FOLLOWING WEATHER WAS RECORDED YESTERDAY.
  THUNDERSTORM
  HEAVY RAIN
  RAIN
  LIGHT RAIN
  FOG


RELATIVE HUMIDITY (PERCENT)
 HIGHEST    86          1100 PM
 LOWEST     55           100 PM
 AVERAGE    71

..........................................................


THE PUEBLO CO CLIMATE NORMALS FOR TODAY
                         NORMAL    RECORD    YEAR
 MAXIMUM TEMPERATURE (F)   77        94      1964
 MINIMUM TEMPERATURE (F)   45        33      1910


SUNRISE AND SUNSET
MAY 17 2016...........SUNRISE   545 AM MDT   SUNSET   804 PM MDT
MAY 18 2016...........SUNRISE   544 AM MDT   SUNSET   805 PM MDT


-  INDICATES NEGATIVE NUMBERS.
R  INDICATES RECORD WAS SET OR TIED.
MM INDICATES DATA IS MISSING.
T  INDICATES TRACE AMOUNT.




$$
