000
CDUS45 KPUB 011134
CLIPUB


CLIMATE REPORT
NATIONAL WEATHER SERVICE PUEBLO
434 AM MST FRI DEC 1 2017


...................................

...THE PUEBLO CO CLIMATE SUMMARY FOR NOVEMBER 30 2017...

CLIMATE NORMAL PERIOD 1981 TO 2010
CLIMATE RECORD PERIOD 1888 TO 2017


WEATHER ITEM   OBSERVED TIME   RECORD YEAR NORMAL DEPARTURE LAST
                VALUE   (LST)  VALUE       VALUE  FROM      YEAR
                                                  NORMAL
..................................................................
TEMPERATURE (F)
 YESTERDAY
  MAXIMUM         49    319 PM  74    1995  49      0       45
  MINIMUM         19    637 AM -10    1896  17      2       14
  AVERAGE         34                        33      1       30

PRECIPITATION (IN)
  YESTERDAY        0.00          0.23 1909   0.01  -0.01     0.00
  MONTH TO DATE    0.31                      0.47  -0.16     0.78
  SINCE SEP 1      1.72                      1.96  -0.24     0.83
  SINCE JAN 1     15.98                     12.19   3.79    11.15

SNOWFALL (IN)
  YESTERDAY        0.0           2.1  1909   0.2   -0.2      0.0
  MONTH TO DATE    1.4                       4.4   -3.0       T
  SINCE SEP 1      1.4                       6.0   -4.6       T
  SINCE JUL 1      1.4                       6.0   -4.6       T
  SNOW DEPTH       0

DEGREE DAYS
 HEATING
  YESTERDAY       31                        32     -1       35
  MONTH TO DATE  564                       771   -207      568
  SINCE SEP 1   1021                      1276   -255      782
  SINCE JUL 1   1021                      1281   -260      782

 COOLING
  YESTERDAY        0                         0      0        0
  MONTH TO DATE    0                         0      0        0
  SINCE SEP 1    146                        86     60      193
  SINCE JAN 1   1027                       897    130     1358
..................................................................


WIND (MPH)
  HIGHEST WIND SPEED    12   HIGHEST WIND DIRECTION     N (350)
  HIGHEST GUST SPEED    12   HIGHEST GUST DIRECTION     N (340)
  AVERAGE WIND SPEED     2.9


SKY COVER
  POSSIBLE SUNSHINE  MM
  AVERAGE SKY COVER 0.0


WEATHER CONDITIONS
 THE FOLLOWING WEATHER WAS RECORDED YESTERDAY.
  NO SIGNIFICANT WEATHER WAS OBSERVED.


RELATIVE HUMIDITY (PERCENT)
 HIGHEST    81           800 AM
 LOWEST     36           200 PM
 AVERAGE    59

..........................................................


THE PUEBLO CO CLIMATE NORMALS FOR TODAY
                         NORMAL    RECORD    YEAR
 MAXIMUM TEMPERATURE (F)   49        76      1998
 MINIMUM TEMPERATURE (F)   17         0      1908


SUNRISE AND SUNSET
DECEMBER  1 2017......SUNRISE   656 AM MST   SUNSET   438 PM MST
DECEMBER  2 2017......SUNRISE   657 AM MST   SUNSET   438 PM MST


-  INDICATES NEGATIVE NUMBERS.
R  INDICATES RECORD WAS SET OR TIED.
MM INDICATES DATA IS MISSING.
T  INDICATES TRACE AMOUNT.




$$
