000
CDUS45 KPUB 201027
CLIPUB


CLIMATE REPORT
NATIONAL WEATHER SERVICE PUEBLO
427 AM MDT MON MAR 20 2017


...................................

...THE PUEBLO CO CLIMATE SUMMARY FOR MARCH 19 2017...

CLIMATE NORMAL PERIOD 1981 TO 2010
CLIMATE RECORD PERIOD 1888 TO 2017


WEATHER ITEM   OBSERVED TIME   RECORD YEAR NORMAL DEPARTURE LAST
                VALUE   (LST)  VALUE       VALUE  FROM      YEAR
                                                  NORMAL
..................................................................
TEMPERATURE (F)
 YESTERDAY
  MAXIMUM         86R   204 PM  86    1907  60     26       41
  MINIMUM         44    144 AM  -3    1965  27     17       14
  AVERAGE         65                        43     22       28

PRECIPITATION (IN)
  YESTERDAY        0.00          0.41 2015   0.03  -0.03      T
  MONTH TO DATE    0.00                      0.52  -0.52     0.10
  SINCE MAR 1      0.00                      0.52  -0.52     0.10
  SINCE JAN 1      0.92                      1.17  -0.25     0.96

SNOWFALL (IN)
  YESTERDAY        0.0           2.8  1915   0.3   -0.3       T
  MONTH TO DATE    0.0                       3.3   -3.3      1.1
  SINCE MAR 1      0.0                       3.3   -3.3      1.1
  SINCE JUL 1     14.2                      25.1  -10.9     25.3
  SNOW DEPTH       0

DEGREE DAYS
 HEATING
  YESTERDAY        0                        22    -22       37
  MONTH TO DATE  299                       460   -161      347
  SINCE MAR 1    299                       460   -161      347
  SINCE JUL 1   3799                      4763   -964     3856

 COOLING
  YESTERDAY        0                         0      0        0
  MONTH TO DATE    0                         0      0        0
  SINCE MAR 1      0                         0      0        0
  SINCE JAN 1      0                         0      0        0
..................................................................


WIND (MPH)
  HIGHEST WIND SPEED    30   HIGHEST WIND DIRECTION     W (270)
  HIGHEST GUST SPEED    37   HIGHEST GUST DIRECTION     W (280)
  AVERAGE WIND SPEED    13.1


SKY COVER
  POSSIBLE SUNSHINE  MM
  AVERAGE SKY COVER 0.0


WEATHER CONDITIONS
 THE FOLLOWING WEATHER WAS RECORDED YESTERDAY.
  NO SIGNIFICANT WEATHER WAS OBSERVED.


RELATIVE HUMIDITY (PERCENT)
 HIGHEST    37           200 AM
 LOWEST      5           300 PM
 AVERAGE    21

..........................................................


THE PUEBLO CO CLIMATE NORMALS FOR TODAY
                         NORMAL    RECORD    YEAR
 MAXIMUM TEMPERATURE (F)   60        83      1997
 MINIMUM TEMPERATURE (F)   27        -7      1965


SUNRISE AND SUNSET
MARCH 20 2017.........SUNRISE   701 AM MDT   SUNSET   710 PM MDT
MARCH 21 2017.........SUNRISE   700 AM MDT   SUNSET   711 PM MDT


-  INDICATES NEGATIVE NUMBERS.
R  INDICATES RECORD WAS SET OR TIED.
MM INDICATES DATA IS MISSING.
T  INDICATES TRACE AMOUNT.




$$
