994
CDUS45 KPUB 161158
CLIPUB


CLIMATE REPORT
NATIONAL WEATHER SERVICE PUEBLO
458 AM MST THU FEB 16 2017


...................................

...THE PUEBLO CO CLIMATE SUMMARY FOR FEBRUARY 15 2017...

CLIMATE NORMAL PERIOD 1981 TO 2010
CLIMATE RECORD PERIOD 1888 TO 2017


WEATHER ITEM   OBSERVED TIME   RECORD YEAR NORMAL DEPARTURE LAST
                VALUE   (LST)  VALUE       VALUE  FROM      YEAR
                                                  NORMAL
..................................................................
TEMPERATURE (F)
 YESTERDAY
  MAXIMUM         64    353 PM  78    1947  50     14       70
  MINIMUM         20    515 AM -23    1895  17      3       25
  AVERAGE         42                        34      8       48

PRECIPITATION (IN)
  YESTERDAY        0.00          0.22 1965   0.01  -0.01     0.00
                                      1910
  MONTH TO DATE    0.17                      0.13   0.04     0.33
  SINCE DEC 1      1.68                      0.86   0.82     1.26
  SINCE JAN 1      0.92                      0.48   0.44     0.86

SNOWFALL (IN)
  YESTERDAY        0.0           2.8  1965   0.1   -0.1      0.0
  MONTH TO DATE    0.0                       2.2   -2.2      5.8
  SINCE DEC 1     14.2                      14.2    0.0     17.8
  SINCE JUL 1     14.2                      20.2   -6.0     24.2
  SNOW DEPTH       0

DEGREE DAYS
 HEATING
  YESTERDAY       23                        31     -8       17
  MONTH TO DATE  333                       491   -158      431
  SINCE DEC 1   2417                      2642   -225     2362
  SINCE JUL 1   3199                      3923   -724     3236

 COOLING
  YESTERDAY        0                         0      0        0
  MONTH TO DATE    0                         0      0        0
  SINCE DEC 1      0                         0      0        0
  SINCE JAN 1      0                         0      0        0
..................................................................


WIND (MPH)
  HIGHEST WIND SPEED    10   HIGHEST WIND DIRECTION     E (70)
  HIGHEST GUST SPEED    14   HIGHEST GUST DIRECTION    SW (230)
  AVERAGE WIND SPEED     4.1


SKY COVER
  POSSIBLE SUNSHINE  MM
  AVERAGE SKY COVER 0.0


WEATHER CONDITIONS
 THE FOLLOWING WEATHER WAS RECORDED YESTERDAY.
  NO SIGNIFICANT WEATHER WAS OBSERVED.


RELATIVE HUMIDITY (PERCENT)
 HIGHEST    84           300 AM
 LOWEST     15           400 PM
 AVERAGE    50

..........................................................


THE PUEBLO CO CLIMATE NORMALS FOR TODAY
                         NORMAL    RECORD    YEAR
 MAXIMUM TEMPERATURE (F)   51        73      1970
 MINIMUM TEMPERATURE (F)   17       -18      1895


SUNRISE AND SUNSET
FEBRUARY 16 2017......SUNRISE   647 AM MST   SUNSET   538 PM MST
FEBRUARY 17 2017......SUNRISE   646 AM MST   SUNSET   539 PM MST


-  INDICATES NEGATIVE NUMBERS.
R  INDICATES RECORD WAS SET OR TIED.
MM INDICATES DATA IS MISSING.
T  INDICATES TRACE AMOUNT.




$$
