000
CDUS45 KPUB 251027
CLIPUB


CLIMATE REPORT
NATIONAL WEATHER SERVICE PUEBLO
427 AM MDT WED MAR 25 2015


...................................

...THE PUEBLO CO CLIMATE SUMMARY FOR MARCH 24 2015...

CLIMATE NORMAL PERIOD 1981 TO 2010
CLIMATE RECORD PERIOD 1888 TO 2015


WEATHER ITEM   OBSERVED TIME   RECORD YEAR NORMAL DEPARTURE LAST
                VALUE   (LST)  VALUE       VALUE  FROM      YEAR
                                                  NORMAL
..................................................................
TEMPERATURE (F)
 YESTERDAY
  MAXIMUM         72    331 PM  82    2012  61     11       44
  MINIMUM         36    614 AM   5    2013  28      8       27
  AVERAGE         54                        44     10       36

PRECIPITATION (IN)
  YESTERDAY        0.00          0.54 1945   0.03  -0.03     0.00
  MONTH TO DATE    0.49                      0.69  -0.20     0.76
  SINCE MAR 1      0.49                      0.69  -0.20     0.76
  SINCE JAN 1      1.87                      1.34   0.53     1.49

SNOWFALL (IN)
  YESTERDAY        0.0           4.6  1945   0.2   -0.2      0.0
  MONTH TO DATE    1.7                       4.3   -2.6      2.4
  SINCE MAR 1      1.7                       4.3   -2.6      2.4
  SINCE JUL 1     42.8                      26.1   16.7     21.0
  SNOW DEPTH       0

DEGREE DAYS
 HEATING
  YESTERDAY       11                        20     -9       29
  MONTH TO DATE  513                       564    -51      561
  SINCE MAR 1    513                       564    -51      561
  SINCE JUL 1   4535                      4867   -332     4766

 COOLING
  YESTERDAY        0                         0      0        0
  MONTH TO DATE    0                         0      0        0
  SINCE MAR 1      0                         0      0        0
  SINCE JAN 1      0                         0      0        0
..................................................................


WIND (MPH)
  HIGHEST WIND SPEED    26   HIGHEST WIND DIRECTION    NW (300)
  HIGHEST GUST SPEED    36   HIGHEST GUST DIRECTION     W (290)
  AVERAGE WIND SPEED    10.1


SKY COVER
  POSSIBLE SUNSHINE  MM
  AVERAGE SKY COVER 0.1


WEATHER CONDITIONS
 THE FOLLOWING WEATHER WAS RECORDED YESTERDAY.
  NO SIGNIFICANT WEATHER WAS OBSERVED.


RELATIVE HUMIDITY (PERCENT)
 HIGHEST    82           500 AM
 LOWEST      7           200 PM
 AVERAGE    45

..........................................................


THE PUEBLO CO CLIMATE NORMALS FOR TODAY
                         NORMAL    RECORD    YEAR
 MAXIMUM TEMPERATURE (F)   62        81      2004
 MINIMUM TEMPERATURE (F)   28         3      1965


SUNRISE AND SUNSET
MARCH 25 2015.........SUNRISE   654 AM MDT   SUNSET   715 PM MDT
MARCH 26 2015.........SUNRISE   653 AM MDT   SUNSET   715 PM MDT


-  INDICATES NEGATIVE NUMBERS.
R  INDICATES RECORD WAS SET OR TIED.
MM INDICATES DATA IS MISSING.
T  INDICATES TRACE AMOUNT.




$$
