000
CDUS45 KPUB 192324
CLIPUB


CLIMATE REPORT
NATIONAL WEATHER SERVICE PUEBLO
524 PM MDT WED APR 19 2017


...................................

...THE PUEBLO CO CLIMATE SUMMARY FOR APRIL 19 2017...
VALID TODAY AS OF 0500 PM LOCAL TIME.

CLIMATE NORMAL PERIOD 1981 TO 2010
CLIMATE RECORD PERIOD 1888 TO 2017


WEATHER ITEM   OBSERVED TIME   RECORD YEAR NORMAL DEPARTURE LAST
                VALUE   (LST)  VALUE       VALUE  FROM      YEAR
                                                  NORMAL
..................................................................
TEMPERATURE (F)
 TODAY
  MAXIMUM         84    343 PM  86    1989  68     16       56
                                      1962
                                      1960
  MINIMUM         43    309 AM  20    2013  35      8       37
  AVERAGE         64                        52     12       47

PRECIPITATION (IN)
  TODAY            0.00          1.59 2003   0.05  -0.05     0.02
  MONTH TO DATE    1.71                      0.80   0.91     1.70
  SINCE MAR 1      2.66                      1.73   0.93     2.28
  SINCE JAN 1      3.58                      2.38   1.20     3.14

SNOWFALL (IN)
  TODAY            0.0           4.0  1892   0.1   -0.1      0.0
  MONTH TO DATE    5.6                       2.7    2.9      0.2
  SINCE MAR 1      5.6                       8.4   -2.8      4.1
  SINCE JUL 1     19.8                      30.2  -10.4     28.3
  SNOW DEPTH      MM

DEGREE DAYS
 HEATING
  TODAY            1                        14    -13       18
  MONTH TO DATE  202                       308   -106      236
  SINCE MAR 1    678                      1010   -332      834
  SINCE JUL 1   4178                      5313  -1135     4343

 COOLING
  TODAY            0                         0      0        0
  MONTH TO DATE    0                         0      0        0
  SINCE MAR 1      0                         0      0        0
  SINCE JAN 1      0                         0      0        0
..................................................................


WIND (MPH)
  HIGHEST WIND SPEED    43   HIGHEST WIND DIRECTION     W (290)
  HIGHEST GUST SPEED    49   HIGHEST GUST DIRECTION    NW (300)
  AVERAGE WIND SPEED    16.0


SKY COVER
  POSSIBLE SUNSHINE  MM
  AVERAGE SKY COVER 0.0


WEATHER CONDITIONS
 THE FOLLOWING WEATHER WAS RECORDED TODAY.
  NO SIGNIFICANT WEATHER WAS OBSERVED.


RELATIVE HUMIDITY (PERCENT)
 HIGHEST    76           300 AM
 LOWEST     13           100 PM
 AVERAGE    45

..........................................................


THE PUEBLO CO CLIMATE NORMALS FOR TOMORROW
                         NORMAL    RECORD    YEAR
 MAXIMUM TEMPERATURE (F)   69        90      1989
 MINIMUM TEMPERATURE (F)   35        20      1966


SUNRISE AND SUNSET
APRIL 19 2017.........SUNRISE   616 AM MDT   SUNSET   738 PM MDT
APRIL 20 2017.........SUNRISE   615 AM MDT   SUNSET   739 PM MDT


-  INDICATES NEGATIVE NUMBERS.
R  INDICATES RECORD WAS SET OR TIED.
MM INDICATES DATA IS MISSING.
T  INDICATES TRACE AMOUNT.




$$
