000
CDUS45 KPUB 151053
CLIPUB


CLIMATE REPORT
NATIONAL WEATHER SERVICE PUEBLO
453 AM MDT MON SEP 15 2014


...................................

...THE PUEBLO CO CLIMATE SUMMARY FOR SEPTEMBER 14 2014...

CLIMATE NORMAL PERIOD 1981 TO 2010
CLIMATE RECORD PERIOD 1888 TO 2014


WEATHER ITEM   OBSERVED TIME   RECORD YEAR NORMAL DEPARTURE LAST
                VALUE   (LST)  VALUE       VALUE  FROM      YEAR
                                                  NORMAL
..................................................................
TEMPERATURE (F)
 YESTERDAY
  MAXIMUM         90    318 PM  97    1956  83      7       83
  MINIMUM         42    457 AM  31    1993  49     -7       52
  AVERAGE         66                        66      0       68

PRECIPITATION (IN)
  YESTERDAY        0.00          0.55 1917   0.02  -0.02     0.00
  MONTH TO DATE    0.13                      0.43  -0.30     0.25
  SINCE SEP 1      0.13                      0.43  -0.30     0.25
  SINCE JAN 1      9.73                     10.66  -0.93     8.05

SNOWFALL (IN)
  YESTERDAY        0.0           0.0  2002   0.1   -0.1      0.0
  MONTH TO DATE    0.0                       0.1   -0.1      0.0
  SINCE SEP 1      0.0                       0.1   -0.1      0.0
  SINCE JUL 1      T                         0.1   -0.1       T
  SNOW DEPTH       0

DEGREE DAYS
 HEATING
  YESTERDAY        0                         2     -2        0
  MONTH TO DATE   44                        18     26        0
  SINCE SEP 1     44                        18     26        0
  SINCE JUL 1     45                        23     22        0

 COOLING
  YESTERDAY        1                         3     -2        3
  MONTH TO DATE   61                        60      1      132
  SINCE SEP 1     61                        60      1      132
  SINCE JAN 1    936                       871     65     1192
..................................................................


WIND (MPH)
  HIGHEST WIND SPEED    17   HIGHEST WIND DIRECTION    SE (150)
  HIGHEST GUST SPEED    24   HIGHEST GUST DIRECTION    SE (150)
  AVERAGE WIND SPEED     6.1


SKY COVER
  POSSIBLE SUNSHINE  MM
  AVERAGE SKY COVER 0.0


WEATHER CONDITIONS
 THE FOLLOWING WEATHER WAS RECORDED YESTERDAY.
  NO SIGNIFICANT WEATHER WAS OBSERVED.


RELATIVE HUMIDITY (PERCENT)
 HIGHEST    82           500 AM
 LOWEST     10           200 PM
 AVERAGE    46

..........................................................


THE PUEBLO CO CLIMATE NORMALS FOR TODAY
                         NORMAL    RECORD    YEAR
 MAXIMUM TEMPERATURE (F)   82        99      1990
 MINIMUM TEMPERATURE (F)   48        32      1993


SUNRISE AND SUNSET
SEPTEMBER 15 2014.....SUNRISE   640 AM MDT   SUNSET   706 PM MDT
SEPTEMBER 16 2014.....SUNRISE   641 AM MDT   SUNSET   704 PM MDT


-  INDICATES NEGATIVE NUMBERS.
R  INDICATES RECORD WAS SET OR TIED.
MM INDICATES DATA IS MISSING.
T  INDICATES TRACE AMOUNT.




$$
