000
CDUS45 KPUB 280022
CLIPUB


CLIMATE REPORT
NATIONAL WEATHER SERVICE PUEBLO
522 PM MST MON NOV 27 2017


...................................

...THE PUEBLO CO CLIMATE SUMMARY FOR NOVEMBER 27 2017...
VALID TODAY AS OF 0500 PM LOCAL TIME.

CLIMATE NORMAL PERIOD 1981 TO 2010
CLIMATE RECORD PERIOD 1888 TO 2017


WEATHER ITEM   OBSERVED TIME   RECORD YEAR NORMAL DEPARTURE LAST
                VALUE   (LST)  VALUE       VALUE  FROM      YEAR
                                                  NORMAL
..................................................................
TEMPERATURE (F)
 TODAY
  MAXIMUM         82R   233 PM  78    1998  50     32       56
  MINIMUM         33    540 AM -11    1976  18     15       32
                                      1952
  AVERAGE         58                        34     24       44

PRECIPITATION (IN)
  TODAY            0.00          0.66 1923   0.01  -0.01     0.00
  MONTH TO DATE    0.31                      0.42  -0.11     0.78
  SINCE SEP 1      1.72                      1.91  -0.19     0.83
  SINCE JAN 1     15.98                     12.14   3.84    11.15

SNOWFALL (IN)
  TODAY            0.0           7.4  1923   0.2   -0.2      0.0
  MONTH TO DATE    1.4                       3.9   -2.5       T
  SINCE SEP 1      1.4                       5.5   -4.1       T
  SINCE JUL 1      1.4                       5.5   -4.1       T
  SNOW DEPTH       0

DEGREE DAYS
 HEATING
  TODAY            7                        31    -24       21
  MONTH TO DATE  479                       676   -197      475
  SINCE SEP 1    936                      1181   -245      689
  SINCE JUL 1    936                      1186   -250      689

 COOLING
  TODAY            0                         0      0        0
  MONTH TO DATE    0                         0      0        0
  SINCE SEP 1    146                        86     60      193
  SINCE JAN 1   1027                       897    130     1358
..................................................................


WIND (MPH)
  HIGHEST WIND SPEED    26   HIGHEST WIND DIRECTION    SW (210)
  HIGHEST GUST SPEED    35   HIGHEST GUST DIRECTION    SW (210)
  AVERAGE WIND SPEED     6.2


SKY COVER
  POSSIBLE SUNSHINE  MM
  AVERAGE SKY COVER 0.0


WEATHER CONDITIONS
 THE FOLLOWING WEATHER WAS RECORDED TODAY.
  NO SIGNIFICANT WEATHER WAS OBSERVED.


RELATIVE HUMIDITY (PERCENT)
 HIGHEST    69           400 AM
 LOWEST      8           200 PM
 AVERAGE    39

..........................................................


THE PUEBLO CO CLIMATE NORMALS FOR TOMORROW
                         NORMAL    RECORD    YEAR
 MAXIMUM TEMPERATURE (F)   50        75      2014
                                             1998
 MINIMUM TEMPERATURE (F)   18       -16      1896


SUNRISE AND SUNSET
NOVEMBER 27 2017......SUNRISE   652 AM MST   SUNSET   439 PM MST
NOVEMBER 28 2017......SUNRISE   653 AM MST   SUNSET   439 PM MST


-  INDICATES NEGATIVE NUMBERS.
R  INDICATES RECORD WAS SET OR TIED.
MM INDICATES DATA IS MISSING.
T  INDICATES TRACE AMOUNT.




$$
