000
CDUS45 KPUB 090021
CLIPUB


CLIMATE REPORT
NATIONAL WEATHER SERVICE PUEBLO
521 PM MST WED FEB 8 2017


...................................

...THE PUEBLO CO CLIMATE SUMMARY FOR FEBRUARY 8 2017...
VALID TODAY AS OF 0500 PM LOCAL TIME.

CLIMATE NORMAL PERIOD 1981 TO 2010
CLIMATE RECORD PERIOD 1888 TO 2017


WEATHER ITEM   OBSERVED TIME   RECORD YEAR NORMAL DEPARTURE LAST
                VALUE   (LST)  VALUE       VALUE  FROM      YEAR
                                                  NORMAL
..................................................................
TEMPERATURE (F)
 TODAY
  MAXIMUM         69    227 PM  76    1954  49     20       49
  MINIMUM         39    119 AM -24    1933  16     23       22
  AVERAGE         54                        32     22       36

PRECIPITATION (IN)
  TODAY            0.00          0.25 1927   0.01  -0.01     0.00
  MONTH TO DATE    0.00                      0.07  -0.07     0.33
  SINCE DEC 1      1.51                      0.80   0.71     1.26
  SINCE JAN 1      0.75                      0.42   0.33     0.86

SNOWFALL (IN)
  TODAY            0.0           4.0  1956   0.1   -0.1      0.0
  MONTH TO DATE    0.0                       1.2   -1.2      5.8
  SINCE DEC 1     14.2                      13.2    1.0     17.8
  SINCE JUL 1     14.2                      19.2   -5.0     24.2
  SNOW DEPTH       0

DEGREE DAYS
 HEATING
  TODAY           11                        33    -22       29
  MONTH TO DATE  204                       267    -63      305
  SINCE DEC 1   2288                      2418   -130     2236
  SINCE JUL 1   3070                      3699   -629     3110

 COOLING
  TODAY            0                         0      0        0
  MONTH TO DATE    0                         0      0        0
  SINCE DEC 1      0                         0      0        0
  SINCE JAN 1      0                         0      0        0
..................................................................


WIND (MPH)
  HIGHEST WIND SPEED    31   HIGHEST WIND DIRECTION    NW (300)
  HIGHEST GUST SPEED    39   HIGHEST GUST DIRECTION    NW (300)
  AVERAGE WIND SPEED    17.3


SKY COVER
  POSSIBLE SUNSHINE  MM
  AVERAGE SKY COVER 0.0


WEATHER CONDITIONS
 THE FOLLOWING WEATHER WAS RECORDED TODAY.
  NO SIGNIFICANT WEATHER WAS OBSERVED.


RELATIVE HUMIDITY (PERCENT)
 HIGHEST    58           700 AM
 LOWEST     11           200 PM
 AVERAGE    35

..........................................................


THE PUEBLO CO CLIMATE NORMALS FOR TOMORROW
                         NORMAL    RECORD    YEAR
 MAXIMUM TEMPERATURE (F)   49        78      1996
 MINIMUM TEMPERATURE (F)   16       -17      2011
                                             1933


SUNRISE AND SUNSET
FEBRUARY  8 2017......SUNRISE   656 AM MST   SUNSET   529 PM MST
FEBRUARY  9 2017......SUNRISE   655 AM MST   SUNSET   530 PM MST


-  INDICATES NEGATIVE NUMBERS.
R  INDICATES RECORD WAS SET OR TIED.
MM INDICATES DATA IS MISSING.
T  INDICATES TRACE AMOUNT.




$$
