000
CDUS45 KPUB 271152
CLIPUB


CLIMATE REPORT
NATIONAL WEATHER SERVICE PUEBLO
452 AM MST FRI FEB 27 2015


...................................

...THE PUEBLO CO CLIMATE SUMMARY FOR FEBRUARY 26 2015...

CLIMATE NORMAL PERIOD 1981 TO 2010
CLIMATE RECORD PERIOD 1888 TO 2015


WEATHER ITEM   OBSERVED TIME   RECORD YEAR NORMAL DEPARTURE LAST
                VALUE   (LST)  VALUE       VALUE  FROM      YEAR
                                                  NORMAL
..................................................................
TEMPERATURE (F)
 YESTERDAY
  MAXIMUM         28   1226 AM  80    1986  54    -26       47
  MINIMUM         13   1159 PM  -7    1964  20     -7       11
  AVERAGE         21                        37    -16       29

PRECIPITATION (IN)
  YESTERDAY        0.17          0.65 1939   0.01   0.16     0.00
  MONTH TO DATE    1.02                      0.27   0.75     0.28
  SINCE DEC 1      1.51                      1.00   0.51     0.76
  SINCE JAN 1      1.27                      0.62   0.65     0.73

SNOWFALL (IN)
  YESTERDAY        7.4 R         5.3  1911   0.2    7.2      0.0
  MONTH TO DATE   18.7                       3.6   15.1      4.9
  SINCE DEC 1     26.4                      15.6   10.8     14.9
  SINCE JUL 1     36.3                      21.6   14.7     18.6
  SNOW DEPTH       3

DEGREE DAYS
 HEATING
  YESTERDAY       44                        28     16       36
  MONTH TO DATE  718                       816    -98      879
  SINCE DEC 1   2754                      2967   -213     2981
  SINCE JUL 1   3916                      4248   -332     4164

 COOLING
  YESTERDAY        0                         0      0        0
  MONTH TO DATE    0                         0      0        0
  SINCE DEC 1      0                         0      0        0
  SINCE JAN 1      0                         0      0        0
..................................................................


WIND (MPH)
  HIGHEST WIND SPEED    28   HIGHEST WIND DIRECTION     N (20)
  HIGHEST GUST SPEED    31   HIGHEST GUST DIRECTION     N (20)
  AVERAGE WIND SPEED    11.3


SKY COVER
  POSSIBLE SUNSHINE  MM
  AVERAGE SKY COVER 1.0


WEATHER CONDITIONS
 THE FOLLOWING WEATHER WAS RECORDED YESTERDAY.
  SNOW
  LIGHT SNOW
  FOG
  HAZE


RELATIVE HUMIDITY (PERCENT)
 HIGHEST    96           800 PM
 LOWEST     81           100 AM
 AVERAGE    89

..........................................................


THE PUEBLO CO CLIMATE NORMALS FOR TODAY
                         NORMAL    RECORD    YEAR
 MAXIMUM TEMPERATURE (F)   54        81      1980
 MINIMUM TEMPERATURE (F)   21        -7      1960


SUNRISE AND SUNSET
FEBRUARY 27 2015......SUNRISE   633 AM MST   SUNSET   549 PM MST
FEBRUARY 28 2015......SUNRISE   632 AM MST   SUNSET   550 PM MST


-  INDICATES NEGATIVE NUMBERS.
R  INDICATES RECORD WAS SET OR TIED.
MM INDICATES DATA IS MISSING.
T  INDICATES TRACE AMOUNT.




$$
