000
CDUS45 KPUB 181056
CLIPUB


CLIMATE REPORT
NATIONAL WEATHER SERVICE PUEBLO
456 AM MDT SUN JUN 18 2017


...................................

...THE PUEBLO CO CLIMATE SUMMARY FOR JUNE 17 2017...

CLIMATE NORMAL PERIOD 1981 TO 2010
CLIMATE RECORD PERIOD 1888 TO 2017


WEATHER ITEM   OBSERVED TIME   RECORD YEAR NORMAL DEPARTURE LAST
                VALUE   (LST)  VALUE       VALUE  FROM      YEAR
                                                  NORMAL
..................................................................
TEMPERATURE (F)
 YESTERDAY
  MAXIMUM        102R   243 PM 101    2002  88     14       99
                                      1960
  MINIMUM         55    324 AM  37    1912  53      2       64
  AVERAGE         79                        71      8       82

PRECIPITATION (IN)
  YESTERDAY        0.00          1.39 1912   0.04  -0.04     0.00
  MONTH TO DATE    1.46                      0.78   0.68     0.33
  SINCE JUN 1      1.46                      0.78   0.68     0.33
  SINCE JAN 1     10.52                      5.27   5.25     7.50

SNOWFALL (IN)
  YESTERDAY        0.0           0.0  2002   0.0    0.0      0.0
                                      2001
  MONTH TO DATE    0.0                       0.0    0.0       T
  SINCE JUN 1      0.0                       0.0    0.0       T
  SINCE JUL 1     28.2                      31.8   -3.6     31.4
  SNOW DEPTH       0

DEGREE DAYS
 HEATING
  YESTERDAY        0                         0      0        0
  MONTH TO DATE    0                        22    -22        1
  SINCE JUN 1      0                        22    -22        1
  SINCE JUL 1   4538                      5635  -1097     4624

 COOLING
  YESTERDAY       14                         6      8       17
  MONTH TO DATE  106                        72     34      140
  SINCE JUN 1    106                        72     34      140
  SINCE JAN 1    116                       106     10      170
..................................................................


WIND (MPH)
  HIGHEST WIND SPEED    38   HIGHEST WIND DIRECTION    NE (50)
  HIGHEST GUST SPEED    47   HIGHEST GUST DIRECTION    NE (50)
  AVERAGE WIND SPEED    11.3


SKY COVER
  POSSIBLE SUNSHINE  MM
  AVERAGE SKY COVER 0.1


WEATHER CONDITIONS
 THE FOLLOWING WEATHER WAS RECORDED YESTERDAY.
  NO SIGNIFICANT WEATHER WAS OBSERVED.


RELATIVE HUMIDITY (PERCENT)
 HIGHEST    57           500 AM
 LOWEST     10           300 PM
 AVERAGE    34

..........................................................


THE PUEBLO CO CLIMATE NORMALS FOR TODAY
                         NORMAL    RECORD    YEAR
 MAXIMUM TEMPERATURE (F)   88       104      2012
                                             1990
                                             1936
 MINIMUM TEMPERATURE (F)   54        37      1912


SUNRISE AND SUNSET
JUNE 18 2017..........SUNRISE   534 AM MDT   SUNSET   824 PM MDT
JUNE 19 2017..........SUNRISE   535 AM MDT   SUNSET   825 PM MDT


-  INDICATES NEGATIVE NUMBERS.
R  INDICATES RECORD WAS SET OR TIED.
MM INDICATES DATA IS MISSING.
T  INDICATES TRACE AMOUNT.




$$
