000
CDUS45 KPUB 202324
CLIPUB


CLIMATE REPORT
NATIONAL WEATHER SERVICE PUEBLO
524 PM MDT WED APR 20 2016


...................................

...THE PUEBLO CO CLIMATE SUMMARY FOR APRIL 20 2016...
VALID TODAY AS OF 0500 PM LOCAL TIME.

CLIMATE NORMAL PERIOD 1981 TO 2010
CLIMATE RECORD PERIOD 1888 TO 2016


WEATHER ITEM   OBSERVED TIME   RECORD YEAR NORMAL DEPARTURE LAST
                VALUE   (LST)  VALUE       VALUE  FROM      YEAR
                                                  NORMAL
..................................................................
TEMPERATURE (F)
 TODAY
  MAXIMUM         66    241 PM  90    1989  69     -3       60
  MINIMUM         35    537 AM  20    1966  35      0       33
  AVERAGE         51                        52     -1       47

PRECIPITATION (IN)
  TODAY            T             1.06 1952   0.05  -0.05     0.01
  MONTH TO DATE    1.70                      0.85   0.85     0.65
  SINCE MAR 1      2.28                      1.78   0.50     1.22
  SINCE JAN 1      3.14                      2.43   0.71     2.60

SNOWFALL (IN)
  TODAY            0.0           8.5  1984   0.1   -0.1      0.0
  MONTH TO DATE    0.2                       2.8   -2.6       T
  SINCE MAR 1      4.1                       8.5   -4.4      1.7
  SINCE JUL 1     28.3                      30.3   -2.0     42.8
  SNOW DEPTH       0

DEGREE DAYS
 HEATING
  TODAY           14                        13      1       18
  MONTH TO DATE  250                       321    -71      263
  SINCE MAR 1    848                      1023   -175      871
  SINCE JUL 1   4357                      5326   -969     4893

 COOLING
  TODAY            0                         0      0        0
  MONTH TO DATE    0                         0      0        0
  SINCE MAR 1      0                         0      0        0
  SINCE JAN 1      0                         0      0        0
..................................................................


WIND (MPH)
  HIGHEST WIND SPEED    32   HIGHEST WIND DIRECTION     N (20)
  HIGHEST GUST SPEED    42   HIGHEST GUST DIRECTION    NE (30)
  AVERAGE WIND SPEED     5.6


SKY COVER
  POSSIBLE SUNSHINE  MM
  AVERAGE SKY COVER 0.1


WEATHER CONDITIONS
 THE FOLLOWING WEATHER WAS RECORDED TODAY.
  LIGHT RAIN


RELATIVE HUMIDITY (PERCENT)
 HIGHEST    89           400 AM
 LOWEST     24           100 PM
 AVERAGE    57

..........................................................


THE PUEBLO CO CLIMATE NORMALS FOR TOMORROW
                         NORMAL    RECORD    YEAR
 MAXIMUM TEMPERATURE (F)   69        93      1989
 MINIMUM TEMPERATURE (F)   36        12      1907


SUNRISE AND SUNSET
APRIL 20 2016.........SUNRISE   615 AM MDT   SUNSET   740 PM MDT
APRIL 21 2016.........SUNRISE   613 AM MDT   SUNSET   741 PM MDT


-  INDICATES NEGATIVE NUMBERS.
R  INDICATES RECORD WAS SET OR TIED.
MM INDICATES DATA IS MISSING.
T  INDICATES TRACE AMOUNT.




$$
