112
CDUS45 KPUB 222331
CLIPUB


CLIMATE REPORT
NATIONAL WEATHER SERVICE PUEBLO
531 PM MDT MON AUG 22 2016


...................................

...THE PUEBLO CO CLIMATE SUMMARY FOR AUGUST 22 2016...
VALID TODAY AS OF 0500 PM LOCAL TIME.

CLIMATE NORMAL PERIOD 1981 TO 2010
CLIMATE RECORD PERIOD 1888 TO 2016


WEATHER ITEM   OBSERVED TIME   RECORD YEAR NORMAL DEPARTURE LAST
                VALUE   (LST)  VALUE       VALUE  FROM      YEAR
                                                  NORMAL
..................................................................
TEMPERATURE (F)
 TODAY
  MAXIMUM         94    353 PM 100    2015  89      5      100
                                      2003
  MINIMUM         56    529 AM  47    1920  57     -1       59
  AVERAGE         75                        73      2       80

PRECIPITATION (IN)
  TODAY            0.00          1.00 1896   0.07  -0.07     0.00
  MONTH TO DATE    1.17                      1.77  -0.60     4.23
  SINCE JUN 1      3.00                      5.19  -2.19     6.09
  SINCE JAN 1     10.17                      9.68   0.49    15.01

SNOWFALL (IN)
  TODAY            0.0           0.0  2002   0.0    0.0      0.0
  MONTH TO DATE    T                         0.0    0.0      0.0
  SINCE JUN 1      T                         0.0    0.0      0.0
  SINCE JUL 1      T                         0.0    0.0      0.0
  SNOW DEPTH       0

DEGREE DAYS
 HEATING
  TODAY            0                         0      0        0
  MONTH TO DATE    0                         0      0        0
  SINCE JUN 1      1                        26    -25        0
  SINCE JUL 1      0                         1     -1        0

 COOLING
  TODAY           10                         8      2       15
  MONTH TO DATE  254                       202     52      303
  SINCE JUN 1   1077                       713    364      946
  SINCE JAN 1   1107                       747    360      950
..................................................................


WIND (MPH)
  HIGHEST WIND SPEED    12   HIGHEST WIND DIRECTION     N (20)
  HIGHEST GUST SPEED    15   HIGHEST GUST DIRECTION     N (20)
  AVERAGE WIND SPEED     4.2


SKY COVER
  POSSIBLE SUNSHINE  MM
  AVERAGE SKY COVER 0.0


WEATHER CONDITIONS
 THE FOLLOWING WEATHER WAS RECORDED TODAY.
  NO SIGNIFICANT WEATHER WAS OBSERVED.


RELATIVE HUMIDITY (PERCENT)
 HIGHEST    80           600 AM
 LOWEST     13           300 PM
 AVERAGE    47

..........................................................


THE PUEBLO CO CLIMATE NORMALS FOR TOMORROW
                         NORMAL    RECORD    YEAR
 MAXIMUM TEMPERATURE (F)   89       101      2009
 MINIMUM TEMPERATURE (F)   57        47      1993
                                             1891
                                             1888


SUNRISE AND SUNSET
AUGUST 22 2016........SUNRISE   619 AM MDT   SUNSET   742 PM MDT
AUGUST 23 2016........SUNRISE   620 AM MDT   SUNSET   740 PM MDT


-  INDICATES NEGATIVE NUMBERS.
R  INDICATES RECORD WAS SET OR TIED.
MM INDICATES DATA IS MISSING.
T  INDICATES TRACE AMOUNT.




$$
