000
CDUS45 KPUB 181123
CLIPUB


CLIMATE REPORT
NATIONAL WEATHER SERVICE PUEBLO
423 AM MST SUN JAN 18 2015


...................................

...THE PUEBLO CO CLIMATE SUMMARY FOR JANUARY 17 2015...

CLIMATE NORMAL PERIOD 1981 TO 2010
CLIMATE RECORD PERIOD 1888 TO 2015


WEATHER ITEM   OBSERVED TIME   RECORD YEAR NORMAL DEPARTURE LAST
                VALUE   (LST)  VALUE       VALUE  FROM      YEAR
                                                  NORMAL
..................................................................
TEMPERATURE (F)
 YESTERDAY
  MAXIMUM         60    410 PM  70    1974  47     13       55
                                      1971
                                      1923
  MINIMUM         21   1148 PM -15    2001  14      7       10
  AVERAGE         41                        31     10       33

PRECIPITATION (IN)
  YESTERDAY        0.00          0.42 1956   0.01  -0.01     0.00
  MONTH TO DATE    0.02                      0.19  -0.17     0.04
  SINCE DEC 1      0.26                      0.57  -0.31     0.07
  SINCE JAN 1      0.02                      0.19  -0.17     0.04

SNOWFALL (IN)
  YESTERDAY        0.0           6.9  1956   0.2   -0.2      0.0
  MONTH TO DATE    0.4                       3.5   -3.1      1.1
  SINCE DEC 1      3.6                       9.0   -5.4      3.3
  SINCE JUL 1     13.5                      15.0   -1.5      7.0
  SNOW DEPTH       0

DEGREE DAYS
 HEATING
  YESTERDAY       24                        34    -10       32
  MONTH TO DATE  594                       592      2      573
  SINCE DEC 1   1663                      1674    -11     1628
  SINCE JUL 1   2825                      2955   -130     2811

 COOLING
  YESTERDAY        0                         0      0        0
  MONTH TO DATE    0                         0      0        0
  SINCE DEC 1      0                         0      0        0
  SINCE JAN 1      0                         0      0        0
..................................................................


WIND (MPH)
  HIGHEST WIND SPEED    31   HIGHEST WIND DIRECTION     W (290)
  HIGHEST GUST SPEED    37   HIGHEST GUST DIRECTION     W (290)
  AVERAGE WIND SPEED    10.4


SKY COVER
  POSSIBLE SUNSHINE  MM
  AVERAGE SKY COVER 0.0


WEATHER CONDITIONS
 THE FOLLOWING WEATHER WAS RECORDED YESTERDAY.
  NO SIGNIFICANT WEATHER WAS OBSERVED.


RELATIVE HUMIDITY (PERCENT)
 HIGHEST    55          1100 PM
 LOWEST      7           400 PM
 AVERAGE    31

..........................................................


THE PUEBLO CO CLIMATE NORMALS FOR TODAY
                         NORMAL    RECORD    YEAR
 MAXIMUM TEMPERATURE (F)   47        71      1999
                                             1920
 MINIMUM TEMPERATURE (F)   14       -22      1943


SUNRISE AND SUNSET
JANUARY 18 2015.......SUNRISE   712 AM MST   SUNSET   505 PM MST
JANUARY 19 2015.......SUNRISE   712 AM MST   SUNSET   506 PM MST


-  INDICATES NEGATIVE NUMBERS.
R  INDICATES RECORD WAS SET OR TIED.
MM INDICATES DATA IS MISSING.
T  INDICATES TRACE AMOUNT.




$$
