000
CDUS45 KPUB 211048
CLIPUB


CLIMATE REPORT
NATIONAL WEATHER SERVICE PUEBLO
448 AM MDT THU MAY 21 2015


...................................

...THE PUEBLO CO CLIMATE SUMMARY FOR MAY 20 2015...

CLIMATE NORMAL PERIOD 1981 TO 2010
CLIMATE RECORD PERIOD 1888 TO 2015


WEATHER ITEM   OBSERVED TIME   RECORD YEAR NORMAL DEPARTURE LAST
                VALUE   (LST)  VALUE       VALUE  FROM      YEAR
                                                  NORMAL
..................................................................
TEMPERATURE (F)
 YESTERDAY
  MAXIMUM         53    421 PM  94    2005  78    -25       84
                                      1970
                                      1954
  MINIMUM         40    554 AM  33    2011  46     -6       56
                                      1960
                                      1931
  AVERAGE         47                        62    -15       70

PRECIPITATION (IN)
  YESTERDAY        0.06          0.99 1900   0.05   0.01     0.00
  MONTH TO DATE    4.61                      0.98   3.63     0.25
  SINCE MAR 1      6.60                      3.31   3.29     3.07
  SINCE JAN 1      7.98                      3.96   4.02     3.80

SNOWFALL (IN)
  YESTERDAY        0.0           0.2  2001   0.0    0.0      0.0
  MONTH TO DATE    T                         0.5   -0.5       T
  SINCE MAR 1      1.7                      10.0   -8.3     10.7
  SINCE JUL 1     42.8                      31.8   11.0     29.3
  SNOW DEPTH       0

DEGREE DAYS
 HEATING
  YESTERDAY       18                         4     14        0
  MONTH TO DATE  177                       137     40      150
  SINCE MAR 1   1165                      1274   -109     1202
  SINCE JUL 1   5187                      5577   -390     5407

 COOLING
  YESTERDAY        0                         1     -1        5
  MONTH TO DATE    1                        11    -10       15
  SINCE MAR 1      1                        13    -12       17
  SINCE JAN 1      1                        13    -12       17
..................................................................


WIND (MPH)
  HIGHEST WIND SPEED    17   HIGHEST WIND DIRECTION     E (110)
  HIGHEST GUST SPEED    21   HIGHEST GUST DIRECTION    SE (120)
  AVERAGE WIND SPEED     8.9


SKY COVER
  POSSIBLE SUNSHINE  MM
  AVERAGE SKY COVER 1.0


WEATHER CONDITIONS
 THE FOLLOWING WEATHER WAS RECORDED YESTERDAY.
  LIGHT RAIN
  FOG


RELATIVE HUMIDITY (PERCENT)
 HIGHEST   100          1200 AM
 LOWEST     68           200 PM
 AVERAGE    84

..........................................................


THE PUEBLO CO CLIMATE NORMALS FOR TODAY
                         NORMAL    RECORD    YEAR
 MAXIMUM TEMPERATURE (F)   78        97      2005
 MINIMUM TEMPERATURE (F)   46        33      2001
                                             1931


SUNRISE AND SUNSET
MAY 21 2015...........SUNRISE   543 AM MDT   SUNSET   807 PM MDT
MAY 22 2015...........SUNRISE   542 AM MDT   SUNSET   808 PM MDT


-  INDICATES NEGATIVE NUMBERS.
R  INDICATES RECORD WAS SET OR TIED.
MM INDICATES DATA IS MISSING.
T  INDICATES TRACE AMOUNT.




$$
