000
CDUS45 KPUB 082344
CLIPUB


CLIMATE REPORT
NATIONAL WEATHER SERVICE PUEBLO
544 PM MDT TUE APR 8 2014


...................................

...THE PUEBLO CO CLIMATE SUMMARY FOR APRIL 8 2014...
VALID TODAY AS OF 0500 PM LOCAL TIME.

CLIMATE NORMAL PERIOD 1981 TO 2010
CLIMATE RECORD PERIOD 1888 TO 2014


WEATHER ITEM   OBSERVED TIME   RECORD YEAR NORMAL DEPARTURE LAST
                VALUE   (LST)  VALUE       VALUE  FROM      YEAR
                                                  NORMAL
..................................................................
TEMPERATURE (F)
 TODAY
  MAXIMUM         70    347 PM  85    1963  65      5       78
                                      1930
  MINIMUM         27    426 AM   2    1957  32     -5       33
  AVERAGE         49                        48      1       56

PRECIPITATION (IN)
  TODAY            0.00          0.44 1913   0.04  -0.04     0.00
  MONTH TO DATE    0.60                      0.28   0.32     0.01
  SINCE MAR 1      1.36                      1.21   0.15     0.22
  SINCE JAN 1      2.09                      1.86   0.23     0.91

SNOWFALL (IN)
  TODAY            0.0           4.3  1959   0.2   -0.2      0.0
  MONTH TO DATE    3.1                       1.3    1.8      0.1
  SINCE MAR 1      5.5                       7.0   -1.5      5.8
  SINCE JUL 1     24.1                      28.8   -4.7     20.5
  SNOW DEPTH       0

DEGREE DAYS
 HEATING
  TODAY           16                        17     -1        9
  MONTH TO DATE  151                       142      9      120
  SINCE MAR 1    823                       844    -21      855
  SINCE JUL 1   5028                      5147   -119     5092

 COOLING
  TODAY            0                         0      0        0
  MONTH TO DATE    0                         0      0        0
  SINCE MAR 1      0                         0      0        0
  SINCE JAN 1      0                         0      0        0
..................................................................


WIND (MPH)
  HIGHEST WIND SPEED    13   HIGHEST WIND DIRECTION     S (160)
  HIGHEST GUST SPEED    22   HIGHEST GUST DIRECTION    SE (130)
  AVERAGE WIND SPEED     4.9


SKY COVER
  POSSIBLE SUNSHINE  MM
  AVERAGE SKY COVER 0.0


WEATHER CONDITIONS
 THE FOLLOWING WEATHER WAS RECORDED TODAY.
  NO SIGNIFICANT WEATHER WAS OBSERVED.


RELATIVE HUMIDITY (PERCENT)
 HIGHEST    78           200 AM
 LOWEST     15           200 PM
 AVERAGE    47

..........................................................


THE PUEBLO CO CLIMATE NORMALS FOR TOMORROW
                         NORMAL    RECORD    YEAR
 MAXIMUM TEMPERATURE (F)   65        86      1977
 MINIMUM TEMPERATURE (F)   32        15      1928


SUNRISE AND SUNSET
APRIL  8 2014.........SUNRISE   633 AM MDT   SUNSET   728 PM MDT
APRIL  9 2014.........SUNRISE   631 AM MDT   SUNSET   729 PM MDT


-  INDICATES NEGATIVE NUMBERS.
R  INDICATES RECORD WAS SET OR TIED.
MM INDICATES DATA IS MISSING.
T  INDICATES TRACE AMOUNT.




$$
