000
CDUS45 KPUB 051147
CLIPUB


CLIMATE REPORT
NATIONAL WEATHER SERVICE PUEBLO
447 AM MST TUE DEC 5 2017


...................................

...THE PUEBLO CO CLIMATE SUMMARY FOR DECEMBER 4 2017...

CLIMATE NORMAL PERIOD 1981 TO 2010
CLIMATE RECORD PERIOD 1888 TO 2017


WEATHER ITEM   OBSERVED TIME   RECORD YEAR NORMAL DEPARTURE LAST
                VALUE   (LST)  VALUE       VALUE  FROM      YEAR
                                                  NORMAL
..................................................................
TEMPERATURE (F)
 YESTERDAY
  MAXIMUM         58    218 AM  77    1965  47     11       50
  MINIMUM         17   1137 PM  -8    1909  16      1       10
  AVERAGE         38                        32      6       30

PRECIPITATION (IN)
  YESTERDAY        0.00          0.84 1913   0.02  -0.02     0.00
  MONTH TO DATE    0.00                      0.06  -0.06     0.00
  SINCE DEC 1      0.00                      0.06  -0.06     0.00
  SINCE JAN 1     15.98                     12.25   3.73    11.15

SNOWFALL (IN)
  YESTERDAY        0.0          12.5  1913   0.2   -0.2      0.0
  MONTH TO DATE    0.0                       0.7   -0.7      0.0
  SINCE DEC 1      0.0                       0.7   -0.7      0.0
  SINCE JUL 1      1.4                       6.7   -5.3       T
  SNOW DEPTH       0

DEGREE DAYS
 HEATING
  YESTERDAY       27                        33     -6       35
  MONTH TO DATE   83                       131    -48      145
  SINCE DEC 1     83                       131    -48      145
  SINCE JUL 1   1104                      1412   -308      927

 COOLING
  YESTERDAY        0                         0      0        0
  MONTH TO DATE    0                         0      0        0
  SINCE DEC 1      0                         0      0        0
  SINCE JAN 1   1027                       897    130     1358
..................................................................


WIND (MPH)
  HIGHEST WIND SPEED    41   HIGHEST WIND DIRECTION     W (290)
  HIGHEST GUST SPEED    53   HIGHEST GUST DIRECTION     W (290)
  AVERAGE WIND SPEED    14.7


SKY COVER
  POSSIBLE SUNSHINE  MM
  AVERAGE SKY COVER 0.0


WEATHER CONDITIONS
 THE FOLLOWING WEATHER WAS RECORDED YESTERDAY.
  NO SIGNIFICANT WEATHER WAS OBSERVED.


RELATIVE HUMIDITY (PERCENT)
 HIGHEST    51          1000 PM
 LOWEST     10           800 AM
 AVERAGE    31

..........................................................


THE PUEBLO CO CLIMATE NORMALS FOR TODAY
                         NORMAL    RECORD    YEAR
 MAXIMUM TEMPERATURE (F)   47        78      1939
 MINIMUM TEMPERATURE (F)   16       -15      1972


SUNRISE AND SUNSET
DECEMBER  5 2017......SUNRISE   700 AM MST   SUNSET   438 PM MST
DECEMBER  6 2017......SUNRISE   701 AM MST   SUNSET   438 PM MST


-  INDICATES NEGATIVE NUMBERS.
R  INDICATES RECORD WAS SET OR TIED.
MM INDICATES DATA IS MISSING.
T  INDICATES TRACE AMOUNT.




$$
