000
CDUS45 KPUB 141054
CLIPUB


CLIMATE REPORT
NATIONAL WEATHER SERVICE PUEBLO
454 AM MDT SAT OCT 14 2017


...................................

...THE PUEBLO CO CLIMATE SUMMARY FOR OCTOBER 13 2017...

CLIMATE NORMAL PERIOD 1981 TO 2010
CLIMATE RECORD PERIOD 1888 TO 2017


WEATHER ITEM   OBSERVED TIME   RECORD YEAR NORMAL DEPARTURE LAST
                VALUE   (LST)  VALUE       VALUE  FROM      YEAR
                                                  NORMAL
..................................................................
TEMPERATURE (F)
 YESTERDAY
  MAXIMUM         67    406 PM  90    1950  70     -3       77
  MINIMUM         42    454 AM  22    1997  35      7       35
  AVERAGE         55                        53      2       56

PRECIPITATION (IN)
  YESTERDAY        0.00          0.97 1945   0.03  -0.03     0.00
  MONTH TO DATE    0.20                      0.32  -0.12      T
  SINCE SEP 1      1.40                      1.09   0.31     0.05
  SINCE JAN 1     15.66                     11.32   4.34    10.37

SNOWFALL (IN)
  YESTERDAY        0.0           T    1969   0.1   -0.1      0.0
  MONTH TO DATE    0.0                       0.3   -0.3      0.0
  SINCE SEP 1      0.0                       0.6   -0.6      0.0
  SINCE JUL 1      0.0                       0.6   -0.6       T
  SNOW DEPTH       0

DEGREE DAYS
 HEATING
  YESTERDAY       10                        12     -2        9
  MONTH TO DATE  115                       130    -15       95
  SINCE SEP 1    202                       223    -21      115
  SINCE JUL 1    202                       228    -26      115

 COOLING
  YESTERDAY        0                         0      0        0
  MONTH TO DATE    0                         0      0       13
  SINCE SEP 1    146                        83     63      185
  SINCE JAN 1   1027                       894    133     1350
..................................................................


WIND (MPH)
  HIGHEST WIND SPEED    23   HIGHEST WIND DIRECTION     N (10)
  HIGHEST GUST SPEED    30   HIGHEST GUST DIRECTION     N (20)
  AVERAGE WIND SPEED     6.2


SKY COVER
  POSSIBLE SUNSHINE  MM
  AVERAGE SKY COVER 0.2


WEATHER CONDITIONS
 THE FOLLOWING WEATHER WAS RECORDED YESTERDAY.
  NO SIGNIFICANT WEATHER WAS OBSERVED.


RELATIVE HUMIDITY (PERCENT)
 HIGHEST    86          1100 PM
 LOWEST     40          1200 AM
 AVERAGE    63

..........................................................


THE PUEBLO CO CLIMATE NORMALS FOR TODAY
                         NORMAL    RECORD    YEAR
 MAXIMUM TEMPERATURE (F)   70        90      2016
                                             1999
                                             1968
 MINIMUM TEMPERATURE (F)   35        22      2004
                                             1995


SUNRISE AND SUNSET
OCTOBER 14 2017.......SUNRISE   706 AM MDT   SUNSET   621 PM MDT
OCTOBER 15 2017.......SUNRISE   707 AM MDT   SUNSET   620 PM MDT


-  INDICATES NEGATIVE NUMBERS.
R  INDICATES RECORD WAS SET OR TIED.
MM INDICATES DATA IS MISSING.
T  INDICATES TRACE AMOUNT.




$$
