000
CDUS45 KPUB 261024
CLIPUB


CLIMATE REPORT
NATIONAL WEATHER SERVICE PUEBLO
424 AM MDT TUE APR 26 2016


...................................

...THE PUEBLO CO CLIMATE SUMMARY FOR APRIL 25 2016...

CLIMATE NORMAL PERIOD 1981 TO 2010
CLIMATE RECORD PERIOD 1888 TO 2016


WEATHER ITEM   OBSERVED TIME   RECORD YEAR NORMAL DEPARTURE LAST
                VALUE   (LST)  VALUE       VALUE  FROM      YEAR
                                                  NORMAL
..................................................................
TEMPERATURE (F)
 YESTERDAY
  MAXIMUM         80    215 PM  88    2012  70     10       73
                                      1981
                                      1949
  MINIMUM         39    510 AM  22    1950  37      2       36
  AVERAGE         60                        54      6       55

PRECIPITATION (IN)
  YESTERDAY        0.00          0.68 1890   0.06  -0.06     0.00
  MONTH TO DATE    1.71                      1.13   0.58     0.65
  SINCE MAR 1      2.29                      2.06   0.23     1.22
  SINCE JAN 1      3.15                      2.71   0.44     2.60

SNOWFALL (IN)
  YESTERDAY        0.0           4.0  1891   0.1   -0.1      0.0
  MONTH TO DATE    0.2                       3.4   -3.2       T
  SINCE MAR 1      4.1                       9.1   -5.0      1.7
  SINCE JUL 1     28.3                      30.9   -2.6     42.8
  SNOW DEPTH       0

DEGREE DAYS
 HEATING
  YESTERDAY        5                        12     -7       10
  MONTH TO DATE  271                       383   -112      320
  SINCE MAR 1    869                      1085   -216      928
  SINCE JUL 1   4378                      5388  -1010     4950

 COOLING
  YESTERDAY        0                         0      0        0
  MONTH TO DATE    0                         0      0        0
  SINCE MAR 1      0                         0      0        0
  SINCE JAN 1      0                         0      0        0
..................................................................


WIND (MPH)
  HIGHEST WIND SPEED    29   HIGHEST WIND DIRECTION     W (280)
  HIGHEST GUST SPEED    36   HIGHEST GUST DIRECTION     W (280)
  AVERAGE WIND SPEED    11.7


SKY COVER
  POSSIBLE SUNSHINE  MM
  AVERAGE SKY COVER 0.0


WEATHER CONDITIONS
 THE FOLLOWING WEATHER WAS RECORDED YESTERDAY.
  THUNDERSTORM


RELATIVE HUMIDITY (PERCENT)
 HIGHEST    73           400 AM
 LOWEST      8           300 PM
 AVERAGE    41

..........................................................


THE PUEBLO CO CLIMATE NORMALS FOR TODAY
                         NORMAL    RECORD    YEAR
 MAXIMUM TEMPERATURE (F)   71        90      1981
 MINIMUM TEMPERATURE (F)   37        25      1924


SUNRISE AND SUNSET
APRIL 26 2016.........SUNRISE   607 AM MDT   SUNSET   745 PM MDT
APRIL 27 2016.........SUNRISE   606 AM MDT   SUNSET   746 PM MDT


-  INDICATES NEGATIVE NUMBERS.
R  INDICATES RECORD WAS SET OR TIED.
MM INDICATES DATA IS MISSING.
T  INDICATES TRACE AMOUNT.




$$
