000
CDUS45 KPUB 200033
CLIPUB


CLIMATE REPORT
NATIONAL WEATHER SERVICE PUEBLO
533 PM MST FRI DEC 19 2014


...................................

...THE PUEBLO CO CLIMATE SUMMARY FOR DECEMBER 19 2014...
VALID TODAY AS OF 0500 PM LOCAL TIME.

CLIMATE NORMAL PERIOD 1981 TO 2010
CLIMATE RECORD PERIOD 1888 TO 2014


WEATHER ITEM   OBSERVED TIME   RECORD YEAR NORMAL DEPARTURE LAST
                VALUE   (LST)  VALUE       VALUE  FROM      YEAR
                                                  NORMAL
..................................................................
TEMPERATURE (F)
 TODAY
  MAXIMUM         48    308 PM  70    1917  45      3       64
  MINIMUM         16    539 AM -19    1945  14      2       28
                                      1924
  AVERAGE         32                        29      3       46

PRECIPITATION (IN)
  TODAY            0.00          0.32 1911   0.01  -0.01     0.00
  MONTH TO DATE    0.05                      0.25  -0.20     0.02
  SINCE DEC 1      0.05                      0.25  -0.20     0.02
  SINCE JAN 1     11.64                     12.44  -0.80     9.67

SNOWFALL (IN)
  TODAY            0.0           7.1  1911   0.2   -0.2      0.0
  MONTH TO DATE    0.2                       3.4   -3.2      2.0
  SINCE DEC 1      0.2                       3.4   -3.2      2.0
  SINCE JUL 1     10.1                       9.4    0.7      5.7
  SNOW DEPTH       0

DEGREE DAYS
 HEATING
  TODAY           33                        36     -3       19
  MONTH TO DATE  576                       656    -80      659
  SINCE DEC 1    576                       656    -80      659
  SINCE JUL 1   1738                      1937   -199     1842

 COOLING
  TODAY            0                         0      0        0
  MONTH TO DATE    0                         0      0        0
  SINCE DEC 1      0                         0      0        0
  SINCE JAN 1   1002                       897    105     1230
..................................................................


WIND (MPH)
  HIGHEST WIND SPEED    13   HIGHEST WIND DIRECTION     W (290)
  HIGHEST GUST SPEED    14   HIGHEST GUST DIRECTION     W (290)
  AVERAGE WIND SPEED     4.5


SKY COVER
  POSSIBLE SUNSHINE  MM
  AVERAGE SKY COVER 0.0


WEATHER CONDITIONS
 THE FOLLOWING WEATHER WAS RECORDED TODAY.
  NO SIGNIFICANT WEATHER WAS OBSERVED.


RELATIVE HUMIDITY (PERCENT)
 HIGHEST    92           200 AM
 LOWEST     31           200 PM
 AVERAGE    62

..........................................................


THE PUEBLO CO CLIMATE NORMALS FOR TOMORROW
                         NORMAL    RECORD    YEAR
 MAXIMUM TEMPERATURE (F)   45        75      1981
 MINIMUM TEMPERATURE (F)   14       -16      1924


SUNRISE AND SUNSET
DECEMBER 19 2014......SUNRISE   710 AM MST   SUNSET   440 PM MST
DECEMBER 20 2014......SUNRISE   711 AM MST   SUNSET   441 PM MST


-  INDICATES NEGATIVE NUMBERS.
R  INDICATES RECORD WAS SET OR TIED.
MM INDICATES DATA IS MISSING.
T  INDICATES TRACE AMOUNT.




$$
