000
CDUS45 KPUB 132319
CLIPUB


CLIMATE REPORT
NATIONAL WEATHER SERVICE PUEBLO
519 PM MDT SUN AUG 13 2017


...................................

...THE PUEBLO CO CLIMATE SUMMARY FOR AUGUST 13 2017...
VALID TODAY AS OF 0500 PM LOCAL TIME.

CLIMATE NORMAL PERIOD 1981 TO 2010
CLIMATE RECORD PERIOD 1888 TO 2017


WEATHER ITEM   OBSERVED TIME   RECORD YEAR NORMAL DEPARTURE LAST
                VALUE   (LST)  VALUE       VALUE  FROM      YEAR
                                                  NORMAL
..................................................................
TEMPERATURE (F)
 TODAY
  MAXIMUM         89    205 PM 102    1996  90     -1       90
  MINIMUM         59    114 AM  41    1899  58      1       58
  AVERAGE         74                        74      0       74

PRECIPITATION (IN)
  TODAY            0.00          1.44 1946   0.08  -0.08     0.02
  MONTH TO DATE    0.27                      1.08  -0.81     0.42
  SINCE JUN 1      4.92                      4.50   0.42     2.25
  SINCE JAN 1     13.98                      8.99   4.99     9.42

SNOWFALL (IN)
  TODAY            0.0           0.0  2002   0.0    0.0      0.0
  MONTH TO DATE    0.0                       0.0    0.0      0.0
  SINCE JUN 1      0.0                       0.0    0.0       T
  SINCE JUL 1      0.0                       0.0    0.0       T
  SNOW DEPTH       0

DEGREE DAYS
 HEATING
  TODAY            0                         0      0        0
  MONTH TO DATE    0                         0      0        0
  SINCE JUN 1      5                        26    -21        1
  SINCE JUL 1      0                         1     -1        0

 COOLING
  TODAY            9                         9      0        9
  MONTH TO DATE   85                       126    -41      175
  SINCE JUN 1    720                       637     83      998
  SINCE JAN 1    730                       671     59     1028
..................................................................


WIND (MPH)
  HIGHEST WIND SPEED    14   HIGHEST WIND DIRECTION     S (170)
  HIGHEST GUST SPEED    20   HIGHEST GUST DIRECTION    SE (130)
  AVERAGE WIND SPEED     4.3


SKY COVER
  POSSIBLE SUNSHINE  MM
  AVERAGE SKY COVER 0.0


WEATHER CONDITIONS
 THE FOLLOWING WEATHER WAS RECORDED TODAY.
  NO SIGNIFICANT WEATHER WAS OBSERVED.


RELATIVE HUMIDITY (PERCENT)
 HIGHEST    90           300 AM
 LOWEST     24           200 PM
 AVERAGE    57

..........................................................


THE PUEBLO CO CLIMATE NORMALS FOR TOMORROW
                         NORMAL    RECORD    YEAR
 MAXIMUM TEMPERATURE (F)   90       102      1970
                                             1962
 MINIMUM TEMPERATURE (F)   58        49      2002


SUNRISE AND SUNSET
AUGUST 13 2017........SUNRISE   611 AM MDT   SUNSET   754 PM MDT
AUGUST 14 2017........SUNRISE   612 AM MDT   SUNSET   753 PM MDT


-  INDICATES NEGATIVE NUMBERS.
R  INDICATES RECORD WAS SET OR TIED.
MM INDICATES DATA IS MISSING.
T  INDICATES TRACE AMOUNT.




$$
