000
CDUS45 KPUB 132339
CLIPUB


CLIMATE REPORT
NATIONAL WEATHER SERVICE PUEBLO
538 PM MDT TUE JUN 13 2017


...................................

...THE PUEBLO CO CLIMATE SUMMARY FOR JUNE 13 2017...
VALID TODAY AS OF 0500 PM LOCAL TIME.

CLIMATE NORMAL PERIOD 1981 TO 2010
CLIMATE RECORD PERIOD 1888 TO 2017


WEATHER ITEM   OBSERVED TIME   RECORD YEAR NORMAL DEPARTURE LAST
                VALUE   (LST)  VALUE       VALUE  FROM      YEAR
                                                  NORMAL
..................................................................
TEMPERATURE (F)
 TODAY
  MAXIMUM         88    359 PM 101    1981  86      2       82
  MINIMUM         54    500 AM  38    1947  52      2       61
  AVERAGE         71                        69      2       72

PRECIPITATION (IN)
  TODAY            0.00          0.91 1955   0.05  -0.05     0.28
  MONTH TO DATE    1.46                      0.61   0.85     0.33
  SINCE JUN 1      1.46                      0.61   0.85     0.33
  SINCE JAN 1     10.52                      5.10   5.42     7.50

SNOWFALL (IN)
  TODAY            0.0           0.0  2002   0.0    0.0       T
                                      2001
  MONTH TO DATE    0.0                       0.0    0.0       T
  SINCE JUN 1      0.0                       0.0    0.0       T
  SINCE JUL 1     28.2                      31.8   -3.6     31.4
  SNOW DEPTH      MM

DEGREE DAYS
 HEATING
  TODAY            0                         1     -1        0
  MONTH TO DATE    0                        19    -19        1
  SINCE JUN 1      0                        19    -19        1
  SINCE JUL 1   4538                      5632  -1094     4624

 COOLING
  TODAY            6                         5      1        7
  MONTH TO DATE   69                        49     20       97
  SINCE JUN 1     69                        49     20       97
  SINCE JAN 1     79                        83     -4      127
..................................................................


WIND (MPH)
  HIGHEST WIND SPEED    23   HIGHEST WIND DIRECTION    SW (240)
  HIGHEST GUST SPEED    28   HIGHEST GUST DIRECTION    SW (220)
  AVERAGE WIND SPEED    11.0


SKY COVER
  POSSIBLE SUNSHINE  MM
  AVERAGE SKY COVER 0.0


WEATHER CONDITIONS
 THE FOLLOWING WEATHER WAS RECORDED TODAY.
  NO SIGNIFICANT WEATHER WAS OBSERVED.


RELATIVE HUMIDITY (PERCENT)
 HIGHEST    38           500 AM
 LOWEST      7           200 PM
 AVERAGE    23

..........................................................


THE PUEBLO CO CLIMATE NORMALS FOR TOMORROW
                         NORMAL    RECORD    YEAR
 MAXIMUM TEMPERATURE (F)   87       102      2006
 MINIMUM TEMPERATURE (F)   52        40      2001


SUNRISE AND SUNSET
JUNE 13 2017..........SUNRISE   534 AM MDT   SUNSET   823 PM MDT
JUNE 14 2017..........SUNRISE   534 AM MDT   SUNSET   823 PM MDT


-  INDICATES NEGATIVE NUMBERS.
R  INDICATES RECORD WAS SET OR TIED.
MM INDICATES DATA IS MISSING.
T  INDICATES TRACE AMOUNT.




$$
