000
CDUS45 KPUB 231617 CCA
CLIPUB

CLIMATE REPORT...COR WEATHER CONDITIONS
NATIONAL WEATHER SERVICE PUEBLO
430 AM MDT SAT JUL 23 2016


...................................

...THE PUEBLO CO CLIMATE SUMMARY FOR JULY 22 2016...

CLIMATE NORMAL PERIOD 1981 TO 2010
CLIMATE RECORD PERIOD 1888 TO 2016


WEATHER ITEM   OBSERVED TIME   RECORD YEAR NORMAL DEPARTURE LAST
                VALUE   (LST)  VALUE       VALUE  FROM      YEAR
                                                  NORMAL
..................................................................
TEMPERATURE (F)
 YESTERDAY
  MAXIMUM        104R   302 PM 103    1982  93     11       96
                                      1963
                                      1931
  MINIMUM         69   1159 PM  48    1988  59     10       57
  AVERAGE         87                        76     11       77

PRECIPITATION (IN)
  YESTERDAY        0.09          0.64 1895   0.08   0.01     0.00
  MONTH TO DATE    0.55                      1.38  -0.83     0.64
  SINCE JUN 1      1.33                      2.74  -1.41     1.86
  SINCE JAN 1      8.50                      7.23   1.27    10.78

SNOWFALL (IN)
  YESTERDAY        0.0           0.0  2002   0.0    0.0      0.0
                                      2001
  MONTH TO DATE    T                         0.0    0.0      0.0
  SINCE JUN 1      T                         0.0    0.0      0.0
  SINCE JUL 1      T                         0.0    0.0      0.0
  SNOW DEPTH       0

DEGREE DAYS
 HEATING
  YESTERDAY        0                         0      0        0
  MONTH TO DATE    0                         0      0        0
  SINCE JUN 1      1                        25    -24        0
  SINCE JUL 1      0                         0      0        0

 COOLING
  YESTERDAY       22                        11     11       12
  MONTH TO DATE  342                       237    105      256
  SINCE JUN 1    681                       412    269      499
  SINCE JAN 1    711                       446    265      503
..................................................................


WIND (MPH)
  HIGHEST WIND SPEED    25   HIGHEST WIND DIRECTION     S (180)
  HIGHEST GUST SPEED    32   HIGHEST GUST DIRECTION     S (180)
  AVERAGE WIND SPEED     6.6


SKY COVER
  POSSIBLE SUNSHINE  MM
  AVERAGE SKY COVER 0.0


WEATHER CONDITIONS
 THE FOLLOWING WEATHER WAS RECORDED YESTERDAY.
  THUNDERSTORM
  HEAVY RAIN
  RAIN
  LIGHT RAIN


RELATIVE HUMIDITY (PERCENT)
 HIGHEST    57          1100 PM
 LOWEST     14           200 PM
 AVERAGE    36

..........................................................


THE PUEBLO CO CLIMATE NORMALS FOR TODAY
                         NORMAL    RECORD    YEAR
 MAXIMUM TEMPERATURE (F)   93       105      2005
                                             1987
 MINIMUM TEMPERATURE (F)   59        52      1995


SUNRISE AND SUNSET
JULY 23 2016..........SUNRISE   553 AM MDT   SUNSET   815 PM MDT
JULY 24 2016..........SUNRISE   554 AM MDT   SUNSET   815 PM MDT


-  INDICATES NEGATIVE NUMBERS.
R  INDICATES RECORD WAS SET OR TIED.
MM INDICATES DATA IS MISSING.
T  INDICATES TRACE AMOUNT.




$$
