175
CDUS45 KPUB 101155
CLIPUB


CLIMATE REPORT
NATIONAL WEATHER SERVICE PUEBLO
455 AM MST TUE JAN 10 2017


...................................

...THE PUEBLO CO CLIMATE SUMMARY FOR JANUARY 9 2017...

CLIMATE NORMAL PERIOD 1981 TO 2010
CLIMATE RECORD PERIOD 1888 TO 2017


WEATHER ITEM   OBSERVED TIME   RECORD YEAR NORMAL DEPARTURE LAST
                VALUE   (LST)  VALUE       VALUE  FROM      YEAR
                                                  NORMAL
..................................................................
TEMPERATURE (F)
 YESTERDAY
  MAXIMUM         64   1259 PM  70    1953  47     17       32
  MINIMUM         22    220 AM -15    1962  14      8        5
  AVERAGE         43                        30     13       19

PRECIPITATION (IN)
  YESTERDAY        0.00          0.19 1954   0.01  -0.01     0.00
  MONTH TO DATE    0.41                      0.10   0.31     0.41
  SINCE DEC 1      1.17                      0.48   0.69     0.81
  SINCE JAN 1      0.41                      0.10   0.31     0.41

SNOWFALL (IN)
  YESTERDAY        0.0           2.3  1954   0.2   -0.2      0.0
  MONTH TO DATE    6.0                       1.8    4.2      5.0
  SINCE DEC 1     10.4                       7.3    3.1     10.5
  SINCE JUL 1     10.4                      13.3   -2.9     16.9
  SNOW DEPTH       2

DEGREE DAYS
 HEATING
  YESTERDAY       22                        35    -13       46
  MONTH TO DATE  385                       315     70      325
  SINCE DEC 1   1460                      1397     63     1272
  SINCE JUL 1   2242                      2678   -436     2146

 COOLING
  YESTERDAY        0                         0      0        0
  MONTH TO DATE    0                         0      0        0
  SINCE DEC 1      0                         0      0        0
  SINCE JAN 1      0                         0      0        0
..................................................................


WIND (MPH)
  HIGHEST WIND SPEED    40   HIGHEST WIND DIRECTION     W (260)
  HIGHEST GUST SPEED    50   HIGHEST GUST DIRECTION     W (270)
  AVERAGE WIND SPEED    19.0


SKY COVER
  POSSIBLE SUNSHINE  MM
  AVERAGE SKY COVER 0.0


WEATHER CONDITIONS
 THE FOLLOWING WEATHER WAS RECORDED YESTERDAY.
  NO SIGNIFICANT WEATHER WAS OBSERVED.


RELATIVE HUMIDITY (PERCENT)
 HIGHEST    88          1200 AM
 LOWEST     34          1200 PM
 AVERAGE    61

..........................................................


THE PUEBLO CO CLIMATE NORMALS FOR TODAY
                         NORMAL    RECORD    YEAR
 MAXIMUM TEMPERATURE (F)   47        74      1990
 MINIMUM TEMPERATURE (F)   14       -25      1962


SUNRISE AND SUNSET
JANUARY 10 2017.......SUNRISE   715 AM MST   SUNSET   457 PM MST
JANUARY 11 2017.......SUNRISE   715 AM MST   SUNSET   458 PM MST


-  INDICATES NEGATIVE NUMBERS.
R  INDICATES RECORD WAS SET OR TIED.
MM INDICATES DATA IS MISSING.
T  INDICATES TRACE AMOUNT.




$$
