000
CDUS45 KPUB 280027
CLIPUB


CLIMATE REPORT
NATIONAL WEATHER SERVICE PUEBLO
527 PM MST SUN NOV 27 2016


...................................

...THE PUEBLO CO CLIMATE SUMMARY FOR NOVEMBER 27 2016...
VALID TODAY AS OF 0500 PM LOCAL TIME.

CLIMATE NORMAL PERIOD 1981 TO 2010
CLIMATE RECORD PERIOD 1888 TO 2016


WEATHER ITEM   OBSERVED TIME   RECORD YEAR NORMAL DEPARTURE LAST
                VALUE   (LST)  VALUE       VALUE  FROM      YEAR
                                                  NORMAL
..................................................................
TEMPERATURE (F)
 TODAY
  MAXIMUM         56    206 PM  78    1998  50      6       23
  MINIMUM         32    348 AM -11    1976  18     14        6
                                      1952
  AVERAGE         44                        34     10       15

PRECIPITATION (IN)
  TODAY            0.00          0.66 1923   0.01  -0.01     0.03
  MONTH TO DATE    0.78                      0.42   0.36     0.54
  SINCE SEP 1      0.83                      1.91  -1.08     1.21
  SINCE JAN 1     11.15                     12.14  -0.99    16.23

SNOWFALL (IN)
  TODAY            0.0           7.4  1923   0.2   -0.2      1.0
  MONTH TO DATE    T                         3.9   -3.9      5.8
  SINCE SEP 1      T                         5.5   -5.5      5.8
  SINCE JUL 1      T                         5.5   -5.5      5.8
  SNOW DEPTH       0

DEGREE DAYS
 HEATING
  TODAY           21                        31    -10       50
  MONTH TO DATE  475                       676   -201      575
  SINCE SEP 1    689                      1181   -492      751
  SINCE JUL 1    689                      1186   -497      751

 COOLING
  TODAY            0                         0      0        0
  MONTH TO DATE    0                         0      0        0
  SINCE SEP 1    193                        86    107      227
  SINCE JAN 1   1358                       897    461     1273
..................................................................


WIND (MPH)
  HIGHEST WIND SPEED    40   HIGHEST WIND DIRECTION     W (280)
  HIGHEST GUST SPEED    48   HIGHEST GUST DIRECTION     W (270)
  AVERAGE WIND SPEED    15.3


SKY COVER
  POSSIBLE SUNSHINE  MM
  AVERAGE SKY COVER 0.0


WEATHER CONDITIONS
 THE FOLLOWING WEATHER WAS RECORDED TODAY.
  NO SIGNIFICANT WEATHER WAS OBSERVED.


RELATIVE HUMIDITY (PERCENT)
 HIGHEST    69           200 AM
 LOWEST     15           200 PM
 AVERAGE    42

..........................................................


THE PUEBLO CO CLIMATE NORMALS FOR TOMORROW
                         NORMAL    RECORD    YEAR
 MAXIMUM TEMPERATURE (F)   50        75      2014
                                             1998
 MINIMUM TEMPERATURE (F)   18       -16      1896


SUNRISE AND SUNSET
NOVEMBER 27 2016......SUNRISE   653 AM MST   SUNSET   439 PM MST
NOVEMBER 28 2016......SUNRISE   654 AM MST   SUNSET   439 PM MST


-  INDICATES NEGATIVE NUMBERS.
R  INDICATES RECORD WAS SET OR TIED.
MM INDICATES DATA IS MISSING.
T  INDICATES TRACE AMOUNT.




$$
