000
CDUS45 KPUB 201152
CLIPUB


CLIMATE REPORT
NATIONAL WEATHER SERVICE PUEBLO
452 AM MST THU NOV 20 2014


...................................

...THE PUEBLO CO CLIMATE SUMMARY FOR NOVEMBER 19 2014...

CLIMATE NORMAL PERIOD 1981 TO 2010
CLIMATE RECORD PERIOD 1888 TO 2014


WEATHER ITEM   OBSERVED TIME   RECORD YEAR NORMAL DEPARTURE LAST
                VALUE   (LST)  VALUE       VALUE  FROM      YEAR
                                                  NORMAL
..................................................................
TEMPERATURE (F)
 YESTERDAY
  MAXIMUM         46    348 PM  82    2007  54     -8       68
  MINIMUM         26    426 AM  -1    1928  21      5       22
  AVERAGE         36                        38     -2       45

PRECIPITATION (IN)
  YESTERDAY        0.00          0.39 1979   0.01  -0.01     0.00
  MONTH TO DATE    0.44                      0.30   0.14     0.01
  SINCE SEP 1      1.97                      1.79   0.18     1.52
  SINCE JAN 1     11.57                     12.02  -0.45     9.32

SNOWFALL (IN)
  YESTERDAY        0.0           6.0  1985   0.2   -0.2      0.0
  MONTH TO DATE    9.1                       2.5    6.6       T
  SINCE SEP 1      9.1                       4.1    5.0      0.1
  SINCE JUL 1      9.1                       4.1    5.0      0.1
  SNOW DEPTH       T

DEGREE DAYS
 HEATING
  YESTERDAY       29                        27      2       20
  MONTH TO DATE  576                       440    136      404
  SINCE SEP 1    901                       945    -44      858
  SINCE JUL 1    902                       950    -48      858

 COOLING
  YESTERDAY        0                         0      0        0
  MONTH TO DATE    0                         0      0        0
  SINCE SEP 1    127                        86     41      170
  SINCE JAN 1   1002                       897    105     1230
..................................................................


WIND (MPH)
  HIGHEST WIND SPEED    12   HIGHEST WIND DIRECTION     N (350)
  HIGHEST GUST SPEED    17   HIGHEST GUST DIRECTION    SE (130)
  AVERAGE WIND SPEED     4.8


SKY COVER
  POSSIBLE SUNSHINE  MM
  AVERAGE SKY COVER 0.0


WEATHER CONDITIONS
 THE FOLLOWING WEATHER WAS RECORDED YESTERDAY.
  NO SIGNIFICANT WEATHER WAS OBSERVED.


RELATIVE HUMIDITY (PERCENT)
 HIGHEST    81           700 AM
 LOWEST     41           300 PM
 AVERAGE    61

..........................................................


THE PUEBLO CO CLIMATE NORMALS FOR TODAY
                         NORMAL    RECORD    YEAR
 MAXIMUM TEMPERATURE (F)   54        78      1955
 MINIMUM TEMPERATURE (F)   21        -9      1906


SUNRISE AND SUNSET
NOVEMBER 20 2014......SUNRISE   645 AM MST   SUNSET   442 PM MST
NOVEMBER 21 2014......SUNRISE   646 AM MST   SUNSET   442 PM MST


-  INDICATES NEGATIVE NUMBERS.
R  INDICATES RECORD WAS SET OR TIED.
MM INDICATES DATA IS MISSING.
T  INDICATES TRACE AMOUNT.




$$
