000
CDUS45 KPUB 212329
CLIPUB


CLIMATE REPORT
NATIONAL WEATHER SERVICE PUEBLO
529 PM MDT SAT MAY 21 2016


...................................

...THE PUEBLO CO CLIMATE SUMMARY FOR MAY 21 2016...
VALID TODAY AS OF 0500 PM LOCAL TIME.

CLIMATE NORMAL PERIOD 1981 TO 2010
CLIMATE RECORD PERIOD 1888 TO 2016


WEATHER ITEM   OBSERVED TIME   RECORD YEAR NORMAL DEPARTURE LAST
                VALUE   (LST)  VALUE       VALUE  FROM      YEAR
                                                  NORMAL
..................................................................
TEMPERATURE (F)
 TODAY
  MAXIMUM         91    257 PM  97    2005  78     13       54
  MINIMUM         55    154 AM  33    2001  46      9       42
                                      1931
  AVERAGE         73                        62     11       48

PRECIPITATION (IN)
  TODAY            0.00          1.01 1959   0.05  -0.05     0.14
  MONTH TO DATE    0.78                      1.03  -0.25     4.75
  SINCE MAR 1      4.33                      3.36   0.97     6.74
  SINCE JAN 1      5.19                      4.01   1.18     8.12

SNOWFALL (IN)
  TODAY            0.0           0.2  2001   0.0    0.0      0.0
  MONTH TO DATE    0.0                       0.5   -0.5       T
  SINCE MAR 1      7.2                      10.0   -2.8      1.7
  SINCE JUL 1     31.4                      31.8   -0.4     42.8
  SNOW DEPTH       0

DEGREE DAYS
 HEATING
  TODAY            0                         4     -4       17
  MONTH TO DATE  132                       141     -9      194
  SINCE MAR 1   1096                      1278   -182     1182
  SINCE JUL 1   4605                      5581   -976     5204

 COOLING
  TODAY            8                         1      7        0
  MONTH TO DATE   13                        12      1        1
  SINCE MAR 1     13                        14     -1        1
  SINCE JAN 1     13                        14     -1        1
..................................................................


WIND (MPH)
  HIGHEST WIND SPEED    28   HIGHEST WIND DIRECTION    SW (230)
  HIGHEST GUST SPEED    36   HIGHEST GUST DIRECTION    SW (240)
  AVERAGE WIND SPEED     9.3


SKY COVER
  POSSIBLE SUNSHINE  MM
  AVERAGE SKY COVER 0.4


WEATHER CONDITIONS
 THE FOLLOWING WEATHER WAS RECORDED TODAY.
  NO SIGNIFICANT WEATHER WAS OBSERVED.


RELATIVE HUMIDITY (PERCENT)
 HIGHEST    86           300 AM
 LOWEST      8           400 PM
 AVERAGE    47

..........................................................


THE PUEBLO CO CLIMATE NORMALS FOR TOMORROW
                         NORMAL    RECORD    YEAR
 MAXIMUM TEMPERATURE (F)   79        95      2012
 MINIMUM TEMPERATURE (F)   46        32      1931


SUNRISE AND SUNSET
MAY 21 2016...........SUNRISE   542 AM MDT   SUNSET   808 PM MDT
MAY 22 2016...........SUNRISE   541 AM MDT   SUNSET   809 PM MDT


-  INDICATES NEGATIVE NUMBERS.
R  INDICATES RECORD WAS SET OR TIED.
MM INDICATES DATA IS MISSING.
T  INDICATES TRACE AMOUNT.




$$
