000
CDUS45 KPUB 022336
CLIPUB


CLIMATE REPORT
NATIONAL WEATHER SERVICE PUEBLO
536 PM MDT TUE SEP 2 2014


...................................

...THE PUEBLO CO CLIMATE SUMMARY FOR SEPTEMBER 2 2014...
VALID TODAY AS OF 0500 PM LOCAL TIME.

CLIMATE NORMAL PERIOD 1981 TO 2010
CLIMATE RECORD PERIOD 1888 TO 2014


WEATHER ITEM   OBSERVED TIME   RECORD YEAR NORMAL DEPARTURE LAST
                VALUE   (LST)  VALUE       VALUE  FROM      YEAR
                                                  NORMAL
..................................................................
TEMPERATURE (F)
 TODAY
  MAXIMUM         90    359 PM  98    1995  87      3       90
                                      1983
                                      1964
  MINIMUM         58    443 AM  43    1952  54      4       60
  AVERAGE         74                        70      4       75

PRECIPITATION (IN)
  TODAY            0.00          0.42 1906   0.04  -0.04     0.00
  MONTH TO DATE    0.00                      0.09  -0.09      T
  SINCE SEP 1      0.00                      0.09  -0.09      T
  SINCE JAN 1      9.60                     10.32  -0.72     7.80

SNOWFALL (IN)
  TODAY            0.0           0.0  2002   0.0    0.0      0.0
  MONTH TO DATE    0.0                       0.0    0.0      0.0
  SINCE SEP 1      0.0                       0.0    0.0      0.0
  SINCE JUL 1      T                         0.0    0.0       T
  SNOW DEPTH       0

DEGREE DAYS
 HEATING
  TODAY            0                         1     -1        0
  MONTH TO DATE    0                         2     -2        0
  SINCE SEP 1      0                         2     -2        0
  SINCE JUL 1      1                         7     -6        0

 COOLING
  TODAY            9                         6      3       10
  MONTH TO DATE   16                        12      4       19
  SINCE SEP 1     16                        12      4       19
  SINCE JAN 1    891                       823     68     1079
..................................................................


WIND (MPH)
  HIGHEST WIND SPEED    22   HIGHEST WIND DIRECTION     E (110)
  HIGHEST GUST SPEED    26   HIGHEST GUST DIRECTION    SE (120)
  AVERAGE WIND SPEED     9.2


SKY COVER
  POSSIBLE SUNSHINE  MM
  AVERAGE SKY COVER 0.4


WEATHER CONDITIONS
 THE FOLLOWING WEATHER WAS RECORDED TODAY.
  NO SIGNIFICANT WEATHER WAS OBSERVED.


RELATIVE HUMIDITY (PERCENT)
 HIGHEST    72           500 AM
 LOWEST     24           400 PM
 AVERAGE    48

..........................................................


THE PUEBLO CO CLIMATE NORMALS FOR TOMORROW
                         NORMAL    RECORD    YEAR
 MAXIMUM TEMPERATURE (F)   86        98      1947
 MINIMUM TEMPERATURE (F)   53        39      1934


SUNRISE AND SUNSET
SEPTEMBER  2 2014.....SUNRISE   628 AM MDT   SUNSET   726 PM MDT
SEPTEMBER  3 2014.....SUNRISE   629 AM MDT   SUNSET   725 PM MDT


-  INDICATES NEGATIVE NUMBERS.
R  INDICATES RECORD WAS SET OR TIED.
MM INDICATES DATA IS MISSING.
T  INDICATES TRACE AMOUNT.




$$
