000
CDUS45 KPUB 301108
CLIPUB


CLIMATE REPORT
NATIONAL WEATHER SERVICE PUEBLO
507 AM MDT MON MAY 30 2016


...................................

...THE PUEBLO CO CLIMATE SUMMARY FOR MAY 29 2016...

CLIMATE NORMAL PERIOD 1981 TO 2010
CLIMATE RECORD PERIOD 1888 TO 2016


WEATHER ITEM   OBSERVED TIME   RECORD YEAR NORMAL DEPARTURE LAST
                VALUE   (LST)  VALUE       VALUE  FROM      YEAR
                                                  NORMAL
..................................................................
TEMPERATURE (F)
 YESTERDAY
  MAXIMUM         80    258 PM 102    2000  81     -1       72
  MINIMUM         48    356 AM  36    1947  48      0       49
  AVERAGE         64                        64      0       61

PRECIPITATION (IN)
  YESTERDAY        T             1.20 1964   0.05  -0.05     0.10
  MONTH TO DATE    1.75                      1.42   0.33     5.48
  SINCE MAR 1      5.30                      3.75   1.55     7.47
  SINCE JAN 1      6.16                      4.40   1.76     8.85

SNOWFALL (IN)
  YESTERDAY        0.0           0.0  2002   0.0    0.0      0.0
                                      2001
  MONTH TO DATE    T                         0.5   -0.5       T
  SINCE MAR 1      7.2                      10.0   -2.8      1.7
  SINCE JUL 1     31.4                      31.8   -0.4     42.8
  SNOW DEPTH       0

DEGREE DAYS
 HEATING
  YESTERDAY        1                         3     -2        4
  MONTH TO DATE  148                       168    -20      238
  SINCE MAR 1   1112                      1305   -193     1226
  SINCE JUL 1   4621                      5608   -987     5248

 COOLING
  YESTERDAY        0                         2     -2        0
  MONTH TO DATE   28                        26      2        2
  SINCE MAR 1     28                        28      0        2
  SINCE JAN 1     28                        28      0        2
..................................................................


WIND (MPH)
  HIGHEST WIND SPEED    33   HIGHEST WIND DIRECTION     W (290)
  HIGHEST GUST SPEED    46   HIGHEST GUST DIRECTION    SW (240)
  AVERAGE WIND SPEED     7.7


SKY COVER
  POSSIBLE SUNSHINE  MM
  AVERAGE SKY COVER 0.0


WEATHER CONDITIONS
 THE FOLLOWING WEATHER WAS RECORDED YESTERDAY.
  THUNDERSTORM
  LIGHT RAIN


RELATIVE HUMIDITY (PERCENT)
 HIGHEST    86           300 AM
 LOWEST     19           300 PM
 AVERAGE    53

..........................................................


THE PUEBLO CO CLIMATE NORMALS FOR TODAY
                         NORMAL    RECORD    YEAR
 MAXIMUM TEMPERATURE (F)   81       102      2000
 MINIMUM TEMPERATURE (F)   48        39      1986


SUNRISE AND SUNSET
MAY 30 2016...........SUNRISE   537 AM MDT   SUNSET   815 PM MDT
MAY 31 2016...........SUNRISE   537 AM MDT   SUNSET   815 PM MDT


-  INDICATES NEGATIVE NUMBERS.
R  INDICATES RECORD WAS SET OR TIED.
MM INDICATES DATA IS MISSING.
T  INDICATES TRACE AMOUNT.




$$
