000
CDUS45 KPUB 271041
CLIPUB


CLIMATE REPORT
NATIONAL WEATHER SERVICE PUEBLO
440 AM MDT TUE SEP 27 2016


...................................

...THE PUEBLO CO CLIMATE SUMMARY FOR SEPTEMBER 26 2016...

CLIMATE NORMAL PERIOD 1981 TO 2010
CLIMATE RECORD PERIOD 1888 TO 2016


WEATHER ITEM   OBSERVED TIME   RECORD YEAR NORMAL DEPARTURE LAST
                VALUE   (LST)  VALUE       VALUE  FROM      YEAR
                                                  NORMAL
..................................................................
TEMPERATURE (F)
 YESTERDAY
  MAXIMUM         79    348 PM  93    2001  77      2       81
  MINIMUM         40    621 AM  31    1912  43     -3       50
  AVERAGE         60                        60      0       66

PRECIPITATION (IN)
  YESTERDAY        0.00          1.22 1917   0.02  -0.02     0.00
  MONTH TO DATE    0.05                      0.69  -0.64     0.03
  SINCE SEP 1      0.05                      0.69  -0.64     0.03
  SINCE JAN 1     10.37                     10.92  -0.55    15.05

SNOWFALL (IN)
  YESTERDAY        0.0           T    1936   0.0    0.0      0.0
  MONTH TO DATE    0.0                       0.2   -0.2      0.0
  SINCE SEP 1      0.0                       0.2   -0.2      0.0
  SINCE JUL 1      T                         0.2   -0.2      0.0
  SNOW DEPTH       0

DEGREE DAYS
 HEATING
  YESTERDAY        5                         6     -1        0
  MONTH TO DATE   20                        68    -48        0
  SINCE SEP 1     20                        68    -48        0
  SINCE JUL 1     20                        73    -53        0

 COOLING
  YESTERDAY        0                         1     -1        1
  MONTH TO DATE  164                        79     85      204
  SINCE SEP 1    164                        79     85      204
  SINCE JAN 1   1329                       890    439     1250
..................................................................


WIND (MPH)
  HIGHEST WIND SPEED    15   HIGHEST WIND DIRECTION     S (160)
  HIGHEST GUST SPEED    20   HIGHEST GUST DIRECTION    SE (150)
  AVERAGE WIND SPEED     5.9


SKY COVER
  POSSIBLE SUNSHINE  MM
  AVERAGE SKY COVER 0.0


WEATHER CONDITIONS
 THE FOLLOWING WEATHER WAS RECORDED YESTERDAY.
  NO SIGNIFICANT WEATHER WAS OBSERVED.


RELATIVE HUMIDITY (PERCENT)
 HIGHEST    67           500 AM
 LOWEST     16           300 PM
 AVERAGE    42

..........................................................


THE PUEBLO CO CLIMATE NORMALS FOR TODAY
                         NORMAL    RECORD    YEAR
 MAXIMUM TEMPERATURE (F)   77        94      2010
                                             1953
 MINIMUM TEMPERATURE (F)   42        29      1908


SUNRISE AND SUNSET
SEPTEMBER 27 2016.....SUNRISE   651 AM MDT   SUNSET   646 PM MDT
SEPTEMBER 28 2016.....SUNRISE   652 AM MDT   SUNSET   645 PM MDT


-  INDICATES NEGATIVE NUMBERS.
R  INDICATES RECORD WAS SET OR TIED.
MM INDICATES DATA IS MISSING.
T  INDICATES TRACE AMOUNT.




$$
