000
CDUS45 KPUB 220022
CLIPUB


CLIMATE REPORT
NATIONAL WEATHER SERVICE PUEBLO
522 PM MST TUE FEB 21 2017


...................................

...THE PUEBLO CO CLIMATE SUMMARY FOR FEBRUARY 21 2017...
VALID TODAY AS OF 0500 PM LOCAL TIME.

CLIMATE NORMAL PERIOD 1981 TO 2010
CLIMATE RECORD PERIOD 1888 TO 2017


WEATHER ITEM   OBSERVED TIME   RECORD YEAR NORMAL DEPARTURE LAST
                VALUE   (LST)  VALUE       VALUE  FROM      YEAR
                                                  NORMAL
..................................................................
TEMPERATURE (F)
 TODAY
  MAXIMUM         77R   249 PM  75    1982  52     25       51
                                      1977
  MINIMUM         29    255 AM  -5    1911  19     10       25
  AVERAGE         53                        35     18       38

PRECIPITATION (IN)
  TODAY            0.00          0.46 1894   0.01  -0.01     0.00
  MONTH TO DATE    0.17                      0.20  -0.03     0.33
  SINCE DEC 1      1.68                      0.93   0.75     1.26
  SINCE JAN 1      0.92                      0.55   0.37     0.86

SNOWFALL (IN)
  TODAY            0.0           8.6  1894   0.1   -0.1      0.0
  MONTH TO DATE    0.0                       2.9   -2.9      5.8
  SINCE DEC 1     14.2                      14.9   -0.7     17.8
  SINCE JUL 1     14.2                      20.9   -6.7     24.2
  SNOW DEPTH       0

DEGREE DAYS
 HEATING
  TODAY           12                        30    -18       27
  MONTH TO DATE  428                       673   -245      526
  SINCE DEC 1   2512                      2824   -312     2457
  SINCE JUL 1   3294                      4105   -811     3331

 COOLING
  TODAY            0                         0      0        0
  MONTH TO DATE    0                         0      0        0
  SINCE DEC 1      0                         0      0        0
  SINCE JAN 1      0                         0      0        0
..................................................................


WIND (MPH)
  HIGHEST WIND SPEED    40   HIGHEST WIND DIRECTION     W (290)
  HIGHEST GUST SPEED    50   HIGHEST GUST DIRECTION     W (280)
  AVERAGE WIND SPEED    20.2


SKY COVER
  POSSIBLE SUNSHINE  MM
  AVERAGE SKY COVER 0.0


WEATHER CONDITIONS
 THE FOLLOWING WEATHER WAS RECORDED TODAY.
  NO SIGNIFICANT WEATHER WAS OBSERVED.


RELATIVE HUMIDITY (PERCENT)
 HIGHEST    53           300 AM
 LOWEST      7           300 PM
 AVERAGE    30

..........................................................


THE PUEBLO CO CLIMATE NORMALS FOR TOMORROW
                         NORMAL    RECORD    YEAR
 MAXIMUM TEMPERATURE (F)   52        72      2002
                                             1936
                                             1918
 MINIMUM TEMPERATURE (F)   19       -10      1911


SUNRISE AND SUNSET
FEBRUARY 21 2017......SUNRISE   640 AM MST   SUNSET   543 PM MST
FEBRUARY 22 2017......SUNRISE   639 AM MST   SUNSET   544 PM MST


-  INDICATES NEGATIVE NUMBERS.
R  INDICATES RECORD WAS SET OR TIED.
MM INDICATES DATA IS MISSING.
T  INDICATES TRACE AMOUNT.




$$
