000
CDUS45 KPUB 132322
CLIPUB


CLIMATE REPORT
NATIONAL WEATHER SERVICE PUEBLO
522 PM MDT SUN APR 13 2014


...................................

...THE PUEBLO CO CLIMATE SUMMARY FOR APRIL 13 2014...
VALID TODAY AS OF 0500 PM LOCAL TIME.

CLIMATE NORMAL PERIOD 1981 TO 2010
CLIMATE RECORD PERIOD 1888 TO 2014


WEATHER ITEM   OBSERVED TIME   RECORD YEAR NORMAL DEPARTURE LAST
                VALUE   (LST)  VALUE       VALUE  FROM      YEAR
                                                  NORMAL
..................................................................
TEMPERATURE (F)
 TODAY
  MAXIMUM         58   1224 AM  90    2006  66     -8       74
  MINIMUM         31    331 PM  11    1997  33     -2       37
  AVERAGE         45                        50     -5       56

PRECIPITATION (IN)
  TODAY            0.19          1.99 1967   0.04   0.15     0.00
  MONTH TO DATE    0.79                      0.51   0.28     0.04
  SINCE MAR 1      1.55                      1.44   0.11     0.25
  SINCE JAN 1      2.28                      2.09   0.19     0.94

SNOWFALL (IN)
  TODAY            2.1           3.3  1945   0.1    2.0      0.0
  MONTH TO DATE    5.2                       2.0    3.2      0.8
  SINCE MAR 1      7.6                       7.7   -0.1      6.5
  SINCE JUL 1     26.2                      29.5   -3.3     21.2
  SNOW DEPTH       2

DEGREE DAYS
 HEATING
  TODAY           20                        15      5        9
  MONTH TO DATE  188                       222    -34      249
  SINCE MAR 1    860                       924    -64      984
  SINCE JUL 1   5065                      5227   -162     5221

 COOLING
  TODAY            0                         0      0        0
  MONTH TO DATE    2                         0      2        0
  SINCE MAR 1      2                         0      2        0
  SINCE JAN 1      2                         0      2        0
..................................................................


WIND (MPH)
  HIGHEST WIND SPEED    29   HIGHEST WIND DIRECTION     N (10)
  HIGHEST GUST SPEED    37   HIGHEST GUST DIRECTION     N (360)
  AVERAGE WIND SPEED    16.5


SKY COVER
  POSSIBLE SUNSHINE  MM
  AVERAGE SKY COVER 0.9


WEATHER CONDITIONS
 THE FOLLOWING WEATHER WAS RECORDED TODAY.
  LIGHT RAIN
  HEAVY SNOW
  SNOW
  LIGHT SNOW
  FOG
  FOG W/VISIBILITY <= 1/4 MILE


RELATIVE HUMIDITY (PERCENT)
 HIGHEST    92           400 PM
 LOWEST     33          1200 AM
 AVERAGE    63

..........................................................


THE PUEBLO CO CLIMATE NORMALS FOR TOMORROW
                         NORMAL    RECORD    YEAR
 MAXIMUM TEMPERATURE (F)   67        86      2002
 MINIMUM TEMPERATURE (F)   33        13      1933


SUNRISE AND SUNSET
APRIL 13 2014.........SUNRISE   625 AM MDT   SUNSET   733 PM MDT
APRIL 14 2014.........SUNRISE   624 AM MDT   SUNSET   733 PM MDT


-  INDICATES NEGATIVE NUMBERS.
R  INDICATES RECORD WAS SET OR TIED.
MM INDICATES DATA IS MISSING.
T  INDICATES TRACE AMOUNT.




$$
