341
CDUS45 KPUB 200021
CLIPUB


CLIMATE REPORT
NATIONAL WEATHER SERVICE PUEBLO
620 PM MDT TUE JUL 19 2016


...................................

...THE PUEBLO CO CLIMATE SUMMARY FOR JULY 19 2016...
VALID TODAY AS OF 0500 PM LOCAL TIME.

CLIMATE NORMAL PERIOD 1981 TO 2010
CLIMATE RECORD PERIOD 1888 TO 2016


WEATHER ITEM   OBSERVED TIME   RECORD YEAR NORMAL DEPARTURE LAST
                VALUE   (LST)  VALUE       VALUE  FROM      YEAR
                                                  NORMAL
..................................................................
TEMPERATURE (F)
 TODAY
  MAXIMUM        103    301 PM 104    2005  93     10       90
                                      1998
  MINIMUM         69    455 AM  47    1992  59     10       65
  AVERAGE         86                        76     10       78

PRECIPITATION (IN)
  TODAY            0.00          1.05 2007   0.08  -0.08      T
  MONTH TO DATE    0.46                      1.16  -0.70     0.57
  SINCE JUN 1      1.24                      2.52  -1.28     1.79
  SINCE JAN 1      8.41                      7.01   1.40    10.71

SNOWFALL (IN)
  TODAY            0.0           0.0  2002   0.0    0.0      0.0
                                      2001
  MONTH TO DATE    T                         0.0    0.0      0.0
  SINCE JUN 1      T                         0.0    0.0      0.0
  SINCE JUL 1      T                         0.0    0.0      0.0
  SNOW DEPTH       0

DEGREE DAYS
 HEATING
  TODAY            0                         0      0        0
  MONTH TO DATE    0                         0      0        0
  SINCE JUN 1      1                        25    -24        0
  SINCE JUL 1      0                         0      0        0

 COOLING
  TODAY           21                        11     10       13
  MONTH TO DATE  280                       204     76      222
  SINCE JUN 1    619                       379    240      465
  SINCE JAN 1    649                       413    236      469
..................................................................


WIND (MPH)
  HIGHEST WIND SPEED    22   HIGHEST WIND DIRECTION    SE (120)
  HIGHEST GUST SPEED    26   HIGHEST GUST DIRECTION     E (110)
  AVERAGE WIND SPEED     5.1


SKY COVER
  POSSIBLE SUNSHINE  MM
  AVERAGE SKY COVER 0.0


WEATHER CONDITIONS
 THE FOLLOWING WEATHER WAS RECORDED TODAY.
  NO SIGNIFICANT WEATHER WAS OBSERVED.


RELATIVE HUMIDITY (PERCENT)
 HIGHEST    57           300 AM
 LOWEST     15           300 PM
 AVERAGE    36

..........................................................


THE PUEBLO CO CLIMATE NORMALS FOR TOMORROW
                         NORMAL    RECORD    YEAR
 MAXIMUM TEMPERATURE (F)   93       108      2005
 MINIMUM TEMPERATURE (F)   59        43      1897


SUNRISE AND SUNSET
JULY 19 2016..........SUNRISE   550 AM MDT   SUNSET   818 PM MDT
JULY 20 2016..........SUNRISE   551 AM MDT   SUNSET   818 PM MDT


-  INDICATES NEGATIVE NUMBERS.
R  INDICATES RECORD WAS SET OR TIED.
MM INDICATES DATA IS MISSING.
T  INDICATES TRACE AMOUNT.




$$
