000
CDUS45 KPUB 131131
CLIPUB


CLIMATE REPORT
NATIONAL WEATHER SERVICE PUEBLO
431 AM MST SAT DEC 13 2014


...................................

...THE PUEBLO CO CLIMATE SUMMARY FOR DECEMBER 12 2014...

CLIMATE NORMAL PERIOD 1981 TO 2010
CLIMATE RECORD PERIOD 1888 TO 2014


WEATHER ITEM   OBSERVED TIME   RECORD YEAR NORMAL DEPARTURE LAST
                VALUE   (LST)  VALUE       VALUE  FROM      YEAR
                                                  NORMAL
..................................................................
TEMPERATURE (F)
 YESTERDAY
  MAXIMUM         61    302 PM  71    1924  46     15       61
  MINIMUM         17    707 AM -28    1961  14      3        7
  AVERAGE         39                        30      9       34

PRECIPITATION (IN)
  YESTERDAY        0.00          0.34 1967   0.01  -0.01     0.00
  MONTH TO DATE    0.00                      0.16  -0.16     0.02
  SINCE DEC 1      0.00                      0.16  -0.16     0.02
  SINCE JAN 1     11.59                     12.35  -0.76     9.67

SNOWFALL (IN)
  YESTERDAY        0.0           6.8  1967   0.2   -0.2      0.0
  MONTH TO DATE    0.0                       2.2   -2.2      2.0
  SINCE DEC 1      0.0                       2.2   -2.2      2.0
  SINCE JUL 1      9.9                       8.2    1.7      5.7
  SNOW DEPTH       0

DEGREE DAYS
 HEATING
  YESTERDAY       26                        35     -9       31
  MONTH TO DATE  341                       407    -66      488
  SINCE DEC 1    341                       407    -66      488
  SINCE JUL 1   1503                      1688   -185     1671

 COOLING
  YESTERDAY        0                         0      0        0
  MONTH TO DATE    0                         0      0        0
  SINCE DEC 1      0                         0      0        0
  SINCE JAN 1   1002                       897    105     1230
..................................................................


WIND (MPH)
  HIGHEST WIND SPEED    12   HIGHEST WIND DIRECTION     E (70)
  HIGHEST GUST SPEED    14   HIGHEST GUST DIRECTION     E (100)
  AVERAGE WIND SPEED     4.8


SKY COVER
  POSSIBLE SUNSHINE  MM
  AVERAGE SKY COVER 0.0


WEATHER CONDITIONS
 THE FOLLOWING WEATHER WAS RECORDED YESTERDAY.
  FOG
  FOG W/VISIBILITY <= 1/4 MILE


RELATIVE HUMIDITY (PERCENT)
 HIGHEST    73           600 AM
 LOWEST     19           100 PM
 AVERAGE    46

..........................................................


THE PUEBLO CO CLIMATE NORMALS FOR TODAY
                         NORMAL    RECORD    YEAR
 MAXIMUM TEMPERATURE (F)   46        73      2010
                                             1988
 MINIMUM TEMPERATURE (F)   14       -22      1961


SUNRISE AND SUNSET
DECEMBER 13 2014......SUNRISE   706 AM MST   SUNSET   438 PM MST
DECEMBER 14 2014......SUNRISE   707 AM MST   SUNSET   439 PM MST


-  INDICATES NEGATIVE NUMBERS.
R  INDICATES RECORD WAS SET OR TIED.
MM INDICATES DATA IS MISSING.
T  INDICATES TRACE AMOUNT.




$$
