000
CDUS45 KPUB 050022
CLIPUB


CLIMATE REPORT
NATIONAL WEATHER SERVICE PUEBLO
522 PM MST WED JAN 4 2017


...................................

...THE PUEBLO CO CLIMATE SUMMARY FOR JANUARY 4 2017...
VALID TODAY AS OF 0500 PM LOCAL TIME.

CLIMATE NORMAL PERIOD 1981 TO 2010
CLIMATE RECORD PERIOD 1888 TO 2017


WEATHER ITEM   OBSERVED TIME   RECORD YEAR NORMAL DEPARTURE LAST
                VALUE   (LST)  VALUE       VALUE  FROM      YEAR
                                                  NORMAL
..................................................................
TEMPERATURE (F)
 TODAY
  MAXIMUM         27    340 PM  74    2001  46    -19       47
  MINIMUM          9    736 AM -28    1959  14     -5       11
  AVERAGE         18                        30    -12       29

PRECIPITATION (IN)
  TODAY            0.00          0.19 1913   0.01  -0.01     0.00
  MONTH TO DATE    0.00                      0.04  -0.04     0.00
  SINCE DEC 1      0.76                      0.42   0.34     0.40
  SINCE JAN 1      0.00                      0.04  -0.04     0.00

SNOWFALL (IN)
  TODAY            0.0           3.6  1913   0.2   -0.2      0.0
  MONTH TO DATE    0.0                       0.8   -0.8      0.0
  SINCE DEC 1      4.4                       6.3   -1.9      5.5
  SINCE JUL 1      4.4                      12.3   -7.9     11.9
  SNOW DEPTH       0

DEGREE DAYS
 HEATING
  TODAY           47                        35     12       36
  MONTH TO DATE  143                       140      3      153
  SINCE DEC 1   1218                      1222     -4     1100
  SINCE JUL 1   2000                      2503   -503     1974

 COOLING
  TODAY            0                         0      0        0
  MONTH TO DATE    0                         0      0        0
  SINCE DEC 1      0                         0      0        0
  SINCE JAN 1      0                         0      0        0
..................................................................


WIND (MPH)
  HIGHEST WIND SPEED    16   HIGHEST WIND DIRECTION    NE (50)
  HIGHEST GUST SPEED    19   HIGHEST GUST DIRECTION    NE (60)
  AVERAGE WIND SPEED     5.6


SKY COVER
  POSSIBLE SUNSHINE  MM
  AVERAGE SKY COVER 0.0


WEATHER CONDITIONS
 THE FOLLOWING WEATHER WAS RECORDED TODAY.
  NO SIGNIFICANT WEATHER WAS OBSERVED.


RELATIVE HUMIDITY (PERCENT)
 HIGHEST    83           600 AM
 LOWEST     50           100 PM
 AVERAGE    67

..........................................................


THE PUEBLO CO CLIMATE NORMALS FOR TOMORROW
                         NORMAL    RECORD    YEAR
 MAXIMUM TEMPERATURE (F)   47        74      1927
 MINIMUM TEMPERATURE (F)   14       -21      1942


SUNRISE AND SUNSET
JANUARY  4 2017.......SUNRISE   715 AM MST   SUNSET   451 PM MST
JANUARY  5 2017.......SUNRISE   715 AM MST   SUNSET   452 PM MST


-  INDICATES NEGATIVE NUMBERS.
R  INDICATES RECORD WAS SET OR TIED.
MM INDICATES DATA IS MISSING.
T  INDICATES TRACE AMOUNT.




$$
