000
CDUS45 KPUB 110035
CLIPUB


CLIMATE REPORT
NATIONAL WEATHER SERVICE PUEBLO
635 PM MDT WED SEP 10 2014


...................................

...THE PUEBLO CO CLIMATE SUMMARY FOR SEPTEMBER 10 2014...
VALID TODAY AS OF 0500 PM LOCAL TIME.

CLIMATE NORMAL PERIOD 1981 TO 2010
CLIMATE RECORD PERIOD 1888 TO 2014


WEATHER ITEM   OBSERVED TIME   RECORD YEAR NORMAL DEPARTURE LAST
                VALUE   (LST)  VALUE       VALUE  FROM      YEAR
                                                  NORMAL
..................................................................
TEMPERATURE (F)
 TODAY
  MAXIMUM         75    415 PM  99    1979  84     -9       83
  MINIMUM         56   1257 AM  33    1898  50      6       59
  AVERAGE         66                        67     -1       71

PRECIPITATION (IN)
  TODAY            0.00          0.46 1940   0.03  -0.03     0.08
  MONTH TO DATE    T                         0.34  -0.34     0.08
  SINCE SEP 1      T                         0.34  -0.34     0.08
  SINCE JAN 1      9.60                     10.57  -0.97     7.88

SNOWFALL (IN)
  TODAY            0.0           T    1898   0.0    0.0      0.0
  MONTH TO DATE    0.0                       0.0    0.0      0.0
  SINCE SEP 1      0.0                       0.0    0.0      0.0
  SINCE JUL 1      T                         0.0    0.0       T
  SNOW DEPTH       0

DEGREE DAYS
 HEATING
  TODAY            0                         1     -1        0
  MONTH TO DATE    6                        10     -4        0
  SINCE SEP 1      6                        10     -4        0
  SINCE JUL 1      7                        15     -8        0

 COOLING
  TODAY            1                         4     -3        6
  MONTH TO DATE   60                        48     12      118
  SINCE SEP 1     60                        48     12      118
  SINCE JAN 1    935                       859     76     1178
..................................................................


WIND (MPH)
  HIGHEST WIND SPEED    16   HIGHEST WIND DIRECTION    NE (50)
  HIGHEST GUST SPEED    20   HIGHEST GUST DIRECTION    NE (60)
  AVERAGE WIND SPEED     6.2


SKY COVER
  POSSIBLE SUNSHINE  MM
  AVERAGE SKY COVER 0.5


WEATHER CONDITIONS
 THE FOLLOWING WEATHER WAS RECORDED TODAY.
  NO SIGNIFICANT WEATHER WAS OBSERVED.


RELATIVE HUMIDITY (PERCENT)
 HIGHEST    77           100 AM
 LOWEST     36           400 PM
 AVERAGE    57

..........................................................


THE PUEBLO CO CLIMATE NORMALS FOR TOMORROW
                         NORMAL    RECORD    YEAR
 MAXIMUM TEMPERATURE (F)   84        97      1970
 MINIMUM TEMPERATURE (F)   50        35      1898


SUNRISE AND SUNSET
SEPTEMBER 10 2014.....SUNRISE   635 AM MDT   SUNSET   714 PM MDT
SEPTEMBER 11 2014.....SUNRISE   636 AM MDT   SUNSET   712 PM MDT


-  INDICATES NEGATIVE NUMBERS.
R  INDICATES RECORD WAS SET OR TIED.
MM INDICATES DATA IS MISSING.
T  INDICATES TRACE AMOUNT.




$$
