172
CDUS45 KPUB 181039
CLIPUB


CLIMATE REPORT
NATIONAL WEATHER SERVICE PUEBLO
439 AM MDT TUE JUL 18 2017


...................................

...THE PUEBLO CO CLIMATE SUMMARY FOR JULY 17 2017...

CLIMATE NORMAL PERIOD 1981 TO 2010
CLIMATE RECORD PERIOD 1888 TO 2017


WEATHER ITEM   OBSERVED TIME   RECORD YEAR NORMAL DEPARTURE LAST
                VALUE   (LST)  VALUE       VALUE  FROM      YEAR
                                                  NORMAL
..................................................................
TEMPERATURE (F)
 YESTERDAY
  MAXIMUM         98    218 PM 105    2003  93      5      102
  MINIMUM         60    425 AM  50    1918  59      1       62
  AVERAGE         79                        76      3       82

PRECIPITATION (IN)
  YESTERDAY        0.00          1.25 1914   0.07  -0.07      T
  MONTH TO DATE    0.28                      1.01  -0.73     0.46
  SINCE JUN 1      1.85                      2.37  -0.52     1.24
  SINCE JAN 1     10.91                      6.86   4.05     8.41

SNOWFALL (IN)
  YESTERDAY        0.0           0.0  2002   0.0    0.0      0.0
                                      2001
  MONTH TO DATE    0.0                       0.0    0.0       T
  SINCE JUN 1      0.0                       0.0    0.0       T
  SINCE JUL 1      0.0                       0.0    0.0       T
  SNOW DEPTH       0

DEGREE DAYS
 HEATING
  YESTERDAY        0                         0      0        0
  MONTH TO DATE    0                         0      0        0
  SINCE JUN 1      5                        25    -20        1
  SINCE JUL 1      0                         0      0        0

 COOLING
  YESTERDAY       14                        11      3       17
  MONTH TO DATE  202                       182     20      244
  SINCE JUN 1    435                       357     78      583
  SINCE JAN 1    445                       391     54      613
..................................................................


WIND (MPH)
  HIGHEST WIND SPEED    18   HIGHEST WIND DIRECTION     N (360)
  HIGHEST GUST SPEED    24   HIGHEST GUST DIRECTION     N (350)
  AVERAGE WIND SPEED     6.6


SKY COVER
  POSSIBLE SUNSHINE  MM
  AVERAGE SKY COVER 0.0


WEATHER CONDITIONS
 THE FOLLOWING WEATHER WAS RECORDED YESTERDAY.
  NO SIGNIFICANT WEATHER WAS OBSERVED.


RELATIVE HUMIDITY (PERCENT)
 HIGHEST    90           300 AM
 LOWEST     18           100 PM
 AVERAGE    54

..........................................................


THE PUEBLO CO CLIMATE NORMALS FOR TODAY
                         NORMAL    RECORD    YEAR
 MAXIMUM TEMPERATURE (F)   93       105      2003
 MINIMUM TEMPERATURE (F)   59        49      1992


SUNRISE AND SUNSET
JULY 18 2017..........SUNRISE   549 AM MDT   SUNSET   819 PM MDT
JULY 19 2017..........SUNRISE   550 AM MDT   SUNSET   818 PM MDT


-  INDICATES NEGATIVE NUMBERS.
R  INDICATES RECORD WAS SET OR TIED.
MM INDICATES DATA IS MISSING.
T  INDICATES TRACE AMOUNT.




$$
