000
CDUS45 KPUB 141149
CLIPUB


CLIMATE REPORT
NATIONAL WEATHER SERVICE PUEBLO
449 AM MST TUE NOV 14 2017


...................................

...THE PUEBLO CO CLIMATE SUMMARY FOR NOVEMBER 13 2017...

CLIMATE NORMAL PERIOD 1981 TO 2010
CLIMATE RECORD PERIOD 1888 TO 2017


WEATHER ITEM   OBSERVED TIME   RECORD YEAR NORMAL DEPARTURE LAST
                VALUE   (LST)  VALUE       VALUE  FROM      YEAR
                                                  NORMAL
..................................................................
TEMPERATURE (F)
 YESTERDAY
  MAXIMUM         75    336 PM  81    1999  58     17       71
  MINIMUM         31    700 AM -12    1940  24      7       28
  AVERAGE         53                        40     13       50

PRECIPITATION (IN)
  YESTERDAY        0.00          0.35 1902   0.02  -0.02     0.00
  MONTH TO DATE    0.22                      0.22   0.00     0.00
  SINCE SEP 1      1.63                      1.71  -0.08     0.05
  SINCE JAN 1     15.89                     11.94   3.95    10.37

SNOWFALL (IN)
  YESTERDAY        0.0           2.3  2014   0.1   -0.1      0.0
  MONTH TO DATE    1.4                       1.6   -0.2      0.0
  SINCE SEP 1      1.4                       3.2   -1.8      0.0
  SINCE JUL 1      1.4                       3.2   -1.8       T
  SNOW DEPTH       0

DEGREE DAYS
 HEATING
  YESTERDAY       12                        25    -13       15
  MONTH TO DATE  262                       284    -22      192
  SINCE SEP 1    719                       789    -70      406
  SINCE JUL 1    719                       794    -75      406

 COOLING
  YESTERDAY        0                         0      0        0
  MONTH TO DATE    0                         0      0        0
  SINCE SEP 1    146                        86     60      193
  SINCE JAN 1   1027                       897    130     1358
..................................................................


WIND (MPH)
  HIGHEST WIND SPEED    17   HIGHEST WIND DIRECTION     W (260)
  HIGHEST GUST SPEED    21   HIGHEST GUST DIRECTION     W (270)
  AVERAGE WIND SPEED     7.1


SKY COVER
  POSSIBLE SUNSHINE  MM
  AVERAGE SKY COVER 0.0


WEATHER CONDITIONS
 THE FOLLOWING WEATHER WAS RECORDED YESTERDAY.
  NO SIGNIFICANT WEATHER WAS OBSERVED.


RELATIVE HUMIDITY (PERCENT)
 HIGHEST    89           100 AM
 LOWEST     14           200 PM
 AVERAGE    52

..........................................................


THE PUEBLO CO CLIMATE NORMALS FOR TODAY
                         NORMAL    RECORD    YEAR
 MAXIMUM TEMPERATURE (F)   57        82      1990
 MINIMUM TEMPERATURE (F)   23        -8      1916


SUNRISE AND SUNSET
NOVEMBER 14 2017......SUNRISE   639 AM MST   SUNSET   446 PM MST
NOVEMBER 15 2017......SUNRISE   640 AM MST   SUNSET   445 PM MST


-  INDICATES NEGATIVE NUMBERS.
R  INDICATES RECORD WAS SET OR TIED.
MM INDICATES DATA IS MISSING.
T  INDICATES TRACE AMOUNT.




$$
