000
CDUS45 KPUB 231150 CCA
CLIPUB

CLIMATE REPORT
NATIONAL WEATHER SERVICE PUEBLO
441 AM MST MON FEB 23 2015


...................................

...THE PUEBLO CO CLIMATE SUMMARY FOR FEBRUARY 22 2015...

CLIMATE NORMAL PERIOD 1981 TO 2010
CLIMATE RECORD PERIOD 1888 TO 2015


WEATHER ITEM   OBSERVED TIME   RECORD YEAR NORMAL DEPARTURE LAST
                VALUE   (LST)  VALUE       VALUE  FROM      YEAR
                                                  NORMAL
..................................................................
TEMPERATURE (F)
 YESTERDAY
  MAXIMUM         20    131 AM  72    2002  52    -32       61
                                      1936
                                      1918
  MINIMUM          8   1153 PM -10    1911  19    -11       25
  AVERAGE         14                        36    -22       43

PRECIPITATION (IN)
  YESTERDAY        0.34          0.38 1894   0.01   0.33     0.00
  MONTH TO DATE    0.74                      0.21   0.53     0.28
  SINCE DEC 1      1.23                      0.94   0.29     0.76
  SINCE JAN 1      0.99                      0.56   0.43     0.73

SNOWFALL (IN)
  YESTERDAY        5.7 R         4.3  1914   0.2    5.5      0.0
  MONTH TO DATE    9.6                       3.1    6.5      4.9
  SINCE DEC 1     17.3                      15.1    2.2     14.9
  SINCE JUL 1     27.2                      21.1    6.1     18.6
  SNOW DEPTH       2

DEGREE DAYS
 HEATING
  YESTERDAY       51                        29     22       22
  MONTH TO DATE  543                       702   -159      759
  SINCE DEC 1   2579                      2853   -274     2861
  SINCE JUL 1   3741                      4134   -393     4044

 COOLING
  YESTERDAY        0                         0      0        0
  MONTH TO DATE    0                         0      0        0
  SINCE DEC 1      0                         0      0        0
  SINCE JAN 1      0                         0      0        0
..................................................................


WIND (MPH)
  HIGHEST WIND SPEED    15   HIGHEST WIND DIRECTION    SE (130)
  HIGHEST GUST SPEED    17   HIGHEST GUST DIRECTION     E (100)
  AVERAGE WIND SPEED     9.8


SKY COVER
  POSSIBLE SUNSHINE  MM
  AVERAGE SKY COVER 1.0


WEATHER CONDITIONS
 THE FOLLOWING WEATHER WAS RECORDED YESTERDAY.
  SNOW
  LIGHT SNOW
  FOG


RELATIVE HUMIDITY (PERCENT)
 HIGHEST    92           300 AM
 LOWEST     80           300 PM
 AVERAGE    86

..........................................................


THE PUEBLO CO CLIMATE NORMALS FOR TODAY
                         NORMAL    RECORD    YEAR
 MAXIMUM TEMPERATURE (F)   53        75      2009
 MINIMUM TEMPERATURE (F)   19        -8      1911


SUNRISE AND SUNSET
FEBRUARY 23 2015......SUNRISE   639 AM MST   SUNSET   545 PM MST
FEBRUARY 24 2015......SUNRISE   637 AM MST   SUNSET   546 PM MST


-  INDICATES NEGATIVE NUMBERS.
R  INDICATES RECORD WAS SET OR TIED.
MM INDICATES DATA IS MISSING.
T  INDICATES TRACE AMOUNT.




$$
