000
CDUS45 KPUB 130022
CLIPUB


CLIMATE REPORT
NATIONAL WEATHER SERVICE PUEBLO
622 PM MDT TUE SEP 12 2017


...................................

...THE PUEBLO CO CLIMATE SUMMARY FOR SEPTEMBER 12 2017...
VALID TODAY AS OF 0500 PM LOCAL TIME.

CLIMATE NORMAL PERIOD 1981 TO 2010
CLIMATE RECORD PERIOD 1888 TO 2017


WEATHER ITEM   OBSERVED TIME   RECORD YEAR NORMAL DEPARTURE LAST
                VALUE   (LST)  VALUE       VALUE  FROM      YEAR
                                                  NORMAL
..................................................................
TEMPERATURE (F)
 TODAY
  MAXIMUM         90    337 PM  97    1956  83      7       91
  MINIMUM         60    617 AM  33    1902  50     10       60
  AVERAGE         75                        66      9       76

PRECIPITATION (IN)
  TODAY            0.00          0.60 1909   0.02  -0.02     0.01
  MONTH TO DATE    T                         0.38  -0.38     0.01
  SINCE SEP 1      T                         0.38  -0.38     0.01
  SINCE JAN 1     14.26                     10.61   3.65    10.33

SNOWFALL (IN)
  TODAY            0.0           0.0  2002   0.0    0.0      0.0
  MONTH TO DATE    0.0                       0.0    0.0      0.0
  SINCE SEP 1      0.0                       0.0    0.0      0.0
  SINCE JUL 1      0.0                       0.0    0.0       T
  SNOW DEPTH       0

DEGREE DAYS
 HEATING
  TODAY            0                         2     -2        0
  MONTH TO DATE    0                        14    -14        0
  SINCE SEP 1      0                        14    -14        0
  SINCE JUL 1      0                        19    -19        0

 COOLING
  TODAY           10                         3      7       11
  MONTH TO DATE   99                        54     45      111
  SINCE SEP 1     99                        54     45      111
  SINCE JAN 1    980                       865    115     1276
..................................................................


WIND (MPH)
  HIGHEST WIND SPEED    15   HIGHEST WIND DIRECTION     S (160)
  HIGHEST GUST SPEED    20   HIGHEST GUST DIRECTION    SE (150)
  AVERAGE WIND SPEED     8.0


SKY COVER
  POSSIBLE SUNSHINE  MM
  AVERAGE SKY COVER 0.0


WEATHER CONDITIONS
 THE FOLLOWING WEATHER WAS RECORDED TODAY.
  NO SIGNIFICANT WEATHER WAS OBSERVED.


RELATIVE HUMIDITY (PERCENT)
 HIGHEST    65           300 AM
 LOWEST     21           200 PM
 AVERAGE    43

..........................................................


THE PUEBLO CO CLIMATE NORMALS FOR TOMORROW
                         NORMAL    RECORD    YEAR
 MAXIMUM TEMPERATURE (F)   83       100      1990
 MINIMUM TEMPERATURE (F)   49        33      1945
                                             1898


SUNRISE AND SUNSET
SEPTEMBER 12 2017.....SUNRISE   637 AM MDT   SUNSET   710 PM MDT
SEPTEMBER 13 2017.....SUNRISE   638 AM MDT   SUNSET   709 PM MDT


-  INDICATES NEGATIVE NUMBERS.
R  INDICATES RECORD WAS SET OR TIED.
MM INDICATES DATA IS MISSING.
T  INDICATES TRACE AMOUNT.




$$
