000
CDUS45 KPUB 201040
CLIPUB


CLIMATE REPORT
NATIONAL WEATHER SERVICE PUEBLO
439 AM MDT WED MAY 20 2015


...................................

...THE PUEBLO CO CLIMATE SUMMARY FOR MAY 19 2015...

CLIMATE NORMAL PERIOD 1981 TO 2010
CLIMATE RECORD PERIOD 1888 TO 2015


WEATHER ITEM   OBSERVED TIME   RECORD YEAR NORMAL DEPARTURE LAST
                VALUE   (LST)  VALUE       VALUE  FROM      YEAR
                                                  NORMAL
..................................................................
TEMPERATURE (F)
 YESTERDAY
  MAXIMUM         51   1223 AM  98    1974  78    -27       90
  MINIMUM         43   1159 PM  32    1971  45     -2       46
                                      1915
  AVERAGE         47                        61    -14       68

PRECIPITATION (IN)
  YESTERDAY        1.65R         0.89 1988   0.05   1.60     0.00
  MONTH TO DATE    4.55                      0.93   3.62     0.25
  SINCE MAR 1      6.54                      3.26   3.28     3.07
  SINCE JAN 1      7.92                      3.91   4.01     3.80

SNOWFALL (IN)
  YESTERDAY        0.0           T    1915   0.0    0.0      0.0
  MONTH TO DATE    T                         0.5   -0.5       T
  SINCE MAR 1      1.7                      10.0   -8.3     10.7
  SINCE JUL 1     42.8                      31.8   11.0     29.3
  SNOW DEPTH       0

DEGREE DAYS
 HEATING
  YESTERDAY       18                         5     13        0
  MONTH TO DATE  159                       133     26      150
  SINCE MAR 1   1147                      1270   -123     1202
  SINCE JUL 1   5169                      5573   -404     5407

 COOLING
  YESTERDAY        0                         1     -1        3
  MONTH TO DATE    1                        10     -9       10
  SINCE MAR 1      1                        12    -11       12
  SINCE JAN 1      1                        12    -11       12
..................................................................


WIND (MPH)
  HIGHEST WIND SPEED    24   HIGHEST WIND DIRECTION     E (100)
  HIGHEST GUST SPEED    31   HIGHEST GUST DIRECTION     E (100)
  AVERAGE WIND SPEED    13.1


SKY COVER
  POSSIBLE SUNSHINE  MM
  AVERAGE SKY COVER 0.9


WEATHER CONDITIONS
 THE FOLLOWING WEATHER WAS RECORDED YESTERDAY.
  HEAVY RAIN
  RAIN
  LIGHT RAIN
  FOG


RELATIVE HUMIDITY (PERCENT)
 HIGHEST   100           300 AM
 LOWEST     86           200 PM
 AVERAGE    93

..........................................................


THE PUEBLO CO CLIMATE NORMALS FOR TODAY
                         NORMAL    RECORD    YEAR
 MAXIMUM TEMPERATURE (F)   78        94      2005
                                             1970
                                             1954
 MINIMUM TEMPERATURE (F)   46        33      2011
                                             1960
                                             1931


SUNRISE AND SUNSET
MAY 20 2015...........SUNRISE   543 AM MDT   SUNSET   806 PM MDT
MAY 21 2015...........SUNRISE   543 AM MDT   SUNSET   807 PM MDT


-  INDICATES NEGATIVE NUMBERS.
R  INDICATES RECORD WAS SET OR TIED.
MM INDICATES DATA IS MISSING.
T  INDICATES TRACE AMOUNT.




$$
