503
CDUS45 KPUB 251136
CLIPUB


CLIMATE REPORT
NATIONAL WEATHER SERVICE PUEBLO
436 AM MST FRI NOV 25 2016


...................................

...THE PUEBLO CO CLIMATE SUMMARY FOR NOVEMBER 24 2016...

CLIMATE NORMAL PERIOD 1981 TO 2010
CLIMATE RECORD PERIOD 1888 TO 2016


WEATHER ITEM   OBSERVED TIME   RECORD YEAR NORMAL DEPARTURE LAST
                VALUE   (LST)  VALUE       VALUE  FROM      YEAR
                                                  NORMAL
..................................................................
TEMPERATURE (F)
 YESTERDAY
  MAXIMUM         56    200 PM  81    1990  52      4       69
  MINIMUM         24   1109 PM  -7    1993  19      5       21
  AVERAGE         40                        35      5       45

PRECIPITATION (IN)
  YESTERDAY        0.00          0.59 1980   0.02  -0.02     0.00
  MONTH TO DATE    0.78                      0.38   0.40     0.10
  SINCE SEP 1      0.83                      1.87  -1.04     0.77
  SINCE JAN 1     11.15                     12.10  -0.95    15.79

SNOWFALL (IN)
  YESTERDAY        0.0           6.1  1946   0.2   -0.2      0.0
  MONTH TO DATE    T                         3.3   -3.3      0.6
  SINCE SEP 1      T                         4.9   -4.9      0.6
  SINCE JUL 1      T                         4.9   -4.9      0.6
  SNOW DEPTH       0

DEGREE DAYS
 HEATING
  YESTERDAY       25                        30     -5       20
  MONTH TO DATE  399                       584   -185      469
  SINCE SEP 1    613                      1089   -476      645
  SINCE JUL 1    613                      1094   -481      645

 COOLING
  YESTERDAY        0                         0      0        0
  MONTH TO DATE    0                         0      0        0
  SINCE SEP 1    193                        86    107      227
  SINCE JAN 1   1358                       897    461     1273
..................................................................


WIND (MPH)
  HIGHEST WIND SPEED    30   HIGHEST WIND DIRECTION    NW (300)
  HIGHEST GUST SPEED    38   HIGHEST GUST DIRECTION    NW (300)
  AVERAGE WIND SPEED     7.9


SKY COVER
  POSSIBLE SUNSHINE  MM
  AVERAGE SKY COVER 0.0


WEATHER CONDITIONS
 THE FOLLOWING WEATHER WAS RECORDED YESTERDAY.
  NO SIGNIFICANT WEATHER WAS OBSERVED.


RELATIVE HUMIDITY (PERCENT)
 HIGHEST    85          1200 AM
 LOWEST     11           100 PM
 AVERAGE    48

..........................................................


THE PUEBLO CO CLIMATE NORMALS FOR TODAY
                         NORMAL    RECORD    YEAR
 MAXIMUM TEMPERATURE (F)   51        82      1990
 MINIMUM TEMPERATURE (F)   19        -6      1993


SUNRISE AND SUNSET
NOVEMBER 25 2016......SUNRISE   651 AM MST   SUNSET   440 PM MST
NOVEMBER 26 2016......SUNRISE   652 AM MST   SUNSET   439 PM MST


-  INDICATES NEGATIVE NUMBERS.
R  INDICATES RECORD WAS SET OR TIED.
MM INDICATES DATA IS MISSING.
T  INDICATES TRACE AMOUNT.




$$
