000
CDUS45 KPUB 070037
CLIPUB


CLIMATE REPORT
NATIONAL WEATHER SERVICE PUEBLO
537 PM MST MON FEB 6 2017


...................................

...THE PUEBLO CO CLIMATE SUMMARY FOR FEBRUARY 6 2017...
VALID TODAY AS OF 0500 PM LOCAL TIME.

CLIMATE NORMAL PERIOD 1981 TO 2010
CLIMATE RECORD PERIOD 1888 TO 2017


WEATHER ITEM   OBSERVED TIME   RECORD YEAR NORMAL DEPARTURE LAST
                VALUE   (LST)  VALUE       VALUE  FROM      YEAR
                                                  NORMAL
..................................................................
TEMPERATURE (F)
 TODAY
  MAXIMUM         65    312 PM  78    2015  48     17       49
  MINIMUM         26    300 AM -23    1989  15     11       10
  AVERAGE         46                        32     14       30

PRECIPITATION (IN)
  TODAY            0.00          0.14 1933   0.01  -0.01     0.00
                                      1929
                                      1923
  MONTH TO DATE    0.00                      0.05  -0.05     0.33
  SINCE DEC 1      1.51                      0.78   0.73     1.26
  SINCE JAN 1      0.75                      0.40   0.35     0.86

SNOWFALL (IN)
  TODAY            0.0           2.1  1974   0.1   -0.1      0.0
  MONTH TO DATE    0.0                       0.9   -0.9      5.8
  SINCE DEC 1     14.2                      12.9    1.3     17.8
  SINCE JUL 1     14.2                      18.9   -4.7     24.2
  SNOW DEPTH       0

DEGREE DAYS
 HEATING
  TODAY           19                        33    -14       35
  MONTH TO DATE  178                       201    -23      247
  SINCE DEC 1   2262                      2352    -90     2178
  SINCE JUL 1   3044                      3633   -589     3052

 COOLING
  TODAY            0                         0      0        0
  MONTH TO DATE    0                         0      0        0
  SINCE DEC 1      0                         0      0        0
  SINCE JAN 1      0                         0      0        0
..................................................................


WIND (MPH)
  HIGHEST WIND SPEED    43   HIGHEST WIND DIRECTION     W (290)
  HIGHEST GUST SPEED    56   HIGHEST GUST DIRECTION     W (280)
  AVERAGE WIND SPEED    15.2


SKY COVER
  POSSIBLE SUNSHINE  MM
  AVERAGE SKY COVER 0.0


WEATHER CONDITIONS
 THE FOLLOWING WEATHER WAS RECORDED TODAY.
  NO SIGNIFICANT WEATHER WAS OBSERVED.


RELATIVE HUMIDITY (PERCENT)
 HIGHEST    69           600 AM
 LOWEST     13          1100 AM
 AVERAGE    41

..........................................................


THE PUEBLO CO CLIMATE NORMALS FOR TOMORROW
                         NORMAL    RECORD    YEAR
 MAXIMUM TEMPERATURE (F)   49        78      2015
 MINIMUM TEMPERATURE (F)   16       -25      1899


SUNRISE AND SUNSET
FEBRUARY  6 2017......SUNRISE   658 AM MST   SUNSET   527 PM MST
FEBRUARY  7 2017......SUNRISE   657 AM MST   SUNSET   528 PM MST


-  INDICATES NEGATIVE NUMBERS.
R  INDICATES RECORD WAS SET OR TIED.
MM INDICATES DATA IS MISSING.
T  INDICATES TRACE AMOUNT.




$$
