000
CDUS45 KPUB 151035
CLIPUB


CLIMATE REPORT
NATIONAL WEATHER SERVICE PUEBLO
433 AM MDT SUN MAY 15 2016


...................................

...THE PUEBLO CO CLIMATE SUMMARY FOR MAY 14 2016...

CLIMATE NORMAL PERIOD 1981 TO 2010
CLIMATE RECORD PERIOD 1888 TO 2016


WEATHER ITEM   OBSERVED TIME   RECORD YEAR NORMAL DEPARTURE LAST
                VALUE   (LST)  VALUE       VALUE  FROM      YEAR
                                                  NORMAL
..................................................................
TEMPERATURE (F)
 YESTERDAY
  MAXIMUM         69    335 PM  95    1996  76     -7       74
  MINIMUM         48    707 AM  29    2014  44      4       45
  AVERAGE         59                        60     -1       60

PRECIPITATION (IN)
  YESTERDAY        0.00          0.81 2005   0.05  -0.05     0.00
  MONTH TO DATE    0.01                      0.70  -0.69     2.85
  SINCE MAR 1      3.56                      3.03   0.53     4.84
  SINCE JAN 1      4.42                      3.68   0.74     6.22

SNOWFALL (IN)
  YESTERDAY        0.0           T    1912   0.0    0.0      0.0
  MONTH TO DATE    0.0                       0.5   -0.5       T
  SINCE MAR 1      7.2                      10.0   -2.8      1.7
  SINCE JUL 1     31.4                      31.8   -0.4     42.8
  SNOW DEPTH       0

DEGREE DAYS
 HEATING
  YESTERDAY        6                         6      0        5
  MONTH TO DATE   84                       107    -23      114
  SINCE MAR 1   1048                      1244   -196     1102
  SINCE JUL 1   4557                      5547   -990     5124

 COOLING
  YESTERDAY        0                         1     -1        0
  MONTH TO DATE    3                         5     -2        1
  SINCE MAR 1      3                         7     -4        1
  SINCE JAN 1      3                         7     -4        1
..................................................................


WIND (MPH)
  HIGHEST WIND SPEED    24   HIGHEST WIND DIRECTION     E (70)
  HIGHEST GUST SPEED    28   HIGHEST GUST DIRECTION    NE (60)
  AVERAGE WIND SPEED    13.2


SKY COVER
  POSSIBLE SUNSHINE  MM
  AVERAGE SKY COVER 0.7


WEATHER CONDITIONS
 THE FOLLOWING WEATHER WAS RECORDED YESTERDAY.
  NO SIGNIFICANT WEATHER WAS OBSERVED.


RELATIVE HUMIDITY (PERCENT)
 HIGHEST    61           300 AM
 LOWEST     37           300 PM
 AVERAGE    49

..........................................................


THE PUEBLO CO CLIMATE NORMALS FOR TODAY
                         NORMAL    RECORD    YEAR
 MAXIMUM TEMPERATURE (F)   77        96      1996
 MINIMUM TEMPERATURE (F)   44        32      1924
                                             1916


SUNRISE AND SUNSET
MAY 15 2016...........SUNRISE   547 AM MDT   SUNSET   803 PM MDT
MAY 16 2016...........SUNRISE   546 AM MDT   SUNSET   804 PM MDT


-  INDICATES NEGATIVE NUMBERS.
R  INDICATES RECORD WAS SET OR TIED.
MM INDICATES DATA IS MISSING.
T  INDICATES TRACE AMOUNT.




$$
