560
CDUS45 KPUB 120021
CLIPUB


CLIMATE REPORT
NATIONAL WEATHER SERVICE PUEBLO
621 PM MDT MON MAY 11 2015


...................................

...THE PUEBLO CO CLIMATE SUMMARY FOR MAY 11 2015...
VALID TODAY AS OF 0500 PM LOCAL TIME.

CLIMATE NORMAL PERIOD 1981 TO 2010
CLIMATE RECORD PERIOD 1888 TO 2015


WEATHER ITEM   OBSERVED TIME   RECORD YEAR NORMAL DEPARTURE LAST
                VALUE   (LST)  VALUE       VALUE  FROM      YEAR
                                                  NORMAL
..................................................................
TEMPERATURE (F)
 TODAY
  MAXIMUM         58    459 PM  95    1962  75    -17       56
  MINIMUM         34    221 AM  29    2008  43     -9       36
                                      1946
  AVERAGE         46                        59    -13       46

PRECIPITATION (IN)
  TODAY            0.01          1.09 1928   0.05  -0.04     0.08
  MONTH TO DATE    2.84                      0.55   2.29     0.23
  SINCE MAR 1      4.83                      2.88   1.95     3.05
  SINCE JAN 1      6.21                      3.53   2.68     3.78

SNOWFALL (IN)
  TODAY            0.0           3.1  1946   0.0    0.0       T
  MONTH TO DATE    T                         0.4   -0.4       T
  SINCE MAR 1      1.7                       9.9   -8.2     10.7
  SINCE JUL 1     42.8                      31.7   11.1     29.3
  SNOW DEPTH       0

DEGREE DAYS
 HEATING
  TODAY           19                         7     12       19
  MONTH TO DATE   95                        89      6       73
  SINCE MAR 1   1083                      1226   -143     1125
  SINCE JUL 1   5105                      5529   -424     5330

 COOLING
  TODAY            0                         1     -1        0
  MONTH TO DATE    1                         2     -1        7
  SINCE MAR 1      1                         4     -3        9
  SINCE JAN 1      1                         4     -3        9
..................................................................


WIND (MPH)
  HIGHEST WIND SPEED    15   HIGHEST WIND DIRECTION    SE (120)
  HIGHEST GUST SPEED    18   HIGHEST GUST DIRECTION    SE (120)
  AVERAGE WIND SPEED     6.2


SKY COVER
  POSSIBLE SUNSHINE  MM
  AVERAGE SKY COVER 0.8


WEATHER CONDITIONS
 THE FOLLOWING WEATHER WAS RECORDED TODAY.
  LIGHT RAIN


RELATIVE HUMIDITY (PERCENT)
 HIGHEST   100          1200 AM
 LOWEST     51           400 PM
 AVERAGE    76

..........................................................


THE PUEBLO CO CLIMATE NORMALS FOR TOMORROW
                         NORMAL    RECORD    YEAR
 MAXIMUM TEMPERATURE (F)   76        95      1962
 MINIMUM TEMPERATURE (F)   43        29      1953


SUNRISE AND SUNSET
MAY 11 2015...........SUNRISE   551 AM MDT   SUNSET   759 PM MDT
MAY 12 2015...........SUNRISE   550 AM MDT   SUNSET   759 PM MDT


-  INDICATES NEGATIVE NUMBERS.
R  INDICATES RECORD WAS SET OR TIED.
MM INDICATES DATA IS MISSING.
T  INDICATES TRACE AMOUNT.




$$
