803
CDUS45 KPUB 191042
CLIPUB


CLIMATE REPORT
NATIONAL WEATHER SERVICE PUEBLO
441 AM MDT SUN MAR 19 2017


...................................

...THE PUEBLO CO CLIMATE SUMMARY FOR MARCH 18 2017...

CLIMATE NORMAL PERIOD 1981 TO 2010
CLIMATE RECORD PERIOD 1888 TO 2017


WEATHER ITEM   OBSERVED TIME   RECORD YEAR NORMAL DEPARTURE LAST
                VALUE   (LST)  VALUE       VALUE  FROM      YEAR
                                                  NORMAL
..................................................................
TEMPERATURE (F)
 YESTERDAY
  MAXIMUM         85R   305 PM  85    1907  60     25       37
  MINIMUM         35    505 AM  -4    1892  26      9       20
  AVERAGE         60                        43     17       29

PRECIPITATION (IN)
  YESTERDAY        0.00          1.26 1998   0.03  -0.03     0.10
  MONTH TO DATE    0.00                      0.49  -0.49     0.10
  SINCE MAR 1      0.00                      0.49  -0.49     0.10
  SINCE JAN 1      0.92                      1.14  -0.22     0.96

SNOWFALL (IN)
  YESTERDAY        0.0          11.1  1998   0.2   -0.2      1.1
  MONTH TO DATE    0.0                       3.0   -3.0      1.1
  SINCE MAR 1      0.0                       3.0   -3.0      1.1
  SINCE JUL 1     14.2                      24.8  -10.6     25.3
  SNOW DEPTH       0

DEGREE DAYS
 HEATING
  YESTERDAY        5                        22    -17       36
  MONTH TO DATE  299                       438   -139      310
  SINCE MAR 1    299                       438   -139      310
  SINCE JUL 1   3799                      4741   -942     3819

 COOLING
  YESTERDAY        0                         0      0        0
  MONTH TO DATE    0                         0      0        0
  SINCE MAR 1      0                         0      0        0
  SINCE JAN 1      0                         0      0        0
..................................................................


WIND (MPH)
  HIGHEST WIND SPEED    20   HIGHEST WIND DIRECTION    SE (120)
  HIGHEST GUST SPEED    23   HIGHEST GUST DIRECTION     S (180)
  AVERAGE WIND SPEED     7.2


SKY COVER
  POSSIBLE SUNSHINE  MM
  AVERAGE SKY COVER 0.0


WEATHER CONDITIONS
 THE FOLLOWING WEATHER WAS RECORDED YESTERDAY.
  NO SIGNIFICANT WEATHER WAS OBSERVED.


RELATIVE HUMIDITY (PERCENT)
 HIGHEST    64           500 AM
 LOWEST     10           100 PM
 AVERAGE    37

..........................................................


THE PUEBLO CO CLIMATE NORMALS FOR TODAY
                         NORMAL    RECORD    YEAR
 MAXIMUM TEMPERATURE (F)   60        86      1907
 MINIMUM TEMPERATURE (F)   27        -3      1965


SUNRISE AND SUNSET
MARCH 19 2017.........SUNRISE   703 AM MDT   SUNSET   709 PM MDT
MARCH 20 2017.........SUNRISE   701 AM MDT   SUNSET   710 PM MDT


-  INDICATES NEGATIVE NUMBERS.
R  INDICATES RECORD WAS SET OR TIED.
MM INDICATES DATA IS MISSING.
T  INDICATES TRACE AMOUNT.




$$
