000
CDUS45 KPUB 201149
CLIPUB


CLIMATE REPORT
NATIONAL WEATHER SERVICE PUEBLO
449 AM MST FRI FEB 20 2015


...................................

...THE PUEBLO CO CLIMATE SUMMARY FOR FEBRUARY 19 2015...

CLIMATE NORMAL PERIOD 1981 TO 2010
CLIMATE RECORD PERIOD 1888 TO 2015


WEATHER ITEM   OBSERVED TIME   RECORD YEAR NORMAL DEPARTURE LAST
                VALUE   (LST)  VALUE       VALUE  FROM      YEAR
                                                  NORMAL
..................................................................
TEMPERATURE (F)
 YESTERDAY
  MAXIMUM         71    228 PM  78    1981  51     20       65
  MINIMUM         20    521 AM  -5    1942  18      2       29
  AVERAGE         46                        35     11       47

PRECIPITATION (IN)
  YESTERDAY        0.00          0.43 2004   0.02  -0.02     0.05
                                      1919
  MONTH TO DATE    0.36                      0.18   0.18     0.28
  SINCE DEC 1      0.85                      0.91  -0.06     0.76
  SINCE JAN 1      0.61                      0.53   0.08     0.73

SNOWFALL (IN)
  YESTERDAY        0.0           4.3  1987   0.1   -0.1      0.1
  MONTH TO DATE    3.3                       2.7    0.6      4.9
  SINCE DEC 1     11.0                      14.7   -3.7     14.9
  SINCE JUL 1     20.9                      20.7    0.2     18.6
  SNOW DEPTH       0

DEGREE DAYS
 HEATING
  YESTERDAY       19                        30    -11       18
  MONTH TO DATE  440                       613   -173      683
  SINCE DEC 1   2476                      2764   -288     2785
  SINCE JUL 1   3638                      4045   -407     3968

 COOLING
  YESTERDAY        0                         0      0        0
  MONTH TO DATE    0                         0      0        0
  SINCE DEC 1      0                         0      0        0
  SINCE JAN 1      0                         0      0        0
..................................................................


WIND (MPH)
  HIGHEST WIND SPEED    26   HIGHEST WIND DIRECTION     W (280)
  HIGHEST GUST SPEED    31   HIGHEST GUST DIRECTION     W (270)
  AVERAGE WIND SPEED     8.0


SKY COVER
  POSSIBLE SUNSHINE  MM
  AVERAGE SKY COVER 0.0


WEATHER CONDITIONS
 THE FOLLOWING WEATHER WAS RECORDED YESTERDAY.
  NO SIGNIFICANT WEATHER WAS OBSERVED.


RELATIVE HUMIDITY (PERCENT)
 HIGHEST    92           200 AM
 LOWEST     11           100 PM
 AVERAGE    52

..........................................................


THE PUEBLO CO CLIMATE NORMALS FOR TODAY
                         NORMAL    RECORD    YEAR
 MAXIMUM TEMPERATURE (F)   52        81      1981
 MINIMUM TEMPERATURE (F)   19        -6      1889


SUNRISE AND SUNSET
FEBRUARY 20 2015......SUNRISE   642 AM MST   SUNSET   542 PM MST
FEBRUARY 21 2015......SUNRISE   641 AM MST   SUNSET   543 PM MST


-  INDICATES NEGATIVE NUMBERS.
R  INDICATES RECORD WAS SET OR TIED.
MM INDICATES DATA IS MISSING.
T  INDICATES TRACE AMOUNT.




$$
