000
CDUS45 KPUB 101137
CLIPUB


CLIMATE REPORT
NATIONAL WEATHER SERVICE PUEBLO
437 AM MST WED DEC 10 2014


...................................

...THE PUEBLO CO CLIMATE SUMMARY FOR DECEMBER 9 2014...

CLIMATE NORMAL PERIOD 1981 TO 2010
CLIMATE RECORD PERIOD 1888 TO 2014


WEATHER ITEM   OBSERVED TIME   RECORD YEAR NORMAL DEPARTURE LAST
                VALUE   (LST)  VALUE       VALUE  FROM      YEAR
                                                  NORMAL
..................................................................
TEMPERATURE (F)
 YESTERDAY
  MAXIMUM         54    159 PM  73    1996  46      8       28
                                      1957
                                      1940
  MINIMUM         15    626 AM -22    1919  15      0       -4
  AVERAGE         35                        30      5       12

PRECIPITATION (IN)
  YESTERDAY        0.00          0.35 1943   0.01  -0.01     0.00
  MONTH TO DATE    0.00                      0.12  -0.12     0.02
  SINCE DEC 1      0.00                      0.12  -0.12     0.02
  SINCE JAN 1     11.59                     12.31  -0.72     9.67

SNOWFALL (IN)
  YESTERDAY        0.0           6.5  1943   0.2   -0.2      0.0
  MONTH TO DATE    0.0                       1.6   -1.6      2.0
  SINCE DEC 1      0.0                       1.6   -1.6      2.0
  SINCE JUL 1      9.9                       7.6    2.3      5.7
  SNOW DEPTH       0

DEGREE DAYS
 HEATING
  YESTERDAY       30                        35     -5       53
  MONTH TO DATE  263                       302    -39      379
  SINCE DEC 1    263                       302    -39      379
  SINCE JUL 1   1425                      1583   -158     1562

 COOLING
  YESTERDAY        0                         0      0        0
  MONTH TO DATE    0                         0      0        0
  SINCE DEC 1      0                         0      0        0
  SINCE JAN 1   1002                       897    105     1230
..................................................................


WIND (MPH)
  HIGHEST WIND SPEED     9   HIGHEST WIND DIRECTION     W (270)
  HIGHEST GUST SPEED    10   HIGHEST GUST DIRECTION     W (280)
  AVERAGE WIND SPEED     2.6


SKY COVER
  POSSIBLE SUNSHINE  MM
  AVERAGE SKY COVER 0.0


WEATHER CONDITIONS
 THE FOLLOWING WEATHER WAS RECORDED YESTERDAY.
  NO SIGNIFICANT WEATHER WAS OBSERVED.


RELATIVE HUMIDITY (PERCENT)
 HIGHEST    88           700 AM
 LOWEST     26           200 PM
 AVERAGE    57

..........................................................


THE PUEBLO CO CLIMATE NORMALS FOR TODAY
                         NORMAL    RECORD    YEAR
 MAXIMUM TEMPERATURE (F)   46        74      1981
                                             1975
 MINIMUM TEMPERATURE (F)   15       -16      1972


SUNRISE AND SUNSET
DECEMBER 10 2014......SUNRISE   704 AM MST   SUNSET   438 PM MST
DECEMBER 11 2014......SUNRISE   705 AM MST   SUNSET   438 PM MST


-  INDICATES NEGATIVE NUMBERS.
R  INDICATES RECORD WAS SET OR TIED.
MM INDICATES DATA IS MISSING.
T  INDICATES TRACE AMOUNT.




$$
