000
CDUS45 KPUB 200029
CLIPUB


CLIMATE REPORT
NATIONAL WEATHER SERVICE PUEBLO
629 PM MDT MON SEP 19 2016


...................................

...THE PUEBLO CO CLIMATE SUMMARY FOR SEPTEMBER 19 2016...
VALID TODAY AS OF 0500 PM LOCAL TIME.

CLIMATE NORMAL PERIOD 1981 TO 2010
CLIMATE RECORD PERIOD 1888 TO 2016


WEATHER ITEM   OBSERVED TIME   RECORD YEAR NORMAL DEPARTURE LAST
                VALUE   (LST)  VALUE       VALUE  FROM      YEAR
                                                  NORMAL
..................................................................
TEMPERATURE (F)
 TODAY
  MAXIMUM         95    156 PM  98    1980  80     15       84
  MINIMUM         53    606 AM  29    1971  46      7       48
  AVERAGE         74                        63     11       66

PRECIPITATION (IN)
  TODAY            0.00          0.69 1992   0.03  -0.03     0.00
  MONTH TO DATE    0.05                      0.54  -0.49     0.02
  SINCE SEP 1      0.05                      0.54  -0.49     0.02
  SINCE JAN 1     10.37                     10.77  -0.40    15.04

SNOWFALL (IN)
  TODAY            0.0           0.0  2002   0.0    0.0      0.0
  MONTH TO DATE    0.0                       0.1   -0.1      0.0
  SINCE SEP 1      0.0                       0.1   -0.1      0.0
  SINCE JUL 1      T                         0.1   -0.1      0.0
  SNOW DEPTH       0

DEGREE DAYS
 HEATING
  TODAY            0                         4     -4        0
  MONTH TO DATE    4                        34    -30        0
  SINCE SEP 1      4                        34    -30        0
  SINCE JUL 1      4                        39    -35        0

 COOLING
  TODAY            9                         2      7        1
  MONTH TO DATE  129                        71     58      171
  SINCE SEP 1    129                        71     58      171
  SINCE JAN 1   1294                       882    412     1217
..................................................................


WIND (MPH)
  HIGHEST WIND SPEED    15   HIGHEST WIND DIRECTION    NW (320)
  HIGHEST GUST SPEED    28   HIGHEST GUST DIRECTION    SW (230)
  AVERAGE WIND SPEED     5.9


SKY COVER
  POSSIBLE SUNSHINE  MM
  AVERAGE SKY COVER 0.0


WEATHER CONDITIONS
 THE FOLLOWING WEATHER WAS RECORDED TODAY.
  NO SIGNIFICANT WEATHER WAS OBSERVED.


RELATIVE HUMIDITY (PERCENT)
 HIGHEST    47           400 AM
 LOWEST      9           200 PM
 AVERAGE    28

..........................................................


THE PUEBLO CO CLIMATE NORMALS FOR TOMORROW
                         NORMAL    RECORD    YEAR
 MAXIMUM TEMPERATURE (F)   80        96      1970
 MINIMUM TEMPERATURE (F)   46        32      1995


SUNRISE AND SUNSET
SEPTEMBER 19 2016.....SUNRISE   644 AM MDT   SUNSET   659 PM MDT
SEPTEMBER 20 2016.....SUNRISE   644 AM MDT   SUNSET   657 PM MDT


-  INDICATES NEGATIVE NUMBERS.
R  INDICATES RECORD WAS SET OR TIED.
MM INDICATES DATA IS MISSING.
T  INDICATES TRACE AMOUNT.




$$
