670
CDUS45 KPUB 051140
CLIPUB


CLIMATE REPORT
NATIONAL WEATHER SERVICE PUEBLO
440 AM MST FRI FEB 5 2016


...................................

...THE PUEBLO CO CLIMATE SUMMARY FOR FEBRUARY 4 2016...

CLIMATE NORMAL PERIOD 1981 TO 2010
CLIMATE RECORD PERIOD 1888 TO 2016


WEATHER ITEM   OBSERVED TIME   RECORD YEAR NORMAL DEPARTURE LAST
                VALUE   (LST)  VALUE       VALUE  FROM      YEAR
                                                  NORMAL
..................................................................
TEMPERATURE (F)
 YESTERDAY
  MAXIMUM         36    331 PM  75    1935  48    -12       46
  MINIMUM          0    608 AM -14    1996  15    -15       25
  AVERAGE         18                        32    -14       36

PRECIPITATION (IN)
  YESTERDAY        0.00          0.31 1896   0.00   0.00      T
  MONTH TO DATE    0.32                      0.03   0.29      T
  SINCE DEC 1      1.25                      0.76   0.49     0.49
  SINCE JAN 1      0.85                      0.38   0.47     0.25

SNOWFALL (IN)
  YESTERDAY        0.0           2.8  2014   0.1   -0.1       T
  MONTH TO DATE    5.4                       0.6    4.8       T
  SINCE DEC 1     17.4                      12.6    4.8      7.7
  SINCE JUL 1     23.8                      18.6    5.2     17.6
  SNOW DEPTH       2

DEGREE DAYS
 HEATING
  YESTERDAY       47                        33     14       29
  MONTH TO DATE  174                       135     39      113
  SINCE DEC 1   2105                      2286   -181     2149
  SINCE JUL 1   2979                      3567   -588     3311

 COOLING
  YESTERDAY        0                         0      0        0
  MONTH TO DATE    0                         0      0        0
  SINCE DEC 1      0                         0      0        0
  SINCE JAN 1      0                         0      0        0
..................................................................


WIND (MPH)
  HIGHEST WIND SPEED    13   HIGHEST WIND DIRECTION     E (90)
  HIGHEST GUST SPEED    14   HIGHEST GUST DIRECTION     E (80)
  AVERAGE WIND SPEED     5.3


SKY COVER
  POSSIBLE SUNSHINE  MM
  AVERAGE SKY COVER 0.2


WEATHER CONDITIONS
 THE FOLLOWING WEATHER WAS RECORDED YESTERDAY.
  NO SIGNIFICANT WEATHER WAS OBSERVED.


RELATIVE HUMIDITY (PERCENT)
 HIGHEST    76           200 AM
 LOWEST     38           200 PM
 AVERAGE    57

..........................................................


THE PUEBLO CO CLIMATE NORMALS FOR TODAY
                         NORMAL    RECORD    YEAR
 MAXIMUM TEMPERATURE (F)   48        77      1963
 MINIMUM TEMPERATURE (F)   15       -11      1982


SUNRISE AND SUNSET
FEBRUARY  5 2016......SUNRISE   700 AM MST   SUNSET   525 PM MST
FEBRUARY  6 2016......SUNRISE   659 AM MST   SUNSET   526 PM MST


-  INDICATES NEGATIVE NUMBERS.
R  INDICATES RECORD WAS SET OR TIED.
MM INDICATES DATA IS MISSING.
T  INDICATES TRACE AMOUNT.




$$
