000
CDUS45 KPUB 170029
CLIPUB


CLIMATE REPORT
NATIONAL WEATHER SERVICE PUEBLO
528 PM MST SUN NOV 16 2014


...................................

...THE PUEBLO CO CLIMATE SUMMARY FOR NOVEMBER 16 2014...
VALID TODAY AS OF 0500 PM LOCAL TIME.

CLIMATE NORMAL PERIOD 1981 TO 2010
CLIMATE RECORD PERIOD 1888 TO 2014


WEATHER ITEM   OBSERVED TIME   RECORD YEAR NORMAL DEPARTURE LAST
                VALUE   (LST)  VALUE       VALUE  FROM      YEAR
                                                  NORMAL
..................................................................
TEMPERATURE (F)
 TODAY
  MAXIMUM         30    318 PM  81    1896  56    -26       64
  MINIMUM         10    712 AM -11    1955  22    -12       31
  AVERAGE         20                        39    -19       48

PRECIPITATION (IN)
  TODAY            0.04          0.78 1991   0.01   0.03      T
  MONTH TO DATE    0.44                      0.26   0.18     0.01
  SINCE SEP 1      1.97                      1.75   0.22     1.52
  SINCE JAN 1     11.57                     11.98  -0.41     9.32

SNOWFALL (IN)
  TODAY            0.5           8.0  1991   0.1    0.4      0.0
  MONTH TO DATE    9.2                       2.0    7.2       T
  SINCE SEP 1      9.2                       3.6    5.6      0.1
  SINCE JUL 1      9.2                       3.6    5.6      0.1
  SNOW DEPTH       2

DEGREE DAYS
 HEATING
  TODAY           45                        26     19       17
  MONTH TO DATE  459                       360     99      336
  SINCE SEP 1    784                       865    -81      790
  SINCE JUL 1    785                       870    -85      790

 COOLING
  TODAY            0                         0      0        0
  MONTH TO DATE    0                         0      0        0
  SINCE SEP 1    127                        86     41      170
  SINCE JAN 1   1002                       897    105     1230
..................................................................


WIND (MPH)
  HIGHEST WIND SPEED    10   HIGHEST WIND DIRECTION    NE (50)
  HIGHEST GUST SPEED    13   HIGHEST GUST DIRECTION     S (160)
  AVERAGE WIND SPEED     4.8


SKY COVER
  POSSIBLE SUNSHINE  MM
  AVERAGE SKY COVER 0.5


WEATHER CONDITIONS
 THE FOLLOWING WEATHER WAS RECORDED TODAY.
  LIGHT SNOW
  FOG
  HAZE


RELATIVE HUMIDITY (PERCENT)
 HIGHEST    92          1200 AM
 LOWEST     58           200 PM
 AVERAGE    75

..........................................................


THE PUEBLO CO CLIMATE NORMALS FOR TOMORROW
                         NORMAL    RECORD    YEAR
 MAXIMUM TEMPERATURE (F)   55        80      1999
 MINIMUM TEMPERATURE (F)   22         1      1951


SUNRISE AND SUNSET
NOVEMBER 16 2014......SUNRISE   640 AM MST   SUNSET   445 PM MST
NOVEMBER 17 2014......SUNRISE   642 AM MST   SUNSET   444 PM MST


-  INDICATES NEGATIVE NUMBERS.
R  INDICATES RECORD WAS SET OR TIED.
MM INDICATES DATA IS MISSING.
T  INDICATES TRACE AMOUNT.




$$
