000
CDUS45 KPUB 141155
CLIPUB


CLIMATE REPORT
NATIONAL WEATHER SERVICE PUEBLO
447 AM MST FRI NOV 14 2014


...................................

...THE PUEBLO CO CLIMATE SUMMARY FOR NOVEMBER 13 2014...

CLIMATE NORMAL PERIOD 1981 TO 2010
CLIMATE RECORD PERIOD 1888 TO 2014


WEATHER ITEM   OBSERVED TIME   RECORD YEAR NORMAL DEPARTURE LAST
                VALUE   (LST)  VALUE       VALUE  FROM      YEAR
                                                  NORMAL
..................................................................
TEMPERATURE (F)
 YESTERDAY
  MAXIMUM         11   1045 PM  81    1999  58    -47       72
  MINIMUM         -9    457 AM -12    1940  24    -33       22
  AVERAGE          1                        40    -39       47

PRECIPITATION (IN)
  YESTERDAY        0.05          0.35 1902   0.02   0.03     0.00
  MONTH TO DATE    0.24                      0.22   0.02     0.01
  SINCE SEP 1      1.77                      1.71   0.06     1.52
  SINCE JAN 1     11.37                     11.94  -0.57     9.32

SNOWFALL (IN)
  YESTERDAY        2.3 R         2.0  1920   0.1    2.2      0.0
  MONTH TO DATE    5.4                       1.6    3.8       T
  SINCE SEP 1      5.4                       3.2    2.2      0.1
  SINCE JUL 1      5.4                       3.2    2.2      0.1
  SNOW DEPTH       5

DEGREE DAYS
 HEATING
  YESTERDAY       64                        25     39       18
  MONTH TO DATE  322                       284     38      280
  SINCE SEP 1    647                       789   -142      734
  SINCE JUL 1    648                       794   -146      734

 COOLING
  YESTERDAY        0                         0      0        0
  MONTH TO DATE    0                         0      0        0
  SINCE SEP 1    127                        86     41      170
  SINCE JAN 1   1002                       897    105     1230
..................................................................


WIND (MPH)
  HIGHEST WIND SPEED    10   HIGHEST WIND DIRECTION     E (80)
  HIGHEST GUST SPEED    12   HIGHEST GUST DIRECTION     E (70)
  AVERAGE WIND SPEED     3.2


SKY COVER
  POSSIBLE SUNSHINE  MM
  AVERAGE SKY COVER 0.9


WEATHER CONDITIONS
 THE FOLLOWING WEATHER WAS RECORDED YESTERDAY.
  LIGHT SNOW
  FOG
  HAZE


RELATIVE HUMIDITY (PERCENT)
 HIGHEST    90           400 AM
 LOWEST     73          1200 PM
 AVERAGE    82

..........................................................


THE PUEBLO CO CLIMATE NORMALS FOR TODAY
                         NORMAL    RECORD    YEAR
 MAXIMUM TEMPERATURE (F)   57        82      1990
 MINIMUM TEMPERATURE (F)   23        -8      1916


SUNRISE AND SUNSET
NOVEMBER 14 2014......SUNRISE   638 AM MST   SUNSET   446 PM MST
NOVEMBER 15 2014......SUNRISE   639 AM MST   SUNSET   446 PM MST


-  INDICATES NEGATIVE NUMBERS.
R  INDICATES RECORD WAS SET OR TIED.
MM INDICATES DATA IS MISSING.
T  INDICATES TRACE AMOUNT.




$$
