773
CDUS45 KPUB 031132
CLIPUB


CLIMATE REPORT
NATIONAL WEATHER SERVICE PUEBLO
432 AM MST SUN DEC 3 2017


...................................

...THE PUEBLO CO CLIMATE SUMMARY FOR DECEMBER 2 2017...

CLIMATE NORMAL PERIOD 1981 TO 2010
CLIMATE RECORD PERIOD 1888 TO 2017


WEATHER ITEM   OBSERVED TIME   RECORD YEAR NORMAL DEPARTURE LAST
                VALUE   (LST)  VALUE       VALUE  FROM      YEAR
                                                  NORMAL
..................................................................
TEMPERATURE (F)
 YESTERDAY
  MAXIMUM         68    315 PM  72    2003  48     20       35
                                      1995
                                      1926
  MINIMUM         21    650 AM  -8    1929  16      5       15
  AVERAGE         45                        32     13       25

PRECIPITATION (IN)
  YESTERDAY        0.00          0.68 1921   0.01  -0.01     0.00
  MONTH TO DATE    0.00                      0.03  -0.03     0.00
  SINCE DEC 1      0.00                      0.03  -0.03     0.00
  SINCE JAN 1     15.98                     12.22   3.76    11.15

SNOWFALL (IN)
  YESTERDAY        0.0           6.8  1921   0.2   -0.2      0.0
  MONTH TO DATE    0.0                       0.4   -0.4      0.0
  SINCE DEC 1      0.0                       0.4   -0.4      0.0
  SINCE JUL 1      1.4                       6.4   -5.0       T
  SNOW DEPTH       0

DEGREE DAYS
 HEATING
  YESTERDAY       20                        33    -13       40
  MONTH TO DATE   39                        65    -26       77
  SINCE DEC 1     39                        65    -26       77
  SINCE JUL 1   1060                      1346   -286      859

 COOLING
  YESTERDAY        0                         0      0        0
  MONTH TO DATE    0                         0      0        0
  SINCE DEC 1      0                         0      0        0
  SINCE JAN 1   1027                       897    130     1358
..................................................................


WIND (MPH)
  HIGHEST WIND SPEED    14   HIGHEST WIND DIRECTION    SE (150)
  HIGHEST GUST SPEED    16   HIGHEST GUST DIRECTION    SE (150)
  AVERAGE WIND SPEED     5.1


SKY COVER
  POSSIBLE SUNSHINE  MM
  AVERAGE SKY COVER 0.0


WEATHER CONDITIONS
 THE FOLLOWING WEATHER WAS RECORDED YESTERDAY.
  NO SIGNIFICANT WEATHER WAS OBSERVED.


RELATIVE HUMIDITY (PERCENT)
 HIGHEST    77           700 AM
 LOWEST     17           300 PM
 AVERAGE    47

..........................................................


THE PUEBLO CO CLIMATE NORMALS FOR TODAY
                         NORMAL    RECORD    YEAR
 MAXIMUM TEMPERATURE (F)   48        75      2010
 MINIMUM TEMPERATURE (F)   16        -2      2006


SUNRISE AND SUNSET
DECEMBER  3 2017......SUNRISE   658 AM MST   SUNSET   438 PM MST
DECEMBER  4 2017......SUNRISE   659 AM MST   SUNSET   438 PM MST


-  INDICATES NEGATIVE NUMBERS.
R  INDICATES RECORD WAS SET OR TIED.
MM INDICATES DATA IS MISSING.
T  INDICATES TRACE AMOUNT.




$$
