000
CDUS45 KPUB 241138
CLIPUB


CLIMATE REPORT
NATIONAL WEATHER SERVICE PUEBLO
437 AM MST THU NOV 24 2016


...................................

...THE PUEBLO CO CLIMATE SUMMARY FOR NOVEMBER 23 2016...

CLIMATE NORMAL PERIOD 1981 TO 2010
CLIMATE RECORD PERIOD 1888 TO 2016


WEATHER ITEM   OBSERVED TIME   RECORD YEAR NORMAL DEPARTURE LAST
                VALUE   (LST)  VALUE       VALUE  FROM      YEAR
                                                  NORMAL
..................................................................
TEMPERATURE (F)
 YESTERDAY
  MAXIMUM         52    226 PM  73    1925  52      0       69
  MINIMUM         26    652 AM  -6    2003  19      7       19
  AVERAGE         39                        36      3       44

PRECIPITATION (IN)
  YESTERDAY        0.00          0.59 1940   0.01  -0.01     0.00
  MONTH TO DATE    0.78                      0.36   0.42     0.10
  SINCE SEP 1      0.83                      1.85  -1.02     0.77
  SINCE JAN 1     11.15                     12.08  -0.93    15.79

SNOWFALL (IN)
  YESTERDAY        0.0           2.4  1940   0.2   -0.2      0.0
  MONTH TO DATE    T                         3.1   -3.1      0.6
  SINCE SEP 1      T                         4.7   -4.7      0.6
  SINCE JUL 1      T                         4.7   -4.7      0.6
  SNOW DEPTH       0

DEGREE DAYS
 HEATING
  YESTERDAY       26                        29     -3       21
  MONTH TO DATE  374                       554   -180      449
  SINCE SEP 1    588                      1059   -471      625
  SINCE JUL 1    588                      1064   -476      625

 COOLING
  YESTERDAY        0                         0      0        0
  MONTH TO DATE    0                         0      0        0
  SINCE SEP 1    193                        86    107      227
  SINCE JAN 1   1358                       897    461     1273
..................................................................


WIND (MPH)
  HIGHEST WIND SPEED    16   HIGHEST WIND DIRECTION    SE (130)
  HIGHEST GUST SPEED    20   HIGHEST GUST DIRECTION    SE (120)
  AVERAGE WIND SPEED     5.4


SKY COVER
  POSSIBLE SUNSHINE  MM
  AVERAGE SKY COVER 0.0


WEATHER CONDITIONS
 THE FOLLOWING WEATHER WAS RECORDED YESTERDAY.
  NO SIGNIFICANT WEATHER WAS OBSERVED.


RELATIVE HUMIDITY (PERCENT)
 HIGHEST    92           600 AM
 LOWEST     44           200 PM
 AVERAGE    68

..........................................................


THE PUEBLO CO CLIMATE NORMALS FOR TODAY
                         NORMAL    RECORD    YEAR
 MAXIMUM TEMPERATURE (F)   52        81      1990
 MINIMUM TEMPERATURE (F)   19        -7      1993


SUNRISE AND SUNSET
NOVEMBER 24 2016......SUNRISE   649 AM MST   SUNSET   440 PM MST
NOVEMBER 25 2016......SUNRISE   651 AM MST   SUNSET   440 PM MST


-  INDICATES NEGATIVE NUMBERS.
R  INDICATES RECORD WAS SET OR TIED.
MM INDICATES DATA IS MISSING.
T  INDICATES TRACE AMOUNT.




$$
