000
CDUS45 KPUB 232337
CLIPUB


CLIMATE REPORT
NATIONAL WEATHER SERVICE PUEBLO
537 PM MDT TUE AUG 23 2016


...................................

...THE PUEBLO CO CLIMATE SUMMARY FOR AUGUST 23 2016...
VALID TODAY AS OF 0500 PM LOCAL TIME.

CLIMATE NORMAL PERIOD 1981 TO 2010
CLIMATE RECORD PERIOD 1888 TO 2016


WEATHER ITEM   OBSERVED TIME   RECORD YEAR NORMAL DEPARTURE LAST
                VALUE   (LST)  VALUE       VALUE  FROM      YEAR
                                                  NORMAL
..................................................................
TEMPERATURE (F)
 TODAY
  MAXIMUM         94    114 PM 101    2009  89      5       83
  MINIMUM         65    526 AM  47    1993  57      8       58
                                      1891
                                      1888
  AVERAGE         80                        72      8       71

PRECIPITATION (IN)
  TODAY            T             0.95 1915   0.07  -0.07     0.00
  MONTH TO DATE    1.17                      1.84  -0.67     4.23
  SINCE JUN 1      3.00                      5.26  -2.26     6.09
  SINCE JAN 1     10.17                      9.75   0.42    15.01

SNOWFALL (IN)
  TODAY            0.0           0.0  2007   0.0    0.0      0.0
  MONTH TO DATE    T                         0.0    0.0      0.0
  SINCE JUN 1      T                         0.0    0.0      0.0
  SINCE JUL 1      T                         0.0    0.0      0.0
  SNOW DEPTH       0

DEGREE DAYS
 HEATING
  TODAY            0                         0      0        0
  MONTH TO DATE    0                         0      0        0
  SINCE JUN 1      1                        26    -25        0
  SINCE JUL 1      0                         1     -1        0

 COOLING
  TODAY           15                         8      7        6
  MONTH TO DATE  269                       210     59      309
  SINCE JUN 1   1092                       721    371      952
  SINCE JAN 1   1122                       755    367      956
..................................................................


WIND (MPH)
  HIGHEST WIND SPEED    29   HIGHEST WIND DIRECTION    SW (210)
  HIGHEST GUST SPEED    43   HIGHEST GUST DIRECTION    SW (210)
  AVERAGE WIND SPEED    10.1


SKY COVER
  POSSIBLE SUNSHINE  MM
  AVERAGE SKY COVER 0.1


WEATHER CONDITIONS
 THE FOLLOWING WEATHER WAS RECORDED TODAY.
  LIGHT RAIN


RELATIVE HUMIDITY (PERCENT)
 HIGHEST    42           400 AM
 LOWEST     16           100 PM
 AVERAGE    29

..........................................................


THE PUEBLO CO CLIMATE NORMALS FOR TOMORROW
                         NORMAL    RECORD    YEAR
 MAXIMUM TEMPERATURE (F)   88       101      2011
 MINIMUM TEMPERATURE (F)   56        40      1968


SUNRISE AND SUNSET
AUGUST 23 2016........SUNRISE   620 AM MDT   SUNSET   740 PM MDT
AUGUST 24 2016........SUNRISE   621 AM MDT   SUNSET   739 PM MDT


-  INDICATES NEGATIVE NUMBERS.
R  INDICATES RECORD WAS SET OR TIED.
MM INDICATES DATA IS MISSING.
T  INDICATES TRACE AMOUNT.




$$
