000
CDUS45 KPUB 121151
CLIPUB


CLIMATE REPORT
NATIONAL WEATHER SERVICE PUEBLO
450 AM MST WED NOV 12 2014


...................................

...THE PUEBLO CO CLIMATE SUMMARY FOR NOVEMBER 11 2014...

CLIMATE NORMAL PERIOD 1981 TO 2010
CLIMATE RECORD PERIOD 1888 TO 2014


WEATHER ITEM   OBSERVED TIME   RECORD YEAR NORMAL DEPARTURE LAST
                VALUE   (LST)  VALUE       VALUE  FROM      YEAR
                                                  NORMAL
..................................................................
TEMPERATURE (F)
 YESTERDAY
  MAXIMUM         23   1200 AM  83    1971  59    -36       70
  MINIMUM         17   1159 PM  -2    1911  24     -7       28
  AVERAGE         20                        41    -21       49

PRECIPITATION (IN)
  YESTERDAY        T             0.23 1992   0.02  -0.02     0.00
  MONTH TO DATE    T                         0.19  -0.19     0.01
  SINCE SEP 1      1.53                      1.68  -0.15     1.52
  SINCE JAN 1     11.13                     11.91  -0.78     9.32

SNOWFALL (IN)
  YESTERDAY        0.1           3.0  1911   0.1    0.0      0.0
  MONTH TO DATE    0.3                       1.3   -1.0       T
  SINCE SEP 1      0.3                       2.9   -2.6      0.1
  SINCE JUL 1      0.3                       2.9   -2.6      0.1
  SNOW DEPTH       T

DEGREE DAYS
 HEATING
  YESTERDAY       45                        24     21       16
  MONTH TO DATE  204                       235    -31      238
  SINCE SEP 1    529                       740   -211      692
  SINCE JUL 1    530                       745   -215      692

 COOLING
  YESTERDAY        0                         0      0        0
  MONTH TO DATE    0                         0      0        0
  SINCE SEP 1    127                        86     41      170
  SINCE JAN 1   1002                       897    105     1230
..................................................................


WIND (MPH)
  HIGHEST WIND SPEED    15   HIGHEST WIND DIRECTION     E (100)
  HIGHEST GUST SPEED    18   HIGHEST GUST DIRECTION    SE (120)
  AVERAGE WIND SPEED     9.9


SKY COVER
  POSSIBLE SUNSHINE  MM
  AVERAGE SKY COVER 1.0


WEATHER CONDITIONS
 THE FOLLOWING WEATHER WAS RECORDED YESTERDAY.
  LIGHT SNOW
  FOG
  HAZE


RELATIVE HUMIDITY (PERCENT)
 HIGHEST    84           800 PM
 LOWEST     59          1200 AM
 AVERAGE    72

..........................................................


THE PUEBLO CO CLIMATE NORMALS FOR TODAY
                         NORMAL    RECORD    YEAR
 MAXIMUM TEMPERATURE (F)   58        82      1989
 MINIMUM TEMPERATURE (F)   24        -8      1940


SUNRISE AND SUNSET
NOVEMBER 12 2014......SUNRISE   636 AM MST   SUNSET   448 PM MST
NOVEMBER 13 2014......SUNRISE   637 AM MST   SUNSET   447 PM MST


-  INDICATES NEGATIVE NUMBERS.
R  INDICATES RECORD WAS SET OR TIED.
MM INDICATES DATA IS MISSING.
T  INDICATES TRACE AMOUNT.




$$
