000
CDUS45 KPUB 200001
CLIPUB


CLIMATE REPORT
NATIONAL WEATHER SERVICE PUEBLO
601 PM MDT SAT JUL 19 2014


...................................

...THE PUEBLO CO CLIMATE SUMMARY FOR JULY 19 2014...
VALID TODAY AS OF 0500 PM LOCAL TIME.

CLIMATE NORMAL PERIOD 1981 TO 2010
CLIMATE RECORD PERIOD 1888 TO 2014


WEATHER ITEM   OBSERVED TIME   RECORD YEAR NORMAL DEPARTURE LAST
                VALUE   (LST)  VALUE       VALUE  FROM      YEAR
                                                  NORMAL
..................................................................
TEMPERATURE (F)
 TODAY
  MAXIMUM         95    134 PM 104    2005  93      2       90
                                      1998
  MINIMUM         57    515 AM  47    1992  59     -2       64
  AVERAGE         76                        76      0       77

PRECIPITATION (IN)
  TODAY            T             1.05 2007   0.08  -0.08     0.01
  MONTH TO DATE    2.10                      1.16   0.94     0.30
  SINCE JUN 1      2.96                      2.52   0.44     0.57
  SINCE JAN 1      7.16                      7.01   0.15     2.50

SNOWFALL (IN)
  TODAY            0.0           0.0  2002   0.0    0.0      0.0
                                      2001
  MONTH TO DATE    0.0                       0.0    0.0      0.0
  SINCE JUN 1      T                         0.0    0.0       T
  SINCE JUL 1      0.0                       0.0    0.0      0.0
  SNOW DEPTH       0

DEGREE DAYS
 HEATING
  TODAY            0                         0      0        0
  MONTH TO DATE    0                         0      0        0
  SINCE JUN 1      3                        25    -22       17
  SINCE JUL 1      0                         0      0        0

 COOLING
  TODAY           11                        11      0       12
  MONTH TO DATE  189                       204    -15      224
  SINCE JUN 1    429                       379     50      527
  SINCE JAN 1    481                       413     68      600
..................................................................


WIND (MPH)
  HIGHEST WIND SPEED    41   HIGHEST WIND DIRECTION     N (340)
  HIGHEST GUST SPEED    61   HIGHEST GUST DIRECTION     N (340)
  AVERAGE WIND SPEED     6.4


SKY COVER
  POSSIBLE SUNSHINE  MM
  AVERAGE SKY COVER 0.0


WEATHER CONDITIONS
 THE FOLLOWING WEATHER WAS RECORDED TODAY.
  THUNDERSTORM
  LIGHT RAIN


RELATIVE HUMIDITY (PERCENT)
 HIGHEST    84           300 AM
 LOWEST     12           200 PM
 AVERAGE    48

..........................................................


THE PUEBLO CO CLIMATE NORMALS FOR TOMORROW
                         NORMAL    RECORD    YEAR
 MAXIMUM TEMPERATURE (F)   93       108      2005
 MINIMUM TEMPERATURE (F)   59        43      1897


SUNRISE AND SUNSET
JULY 19 2014..........SUNRISE   550 AM MDT   SUNSET   819 PM MDT
JULY 20 2014..........SUNRISE   551 AM MDT   SUNSET   818 PM MDT


-  INDICATES NEGATIVE NUMBERS.
R  INDICATES RECORD WAS SET OR TIED.
MM INDICATES DATA IS MISSING.
T  INDICATES TRACE AMOUNT.




$$
