000
CDUS45 KPUB 220023
CLIPUB


CLIMATE REPORT
NATIONAL WEATHER SERVICE PUEBLO
523 PM MST WED JAN 21 2015


...................................

...THE PUEBLO CO CLIMATE SUMMARY FOR JANUARY 21 2015...
VALID TODAY AS OF 0500 PM LOCAL TIME.

CLIMATE NORMAL PERIOD 1981 TO 2010
CLIMATE RECORD PERIOD 1888 TO 2015


WEATHER ITEM   OBSERVED TIME   RECORD YEAR NORMAL DEPARTURE LAST
                VALUE   (LST)  VALUE       VALUE  FROM      YEAR
                                                  NORMAL
..................................................................
TEMPERATURE (F)
 TODAY
  MAXIMUM         35   1218 AM  75    2009  47    -12       68
  MINIMUM         27    459 PM -16    1930  14     13        8
  AVERAGE         31                        31      0       38

PRECIPITATION (IN)
  TODAY            0.16          0.54 1898   0.02   0.14     0.00
  MONTH TO DATE    0.18                      0.24  -0.06     0.04
  SINCE DEC 1      0.42                      0.62  -0.20     0.07
  SINCE JAN 1      0.18                      0.24  -0.06     0.04

SNOWFALL (IN)
  TODAY            3.9           5.8  1898   0.2    3.7      0.0
  MONTH TO DATE    4.3                       4.4   -0.1      1.1
  SINCE DEC 1      7.5                       9.9   -2.4      3.3
  SINCE JUL 1     17.4                      15.9    1.5      7.0
  SNOW DEPTH       4

DEGREE DAYS
 HEATING
  TODAY           34                        34      0       27
  MONTH TO DATE  700                       728    -28      680
  SINCE DEC 1   1769                      1810    -41     1735
  SINCE JUL 1   2931                      3091   -160     2918

 COOLING
  TODAY            0                         0      0        0
  MONTH TO DATE    0                         0      0        0
  SINCE DEC 1      0                         0      0        0
  SINCE JAN 1      0                         0      0        0
..................................................................


WIND (MPH)
  HIGHEST WIND SPEED    16   HIGHEST WIND DIRECTION     E (70)
  HIGHEST GUST SPEED    20   HIGHEST GUST DIRECTION    NE (60)
  AVERAGE WIND SPEED     8.5


SKY COVER
  POSSIBLE SUNSHINE  MM
  AVERAGE SKY COVER 1.0


WEATHER CONDITIONS
 THE FOLLOWING WEATHER WAS RECORDED TODAY.
  LIGHT SNOW
  FOG


RELATIVE HUMIDITY (PERCENT)
 HIGHEST   100           400 PM
 LOWEST     75          1200 AM
 AVERAGE    88

..........................................................


THE PUEBLO CO CLIMATE NORMALS FOR TOMORROW
                         NORMAL    RECORD    YEAR
 MAXIMUM TEMPERATURE (F)   47        74      2009
 MINIMUM TEMPERATURE (F)   14       -13      1966
                                             1930


SUNRISE AND SUNSET
JANUARY 21 2015.......SUNRISE   711 AM MST   SUNSET   508 PM MST
JANUARY 22 2015.......SUNRISE   710 AM MST   SUNSET   509 PM MST


-  INDICATES NEGATIVE NUMBERS.
R  INDICATES RECORD WAS SET OR TIED.
MM INDICATES DATA IS MISSING.
T  INDICATES TRACE AMOUNT.




$$
