000
CDUS45 KPUB 180054
CLIPUB


CLIMATE REPORT
NATIONAL WEATHER SERVICE PUEBLO
551 PM MST THU NOV 17 2016


...................................

...THE PUEBLO CO CLIMATE SUMMARY FOR NOVEMBER 17 2016...
VALID TODAY AS OF 0500 PM LOCAL TIME.

CLIMATE NORMAL PERIOD 1981 TO 2010
CLIMATE RECORD PERIOD 1888 TO 2016


WEATHER ITEM   OBSERVED TIME   RECORD YEAR NORMAL DEPARTURE LAST
                VALUE   (LST)  VALUE       VALUE  FROM      YEAR
                                                  NORMAL
..................................................................
TEMPERATURE (F)
 TODAY
  MAXIMUM         65    401 AM  80    1999  55     10       50
  MINIMUM         36    459 PM   0    2014  22     14       34
  AVERAGE         51                        39     12       42

PRECIPITATION (IN)
  TODAY            0.06          0.42 1928   0.02   0.04      T
  MONTH TO DATE    0.06                      0.28  -0.22     0.08
  SINCE SEP 1      0.11                      1.77  -1.66     0.75
  SINCE JAN 1     10.43                     12.00  -1.57    15.77

SNOWFALL (IN)
  TODAY            T             4.4  1962   0.2   MM        0.0
  MONTH TO DATE    0.0                       2.2   -2.2      0.0
  SINCE SEP 1      0.0                       3.8   -3.8      0.0
  SINCE JUL 1      T                         3.8   -3.8      0.0
  SNOW DEPTH       0

DEGREE DAYS
 HEATING
  TODAY           14                        26    -12       23
  MONTH TO DATE  238                       386   -148      308
  SINCE SEP 1    452                       891   -439      484
  SINCE JUL 1    452                       896   -444      484

 COOLING
  TODAY            0                         0      0        0
  MONTH TO DATE    0                         0      0        0
  SINCE SEP 1    193                        86    107      227
  SINCE JAN 1   1358                       897    461     1273
..................................................................


WIND (MPH)
  HIGHEST WIND SPEED    32   HIGHEST WIND DIRECTION     N (10)
  HIGHEST GUST SPEED    39   HIGHEST GUST DIRECTION     N (10)
  AVERAGE WIND SPEED    11.1


SKY COVER
  POSSIBLE SUNSHINE  MM
  AVERAGE SKY COVER 0.2


WEATHER CONDITIONS
 THE FOLLOWING WEATHER WAS RECORDED TODAY.
  THUNDERSTORM
  LIGHT RAIN
  LIGHT SNOW


RELATIVE HUMIDITY (PERCENT)
 HIGHEST    53           800 AM
 LOWEST     19           400 AM
 AVERAGE    36

..........................................................


THE PUEBLO CO CLIMATE NORMALS FOR TOMORROW
                         NORMAL    RECORD    YEAR
 MAXIMUM TEMPERATURE (F)   55        77      2008
 MINIMUM TEMPERATURE (F)   21         1      1903


SUNRISE AND SUNSET
NOVEMBER 17 2016......SUNRISE   642 AM MST   SUNSET   444 PM MST
NOVEMBER 18 2016......SUNRISE   643 AM MST   SUNSET   443 PM MST


-  INDICATES NEGATIVE NUMBERS.
R  INDICATES RECORD WAS SET OR TIED.
MM INDICATES DATA IS MISSING.
T  INDICATES TRACE AMOUNT.




$$
