000
CDUS45 KPUB 240024
CLIPUB


CLIMATE REPORT
NATIONAL WEATHER SERVICE PUEBLO
624 PM MDT SAT APR 23 2016


...................................

...THE PUEBLO CO CLIMATE SUMMARY FOR APRIL 23 2016...
VALID TODAY AS OF 0500 PM LOCAL TIME.

CLIMATE NORMAL PERIOD 1981 TO 2010
CLIMATE RECORD PERIOD 1888 TO 2016


WEATHER ITEM   OBSERVED TIME   RECORD YEAR NORMAL DEPARTURE LAST
                VALUE   (LST)  VALUE       VALUE  FROM      YEAR
                                                  NORMAL
..................................................................
TEMPERATURE (F)
 TODAY
  MAXIMUM         84    300 PM  90    1989  70     14       72
  MINIMUM         46    518 AM  20    2013  36     10       36
  AVERAGE         65                        53     12       54

PRECIPITATION (IN)
  TODAY            0.00          1.63 1905   0.06  -0.06      T
  MONTH TO DATE    1.71                      1.02   0.69     0.65
  SINCE MAR 1      2.29                      1.95   0.34     1.22
  SINCE JAN 1      3.15                      2.60   0.55     2.60

SNOWFALL (IN)
  TODAY            0.0           1.6  2013   0.1   -0.1      0.0
  MONTH TO DATE    0.2                       3.2   -3.0       T
  SINCE MAR 1      4.1                       8.9   -4.8      1.7
  SINCE JUL 1     28.3                      30.7   -2.4     42.8
  SNOW DEPTH       0

DEGREE DAYS
 HEATING
  TODAY            0                        12    -12       11
  MONTH TO DATE  264                       359    -95      299
  SINCE MAR 1    862                      1061   -199      907
  SINCE JUL 1   4371                      5364   -993     4929

 COOLING
  TODAY            0                         0      0        0
  MONTH TO DATE    0                         0      0        0
  SINCE MAR 1      0                         0      0        0
  SINCE JAN 1      0                         0      0        0
..................................................................


WIND (MPH)
  HIGHEST WIND SPEED    37   HIGHEST WIND DIRECTION     W (250)
  HIGHEST GUST SPEED    50   HIGHEST GUST DIRECTION    SW (240)
  AVERAGE WIND SPEED     7.4


SKY COVER
  POSSIBLE SUNSHINE  MM
  AVERAGE SKY COVER 0.0


WEATHER CONDITIONS
 THE FOLLOWING WEATHER WAS RECORDED TODAY.
  NO SIGNIFICANT WEATHER WAS OBSERVED.


RELATIVE HUMIDITY (PERCENT)
 HIGHEST    77           600 AM
 LOWEST     13           300 PM
 AVERAGE    45

..........................................................


THE PUEBLO CO CLIMATE NORMALS FOR TOMORROW
                         NORMAL    RECORD    YEAR
 MAXIMUM TEMPERATURE (F)   70        92      2012
 MINIMUM TEMPERATURE (F)   37        19      2013


SUNRISE AND SUNSET
APRIL 23 2016.........SUNRISE   611 AM MDT   SUNSET   742 PM MDT
APRIL 24 2016.........SUNRISE   609 AM MDT   SUNSET   743 PM MDT


-  INDICATES NEGATIVE NUMBERS.
R  INDICATES RECORD WAS SET OR TIED.
MM INDICATES DATA IS MISSING.
T  INDICATES TRACE AMOUNT.




$$
