000
CDUS45 KPUB 271047
CLIPUB


CLIMATE REPORT
NATIONAL WEATHER SERVICE PUEBLO
447 AM MDT SAT JUN 27 2015


...................................

...THE PUEBLO CO CLIMATE SUMMARY FOR JUNE 26 2015...

CLIMATE NORMAL PERIOD 1981 TO 2010
CLIMATE RECORD PERIOD 1888 TO 2015


WEATHER ITEM   OBSERVED TIME   RECORD YEAR NORMAL DEPARTURE LAST
                VALUE   (LST)  VALUE       VALUE  FROM      YEAR
                                                  NORMAL
..................................................................
TEMPERATURE (F)
 YESTERDAY
  MAXIMUM         89    113 PM 106    2012  91     -2       97
                                      1980
  MINIMUM         61    509 AM  45    1968  56      5       58
  AVERAGE         75                        73      2       78

PRECIPITATION (IN)
  YESTERDAY        0.00          0.47 1988   0.04  -0.04     0.00
  MONTH TO DATE    1.20                      1.16   0.04     0.86
  SINCE JUN 1      1.20                      1.16   0.04     0.86
  SINCE JAN 1     10.12                      5.65   4.47     5.06

SNOWFALL (IN)
  YESTERDAY        0.0           0.0  2002   0.0    0.0      0.0
                                      2001
  MONTH TO DATE    0.0                       0.0    0.0       T
  SINCE JUN 1      0.0                       0.0    0.0       T
  SINCE JUL 1     42.8                      31.8   11.0     29.3
  SNOW DEPTH       0

DEGREE DAYS
 HEATING
  YESTERDAY        0                         0      0        0
  MONTH TO DATE    0                        22    -22        3
  SINCE JUN 1      0                        22    -22        3
  SINCE JUL 1   5254                      5635   -381     5416

 COOLING
  YESTERDAY       10                         9      1       13
  MONTH TO DATE  185                       139     46      189
  SINCE JUN 1    185                       139     46      189
  SINCE JAN 1    189                       173     16      241
..................................................................


WIND (MPH)
  HIGHEST WIND SPEED    26   HIGHEST WIND DIRECTION     E (80)
  HIGHEST GUST SPEED    31   HIGHEST GUST DIRECTION     E (70)
  AVERAGE WIND SPEED     8.0


SKY COVER
  POSSIBLE SUNSHINE  MM
  AVERAGE SKY COVER 0.3


WEATHER CONDITIONS
 THE FOLLOWING WEATHER WAS RECORDED YESTERDAY.
  NO SIGNIFICANT WEATHER WAS OBSERVED.


RELATIVE HUMIDITY (PERCENT)
 HIGHEST    78           500 AM
 LOWEST     31          1200 PM
 AVERAGE    55

..........................................................


THE PUEBLO CO CLIMATE NORMALS FOR TODAY
                         NORMAL    RECORD    YEAR
 MAXIMUM TEMPERATURE (F)   91       105      2012
                                             1990
 MINIMUM TEMPERATURE (F)   56        41      1985


SUNRISE AND SUNSET
JUNE 27 2015..........SUNRISE   537 AM MDT   SUNSET   826 PM MDT
JUNE 28 2015..........SUNRISE   537 AM MDT   SUNSET   826 PM MDT


-  INDICATES NEGATIVE NUMBERS.
R  INDICATES RECORD WAS SET OR TIED.
MM INDICATES DATA IS MISSING.
T  INDICATES TRACE AMOUNT.




$$
