760
CDUS45 KPUB 201027
CLIPUB


CLIMATE REPORT
NATIONAL WEATHER SERVICE PUEBLO
426 AM MDT THU JUL 20 2017


...................................

...THE PUEBLO CO CLIMATE SUMMARY FOR JULY 19 2017...

CLIMATE NORMAL PERIOD 1981 TO 2010
CLIMATE RECORD PERIOD 1888 TO 2017


WEATHER ITEM   OBSERVED TIME   RECORD YEAR NORMAL DEPARTURE LAST
                VALUE   (LST)  VALUE       VALUE  FROM      YEAR
                                                  NORMAL
..................................................................
TEMPERATURE (F)
 YESTERDAY
  MAXIMUM        103    338 PM 104    2005  93     10      103
                                      1998
  MINIMUM         63    444 AM  47    1992  59      4       69
  AVERAGE         83                        76      7       86

PRECIPITATION (IN)
  YESTERDAY        0.00          1.05 2007   0.08  -0.08      T
  MONTH TO DATE    0.28                      1.16  -0.88     0.46
  SINCE JUN 1      1.85                      2.52  -0.67     1.24
  SINCE JAN 1     10.91                      7.01   3.90     8.41

SNOWFALL (IN)
  YESTERDAY        0.0           0.0  2002   0.0    0.0      0.0
                                      2001
  MONTH TO DATE    0.0                       0.0    0.0       T
  SINCE JUN 1      0.0                       0.0    0.0       T
  SINCE JUL 1      0.0                       0.0    0.0       T
  SNOW DEPTH       0

DEGREE DAYS
 HEATING
  YESTERDAY        0                         0      0        0
  MONTH TO DATE    0                         0      0        0
  SINCE JUN 1      5                        25    -20        1
  SINCE JUL 1      0                         0      0        0

 COOLING
  YESTERDAY       18                        11      7       21
  MONTH TO DATE  235                       204     31      280
  SINCE JUN 1    468                       379     89      619
  SINCE JAN 1    478                       413     65      649
..................................................................


WIND (MPH)
  HIGHEST WIND SPEED    24   HIGHEST WIND DIRECTION     N (360)
  HIGHEST GUST SPEED    32   HIGHEST GUST DIRECTION     N (360)
  AVERAGE WIND SPEED     6.9


SKY COVER
  POSSIBLE SUNSHINE  MM
  AVERAGE SKY COVER 0.0


WEATHER CONDITIONS
 THE FOLLOWING WEATHER WAS RECORDED YESTERDAY.
  NO SIGNIFICANT WEATHER WAS OBSERVED.


RELATIVE HUMIDITY (PERCENT)
 HIGHEST    73           500 AM
 LOWEST     14           300 PM
 AVERAGE    44

..........................................................


THE PUEBLO CO CLIMATE NORMALS FOR TODAY
                         NORMAL    RECORD    YEAR
 MAXIMUM TEMPERATURE (F)   93       108      2005
 MINIMUM TEMPERATURE (F)   59        43      1897


SUNRISE AND SUNSET
JULY 20 2017..........SUNRISE   551 AM MDT   SUNSET   818 PM MDT
JULY 21 2017..........SUNRISE   552 AM MDT   SUNSET   817 PM MDT


-  INDICATES NEGATIVE NUMBERS.
R  INDICATES RECORD WAS SET OR TIED.
MM INDICATES DATA IS MISSING.
T  INDICATES TRACE AMOUNT.




$$
