000
CDUS45 KPUB 091142
CLIPUB


CLIMATE REPORT
NATIONAL WEATHER SERVICE PUEBLO
442 AM MST TUE DEC 9 2014


...................................

...THE PUEBLO CO CLIMATE SUMMARY FOR DECEMBER 8 2014...

CLIMATE NORMAL PERIOD 1981 TO 2010
CLIMATE RECORD PERIOD 1888 TO 2014


WEATHER ITEM   OBSERVED TIME   RECORD YEAR NORMAL DEPARTURE LAST
                VALUE   (LST)  VALUE       VALUE  FROM      YEAR
                                                  NORMAL
..................................................................
TEMPERATURE (F)
 YESTERDAY
  MAXIMUM         57    320 PM  77    1970  46     11       25
  MINIMUM         18    457 AM -23    1978  15      3        3
  AVERAGE         38                        31      7       14

PRECIPITATION (IN)
  YESTERDAY        0.00          0.52 1898   0.01  -0.01      T
  MONTH TO DATE    0.00                      0.11  -0.11     0.02
  SINCE DEC 1      0.00                      0.11  -0.11     0.02
  SINCE JAN 1     11.59                     12.30  -0.71     9.67

SNOWFALL (IN)
  YESTERDAY        0.0           5.8  1898   0.2   -0.2      0.1
  MONTH TO DATE    0.0                       1.4   -1.4      2.0
  SINCE DEC 1      0.0                       1.4   -1.4      2.0
  SINCE JUL 1      9.9                       7.4    2.5      5.7
  SNOW DEPTH       0

DEGREE DAYS
 HEATING
  YESTERDAY       27                        34     -7       51
  MONTH TO DATE  233                       267    -34      326
  SINCE DEC 1    233                       267    -34      326
  SINCE JUL 1   1395                      1548   -153     1509

 COOLING
  YESTERDAY        0                         0      0        0
  MONTH TO DATE    0                         0      0        0
  SINCE DEC 1      0                         0      0        0
  SINCE JAN 1   1002                       897    105     1230
..................................................................


WIND (MPH)
  HIGHEST WIND SPEED    10   HIGHEST WIND DIRECTION     E (80)
  HIGHEST GUST SPEED    12   HIGHEST GUST DIRECTION     W (290)
  AVERAGE WIND SPEED     3.6


SKY COVER
  POSSIBLE SUNSHINE  MM
  AVERAGE SKY COVER 0.0


WEATHER CONDITIONS
 THE FOLLOWING WEATHER WAS RECORDED YESTERDAY.
  NO SIGNIFICANT WEATHER WAS OBSERVED.


RELATIVE HUMIDITY (PERCENT)
 HIGHEST    77           500 AM
 LOWEST     23           200 PM
 AVERAGE    50

..........................................................


THE PUEBLO CO CLIMATE NORMALS FOR TODAY
                         NORMAL    RECORD    YEAR
 MAXIMUM TEMPERATURE (F)   46        73      1996
                                             1957
                                             1940
 MINIMUM TEMPERATURE (F)   15       -22      1919


SUNRISE AND SUNSET
DECEMBER  9 2014......SUNRISE   703 AM MST   SUNSET   438 PM MST
DECEMBER 10 2014......SUNRISE   704 AM MST   SUNSET   438 PM MST


-  INDICATES NEGATIVE NUMBERS.
R  INDICATES RECORD WAS SET OR TIED.
MM INDICATES DATA IS MISSING.
T  INDICATES TRACE AMOUNT.




$$
