000
CDUS45 KPUB 231028
CLIPUB


CLIMATE REPORT
NATIONAL WEATHER SERVICE PUEBLO
428 AM MDT MON MAR 23 2015


...................................

...THE PUEBLO CO CLIMATE SUMMARY FOR MARCH 22 2015...

CLIMATE NORMAL PERIOD 1981 TO 2010
CLIMATE RECORD PERIOD 1888 TO 2015


WEATHER ITEM   OBSERVED TIME   RECORD YEAR NORMAL DEPARTURE LAST
                VALUE   (LST)  VALUE       VALUE  FROM      YEAR
                                                  NORMAL
..................................................................
TEMPERATURE (F)
 YESTERDAY
  MAXIMUM         76    324 PM  81    1910  61     15       46
  MINIMUM         32    548 AM   8    1898  27      5       25
  AVERAGE         54                        44     10       36

PRECIPITATION (IN)
  YESTERDAY        0.00          0.90 1979   0.03  -0.03     0.12
  MONTH TO DATE    0.49                      0.62  -0.13     0.76
  SINCE MAR 1      0.49                      0.62  -0.13     0.76
  SINCE JAN 1      1.87                      1.27   0.60     1.49

SNOWFALL (IN)
  YESTERDAY        0.0           3.7  1984   0.2   -0.2      1.4
  MONTH TO DATE    1.7                       3.9   -2.2      2.4
  SINCE MAR 1      1.7                       3.9   -2.2      2.4
  SINCE JUL 1     42.8                      25.7   17.1     21.0
  SNOW DEPTH       0

DEGREE DAYS
 HEATING
  YESTERDAY       11                        21    -10       29
  MONTH TO DATE  489                       523    -34      501
  SINCE MAR 1    489                       523    -34      501
  SINCE JUL 1   4511                      4826   -315     4706

 COOLING
  YESTERDAY        0                         0      0        0
  MONTH TO DATE    0                         0      0        0
  SINCE MAR 1      0                         0      0        0
  SINCE JAN 1      0                         0      0        0
..................................................................


WIND (MPH)
  HIGHEST WIND SPEED    28   HIGHEST WIND DIRECTION     E (80)
  HIGHEST GUST SPEED    33   HIGHEST GUST DIRECTION     E (100)
  AVERAGE WIND SPEED     8.3


SKY COVER
  POSSIBLE SUNSHINE  MM
  AVERAGE SKY COVER 0.1


WEATHER CONDITIONS
 THE FOLLOWING WEATHER WAS RECORDED YESTERDAY.
  NO SIGNIFICANT WEATHER WAS OBSERVED.


RELATIVE HUMIDITY (PERCENT)
 HIGHEST    76           100 AM
 LOWEST      8           300 PM
 AVERAGE    42

..........................................................


THE PUEBLO CO CLIMATE NORMALS FOR TODAY
                         NORMAL    RECORD    YEAR
 MAXIMUM TEMPERATURE (F)   61        84      2004
 MINIMUM TEMPERATURE (F)   28        -5      1898


SUNRISE AND SUNSET
MARCH 23 2015.........SUNRISE   657 AM MDT   SUNSET   713 PM MDT
MARCH 24 2015.........SUNRISE   656 AM MDT   SUNSET   714 PM MDT


-  INDICATES NEGATIVE NUMBERS.
R  INDICATES RECORD WAS SET OR TIED.
MM INDICATES DATA IS MISSING.
T  INDICATES TRACE AMOUNT.




$$
