000
CDUS45 KPUB 101140
CLIPUB


CLIMATE REPORT
NATIONAL WEATHER SERVICE PUEBLO
440 AM MST SAT FEB 10 2018


...................................

...THE PUEBLO CO CLIMATE SUMMARY FOR FEBRUARY 9 2018...

CLIMATE NORMAL PERIOD 1981 TO 2010
CLIMATE RECORD PERIOD 1888 TO 2018


WEATHER ITEM   OBSERVED TIME   RECORD YEAR NORMAL DEPARTURE LAST
                VALUE   (LST)  VALUE       VALUE  FROM      YEAR
                                                  NORMAL
..................................................................
TEMPERATURE (F)
 YESTERDAY
  MAXIMUM         54   1200 AM  78    1996  49      5       75
  MINIMUM         20   1159 PM -17    2011  16      4       26
                                      1933
  AVERAGE         37                        32      5       51

PRECIPITATION (IN)
  YESTERDAY        0.00          0.31 1943   0.01  -0.01     0.00
  MONTH TO DATE    0.13                      0.08   0.05     0.00
  SINCE DEC 1      0.37                      0.81  -0.44     1.51
  SINCE JAN 1      0.36                      0.43  -0.07     0.75

SNOWFALL (IN)
  YESTERDAY        0.0           3.4  1943   0.2   -0.2      0.0
  MONTH TO DATE    1.5                       1.4    0.1      0.0
  SINCE DEC 1      3.3                      13.4  -10.1     14.2
  SINCE JUL 1      4.7                      19.4  -14.7     14.2
  SNOW DEPTH       0

DEGREE DAYS
 HEATING
  YESTERDAY       28                        33     -5       14
  MONTH TO DATE  261                       300    -39      224
  SINCE DEC 1   2195                      2451   -256     2308
  SINCE JUL 1   3216                      3732   -516     3090

 COOLING
  YESTERDAY        0                         0      0        0
  MONTH TO DATE    0                         0      0        0
  SINCE DEC 1      0                         0      0        0
  SINCE JAN 1      0                         0      0        0
..................................................................


WIND (MPH)
  HIGHEST WIND SPEED    22   HIGHEST WIND DIRECTION    SE (120)
  HIGHEST GUST SPEED    29   HIGHEST GUST DIRECTION    NW (300)
  AVERAGE WIND SPEED    10.8


SKY COVER
  POSSIBLE SUNSHINE  MM
  AVERAGE SKY COVER 0.6


WEATHER CONDITIONS
 THE FOLLOWING WEATHER WAS RECORDED YESTERDAY.
  FOG


RELATIVE HUMIDITY (PERCENT)
 HIGHEST   100          1000 PM
 LOWEST     28          1200 AM
 AVERAGE    64

..........................................................


THE PUEBLO CO CLIMATE NORMALS FOR TODAY
                         NORMAL    RECORD    YEAR
 MAXIMUM TEMPERATURE (F)   49        82      2017
 MINIMUM TEMPERATURE (F)   16       -18      1933


SUNRISE AND SUNSET
FEBRUARY 10 2018......SUNRISE   654 AM MST   SUNSET   531 PM MST
FEBRUARY 11 2018......SUNRISE   653 AM MST   SUNSET   532 PM MST


-  INDICATES NEGATIVE NUMBERS.
R  INDICATES RECORD WAS SET OR TIED.
MM INDICATES DATA IS MISSING.
T  INDICATES TRACE AMOUNT.




$$
