000
CDUS45 KPUB 041140
CLIPUB


CLIMATE REPORT
NATIONAL WEATHER SERVICE PUEBLO
439 AM MST SAT FEB 4 2017


...................................

...THE PUEBLO CO CLIMATE SUMMARY FOR FEBRUARY 3 2017...

CLIMATE NORMAL PERIOD 1981 TO 2010
CLIMATE RECORD PERIOD 1888 TO 2017


WEATHER ITEM   OBSERVED TIME   RECORD YEAR NORMAL DEPARTURE LAST
                VALUE   (LST)  VALUE       VALUE  FROM      YEAR
                                                  NORMAL
..................................................................
TEMPERATURE (F)
 YESTERDAY
  MAXIMUM         31    329 PM  75    1934  48    -17       31
  MINIMUM         16   1159 PM -26    1996  15      1        3
  AVERAGE         24                        32     -8       17

PRECIPITATION (IN)
  YESTERDAY        0.00          0.38 1936   0.01  -0.01     0.00
  MONTH TO DATE    0.00                      0.03  -0.03     0.30
  SINCE DEC 1      1.51                      0.76   0.75     1.23
  SINCE JAN 1      0.75                      0.38   0.37     0.83

SNOWFALL (IN)
  YESTERDAY        0.0           4.3  1936   0.2   -0.2      0.0
  MONTH TO DATE    0.0                       0.5   -0.5      5.4
  SINCE DEC 1     14.2                      12.5    1.7     17.4
  SINCE JUL 1     14.2                      18.5   -4.3     23.8
  SNOW DEPTH       0

DEGREE DAYS
 HEATING
  YESTERDAY       41                        34      7       48
  MONTH TO DATE  113                       102     11      127
  SINCE DEC 1   2197                      2253    -56     2058
  SINCE JUL 1   2979                      3534   -555     2932

 COOLING
  YESTERDAY        0                         0      0        0
  MONTH TO DATE    0                         0      0        0
  SINCE DEC 1      0                         0      0        0
  SINCE JAN 1      0                         0      0        0
..................................................................


WIND (MPH)
  HIGHEST WIND SPEED    13   HIGHEST WIND DIRECTION     S (160)
  HIGHEST GUST SPEED    15   HIGHEST GUST DIRECTION    SE (140)
  AVERAGE WIND SPEED     4.5


SKY COVER
  POSSIBLE SUNSHINE  MM
  AVERAGE SKY COVER 0.7


WEATHER CONDITIONS
 THE FOLLOWING WEATHER WAS RECORDED YESTERDAY.
  NO SIGNIFICANT WEATHER WAS OBSERVED.


RELATIVE HUMIDITY (PERCENT)
 HIGHEST    84           900 PM
 LOWEST     63           300 PM
 AVERAGE    74

..........................................................


THE PUEBLO CO CLIMATE NORMALS FOR TODAY
                         NORMAL    RECORD    YEAR
 MAXIMUM TEMPERATURE (F)   48        75      1935
 MINIMUM TEMPERATURE (F)   15       -14      1996


SUNRISE AND SUNSET
FEBRUARY  4 2017......SUNRISE   700 AM MST   SUNSET   524 PM MST
FEBRUARY  5 2017......SUNRISE   659 AM MST   SUNSET   526 PM MST


-  INDICATES NEGATIVE NUMBERS.
R  INDICATES RECORD WAS SET OR TIED.
MM INDICATES DATA IS MISSING.
T  INDICATES TRACE AMOUNT.




$$
