000
CDUS45 KPUB 190019
CLIPUB


CLIMATE REPORT
NATIONAL WEATHER SERVICE PUEBLO
519 PM MST FRI NOV 18 2016


...................................

...THE PUEBLO CO CLIMATE SUMMARY FOR NOVEMBER 18 2016...
VALID TODAY AS OF 0500 PM LOCAL TIME.

CLIMATE NORMAL PERIOD 1981 TO 2010
CLIMATE RECORD PERIOD 1888 TO 2016


WEATHER ITEM   OBSERVED TIME   RECORD YEAR NORMAL DEPARTURE LAST
                VALUE   (LST)  VALUE       VALUE  FROM      YEAR
                                                  NORMAL
..................................................................
TEMPERATURE (F)
 TODAY
  MAXIMUM         44    206 PM  77    2008  55    -11       65
  MINIMUM         22    655 AM   1    1903  21      1       25
  AVERAGE         33                        38     -5       45

PRECIPITATION (IN)
  TODAY            0.00          0.51 1921   0.01  -0.01     0.00
  MONTH TO DATE    0.08                      0.29  -0.21     0.08
  SINCE SEP 1      0.13                      1.78  -1.65     0.75
  SINCE JAN 1     10.45                     12.01  -1.56    15.77

SNOWFALL (IN)
  TODAY            0.0           6.9  1921   0.1   -0.1      0.0
  MONTH TO DATE    T                         2.3   -2.3      0.0
  SINCE SEP 1      T                         3.9   -3.9      0.0
  SINCE JUL 1      T                         3.9   -3.9      0.0
  SNOW DEPTH       0

DEGREE DAYS
 HEATING
  TODAY           32                        27      5       20
  MONTH TO DATE  273                       413   -140      328
  SINCE SEP 1    487                       918   -431      504
  SINCE JUL 1    487                       923   -436      504

 COOLING
  TODAY            0                         0      0        0
  MONTH TO DATE    0                         0      0        0
  SINCE SEP 1    193                        86    107      227
  SINCE JAN 1   1358                       897    461     1273
..................................................................


WIND (MPH)
  HIGHEST WIND SPEED    24   HIGHEST WIND DIRECTION     N (10)
  HIGHEST GUST SPEED    28   HIGHEST GUST DIRECTION     N (10)
  AVERAGE WIND SPEED     9.3


SKY COVER
  POSSIBLE SUNSHINE  MM
  AVERAGE SKY COVER 0.0


WEATHER CONDITIONS
 THE FOLLOWING WEATHER WAS RECORDED TODAY.
  NO SIGNIFICANT WEATHER WAS OBSERVED.


RELATIVE HUMIDITY (PERCENT)
 HIGHEST    84           700 AM
 LOWEST     36           200 PM
 AVERAGE    60

..........................................................


THE PUEBLO CO CLIMATE NORMALS FOR TOMORROW
                         NORMAL    RECORD    YEAR
 MAXIMUM TEMPERATURE (F)   54        82      2007
 MINIMUM TEMPERATURE (F)   21        -1      1928


SUNRISE AND SUNSET
NOVEMBER 18 2016......SUNRISE   643 AM MST   SUNSET   443 PM MST
NOVEMBER 19 2016......SUNRISE   644 AM MST   SUNSET   443 PM MST


-  INDICATES NEGATIVE NUMBERS.
R  INDICATES RECORD WAS SET OR TIED.
MM INDICATES DATA IS MISSING.
T  INDICATES TRACE AMOUNT.




$$
