084
CDUS45 KPUB 272330
CLIPUB


CLIMATE REPORT
NATIONAL WEATHER SERVICE PUEBLO
530 PM MDT WED APR 27 2016


...................................

...THE PUEBLO CO CLIMATE SUMMARY FOR APRIL 27 2016...
VALID TODAY AS OF 0500 PM LOCAL TIME.

CLIMATE NORMAL PERIOD 1981 TO 2010
CLIMATE RECORD PERIOD 1888 TO 2016


WEATHER ITEM   OBSERVED TIME   RECORD YEAR NORMAL DEPARTURE LAST
                VALUE   (LST)  VALUE       VALUE  FROM      YEAR
                                                  NORMAL
..................................................................
TEMPERATURE (F)
 TODAY
  MAXIMUM         64    348 PM  88    1992  71     -7       55
  MINIMUM         35    532 AM  22    1984  38     -3       42
  AVERAGE         50                        54     -4       49

PRECIPITATION (IN)
  TODAY            0.00          0.91 1938   0.05  -0.05     0.16
  MONTH TO DATE    1.71                      1.23   0.48     1.42
  SINCE MAR 1      2.29                      2.16   0.13     1.99
  SINCE JAN 1      3.15                      2.81   0.34     3.37

SNOWFALL (IN)
  TODAY            0.0           5.2  1932   0.0    0.0      0.0
  MONTH TO DATE    0.2                       3.5   -3.3       T
  SINCE MAR 1      4.1                       9.2   -5.1      1.7
  SINCE JUL 1     28.3                      31.0   -2.7     42.8
  SNOW DEPTH       0

DEGREE DAYS
 HEATING
  TODAY           15                        11      4       16
  MONTH TO DATE  296                       405   -109      353
  SINCE MAR 1    894                      1107   -213      961
  SINCE JUL 1   4403                      5410  -1007     4983

 COOLING
  TODAY            0                         0      0        0
  MONTH TO DATE    0                         0      0        0
  SINCE MAR 1      0                         0      0        0
  SINCE JAN 1      0                         0      0        0
..................................................................


WIND (MPH)
  HIGHEST WIND SPEED    22   HIGHEST WIND DIRECTION    SE (140)
  HIGHEST GUST SPEED    26   HIGHEST GUST DIRECTION     E (100)
  AVERAGE WIND SPEED     8.4


SKY COVER
  POSSIBLE SUNSHINE  MM
  AVERAGE SKY COVER 0.2


WEATHER CONDITIONS
 THE FOLLOWING WEATHER WAS RECORDED TODAY.
  NO SIGNIFICANT WEATHER WAS OBSERVED.


RELATIVE HUMIDITY (PERCENT)
 HIGHEST    67           100 AM
 LOWEST     25           300 PM
 AVERAGE    46

..........................................................


THE PUEBLO CO CLIMATE NORMALS FOR TOMORROW
                         NORMAL    RECORD    YEAR
 MAXIMUM TEMPERATURE (F)   71        88      1910
 MINIMUM TEMPERATURE (F)   38        20      1932


SUNRISE AND SUNSET
APRIL 27 2016.........SUNRISE   606 AM MDT   SUNSET   746 PM MDT
APRIL 28 2016.........SUNRISE   604 AM MDT   SUNSET   747 PM MDT


-  INDICATES NEGATIVE NUMBERS.
R  INDICATES RECORD WAS SET OR TIED.
MM INDICATES DATA IS MISSING.
T  INDICATES TRACE AMOUNT.




$$
