000
CDUS45 KPUB 050028
CLIPUB


CLIMATE REPORT
NATIONAL WEATHER SERVICE PUEBLO
528 PM MST SAT FEB 4 2017


...................................

...THE PUEBLO CO CLIMATE SUMMARY FOR FEBRUARY 4 2017...
VALID TODAY AS OF 0500 PM LOCAL TIME.

CLIMATE NORMAL PERIOD 1981 TO 2010
CLIMATE RECORD PERIOD 1888 TO 2017


WEATHER ITEM   OBSERVED TIME   RECORD YEAR NORMAL DEPARTURE LAST
                VALUE   (LST)  VALUE       VALUE  FROM      YEAR
                                                  NORMAL
..................................................................
TEMPERATURE (F)
 TODAY
  MAXIMUM         65    239 PM  75    1935  48     17       36
  MINIMUM         16   1210 AM -14    1996  15      1        0
  AVERAGE         41                        32      9       18

PRECIPITATION (IN)
  TODAY            0.00          0.31 1896   0.00   0.00     0.00
  MONTH TO DATE    0.00                      0.03  -0.03     0.30
  SINCE DEC 1      1.51                      0.76   0.75     1.23
  SINCE JAN 1      0.75                      0.38   0.37     0.83

SNOWFALL (IN)
  TODAY            0.0           2.8  2014   0.1   -0.1      0.0
  MONTH TO DATE    0.0                       0.6   -0.6      5.4
  SINCE DEC 1     14.2                      12.6    1.6     17.4
  SINCE JUL 1     14.2                      18.6   -4.4     23.8
  SNOW DEPTH       0

DEGREE DAYS
 HEATING
  TODAY           24                        33     -9       47
  MONTH TO DATE  137                       135      2      174
  SINCE DEC 1   2221                      2286    -65     2105
  SINCE JUL 1   3003                      3567   -564     2979

 COOLING
  TODAY            0                         0      0        0
  MONTH TO DATE    0                         0      0        0
  SINCE DEC 1      0                         0      0        0
  SINCE JAN 1      0                         0      0        0
..................................................................


WIND (MPH)
  HIGHEST WIND SPEED    41   HIGHEST WIND DIRECTION     W (280)
  HIGHEST GUST SPEED    54   HIGHEST GUST DIRECTION     W (290)
  AVERAGE WIND SPEED    20.3


SKY COVER
  POSSIBLE SUNSHINE  MM
  AVERAGE SKY COVER 0.0


WEATHER CONDITIONS
 THE FOLLOWING WEATHER WAS RECORDED TODAY.
  NO SIGNIFICANT WEATHER WAS OBSERVED.


RELATIVE HUMIDITY (PERCENT)
 HIGHEST    84           100 AM
 LOWEST     16           100 PM
 AVERAGE    50

..........................................................


THE PUEBLO CO CLIMATE NORMALS FOR TOMORROW
                         NORMAL    RECORD    YEAR
 MAXIMUM TEMPERATURE (F)   48        77      1963
 MINIMUM TEMPERATURE (F)   15       -11      1982


SUNRISE AND SUNSET
FEBRUARY  4 2017......SUNRISE   700 AM MST   SUNSET   524 PM MST
FEBRUARY  5 2017......SUNRISE   659 AM MST   SUNSET   526 PM MST


-  INDICATES NEGATIVE NUMBERS.
R  INDICATES RECORD WAS SET OR TIED.
MM INDICATES DATA IS MISSING.
T  INDICATES TRACE AMOUNT.




$$
