000
CDUS45 KPUB 111021
CLIPUB


CLIMATE REPORT
NATIONAL WEATHER SERVICE PUEBLO
419 AM MDT FRI APR 11 2014


...................................

...THE PUEBLO CO CLIMATE SUMMARY FOR APRIL 10 2014...

CLIMATE NORMAL PERIOD 1981 TO 2010
CLIMATE RECORD PERIOD 1888 TO 2014


WEATHER ITEM   OBSERVED TIME   RECORD YEAR NORMAL DEPARTURE LAST
                VALUE   (LST)  VALUE       VALUE  FROM      YEAR
                                                  NORMAL
..................................................................
TEMPERATURE (F)
 YESTERDAY
  MAXIMUM         72    512 PM  86    1977  65      7       36
                                      1960
                                      1907
  MINIMUM         44    436 AM   6    1959  32     12       14
  AVERAGE         58                        49      9       25

PRECIPITATION (IN)
  YESTERDAY        0.00          0.86 1900   0.04  -0.04     0.00
  MONTH TO DATE    0.60                      0.37   0.23     0.04
  SINCE MAR 1      1.36                      1.30   0.06     0.25
  SINCE JAN 1      2.09                      1.95   0.14     0.94

SNOWFALL (IN)
  YESTERDAY        0.0           6.0  1944   0.2   -0.2      0.0
  MONTH TO DATE    3.1                       1.6    1.5      0.8
  SINCE MAR 1      5.5                       7.3   -1.8      6.5
  SINCE JUL 1     24.1                      29.1   -5.0     21.2
  SNOW DEPTH       0

DEGREE DAYS
 HEATING
  YESTERDAY        7                        16     -9       40
  MONTH TO DATE  163                       175    -12      196
  SINCE MAR 1    835                       877    -42      931
  SINCE JUL 1   5040                      5180   -140     5168

 COOLING
  YESTERDAY        0                         0      0        0
  MONTH TO DATE    0                         0      0        0
  SINCE MAR 1      0                         0      0        0
  SINCE JAN 1      0                         0      0        0
..................................................................


WIND (MPH)
  HIGHEST WIND SPEED    28   HIGHEST WIND DIRECTION     E (80)
  HIGHEST GUST SPEED    32   HIGHEST GUST DIRECTION     E (80)
  AVERAGE WIND SPEED    11.8


SKY COVER
  POSSIBLE SUNSHINE  MM
  AVERAGE SKY COVER 0.0


WEATHER CONDITIONS
 THE FOLLOWING WEATHER WAS RECORDED YESTERDAY.
  NO SIGNIFICANT WEATHER WAS OBSERVED.


RELATIVE HUMIDITY (PERCENT)
 HIGHEST    52          1100 PM
 LOWEST     20           500 PM
 AVERAGE    36

..........................................................


THE PUEBLO CO CLIMATE NORMALS FOR TODAY
                         NORMAL    RECORD    YEAR
 MAXIMUM TEMPERATURE (F)   66        88      1982
 MINIMUM TEMPERATURE (F)   32        11      1995


SUNRISE AND SUNSET
APRIL 11 2014.........SUNRISE   628 AM MDT   SUNSET   731 PM MDT
APRIL 12 2014.........SUNRISE   627 AM MDT   SUNSET   732 PM MDT


-  INDICATES NEGATIVE NUMBERS.
R  INDICATES RECORD WAS SET OR TIED.
MM INDICATES DATA IS MISSING.
T  INDICATES TRACE AMOUNT.




$$
