000
CDUS45 KPUB 080027
CLIPUB


CLIMATE REPORT
NATIONAL WEATHER SERVICE PUEBLO
527 PM MST FRI NOV 7 2014


...................................

...THE PUEBLO CO CLIMATE SUMMARY FOR NOVEMBER 7 2014...
VALID TODAY AS OF 0500 PM LOCAL TIME.

CLIMATE NORMAL PERIOD 1981 TO 2010
CLIMATE RECORD PERIOD 1888 TO 2014


WEATHER ITEM   OBSERVED TIME   RECORD YEAR NORMAL DEPARTURE LAST
                VALUE   (LST)  VALUE       VALUE  FROM      YEAR
                                                  NORMAL
..................................................................
TEMPERATURE (F)
 TODAY
  MAXIMUM         73    257 PM  84    1980  61     12       59
  MINIMUM         29    511 AM  11    1938  26      3       21
  AVERAGE         51                        43      8       40

PRECIPITATION (IN)
  TODAY            0.00          0.71 1925   0.02  -0.02     0.00
  MONTH TO DATE    T                         0.12  -0.12     0.01
  SINCE SEP 1      1.53                      1.61  -0.08     1.52
  SINCE JAN 1     11.13                     11.84  -0.71     9.32

SNOWFALL (IN)
  TODAY            0.0           9.4  1925   0.1   -0.1      0.0
  MONTH TO DATE    0.0                       0.8   -0.8       T
  SINCE SEP 1      0.0                       2.4   -2.4      0.1
  SINCE JUL 1      T                         2.4   -2.4      0.1
  SNOW DEPTH       0

DEGREE DAYS
 HEATING
  TODAY           14                        22     -8       25
  MONTH TO DATE  106                       143    -37      168
  SINCE SEP 1    431                       648   -217      622
  SINCE JUL 1    432                       653   -221      622

 COOLING
  TODAY            0                         0      0        0
  MONTH TO DATE    0                         0      0        0
  SINCE SEP 1    127                        86     41      170
  SINCE JAN 1   1002                       897    105     1230
..................................................................


WIND (MPH)
  HIGHEST WIND SPEED    28   HIGHEST WIND DIRECTION     W (290)
  HIGHEST GUST SPEED    36   HIGHEST GUST DIRECTION    NW (300)
  AVERAGE WIND SPEED     8.9


SKY COVER
  POSSIBLE SUNSHINE  MM
  AVERAGE SKY COVER 0.0


WEATHER CONDITIONS
 THE FOLLOWING WEATHER WAS RECORDED TODAY.
  NO SIGNIFICANT WEATHER WAS OBSERVED.


RELATIVE HUMIDITY (PERCENT)
 HIGHEST    69           500 AM
 LOWEST     10          1200 PM
 AVERAGE    40

..........................................................


THE PUEBLO CO CLIMATE NORMALS FOR TOMORROW
                         NORMAL    RECORD    YEAR
 MAXIMUM TEMPERATURE (F)   60        85      2006
 MINIMUM TEMPERATURE (F)   26        10      1925
                                             1896


SUNRISE AND SUNSET
NOVEMBER  7 2014......SUNRISE   631 AM MST   SUNSET   452 PM MST
NOVEMBER  8 2014......SUNRISE   632 AM MST   SUNSET   451 PM MST


-  INDICATES NEGATIVE NUMBERS.
R  INDICATES RECORD WAS SET OR TIED.
MM INDICATES DATA IS MISSING.
T  INDICATES TRACE AMOUNT.




$$
