000
CDUS45 KPUB 191140
CLIPUB


CLIMATE REPORT
NATIONAL WEATHER SERVICE PUEBLO
440 AM MST MON JAN 19 2015


...................................

...THE PUEBLO CO CLIMATE SUMMARY FOR JANUARY 18 2015...

CLIMATE NORMAL PERIOD 1981 TO 2010
CLIMATE RECORD PERIOD 1888 TO 2015


WEATHER ITEM   OBSERVED TIME   RECORD YEAR NORMAL DEPARTURE LAST
                VALUE   (LST)  VALUE       VALUE  FROM      YEAR
                                                  NORMAL
..................................................................
TEMPERATURE (F)
 YESTERDAY
  MAXIMUM         69    237 PM  71    1999  47     22       60
                                      1920
  MINIMUM         19    128 AM -22    1943  14      5       14
  AVERAGE         44                        31     13       37

PRECIPITATION (IN)
  YESTERDAY        0.00          0.18 1990   0.01  -0.01     0.00
  MONTH TO DATE    0.02                      0.20  -0.18     0.04
  SINCE DEC 1      0.26                      0.58  -0.32     0.07
  SINCE JAN 1      0.02                      0.20  -0.18     0.04

SNOWFALL (IN)
  YESTERDAY        0.0           3.1  1990   0.3   -0.3      0.0
  MONTH TO DATE    0.4                       3.8   -3.4      1.1
  SINCE DEC 1      3.6                       9.3   -5.7      3.3
  SINCE JUL 1     13.5                      15.3   -1.8      7.0
  SNOW DEPTH       0

DEGREE DAYS
 HEATING
  YESTERDAY       21                        34    -13       28
  MONTH TO DATE  615                       626    -11      601
  SINCE DEC 1   1684                      1708    -24     1656
  SINCE JUL 1   2846                      2989   -143     2839

 COOLING
  YESTERDAY        0                         0      0        0
  MONTH TO DATE    0                         0      0        0
  SINCE DEC 1      0                         0      0        0
  SINCE JAN 1      0                         0      0        0
..................................................................


WIND (MPH)
  HIGHEST WIND SPEED    31   HIGHEST WIND DIRECTION     W (290)
  HIGHEST GUST SPEED    38   HIGHEST GUST DIRECTION     W (290)
  AVERAGE WIND SPEED    13.2


SKY COVER
  POSSIBLE SUNSHINE  MM
  AVERAGE SKY COVER 0.0


WEATHER CONDITIONS
 THE FOLLOWING WEATHER WAS RECORDED YESTERDAY.
  NO SIGNIFICANT WEATHER WAS OBSERVED.


RELATIVE HUMIDITY (PERCENT)
 HIGHEST    62          1200 AM
 LOWEST     10           900 AM
 AVERAGE    36

..........................................................


THE PUEBLO CO CLIMATE NORMALS FOR TODAY
                         NORMAL    RECORD    YEAR
 MAXIMUM TEMPERATURE (F)   47        75      1986
 MINIMUM TEMPERATURE (F)   14       -26      1943


SUNRISE AND SUNSET
JANUARY 19 2015.......SUNRISE   712 AM MST   SUNSET   506 PM MST
JANUARY 20 2015.......SUNRISE   711 AM MST   SUNSET   507 PM MST


-  INDICATES NEGATIVE NUMBERS.
R  INDICATES RECORD WAS SET OR TIED.
MM INDICATES DATA IS MISSING.
T  INDICATES TRACE AMOUNT.




$$
