000
CDUS45 KPUB 141202
CLIPUB


CLIMATE REPORT
NATIONAL WEATHER SERVICE PUEBLO
502 AM MST SAT JAN 14 2017


...................................

...THE PUEBLO CO CLIMATE SUMMARY FOR JANUARY 13 2017...

CLIMATE NORMAL PERIOD 1981 TO 2010
CLIMATE RECORD PERIOD 1888 TO 2017


WEATHER ITEM   OBSERVED TIME   RECORD YEAR NORMAL DEPARTURE LAST
                VALUE   (LST)  VALUE       VALUE  FROM      YEAR
                                                  NORMAL
..................................................................
TEMPERATURE (F)
 YESTERDAY
  MAXIMUM         29    530 PM  73    1996  47    -18       47
                                      1983
  MINIMUM         18    543 AM -24    1963  14      4       14
  AVERAGE         24                        30     -6       31

PRECIPITATION (IN)
  YESTERDAY        0.00          0.28 1918   0.01  -0.01     0.00
  MONTH TO DATE    0.41                      0.14   0.27     0.41
  SINCE DEC 1      1.17                      0.52   0.65     0.81
  SINCE JAN 1      0.41                      0.14   0.27     0.41

SNOWFALL (IN)
  YESTERDAY        0.0           3.7  1940   0.2   -0.2      0.0
  MONTH TO DATE    6.5                       2.6    3.9      5.0
  SINCE DEC 1     10.9                       8.1    2.8     10.5
  SINCE JUL 1     10.9                      14.1   -3.2     16.9
  SNOW DEPTH       0

DEGREE DAYS
 HEATING
  YESTERDAY       41                        35      6       34
  MONTH TO DATE  489                       455     34      489
  SINCE DEC 1   1564                      1537     27     1436
  SINCE JUL 1   2346                      2818   -472     2310

 COOLING
  YESTERDAY        0                         0      0        0
  MONTH TO DATE    0                         0      0        0
  SINCE DEC 1      0                         0      0        0
  SINCE JAN 1      0                         0      0        0
..................................................................


WIND (MPH)
  HIGHEST WIND SPEED     9   HIGHEST WIND DIRECTION     E (90)
  HIGHEST GUST SPEED    11   HIGHEST GUST DIRECTION     E (110)
  AVERAGE WIND SPEED     3.4


SKY COVER
  POSSIBLE SUNSHINE  MM
  AVERAGE SKY COVER 0.3


WEATHER CONDITIONS
 THE FOLLOWING WEATHER WAS RECORDED YESTERDAY.
  FOG
  HAZE


RELATIVE HUMIDITY (PERCENT)
 HIGHEST    81          1100 AM
 LOWEST     69           200 PM
 AVERAGE    75

..........................................................


THE PUEBLO CO CLIMATE NORMALS FOR TODAY
                         NORMAL    RECORD    YEAR
 MAXIMUM TEMPERATURE (F)   47        67      2006
 MINIMUM TEMPERATURE (F)   14       -15      1979


SUNRISE AND SUNSET
JANUARY 14 2017.......SUNRISE   714 AM MST   SUNSET   501 PM MST
JANUARY 15 2017.......SUNRISE   713 AM MST   SUNSET   502 PM MST


-  INDICATES NEGATIVE NUMBERS.
R  INDICATES RECORD WAS SET OR TIED.
MM INDICATES DATA IS MISSING.
T  INDICATES TRACE AMOUNT.




$$
