000
CDUS45 KPUB 181104
CLIPUB


CLIMATE REPORT
NATIONAL WEATHER SERVICE PUEBLO
503 AM MDT SUN SEP 18 2016


...................................

...THE PUEBLO CO CLIMATE SUMMARY FOR SEPTEMBER 17 2016...

CLIMATE NORMAL PERIOD 1981 TO 2010
CLIMATE RECORD PERIOD 1888 TO 2016


WEATHER ITEM   OBSERVED TIME   RECORD YEAR NORMAL DEPARTURE LAST
                VALUE   (LST)  VALUE       VALUE  FROM      YEAR
                                                  NORMAL
..................................................................
TEMPERATURE (F)
 YESTERDAY
  MAXIMUM         87    414 PM  96    2004  81      6       88
                                      2000
  MINIMUM         47    609 AM  33    1903  47      0       53
  AVERAGE         67                        64      3       71

PRECIPITATION (IN)
  YESTERDAY        0.00          0.97 1971   0.02  -0.02     0.00
  MONTH TO DATE    0.05                      0.49  -0.44     0.02
  SINCE SEP 1      0.05                      0.49  -0.44     0.02
  SINCE JAN 1     10.37                     10.72  -0.35    15.04

SNOWFALL (IN)
  YESTERDAY        0.0           7.3  1971   0.0    0.0      0.0
  MONTH TO DATE    0.0                       0.1   -0.1      0.0
  SINCE SEP 1      0.0                       0.1   -0.1      0.0
  SINCE JUL 1      T                         0.1   -0.1      0.0
  SNOW DEPTH       0

DEGREE DAYS
 HEATING
  YESTERDAY        0                         3     -3        0
  MONTH TO DATE    4                        27    -23        0
  SINCE SEP 1      4                        27    -23        0
  SINCE JUL 1      4                        32    -28        0

 COOLING
  YESTERDAY        2                         2      0        6
  MONTH TO DATE  117                        67     50      169
  SINCE SEP 1    117                        67     50      169
  SINCE JAN 1   1282                       878    404     1215
..................................................................


WIND (MPH)
  HIGHEST WIND SPEED    25   HIGHEST WIND DIRECTION     W (290)
  HIGHEST GUST SPEED    36   HIGHEST GUST DIRECTION    NW (320)
  AVERAGE WIND SPEED     7.9


SKY COVER
  POSSIBLE SUNSHINE  MM
  AVERAGE SKY COVER 0.0


WEATHER CONDITIONS
 THE FOLLOWING WEATHER WAS RECORDED YESTERDAY.
  THUNDERSTORM


RELATIVE HUMIDITY (PERCENT)
 HIGHEST    76           600 AM
 LOWEST      5           400 PM
 AVERAGE    41

..........................................................


THE PUEBLO CO CLIMATE NORMALS FOR TODAY
                         NORMAL    RECORD    YEAR
 MAXIMUM TEMPERATURE (F)   81        96      2004
 MINIMUM TEMPERATURE (F)   47        33      2006
                                             1971


SUNRISE AND SUNSET
SEPTEMBER 18 2016.....SUNRISE   643 AM MDT   SUNSET   700 PM MDT
SEPTEMBER 19 2016.....SUNRISE   644 AM MDT   SUNSET   659 PM MDT


-  INDICATES NEGATIVE NUMBERS.
R  INDICATES RECORD WAS SET OR TIED.
MM INDICATES DATA IS MISSING.
T  INDICATES TRACE AMOUNT.




$$
