000
CDUS45 KPUB 162318
CLIPUB


CLIMATE REPORT
NATIONAL WEATHER SERVICE PUEBLO
517 PM MDT SUN APR 16 2017


...................................

...THE PUEBLO CO CLIMATE SUMMARY FOR APRIL 16 2017...
VALID TODAY AS OF 0500 PM LOCAL TIME.

CLIMATE NORMAL PERIOD 1981 TO 2010
CLIMATE RECORD PERIOD 1888 TO 2017


WEATHER ITEM   OBSERVED TIME   RECORD YEAR NORMAL DEPARTURE LAST
                VALUE   (LST)  VALUE       VALUE  FROM      YEAR
                                                  NORMAL
..................................................................
TEMPERATURE (F)
 TODAY
  MAXIMUM         72    338 PM  85    2006  67      5       45
                                      1985
                                      1964
  MINIMUM         43    536 AM  22    2011  34      9       35
  AVERAGE         58                        50      8       40

PRECIPITATION (IN)
  TODAY            0.00          1.07 2007   0.05  -0.05     0.74
  MONTH TO DATE    1.70                      0.65   1.05     1.48
  SINCE MAR 1      2.65                      1.58   1.07     2.06
  SINCE JAN 1      3.57                      2.23   1.34     2.92

SNOWFALL (IN)
  TODAY            0.0           1.2  1998   0.2   -0.2      0.2
  MONTH TO DATE    5.6                       2.4    3.2      0.2
  SINCE MAR 1      5.6                       8.1   -2.5      4.1
  SINCE JUL 1     19.8                      29.9  -10.1     28.3
  SNOW DEPTH       0

DEGREE DAYS
 HEATING
  TODAY            7                        14     -7       25
  MONTH TO DATE  198                       266    -68      174
  SINCE MAR 1    674                       968   -294      772
  SINCE JUL 1   4174                      5271  -1097     4281

 COOLING
  TODAY            0                         0      0        0
  MONTH TO DATE    0                         0      0        0
  SINCE MAR 1      0                         0      0        0
  SINCE JAN 1      0                         0      0        0
..................................................................


WIND (MPH)
  HIGHEST WIND SPEED    20   HIGHEST WIND DIRECTION    SE (130)
  HIGHEST GUST SPEED    24   HIGHEST GUST DIRECTION    SE (130)
  AVERAGE WIND SPEED     6.6


SKY COVER
  POSSIBLE SUNSHINE  MM
  AVERAGE SKY COVER 0.3


WEATHER CONDITIONS
 THE FOLLOWING WEATHER WAS RECORDED TODAY.
  NO SIGNIFICANT WEATHER WAS OBSERVED.


RELATIVE HUMIDITY (PERCENT)
 HIGHEST    55          1000 AM
 LOWEST     31           300 PM
 AVERAGE    43

..........................................................


THE PUEBLO CO CLIMATE NORMALS FOR TOMORROW
                         NORMAL    RECORD    YEAR
 MAXIMUM TEMPERATURE (F)   68        88      2006
                                             1954
 MINIMUM TEMPERATURE (F)   34        17      1901


SUNRISE AND SUNSET
APRIL 16 2017.........SUNRISE   621 AM MDT   SUNSET   736 PM MDT
APRIL 17 2017.........SUNRISE   619 AM MDT   SUNSET   737 PM MDT


-  INDICATES NEGATIVE NUMBERS.
R  INDICATES RECORD WAS SET OR TIED.
MM INDICATES DATA IS MISSING.
T  INDICATES TRACE AMOUNT.




$$
