000
CDUS45 KPUB 040028
CLIPUB


CLIMATE REPORT
NATIONAL WEATHER SERVICE PUEBLO
628 PM MDT THU JUL 3 2014


...................................

...THE PUEBLO CO CLIMATE SUMMARY FOR JULY 3 2014...
VALID TODAY AS OF 0500 PM LOCAL TIME.

CLIMATE NORMAL PERIOD 1981 TO 2010
CLIMATE RECORD PERIOD 1888 TO 2014


WEATHER ITEM   OBSERVED TIME   RECORD YEAR NORMAL DEPARTURE LAST
                VALUE   (LST)  VALUE       VALUE  FROM      YEAR
                                                  NORMAL
..................................................................
TEMPERATURE (F)
 TODAY
  MAXIMUM         93    232 PM 106    2003  93      0       88
  MINIMUM         57    521 AM  49    1995  57      0       53
                                      1985
  AVERAGE         75                        75      0       71

PRECIPITATION (IN)
  TODAY            0.00          1.35 1923   0.05  -0.05     0.00
  MONTH TO DATE    0.09                      0.16  -0.07     0.03
  SINCE JUN 1      0.95                      1.52  -0.57     0.30
  SINCE JAN 1      5.15                      6.01  -0.86     2.23

SNOWFALL (IN)
  TODAY            0.0           0.0  2002   0.0    0.0      0.0
                                      2001
  MONTH TO DATE    0.0                       0.0    0.0      0.0
  SINCE JUN 1      T                         0.0    0.0       T
  SINCE JUL 1      0.0                       0.0    0.0      0.0
  SNOW DEPTH       0

DEGREE DAYS
 HEATING
  TODAY            0                         0      0        0
  MONTH TO DATE    0                         0      0        0
  SINCE JUN 1      3                        25    -22       17
  SINCE JUL 1      0                         0      0        0

 COOLING
  TODAY           10                        10      0        6
  MONTH TO DATE   15                        30    -15       12
  SINCE JUN 1    255                       205     50      315
  SINCE JAN 1    307                       239     68      388
..................................................................


WIND (MPH)
  HIGHEST WIND SPEED    39   HIGHEST WIND DIRECTION    NW (320)
  HIGHEST GUST SPEED    49   HIGHEST GUST DIRECTION    NW (320)
  AVERAGE WIND SPEED     6.7


SKY COVER
  POSSIBLE SUNSHINE  MM
  AVERAGE SKY COVER 0.1


WEATHER CONDITIONS
 THE FOLLOWING WEATHER WAS RECORDED TODAY.
  THUNDERSTORM


RELATIVE HUMIDITY (PERCENT)
 HIGHEST    86           300 AM
 LOWEST     20           300 PM
 AVERAGE    53

..........................................................


THE PUEBLO CO CLIMATE NORMALS FOR TOMORROW
                         NORMAL    RECORD    YEAR
 MAXIMUM TEMPERATURE (F)   93       104      1996
 MINIMUM TEMPERATURE (F)   57        41      1903


SUNRISE AND SUNSET
JULY  3 2014..........SUNRISE   539 AM MDT   SUNSET   825 PM MDT
JULY  4 2014..........SUNRISE   540 AM MDT   SUNSET   825 PM MDT


-  INDICATES NEGATIVE NUMBERS.
R  INDICATES RECORD WAS SET OR TIED.
MM INDICATES DATA IS MISSING.
T  INDICATES TRACE AMOUNT.




$$
