000
CDUS45 KPUB 191141
CLIPUB


CLIMATE REPORT
NATIONAL WEATHER SERVICE PUEBLO
441 AM MST WED NOV 19 2014


...................................

...THE PUEBLO CO CLIMATE SUMMARY FOR NOVEMBER 18 2014...

CLIMATE NORMAL PERIOD 1981 TO 2010
CLIMATE RECORD PERIOD 1888 TO 2014


WEATHER ITEM   OBSERVED TIME   RECORD YEAR NORMAL DEPARTURE LAST
                VALUE   (LST)  VALUE       VALUE  FROM      YEAR
                                                  NORMAL
..................................................................
TEMPERATURE (F)
 YESTERDAY
  MAXIMUM         50    113 PM  77    2008  55     -5       57
  MINIMUM          4    546 AM   1    1903  21    -17       18
  AVERAGE         27                        38    -11       38

PRECIPITATION (IN)
  YESTERDAY        0.00          0.51 1921   0.01  -0.01     0.00
  MONTH TO DATE    0.44                      0.29   0.15     0.01
  SINCE SEP 1      1.97                      1.78   0.19     1.52
  SINCE JAN 1     11.57                     12.01  -0.44     9.32

SNOWFALL (IN)
  YESTERDAY        0.0           6.9  1921   0.1   -0.1      0.0
  MONTH TO DATE    9.1                       2.3    6.8       T
  SINCE SEP 1      9.1                       3.9    5.2      0.1
  SINCE JUL 1      9.1                       3.9    5.2      0.1
  SNOW DEPTH       2

DEGREE DAYS
 HEATING
  YESTERDAY       38                        27     11       27
  MONTH TO DATE  547                       413    134      384
  SINCE SEP 1    872                       918    -46      838
  SINCE JUL 1    873                       923    -50      838

 COOLING
  YESTERDAY        0                         0      0        0
  MONTH TO DATE    0                         0      0        0
  SINCE SEP 1    127                        86     41      170
  SINCE JAN 1   1002                       897    105     1230
..................................................................


WIND (MPH)
  HIGHEST WIND SPEED    30   HIGHEST WIND DIRECTION     W (280)
  HIGHEST GUST SPEED    37   HIGHEST GUST DIRECTION     W (280)
  AVERAGE WIND SPEED     5.8


SKY COVER
  POSSIBLE SUNSHINE  MM
  AVERAGE SKY COVER 0.0


WEATHER CONDITIONS
 THE FOLLOWING WEATHER WAS RECORDED YESTERDAY.
  NO SIGNIFICANT WEATHER WAS OBSERVED.


RELATIVE HUMIDITY (PERCENT)
 HIGHEST    88           200 AM
 LOWEST     24           100 PM
 AVERAGE    56

..........................................................


THE PUEBLO CO CLIMATE NORMALS FOR TODAY
                         NORMAL    RECORD    YEAR
 MAXIMUM TEMPERATURE (F)   54        82      2007
 MINIMUM TEMPERATURE (F)   21        -1      1928


SUNRISE AND SUNSET
NOVEMBER 19 2014......SUNRISE   644 AM MST   SUNSET   443 PM MST
NOVEMBER 20 2014......SUNRISE   645 AM MST   SUNSET   442 PM MST


-  INDICATES NEGATIVE NUMBERS.
R  INDICATES RECORD WAS SET OR TIED.
MM INDICATES DATA IS MISSING.
T  INDICATES TRACE AMOUNT.




$$
