000
CDUS45 KPUB 261046
CLIPUB


CLIMATE REPORT
NATIONAL WEATHER SERVICE PUEBLO
446 AM MDT SUN JUL 26 2015


...................................

...THE PUEBLO CO CLIMATE SUMMARY FOR JULY 25 2015...

CLIMATE NORMAL PERIOD 1981 TO 2010
CLIMATE RECORD PERIOD 1888 TO 2015


WEATHER ITEM   OBSERVED TIME   RECORD YEAR NORMAL DEPARTURE LAST
                VALUE   (LST)  VALUE       VALUE  FROM      YEAR
                                                  NORMAL
..................................................................
TEMPERATURE (F)
 YESTERDAY
  MAXIMUM        100    327 PM 107    2003  93      7      100
  MINIMUM         68    518 AM  48    1995  60      8       68
  AVERAGE         84                        76      8       84

PRECIPITATION (IN)
  YESTERDAY        0.00          1.96 1977   0.07  -0.07     0.21
  MONTH TO DATE    0.64                      1.60  -0.96     2.31
  SINCE JUN 1      1.86                      2.96  -1.10     3.17
  SINCE JAN 1     10.78                      7.45   3.33     7.37

SNOWFALL (IN)
  YESTERDAY        0.0           T    2001   0.0    0.0      0.0
  MONTH TO DATE    0.0                       0.0    0.0      0.0
  SINCE JUN 1      0.0                       0.0    0.0       T
  SINCE JUL 1      0.0                       0.0    0.0      0.0
  SNOW DEPTH       0

DEGREE DAYS
 HEATING
  YESTERDAY        0                         0      0        0
  MONTH TO DATE    0                         0      0        0
  SINCE JUN 1      0                        25    -25        3
  SINCE JUL 1      0                         0      0        0

 COOLING
  YESTERDAY       19                        11      8       19
  MONTH TO DATE  310                       270     40      280
  SINCE JUN 1    553                       445    108      520
  SINCE JAN 1    557                       479     78      572
..................................................................


WIND (MPH)
  HIGHEST WIND SPEED    22   HIGHEST WIND DIRECTION     N (360)
  HIGHEST GUST SPEED    32   HIGHEST GUST DIRECTION    NE (30)
  AVERAGE WIND SPEED     9.5


SKY COVER
  POSSIBLE SUNSHINE  MM
  AVERAGE SKY COVER 0.0


WEATHER CONDITIONS
 THE FOLLOWING WEATHER WAS RECORDED YESTERDAY.
  NO SIGNIFICANT WEATHER WAS OBSERVED.


RELATIVE HUMIDITY (PERCENT)
 HIGHEST    55           400 AM
 LOWEST     14           300 PM
 AVERAGE    35

..........................................................


THE PUEBLO CO CLIMATE NORMALS FOR TODAY
                         NORMAL    RECORD    YEAR
 MAXIMUM TEMPERATURE (F)   92       104      1982
 MINIMUM TEMPERATURE (F)   60        52      1993


SUNRISE AND SUNSET
JULY 26 2015..........SUNRISE   555 AM MDT   SUNSET   814 PM MDT
JULY 27 2015..........SUNRISE   556 AM MDT   SUNSET   813 PM MDT


-  INDICATES NEGATIVE NUMBERS.
R  INDICATES RECORD WAS SET OR TIED.
MM INDICATES DATA IS MISSING.
T  INDICATES TRACE AMOUNT.




$$
