000
CDUS45 KPUB 161032
CLIPUB


CLIMATE REPORT
NATIONAL WEATHER SERVICE PUEBLO
431 AM MDT MON MAY 16 2016


...................................

...THE PUEBLO CO CLIMATE SUMMARY FOR MAY 15 2016...

CLIMATE NORMAL PERIOD 1981 TO 2010
CLIMATE RECORD PERIOD 1888 TO 2016


WEATHER ITEM   OBSERVED TIME   RECORD YEAR NORMAL DEPARTURE LAST
                VALUE   (LST)  VALUE       VALUE  FROM      YEAR
                                                  NORMAL
..................................................................
TEMPERATURE (F)
 YESTERDAY
  MAXIMUM         68    237 PM  96    1996  77     -9       75
  MINIMUM         46    600 AM  32    1924  44      2       47
                                      1916
  AVERAGE         57                        60     -3       61

PRECIPITATION (IN)
  YESTERDAY        T             2.31 1957   0.05  -0.05     0.00
  MONTH TO DATE    0.01                      0.75  -0.74     2.85
  SINCE MAR 1      3.56                      3.08   0.48     4.84
  SINCE JAN 1      4.42                      3.73   0.69     6.22

SNOWFALL (IN)
  YESTERDAY        0.0           1.2  1949   0.0    0.0      0.0
  MONTH TO DATE    0.0                       0.5   -0.5       T
  SINCE MAR 1      7.2                      10.0   -2.8      1.7
  SINCE JUL 1     31.4                      31.8   -0.4     42.8
  SNOW DEPTH       0

DEGREE DAYS
 HEATING
  YESTERDAY        8                         6      2        4
  MONTH TO DATE   92                       113    -21      118
  SINCE MAR 1   1056                      1250   -194     1106
  SINCE JUL 1   4565                      5553   -988     5128

 COOLING
  YESTERDAY        0                         1     -1        0
  MONTH TO DATE    3                         6     -3        1
  SINCE MAR 1      3                         8     -5        1
  SINCE JAN 1      3                         8     -5        1
..................................................................


WIND (MPH)
  HIGHEST WIND SPEED    26   HIGHEST WIND DIRECTION     N (350)
  HIGHEST GUST SPEED    32   HIGHEST GUST DIRECTION     N (360)
  AVERAGE WIND SPEED     7.7


SKY COVER
  POSSIBLE SUNSHINE  MM
  AVERAGE SKY COVER 0.6


WEATHER CONDITIONS
 THE FOLLOWING WEATHER WAS RECORDED YESTERDAY.
  LIGHT RAIN


RELATIVE HUMIDITY (PERCENT)
 HIGHEST    77           900 PM
 LOWEST     44           200 PM
 AVERAGE    61

..........................................................


THE PUEBLO CO CLIMATE NORMALS FOR TODAY
                         NORMAL    RECORD    YEAR
 MAXIMUM TEMPERATURE (F)   77        98      1996
 MINIMUM TEMPERATURE (F)   44        31      2011
                                             1916


SUNRISE AND SUNSET
MAY 16 2016...........SUNRISE   546 AM MDT   SUNSET   804 PM MDT
MAY 17 2016...........SUNRISE   545 AM MDT   SUNSET   804 PM MDT


-  INDICATES NEGATIVE NUMBERS.
R  INDICATES RECORD WAS SET OR TIED.
MM INDICATES DATA IS MISSING.
T  INDICATES TRACE AMOUNT.




$$
