595
CDUS45 KPUB 221024
CLIPUB


CLIMATE REPORT
NATIONAL WEATHER SERVICE PUEBLO
424 AM MDT WED MAR 22 2017


...................................

...THE PUEBLO CO CLIMATE SUMMARY FOR MARCH 21 2017...

CLIMATE NORMAL PERIOD 1981 TO 2010
CLIMATE RECORD PERIOD 1888 TO 2017


WEATHER ITEM   OBSERVED TIME   RECORD YEAR NORMAL DEPARTURE LAST
                VALUE   (LST)  VALUE       VALUE  FROM      YEAR
                                                  NORMAL
..................................................................
TEMPERATURE (F)
 YESTERDAY
  MAXIMUM         67    252 PM  82    2016  61      6       82
  MINIMUM         38    500 AM   9    1965  27     11       23
  AVERAGE         53                        44      9       53

PRECIPITATION (IN)
  YESTERDAY        0.00          0.59 1952   0.03  -0.03     0.00
  MONTH TO DATE    0.00                      0.59  -0.59     0.10
  SINCE MAR 1      0.00                      0.59  -0.59     0.10
  SINCE JAN 1      0.92                      1.24  -0.32     0.96

SNOWFALL (IN)
  YESTERDAY        0.0           6.2  1952   0.2   -0.2      0.0
  MONTH TO DATE    0.0                       3.7   -3.7      1.1
  SINCE MAR 1      0.0                       3.7   -3.7      1.1
  SINCE JUL 1     14.2                      25.5  -11.3     25.3
  SNOW DEPTH       0

DEGREE DAYS
 HEATING
  YESTERDAY       12                        21     -9       12
  MONTH TO DATE  314                       502   -188      387
  SINCE MAR 1    314                       502   -188      387
  SINCE JUL 1   3814                      4805   -991     3896

 COOLING
  YESTERDAY        0                         0      0        0
  MONTH TO DATE    0                         0      0        0
  SINCE MAR 1      0                         0      0        0
  SINCE JAN 1      0                         0      0        0
..................................................................


WIND (MPH)
  HIGHEST WIND SPEED    21   HIGHEST WIND DIRECTION    NE (60)
  HIGHEST GUST SPEED    29   HIGHEST GUST DIRECTION    NE (60)
  AVERAGE WIND SPEED     9.3


SKY COVER
  POSSIBLE SUNSHINE  MM
  AVERAGE SKY COVER 0.1


WEATHER CONDITIONS
 THE FOLLOWING WEATHER WAS RECORDED YESTERDAY.
  NO SIGNIFICANT WEATHER WAS OBSERVED.


RELATIVE HUMIDITY (PERCENT)
 HIGHEST    79           500 AM
 LOWEST     32           300 PM
 AVERAGE    56

..........................................................


THE PUEBLO CO CLIMATE NORMALS FOR TODAY
                         NORMAL    RECORD    YEAR
 MAXIMUM TEMPERATURE (F)   61        81      1910
 MINIMUM TEMPERATURE (F)   27         8      1898


SUNRISE AND SUNSET
MARCH 22 2017.........SUNRISE   658 AM MDT   SUNSET   712 PM MDT
MARCH 23 2017.........SUNRISE   656 AM MDT   SUNSET   713 PM MDT


-  INDICATES NEGATIVE NUMBERS.
R  INDICATES RECORD WAS SET OR TIED.
MM INDICATES DATA IS MISSING.
T  INDICATES TRACE AMOUNT.




$$
