000
CDUS45 KPUB 080040
CLIPUB


CLIMATE REPORT
NATIONAL WEATHER SERVICE PUEBLO
640 PM MDT THU SEP 7 2017


...................................

...THE PUEBLO CO CLIMATE SUMMARY FOR SEPTEMBER 7 2017...
VALID TODAY AS OF 0500 PM LOCAL TIME.

CLIMATE NORMAL PERIOD 1981 TO 2010
CLIMATE RECORD PERIOD 1888 TO 2017


WEATHER ITEM   OBSERVED TIME   RECORD YEAR NORMAL DEPARTURE LAST
                VALUE   (LST)  VALUE       VALUE  FROM      YEAR
                                                  NORMAL
..................................................................
TEMPERATURE (F)
 TODAY
  MAXIMUM         87    140 PM 100    2002  85      2       94
  MINIMUM         50    539 AM  38    2010  52     -2       62
                                      1898
  AVERAGE         69                        68      1       78

PRECIPITATION (IN)
  TODAY            T             0.76 1969   0.03  -0.03     0.00
  MONTH TO DATE    T                         0.25  -0.25      T
  SINCE SEP 1      T                         0.25  -0.25      T
  SINCE JAN 1     14.26                     10.48   3.78    10.32

SNOWFALL (IN)
  TODAY            0.0           0.0  2002   0.0    0.0      0.0
  MONTH TO DATE    0.0                       0.0    0.0      0.0
  SINCE SEP 1      0.0                       0.0    0.0      0.0
  SINCE JUL 1      0.0                       0.0    0.0       T
  SNOW DEPTH       0

DEGREE DAYS
 HEATING
  TODAY            0                         1     -1        0
  MONTH TO DATE    0                         7     -7        0
  SINCE SEP 1      0                         7     -7        0
  SINCE JUL 1      0                        12    -12        0

 COOLING
  TODAY            4                         4      0       13
  MONTH TO DATE   48                        36     12       78
  SINCE SEP 1     48                        36     12       78
  SINCE JAN 1    929                       847     82     1243
..................................................................


WIND (MPH)
  HIGHEST WIND SPEED    14   HIGHEST WIND DIRECTION     S (180)
  HIGHEST GUST SPEED    18   HIGHEST GUST DIRECTION     E (70)
  AVERAGE WIND SPEED     5.8


SKY COVER
  POSSIBLE SUNSHINE  MM
  AVERAGE SKY COVER 0.0


WEATHER CONDITIONS
 THE FOLLOWING WEATHER WAS RECORDED TODAY.
  NO SIGNIFICANT WEATHER WAS OBSERVED.


RELATIVE HUMIDITY (PERCENT)
 HIGHEST    71           400 AM
 LOWEST     23           100 PM
 AVERAGE    47

..........................................................


THE PUEBLO CO CLIMATE NORMALS FOR TOMORROW
                         NORMAL    RECORD    YEAR
 MAXIMUM TEMPERATURE (F)   85        99      1977
 MINIMUM TEMPERATURE (F)   51        36      1941


SUNRISE AND SUNSET
SEPTEMBER  7 2017.....SUNRISE   633 AM MDT   SUNSET   718 PM MDT
SEPTEMBER  8 2017.....SUNRISE   634 AM MDT   SUNSET   717 PM MDT


-  INDICATES NEGATIVE NUMBERS.
R  INDICATES RECORD WAS SET OR TIED.
MM INDICATES DATA IS MISSING.
T  INDICATES TRACE AMOUNT.




$$
