811
CDUS45 KPUB 170033
CLIPUB


CLIMATE REPORT
NATIONAL WEATHER SERVICE PUEBLO
533 PM MST THU FEB 16 2017


...................................

...THE PUEBLO CO CLIMATE SUMMARY FOR FEBRUARY 16 2017...
VALID TODAY AS OF 0500 PM LOCAL TIME.

CLIMATE NORMAL PERIOD 1981 TO 2010
CLIMATE RECORD PERIOD 1888 TO 2017


WEATHER ITEM   OBSERVED TIME   RECORD YEAR NORMAL DEPARTURE LAST
                VALUE   (LST)  VALUE       VALUE  FROM      YEAR
                                                  NORMAL
..................................................................
TEMPERATURE (F)
 TODAY
  MAXIMUM         73R   421 PM  73    1970  51     22       62
  MINIMUM         20    618 AM -18    1895  17      3       28
  AVERAGE         47                        34     13       45

PRECIPITATION (IN)
  TODAY            0.00          0.26 1938   0.01  -0.01     0.00
  MONTH TO DATE    0.17                      0.14   0.03     0.33
  SINCE DEC 1      1.68                      0.87   0.81     1.26
  SINCE JAN 1      0.92                      0.49   0.43     0.86

SNOWFALL (IN)
  TODAY            0.0           5.1  1988   0.1   -0.1      0.0
  MONTH TO DATE    0.0                       2.3   -2.3      5.8
  SINCE DEC 1     14.2                      14.3   -0.1     17.8
  SINCE JUL 1     14.2                      20.3   -6.1     24.2
  SNOW DEPTH       0

DEGREE DAYS
 HEATING
  TODAY           18                        31    -13       20
  MONTH TO DATE  351                       522   -171      451
  SINCE DEC 1   2435                      2673   -238     2382
  SINCE JUL 1   3217                      3954   -737     3256

 COOLING
  TODAY            0                         0      0        0
  MONTH TO DATE    0                         0      0        0
  SINCE DEC 1      0                         0      0        0
  SINCE JAN 1      0                         0      0        0
..................................................................


WIND (MPH)
  HIGHEST WIND SPEED    14   HIGHEST WIND DIRECTION     E (90)
  HIGHEST GUST SPEED    16   HIGHEST GUST DIRECTION     E (90)
  AVERAGE WIND SPEED     4.9


SKY COVER
  POSSIBLE SUNSHINE  MM
  AVERAGE SKY COVER 0.0


WEATHER CONDITIONS
 THE FOLLOWING WEATHER WAS RECORDED TODAY.
  NO SIGNIFICANT WEATHER WAS OBSERVED.


RELATIVE HUMIDITY (PERCENT)
 HIGHEST    77           600 AM
 LOWEST      6           400 PM
 AVERAGE    42

..........................................................


THE PUEBLO CO CLIMATE NORMALS FOR TOMORROW
                         NORMAL    RECORD    YEAR
 MAXIMUM TEMPERATURE (F)   51        77      1970
 MINIMUM TEMPERATURE (F)   18       -17      1910


SUNRISE AND SUNSET
FEBRUARY 16 2017......SUNRISE   647 AM MST   SUNSET   538 PM MST
FEBRUARY 17 2017......SUNRISE   646 AM MST   SUNSET   539 PM MST


-  INDICATES NEGATIVE NUMBERS.
R  INDICATES RECORD WAS SET OR TIED.
MM INDICATES DATA IS MISSING.
T  INDICATES TRACE AMOUNT.




$$
