000
CDUS45 KPUB 050018
CLIPUB


CLIMATE REPORT
NATIONAL WEATHER SERVICE PUEBLO
618 PM MDT SAT NOV 4 2017


...................................

...THE PUEBLO CO CLIMATE SUMMARY FOR NOVEMBER 4 2017...
VALID TODAY AS OF 0500 PM LOCAL TIME.

CLIMATE NORMAL PERIOD 1981 TO 2010
CLIMATE RECORD PERIOD 1888 TO 2017


WEATHER ITEM   OBSERVED TIME   RECORD YEAR NORMAL DEPARTURE LAST
                VALUE   (LST)  VALUE       VALUE  FROM      YEAR
                                                  NORMAL
..................................................................
TEMPERATURE (F)
 TODAY
  MAXIMUM         76   1144 AM  82    2007  62     14       71
                                      1999
  MINIMUM         37    552 AM   3    1991  27     10       35
  AVERAGE         57                        45     12       53

PRECIPITATION (IN)
  TODAY            0.00          0.50 1946   0.02  -0.02     0.00
  MONTH TO DATE    0.00                      0.07  -0.07     0.00
  SINCE SEP 1      1.41                      1.56  -0.15     0.05
  SINCE JAN 1     15.67                     11.79   3.88    10.37

SNOWFALL (IN)
  TODAY            0.0           6.1  1946   0.1   -0.1      0.0
  MONTH TO DATE    0.0                       0.4   -0.4      0.0
  SINCE SEP 1      T                         2.0   -2.0      0.0
  SINCE JUL 1      T                         2.0   -2.0       T
  SNOW DEPTH       0

DEGREE DAYS
 HEATING
  TODAY            8                        20    -12       12
  MONTH TO DATE   47                        79    -32       48
  SINCE SEP 1    504                       584    -80      262
  SINCE JUL 1    504                       589    -85      262

 COOLING
  TODAY            0                         0      0        0
  MONTH TO DATE    0                         0      0        0
  SINCE SEP 1    146                        86     60      193
  SINCE JAN 1   1027                       897    130     1358
..................................................................


WIND (MPH)
  HIGHEST WIND SPEED    36   HIGHEST WIND DIRECTION     W (280)
  HIGHEST GUST SPEED    47   HIGHEST GUST DIRECTION     W (280)
  AVERAGE WIND SPEED    10.8


SKY COVER
  POSSIBLE SUNSHINE  MM
  AVERAGE SKY COVER 0.0


WEATHER CONDITIONS
 THE FOLLOWING WEATHER WAS RECORDED TODAY.
  NO SIGNIFICANT WEATHER WAS OBSERVED.


RELATIVE HUMIDITY (PERCENT)
 HIGHEST    85           700 AM
 LOWEST     15          1200 PM
 AVERAGE    50

..........................................................


THE PUEBLO CO CLIMATE NORMALS FOR TOMORROW
                         NORMAL    RECORD    YEAR
 MAXIMUM TEMPERATURE (F)   62        80      2009
                                             2004
 MINIMUM TEMPERATURE (F)   27         1      1889


SUNRISE AND SUNSET
NOVEMBER  4 2017......SUNRISE   728 AM MDT   SUNSET   555 PM MDT
NOVEMBER  5 2017......SUNRISE   629 AM MST   SUNSET   454 PM MST


-  INDICATES NEGATIVE NUMBERS.
R  INDICATES RECORD WAS SET OR TIED.
MM INDICATES DATA IS MISSING.
T  INDICATES TRACE AMOUNT.




$$
