110
CDUS45 KPUB 241132
CLIPUB


CLIMATE REPORT
NATIONAL WEATHER SERVICE PUEBLO
532 AM MDT SAT SEP 24 2016


...................................

...THE PUEBLO CO CLIMATE SUMMARY FOR SEPTEMBER 23 2016...

CLIMATE NORMAL PERIOD 1981 TO 2010
CLIMATE RECORD PERIOD 1888 TO 2016


WEATHER ITEM   OBSERVED TIME   RECORD YEAR NORMAL DEPARTURE LAST
                VALUE   (LST)  VALUE       VALUE  FROM      YEAR
                                                  NORMAL
..................................................................
TEMPERATURE (F)
 YESTERDAY
  MAXIMUM         91    258 PM  95    2003  79     12       87
  MINIMUM         56   1152 PM  28    1895  44     12       55
  AVERAGE         74                        61     13       71

PRECIPITATION (IN)
  YESTERDAY        T             0.44 1960   0.03  -0.03     0.00
  MONTH TO DATE    0.05                      0.63  -0.58     0.03
  SINCE SEP 1      0.05                      0.63  -0.58     0.03
  SINCE JAN 1     10.37                     10.86  -0.49    15.05

SNOWFALL (IN)
  YESTERDAY        0.0           0.0  2002   0.0    0.0      0.0
  MONTH TO DATE    0.0                       0.2   -0.2      0.0
  SINCE SEP 1      0.0                       0.2   -0.2      0.0
  SINCE JUL 1      T                         0.2   -0.2      0.0
  SNOW DEPTH       0

DEGREE DAYS
 HEATING
  YESTERDAY        0                         5     -5        0
  MONTH TO DATE    4                        51    -47        0
  SINCE SEP 1      4                        51    -47        0
  SINCE JUL 1      4                        56    -52        0

 COOLING
  YESTERDAY        9                         1      8        6
  MONTH TO DATE  164                        76     88      195
  SINCE SEP 1    164                        76     88      195
  SINCE JAN 1   1329                       887    442     1241
..................................................................


WIND (MPH)
  HIGHEST WIND SPEED    43   HIGHEST WIND DIRECTION     W (280)
  HIGHEST GUST SPEED    54   HIGHEST GUST DIRECTION     W (280)
  AVERAGE WIND SPEED    18.1


SKY COVER
  POSSIBLE SUNSHINE  MM
  AVERAGE SKY COVER 0.1


WEATHER CONDITIONS
 THE FOLLOWING WEATHER WAS RECORDED YESTERDAY.
  LIGHT RAIN


RELATIVE HUMIDITY (PERCENT)
 HIGHEST    68           500 AM
 LOWEST     11           400 PM
 AVERAGE    40

..........................................................


THE PUEBLO CO CLIMATE NORMALS FOR TODAY
                         NORMAL    RECORD    YEAR
 MAXIMUM TEMPERATURE (F)   78        94      1966
 MINIMUM TEMPERATURE (F)   44        31      1946


SUNRISE AND SUNSET
SEPTEMBER 24 2016.....SUNRISE   648 AM MDT   SUNSET   651 PM MDT
SEPTEMBER 25 2016.....SUNRISE   649 AM MDT   SUNSET   649 PM MDT


-  INDICATES NEGATIVE NUMBERS.
R  INDICATES RECORD WAS SET OR TIED.
MM INDICATES DATA IS MISSING.
T  INDICATES TRACE AMOUNT.




$$
