000
CDUS45 KPUB 030032
CLIPUB


CLIMATE REPORT
NATIONAL WEATHER SERVICE PUEBLO
532 PM MST FRI FEB 2 2018


...................................

...THE PUEBLO CO CLIMATE SUMMARY FOR FEBRUARY 2 2018...
VALID TODAY AS OF 0500 PM LOCAL TIME.

CLIMATE NORMAL PERIOD 1981 TO 2010
CLIMATE RECORD PERIOD 1888 TO 2018


WEATHER ITEM   OBSERVED TIME   RECORD YEAR NORMAL DEPARTURE LAST
                VALUE   (LST)  VALUE       VALUE  FROM      YEAR
                                                  NORMAL
..................................................................
TEMPERATURE (F)
 TODAY
  MAXIMUM         56    413 PM  75    1934  48      8       27
  MINIMUM         15    658 AM -19    1996  15      0       21
  AVERAGE         36                        31      5       24

PRECIPITATION (IN)
  TODAY            0.00          0.29 2012   0.01  -0.01     0.00
  MONTH TO DATE    0.00                      0.02  -0.02     0.00
  SINCE DEC 1      0.24                      0.75  -0.51     1.51
  SINCE JAN 1      0.23                      0.37  -0.14     0.75

SNOWFALL (IN)
  TODAY            0.0           2.4  1919   0.1   -0.1      0.0
  MONTH TO DATE    0.0                       0.3   -0.3      0.0
  SINCE DEC 1      1.8                      12.3  -10.5     14.2
  SINCE JUL 1      3.2                      18.3  -15.1     14.2
  SNOW DEPTH       0

DEGREE DAYS
 HEATING
  TODAY           29                        34     -5       41
  MONTH TO DATE   63                        68     -5       72
  SINCE DEC 1   1997                      2219   -222     2156
  SINCE JUL 1   3018                      3500   -482     2938

 COOLING
  TODAY            0                         0      0        0
  MONTH TO DATE    0                         0      0        0
  SINCE DEC 1      0                         0      0        0
  SINCE JAN 1      0                         0      0        0
..................................................................


WIND (MPH)
  HIGHEST WIND SPEED    14   HIGHEST WIND DIRECTION     E (110)
  HIGHEST GUST SPEED    21   HIGHEST GUST DIRECTION    SE (120)
  AVERAGE WIND SPEED     3.7


SKY COVER
  POSSIBLE SUNSHINE  MM
  AVERAGE SKY COVER 0.1


WEATHER CONDITIONS
 THE FOLLOWING WEATHER WAS RECORDED TODAY.
  NO SIGNIFICANT WEATHER WAS OBSERVED.


RELATIVE HUMIDITY (PERCENT)
 HIGHEST    80           300 AM
 LOWEST     30           400 PM
 AVERAGE    55

..........................................................


THE PUEBLO CO CLIMATE NORMALS FOR TOMORROW
                         NORMAL    RECORD    YEAR
 MAXIMUM TEMPERATURE (F)   48        75      1934
 MINIMUM TEMPERATURE (F)   15       -26      1996


SUNRISE AND SUNSET
FEBRUARY  2 2018......SUNRISE   702 AM MST   SUNSET   522 PM MST
FEBRUARY  3 2018......SUNRISE   701 AM MST   SUNSET   523 PM MST


-  INDICATES NEGATIVE NUMBERS.
R  INDICATES RECORD WAS SET OR TIED.
MM INDICATES DATA IS MISSING.
T  INDICATES TRACE AMOUNT.




$$
