000
CDUS45 KPUB 251030
CLIPUB


CLIMATE REPORT
NATIONAL WEATHER SERVICE PUEBLO
429 AM MDT MON APR 25 2016


...................................

...THE PUEBLO CO CLIMATE SUMMARY FOR APRIL 24 2016...

CLIMATE NORMAL PERIOD 1981 TO 2010
CLIMATE RECORD PERIOD 1888 TO 2016


WEATHER ITEM   OBSERVED TIME   RECORD YEAR NORMAL DEPARTURE LAST
                VALUE   (LST)  VALUE       VALUE  FROM      YEAR
                                                  NORMAL
..................................................................
TEMPERATURE (F)
 YESTERDAY
  MAXIMUM         78    458 PM  92    2012  70      8       71
  MINIMUM         47    219 AM  19    2013  37     10       36
  AVERAGE         63                        53     10       54

PRECIPITATION (IN)
  YESTERDAY        0.00          1.73 1980   0.05  -0.05      T
  MONTH TO DATE    1.71                      1.07   0.64     0.65
  SINCE MAR 1      2.29                      2.00   0.29     1.22
  SINCE JAN 1      3.15                      2.65   0.50     2.60

SNOWFALL (IN)
  YESTERDAY        0.0           5.6  1980   0.1   -0.1      0.0
  MONTH TO DATE    0.2                       3.3   -3.1       T
  SINCE MAR 1      4.1                       9.0   -4.9      1.7
  SINCE JUL 1     28.3                      30.8   -2.5     42.8
  SNOW DEPTH       0

DEGREE DAYS
 HEATING
  YESTERDAY        2                        12    -10       11
  MONTH TO DATE  266                       371   -105      310
  SINCE MAR 1    864                      1073   -209      918
  SINCE JUL 1   4373                      5376  -1003     4940

 COOLING
  YESTERDAY        0                         0      0        0
  MONTH TO DATE    0                         0      0        0
  SINCE MAR 1      0                         0      0        0
  SINCE JAN 1      0                         0      0        0
..................................................................


WIND (MPH)
  HIGHEST WIND SPEED    32   HIGHEST WIND DIRECTION     W (270)
  HIGHEST GUST SPEED    45   HIGHEST GUST DIRECTION     W (280)
  AVERAGE WIND SPEED    14.3


SKY COVER
  POSSIBLE SUNSHINE  MM
  AVERAGE SKY COVER 0.0


WEATHER CONDITIONS
 THE FOLLOWING WEATHER WAS RECORDED YESTERDAY.
  NO SIGNIFICANT WEATHER WAS OBSERVED.


RELATIVE HUMIDITY (PERCENT)
 HIGHEST    46          1100 PM
 LOWEST     10           300 PM
 AVERAGE    28

..........................................................


THE PUEBLO CO CLIMATE NORMALS FOR TODAY
                         NORMAL    RECORD    YEAR
 MAXIMUM TEMPERATURE (F)   70        88      2012
                                             1981
                                             1949
 MINIMUM TEMPERATURE (F)   37        22      1950


SUNRISE AND SUNSET
APRIL 25 2016.........SUNRISE   608 AM MDT   SUNSET   744 PM MDT
APRIL 26 2016.........SUNRISE   607 AM MDT   SUNSET   745 PM MDT


-  INDICATES NEGATIVE NUMBERS.
R  INDICATES RECORD WAS SET OR TIED.
MM INDICATES DATA IS MISSING.
T  INDICATES TRACE AMOUNT.




$$
