000
CDUS45 KPUB 161134
CLIPUB


CLIMATE REPORT
NATIONAL WEATHER SERVICE PUEBLO
434 AM MST SUN NOV 16 2014


...................................

...THE PUEBLO CO CLIMATE SUMMARY FOR NOVEMBER 15 2014...

CLIMATE NORMAL PERIOD 1981 TO 2010
CLIMATE RECORD PERIOD 1888 TO 2014


WEATHER ITEM   OBSERVED TIME   RECORD YEAR NORMAL DEPARTURE LAST
                VALUE   (LST)  VALUE       VALUE  FROM      YEAR
                                                  NORMAL
..................................................................
TEMPERATURE (F)
 YESTERDAY
  MAXIMUM         40   1155 AM  80    1998  56    -16       67
                                      1990
                                      1894
  MINIMUM         12    644 AM  -4    1997  23    -11       23
                                      1955
  AVERAGE         26                        40    -14       45

PRECIPITATION (IN)
  YESTERDAY        0.16          0.37 1962   0.02   0.14     0.00
  MONTH TO DATE    0.40                      0.25   0.15     0.01
  SINCE SEP 1      1.93                      1.74   0.19     1.52
  SINCE JAN 1     11.53                     11.97  -0.44     9.32

SNOWFALL (IN)
  YESTERDAY        3.3           4.0  1951   0.2    3.1      0.0
  MONTH TO DATE    8.7                       1.9    6.8       T
  SINCE SEP 1      8.7                       3.5    5.2      0.1
  SINCE JUL 1      8.7                       3.5    5.2      0.1
  SNOW DEPTH       5

DEGREE DAYS
 HEATING
  YESTERDAY       39                        25     14       20
  MONTH TO DATE  414                       334     80      319
  SINCE SEP 1    739                       839   -100      773
  SINCE JUL 1    740                       844   -104      773

 COOLING
  YESTERDAY        0                         0      0        0
  MONTH TO DATE    0                         0      0        0
  SINCE SEP 1    127                        86     41      170
  SINCE JAN 1   1002                       897    105     1230
..................................................................


WIND (MPH)
  HIGHEST WIND SPEED    23   HIGHEST WIND DIRECTION    SE (120)
  HIGHEST GUST SPEED    28   HIGHEST GUST DIRECTION    SE (120)
  AVERAGE WIND SPEED    11.0


SKY COVER
  POSSIBLE SUNSHINE  MM
  AVERAGE SKY COVER 0.4


WEATHER CONDITIONS
 THE FOLLOWING WEATHER WAS RECORDED YESTERDAY.
  HEAVY SNOW
  SNOW
  LIGHT SNOW
  FOG
  FOG W/VISIBILITY <= 1/4 MILE


RELATIVE HUMIDITY (PERCENT)
 HIGHEST    88           200 AM
 LOWEST     54           100 PM
 AVERAGE    71

..........................................................


THE PUEBLO CO CLIMATE NORMALS FOR TODAY
                         NORMAL    RECORD    YEAR
 MAXIMUM TEMPERATURE (F)   56        81      1896
 MINIMUM TEMPERATURE (F)   22       -11      1955


SUNRISE AND SUNSET
NOVEMBER 16 2014......SUNRISE   640 AM MST   SUNSET   445 PM MST
NOVEMBER 17 2014......SUNRISE   642 AM MST   SUNSET   444 PM MST


-  INDICATES NEGATIVE NUMBERS.
R  INDICATES RECORD WAS SET OR TIED.
MM INDICATES DATA IS MISSING.
T  INDICATES TRACE AMOUNT.




$$
