000
CDUS45 KPUB 300052
CLIPUB


CLIMATE REPORT
NATIONAL WEATHER SERVICE PUEBLO
552 PM MST WED NOV 29 2017


...................................

...THE PUEBLO CO CLIMATE SUMMARY FOR NOVEMBER 29 2017...
VALID TODAY AS OF 0500 PM LOCAL TIME.

CLIMATE NORMAL PERIOD 1981 TO 2010
CLIMATE RECORD PERIOD 1888 TO 2017


WEATHER ITEM   OBSERVED TIME   RECORD YEAR NORMAL DEPARTURE LAST
                VALUE   (LST)  VALUE       VALUE  FROM      YEAR
                                                  NORMAL
..................................................................
TEMPERATURE (F)
 TODAY
  MAXIMUM         55    307 PM  74    2003  49      6       47
                                      1973
                                      1945
  MINIMUM         20    232 AM -17    1896  17      3       17
  AVERAGE         38                        33      5       32

PRECIPITATION (IN)
  TODAY            0.00          0.44 1908   0.02  -0.02     0.00
  MONTH TO DATE    0.31                      0.46  -0.15     0.78
  SINCE SEP 1      1.72                      1.95  -0.23     0.83
  SINCE JAN 1     15.98                     12.18   3.80    11.15

SNOWFALL (IN)
  TODAY            0.0           9.0  1908   0.1   -0.1      0.0
  MONTH TO DATE    1.4                       4.2   -2.8       T
  SINCE SEP 1      1.4                       5.8   -4.4       T
  SINCE JUL 1      1.4                       5.8   -4.4       T
  SNOW DEPTH       0

DEGREE DAYS
 HEATING
  TODAY           27                        32     -5       33
  MONTH TO DATE  533                       739   -206      533
  SINCE SEP 1    990                      1244   -254      747
  SINCE JUL 1    990                      1249   -259      747

 COOLING
  TODAY            0                         0      0        0
  MONTH TO DATE    0                         0      0        0
  SINCE SEP 1    146                        86     60      193
  SINCE JAN 1   1027                       897    130     1358
..................................................................


WIND (MPH)
  HIGHEST WIND SPEED    13   HIGHEST WIND DIRECTION     E (100)
  HIGHEST GUST SPEED    14   HIGHEST GUST DIRECTION     E (110)
  AVERAGE WIND SPEED     2.6


SKY COVER
  POSSIBLE SUNSHINE  MM
  AVERAGE SKY COVER 0.0


WEATHER CONDITIONS
 THE FOLLOWING WEATHER WAS RECORDED TODAY.
  NO SIGNIFICANT WEATHER WAS OBSERVED.


RELATIVE HUMIDITY (PERCENT)
 HIGHEST    88           700 AM
 LOWEST     38           400 PM
 AVERAGE    63

..........................................................


THE PUEBLO CO CLIMATE NORMALS FOR TOMORROW
                         NORMAL    RECORD    YEAR
 MAXIMUM TEMPERATURE (F)   49        74      1995
 MINIMUM TEMPERATURE (F)   17       -10      1896


SUNRISE AND SUNSET
NOVEMBER 29 2017......SUNRISE   654 AM MST   SUNSET   438 PM MST
NOVEMBER 30 2017......SUNRISE   655 AM MST   SUNSET   438 PM MST


-  INDICATES NEGATIVE NUMBERS.
R  INDICATES RECORD WAS SET OR TIED.
MM INDICATES DATA IS MISSING.
T  INDICATES TRACE AMOUNT.




$$
