000
CDUS45 KPUB 160019
CLIPUB


CLIMATE REPORT
NATIONAL WEATHER SERVICE PUEBLO
519 PM MST TUE NOV 15 2016


...................................

...THE PUEBLO CO CLIMATE SUMMARY FOR NOVEMBER 15 2016...
VALID TODAY AS OF 0500 PM LOCAL TIME.

CLIMATE NORMAL PERIOD 1981 TO 2010
CLIMATE RECORD PERIOD 1888 TO 2016


WEATHER ITEM   OBSERVED TIME   RECORD YEAR NORMAL DEPARTURE LAST
                VALUE   (LST)  VALUE       VALUE  FROM      YEAR
                                                  NORMAL
..................................................................
TEMPERATURE (F)
 TODAY
  MAXIMUM         81R   253 PM  80    1998  56     25       68
                                      1990
                                      1894
  MINIMUM         32    637 AM  -4    1997  23      9       21
                                      1955
  AVERAGE         57                        40     17       45

PRECIPITATION (IN)
  TODAY            0.00          0.37 1962   0.02  -0.02     0.00
  MONTH TO DATE    0.00                      0.25  -0.25     0.05
  SINCE SEP 1      0.05                      1.74  -1.69     0.72
  SINCE JAN 1     10.37                     11.97  -1.60    15.74

SNOWFALL (IN)
  TODAY            0.0           4.0  1951   0.2   -0.2      0.0
  MONTH TO DATE    0.0                       1.9   -1.9      0.0
  SINCE SEP 1      0.0                       3.5   -3.5      0.0
  SINCE JUL 1      T                         3.5   -3.5      0.0
  SNOW DEPTH       0

DEGREE DAYS
 HEATING
  TODAY            8                        25    -17       20
  MONTH TO DATE  215                       334   -119      265
  SINCE SEP 1    429                       839   -410      441
  SINCE JUL 1    429                       844   -415      441

 COOLING
  TODAY            0                         0      0        0
  MONTH TO DATE    0                         0      0        0
  SINCE SEP 1    193                        86    107      227
  SINCE JAN 1   1358                       897    461     1273
..................................................................


WIND (MPH)
  HIGHEST WIND SPEED    20   HIGHEST WIND DIRECTION    SW (230)
  HIGHEST GUST SPEED    24   HIGHEST GUST DIRECTION     W (260)
  AVERAGE WIND SPEED     7.4


SKY COVER
  POSSIBLE SUNSHINE  MM
  AVERAGE SKY COVER 0.0


WEATHER CONDITIONS
 THE FOLLOWING WEATHER WAS RECORDED TODAY.
  HAZE


RELATIVE HUMIDITY (PERCENT)
 HIGHEST    48           300 AM
 LOWEST      9           100 PM
 AVERAGE    29

..........................................................


THE PUEBLO CO CLIMATE NORMALS FOR TOMORROW
                         NORMAL    RECORD    YEAR
 MAXIMUM TEMPERATURE (F)   56        81      1896
 MINIMUM TEMPERATURE (F)   22       -11      1955


SUNRISE AND SUNSET
NOVEMBER 15 2016......SUNRISE   640 AM MST   SUNSET   445 PM MST
NOVEMBER 16 2016......SUNRISE   641 AM MST   SUNSET   445 PM MST


-  INDICATES NEGATIVE NUMBERS.
R  INDICATES RECORD WAS SET OR TIED.
MM INDICATES DATA IS MISSING.
T  INDICATES TRACE AMOUNT.




$$
