106
CDUS45 KPUB 041135
CLIPUB


CLIMATE REPORT
NATIONAL WEATHER SERVICE PUEBLO
435 AM MST THU FEB 4 2016


...................................

...THE PUEBLO CO CLIMATE SUMMARY FOR FEBRUARY 3 2016...

CLIMATE NORMAL PERIOD 1981 TO 2010
CLIMATE RECORD PERIOD 1888 TO 2016


WEATHER ITEM   OBSERVED TIME   RECORD YEAR NORMAL DEPARTURE LAST
                VALUE   (LST)  VALUE       VALUE  FROM      YEAR
                                                  NORMAL
..................................................................
TEMPERATURE (F)
 YESTERDAY
  MAXIMUM         31    340 PM  75    1934  48    -17       66
  MINIMUM          3    730 AM -26    1996  15    -12       21
  AVERAGE         17                        32    -15       44

PRECIPITATION (IN)
  YESTERDAY        0.00          0.38 1936   0.01  -0.01     0.00
  MONTH TO DATE    0.32                      0.03   0.29     0.00
  SINCE DEC 1      1.25                      0.76   0.49     0.49
  SINCE JAN 1      0.85                      0.38   0.47     0.25

SNOWFALL (IN)
  YESTERDAY        0.0           4.3  1936   0.2   -0.2      0.0
  MONTH TO DATE    5.4                       0.5    4.9      0.0
  SINCE DEC 1     17.4                      12.5    4.9      7.7
  SINCE JUL 1     23.8                      18.5    5.3     17.6
  SNOW DEPTH       3

DEGREE DAYS
 HEATING
  YESTERDAY       48                        34     14       21
  MONTH TO DATE  127                       102     25       84
  SINCE DEC 1   2058                      2253   -195     2120
  SINCE JUL 1   2932                      3534   -602     3282

 COOLING
  YESTERDAY        0                         0      0        0
  MONTH TO DATE    0                         0      0        0
  SINCE DEC 1      0                         0      0        0
  SINCE JAN 1      0                         0      0        0
..................................................................


WIND (MPH)
  HIGHEST WIND SPEED    15   HIGHEST WIND DIRECTION     E (70)
  HIGHEST GUST SPEED    17   HIGHEST GUST DIRECTION     E (80)
  AVERAGE WIND SPEED     3.4


SKY COVER
  POSSIBLE SUNSHINE  MM
  AVERAGE SKY COVER 0.2


WEATHER CONDITIONS
 THE FOLLOWING WEATHER WAS RECORDED YESTERDAY.
  NO SIGNIFICANT WEATHER WAS OBSERVED.


RELATIVE HUMIDITY (PERCENT)
 HIGHEST    86           700 AM
 LOWEST     39           500 PM
 AVERAGE    63

..........................................................


THE PUEBLO CO CLIMATE NORMALS FOR TODAY
                         NORMAL    RECORD    YEAR
 MAXIMUM TEMPERATURE (F)   48        75      1935
 MINIMUM TEMPERATURE (F)   15       -14      1996


SUNRISE AND SUNSET
FEBRUARY  4 2016......SUNRISE   701 AM MST   SUNSET   524 PM MST
FEBRUARY  5 2016......SUNRISE   700 AM MST   SUNSET   525 PM MST


-  INDICATES NEGATIVE NUMBERS.
R  INDICATES RECORD WAS SET OR TIED.
MM INDICATES DATA IS MISSING.
T  INDICATES TRACE AMOUNT.




$$
