000
CDUS45 KPUB 111151
CLIPUB


CLIMATE REPORT
NATIONAL WEATHER SERVICE PUEBLO
451 AM MST SAT MAR 11 2017


...................................

...THE PUEBLO CO CLIMATE SUMMARY FOR MARCH 10 2017...

CLIMATE NORMAL PERIOD 1981 TO 2010
CLIMATE RECORD PERIOD 1888 TO 2017


WEATHER ITEM   OBSERVED TIME   RECORD YEAR NORMAL DEPARTURE LAST
                VALUE   (LST)  VALUE       VALUE  FROM      YEAR
                                                  NORMAL
..................................................................
TEMPERATURE (F)
 YESTERDAY
  MAXIMUM         59    313 PM  86    1989  58      1       68
  MINIMUM         27    646 AM  -5    1948  24      3       27
  AVERAGE         43                        41      2       48

PRECIPITATION (IN)
  YESTERDAY        0.00          0.48 1968   0.03  -0.03     0.00
  MONTH TO DATE    0.00                      0.25  -0.25     0.00
  SINCE MAR 1      0.00                      0.25  -0.25     0.00
  SINCE JAN 1      0.92                      0.90   0.02     0.86

SNOWFALL (IN)
  YESTERDAY        0.0           5.3  1968   0.2   -0.2      0.0
  MONTH TO DATE    0.0                       1.6   -1.6      0.0
  SINCE MAR 1      0.0                       1.6   -1.6      0.0
  SINCE JUL 1     14.2                      23.4   -9.2     24.2
  SNOW DEPTH       0

DEGREE DAYS
 HEATING
  YESTERDAY       22                        24     -2       17
  MONTH TO DATE  205                       255    -50      171
  SINCE MAR 1    205                       255    -50      171
  SINCE JUL 1   3705                      4558   -853     3680

 COOLING
  YESTERDAY        0                         0      0        0
  MONTH TO DATE    0                         0      0        0
  SINCE MAR 1      0                         0      0        0
  SINCE JAN 1      0                         0      0        0
..................................................................


WIND (MPH)
  HIGHEST WIND SPEED    14   HIGHEST WIND DIRECTION     E (80)
  HIGHEST GUST SPEED    17   HIGHEST GUST DIRECTION     E (100)
  AVERAGE WIND SPEED     6.2


SKY COVER
  POSSIBLE SUNSHINE  MM
  AVERAGE SKY COVER 0.0


WEATHER CONDITIONS
 THE FOLLOWING WEATHER WAS RECORDED YESTERDAY.
  NO SIGNIFICANT WEATHER WAS OBSERVED.


RELATIVE HUMIDITY (PERCENT)
 HIGHEST    63           500 AM
 LOWEST     25           300 PM
 AVERAGE    44

..........................................................


THE PUEBLO CO CLIMATE NORMALS FOR TODAY
                         NORMAL    RECORD    YEAR
 MAXIMUM TEMPERATURE (F)   58        83      1989
 MINIMUM TEMPERATURE (F)   24       -19      1948


SUNRISE AND SUNSET
MARCH 11 2017.........SUNRISE   615 AM MST   SUNSET   602 PM MST
MARCH 12 2017.........SUNRISE   713 AM MDT   SUNSET   703 PM MDT


-  INDICATES NEGATIVE NUMBERS.
R  INDICATES RECORD WAS SET OR TIED.
MM INDICATES DATA IS MISSING.
T  INDICATES TRACE AMOUNT.




$$
