000
CDUS45 KPUB 180025
CLIPUB


CLIMATE REPORT
NATIONAL WEATHER SERVICE PUEBLO
625 PM MDT THU JUL 17 2014


...................................

...THE PUEBLO CO CLIMATE SUMMARY FOR JULY 17 2014...
VALID TODAY AS OF 0500 PM LOCAL TIME.

CLIMATE NORMAL PERIOD 1981 TO 2010
CLIMATE RECORD PERIOD 1888 TO 2014


WEATHER ITEM   OBSERVED TIME   RECORD YEAR NORMAL DEPARTURE LAST
                VALUE   (LST)  VALUE       VALUE  FROM      YEAR
                                                  NORMAL
..................................................................
TEMPERATURE (F)
 TODAY
  MAXIMUM         76    429 PM 105    2003  93    -17       88
  MINIMUM         57    536 AM  50    1918  59     -2       57
  AVERAGE         67                        76     -9       73

PRECIPITATION (IN)
  TODAY            0.00          1.25 1914   0.07  -0.07     0.00
  MONTH TO DATE    2.10                      1.01   1.09     0.29
  SINCE JUN 1      2.96                      2.37   0.59     0.56
  SINCE JAN 1      7.16                      6.86   0.30     2.49

SNOWFALL (IN)
  TODAY            0.0           0.0  2002   0.0    0.0      0.0
                                      2001
  MONTH TO DATE    0.0                       0.0    0.0      0.0
  SINCE JUN 1      T                         0.0    0.0       T
  SINCE JUL 1      0.0                       0.0    0.0      0.0
  SNOW DEPTH       0

DEGREE DAYS
 HEATING
  TODAY            0                         0      0        0
  MONTH TO DATE    0                         0      0        0
  SINCE JUN 1      3                        25    -22       17
  SINCE JUL 1      0                         0      0        0

 COOLING
  TODAY            2                        11     -9        8
  MONTH TO DATE  169                       182    -13      199
  SINCE JUN 1    409                       357     52      502
  SINCE JAN 1    461                       391     70      575
..................................................................


WIND (MPH)
  HIGHEST WIND SPEED    14   HIGHEST WIND DIRECTION    SE (120)
  HIGHEST GUST SPEED    19   HIGHEST GUST DIRECTION    SE (140)
  AVERAGE WIND SPEED     4.5


SKY COVER
  POSSIBLE SUNSHINE  MM
  AVERAGE SKY COVER 0.3


WEATHER CONDITIONS
 THE FOLLOWING WEATHER WAS RECORDED TODAY.
  NO SIGNIFICANT WEATHER WAS OBSERVED.


RELATIVE HUMIDITY (PERCENT)
 HIGHEST   100           300 AM
 LOWEST     49           300 PM
 AVERAGE    75

..........................................................


THE PUEBLO CO CLIMATE NORMALS FOR TOMORROW
                         NORMAL    RECORD    YEAR
 MAXIMUM TEMPERATURE (F)   93       105      2003
 MINIMUM TEMPERATURE (F)   59        49      1992


SUNRISE AND SUNSET
JULY 17 2014..........SUNRISE   548 AM MDT   SUNSET   820 PM MDT
JULY 18 2014..........SUNRISE   549 AM MDT   SUNSET   819 PM MDT


-  INDICATES NEGATIVE NUMBERS.
R  INDICATES RECORD WAS SET OR TIED.
MM INDICATES DATA IS MISSING.
T  INDICATES TRACE AMOUNT.




$$
