000
CDUS45 KPUB 181142
CLIPUB


CLIMATE REPORT
NATIONAL WEATHER SERVICE PUEBLO
442 AM MST TUE NOV 18 2014


...................................

...THE PUEBLO CO CLIMATE SUMMARY FOR NOVEMBER 17 2014...

CLIMATE NORMAL PERIOD 1981 TO 2010
CLIMATE RECORD PERIOD 1888 TO 2014


WEATHER ITEM   OBSERVED TIME   RECORD YEAR NORMAL DEPARTURE LAST
                VALUE   (LST)  VALUE       VALUE  FROM      YEAR
                                                  NORMAL
..................................................................
TEMPERATURE (F)
 YESTERDAY
  MAXIMUM         33    256 PM  80    1999  55    -22       58
  MINIMUM          0R   623 AM   1    1951  22    -22       29
  AVERAGE         17                        39    -22       44

PRECIPITATION (IN)
  YESTERDAY        0.00          0.42 1928   0.02  -0.02     0.00
  MONTH TO DATE    0.44                      0.28   0.16     0.01
  SINCE SEP 1      1.97                      1.77   0.20     1.52
  SINCE JAN 1     11.57                     12.00  -0.43     9.32

SNOWFALL (IN)
  YESTERDAY        0.0           4.4  1962   0.2   -0.2      0.0
  MONTH TO DATE    9.1                       2.2    6.9       T
  SINCE SEP 1      9.1                       3.8    5.3      0.1
  SINCE JUL 1      9.1                       3.8    5.3      0.1
  SNOW DEPTH       2

DEGREE DAYS
 HEATING
  YESTERDAY       48                        26     22       21
  MONTH TO DATE  509                       386    123      357
  SINCE SEP 1    834                       891    -57      811
  SINCE JUL 1    835                       896    -61      811

 COOLING
  YESTERDAY        0                         0      0        0
  MONTH TO DATE    0                         0      0        0
  SINCE SEP 1    127                        86     41      170
  SINCE JAN 1   1002                       897    105     1230
..................................................................


WIND (MPH)
  HIGHEST WIND SPEED    10   HIGHEST WIND DIRECTION    SE (130)
  HIGHEST GUST SPEED    11   HIGHEST GUST DIRECTION    SE (120)
  AVERAGE WIND SPEED     3.8


SKY COVER
  POSSIBLE SUNSHINE  MM
  AVERAGE SKY COVER 0.0


WEATHER CONDITIONS
 THE FOLLOWING WEATHER WAS RECORDED YESTERDAY.
  NO SIGNIFICANT WEATHER WAS OBSERVED.


RELATIVE HUMIDITY (PERCENT)
 HIGHEST    91          1100 PM
 LOWEST     47           200 PM
 AVERAGE    69

..........................................................


THE PUEBLO CO CLIMATE NORMALS FOR TODAY
                         NORMAL    RECORD    YEAR
 MAXIMUM TEMPERATURE (F)   55        77      2008
 MINIMUM TEMPERATURE (F)   21         1      1903


SUNRISE AND SUNSET
NOVEMBER 18 2014......SUNRISE   643 AM MST   SUNSET   444 PM MST
NOVEMBER 19 2014......SUNRISE   644 AM MST   SUNSET   443 PM MST


-  INDICATES NEGATIVE NUMBERS.
R  INDICATES RECORD WAS SET OR TIED.
MM INDICATES DATA IS MISSING.
T  INDICATES TRACE AMOUNT.




$$
