000
CDUS45 KPUB 211139
CLIPUB


CLIMATE REPORT
NATIONAL WEATHER SERVICE PUEBLO
438 AM MST WED JAN 21 2015


...................................

...THE PUEBLO CO CLIMATE SUMMARY FOR JANUARY 20 2015...

CLIMATE NORMAL PERIOD 1981 TO 2010
CLIMATE RECORD PERIOD 1888 TO 2015


WEATHER ITEM   OBSERVED TIME   RECORD YEAR NORMAL DEPARTURE LAST
                VALUE   (LST)  VALUE       VALUE  FROM      YEAR
                                                  NORMAL
..................................................................
TEMPERATURE (F)
 YESTERDAY
  MAXIMUM         39    335 PM  78    1971  47     -8       50
  MINIMUM         22    716 AM -13    1984  14      8       22
  AVERAGE         31                        31      0       36

PRECIPITATION (IN)
  YESTERDAY        T             0.58 1945   0.01  -0.01     0.00
  MONTH TO DATE    0.02                      0.22  -0.20     0.04
  SINCE DEC 1      0.26                      0.60  -0.34     0.07
  SINCE JAN 1      0.02                      0.22  -0.20     0.04

SNOWFALL (IN)
  YESTERDAY        T             6.4  1966   0.2   -0.2      0.0
  MONTH TO DATE    0.4                       4.2   -3.8      1.1
  SINCE DEC 1      3.6                       9.7   -6.1      3.3
  SINCE JUL 1     13.5                      15.7   -2.2      7.0
  SNOW DEPTH       0

DEGREE DAYS
 HEATING
  YESTERDAY       34                        34      0       29
  MONTH TO DATE  666                       694    -28      653
  SINCE DEC 1   1735                      1776    -41     1708
  SINCE JUL 1   2897                      3057   -160     2891

 COOLING
  YESTERDAY        0                         0      0        0
  MONTH TO DATE    0                         0      0        0
  SINCE DEC 1      0                         0      0        0
  SINCE JAN 1      0                         0      0        0
..................................................................


WIND (MPH)
  HIGHEST WIND SPEED    10   HIGHEST WIND DIRECTION    SE (120)
  HIGHEST GUST SPEED    12   HIGHEST GUST DIRECTION    SE (130)
  AVERAGE WIND SPEED     4.3


SKY COVER
  POSSIBLE SUNSHINE  MM
  AVERAGE SKY COVER 0.7


WEATHER CONDITIONS
 THE FOLLOWING WEATHER WAS RECORDED YESTERDAY.
  LIGHT SNOW


RELATIVE HUMIDITY (PERCENT)
 HIGHEST    88           400 AM
 LOWEST     69          1200 AM
 AVERAGE    79

..........................................................


THE PUEBLO CO CLIMATE NORMALS FOR TODAY
                         NORMAL    RECORD    YEAR
 MAXIMUM TEMPERATURE (F)   47        75      2009
 MINIMUM TEMPERATURE (F)   14       -16      1930


SUNRISE AND SUNSET
JANUARY 21 2015.......SUNRISE   711 AM MST   SUNSET   508 PM MST
JANUARY 22 2015.......SUNRISE   710 AM MST   SUNSET   509 PM MST


-  INDICATES NEGATIVE NUMBERS.
R  INDICATES RECORD WAS SET OR TIED.
MM INDICATES DATA IS MISSING.
T  INDICATES TRACE AMOUNT.




$$
