000
CDUS45 KPUB 080048
CLIPUB


CLIMATE REPORT
NATIONAL WEATHER SERVICE PUEBLO
548 PM MST SAT JAN 7 2017


...................................

...THE PUEBLO CO CLIMATE SUMMARY FOR JANUARY 7 2017...
VALID TODAY AS OF 0500 PM LOCAL TIME.

CLIMATE NORMAL PERIOD 1981 TO 2010
CLIMATE RECORD PERIOD 1888 TO 2017


WEATHER ITEM   OBSERVED TIME   RECORD YEAR NORMAL DEPARTURE LAST
                VALUE   (LST)  VALUE       VALUE  FROM      YEAR
                                                  NORMAL
..................................................................
TEMPERATURE (F)
 TODAY
  MAXIMUM         25    210 PM  73    2006  47    -22       42
  MINIMUM        -15   1256 AM -25    1913  14    -29       31
  AVERAGE          5                        30    -25       37

PRECIPITATION (IN)
  TODAY            0.00          0.17 1986   0.01  -0.01     0.10
  MONTH TO DATE    0.41                      0.08   0.33     0.10
  SINCE DEC 1      1.17                      0.46   0.71     0.50
  SINCE JAN 1      0.41                      0.08   0.33     0.10

SNOWFALL (IN)
  TODAY            0.0           3.1  1986   0.2   -0.2       T
  MONTH TO DATE    6.0                       1.4    4.6       T
  SINCE DEC 1     10.4                       6.9    3.5      5.5
  SINCE JUL 1     10.4                      12.9   -2.5     11.9
  SNOW DEPTH       4

DEGREE DAYS
 HEATING
  TODAY           60                        35     25       28
  MONTH TO DATE  320                       245     75      240
  SINCE DEC 1   1395                      1327     68     1187
  SINCE JUL 1   2177                      2608   -431     2061

 COOLING
  TODAY            0                         0      0        0
  MONTH TO DATE    0                         0      0        0
  SINCE DEC 1      0                         0      0        0
  SINCE JAN 1      0                         0      0        0
..................................................................


WIND (MPH)
  HIGHEST WIND SPEED    12   HIGHEST WIND DIRECTION     W (270)
  HIGHEST GUST SPEED    12   HIGHEST GUST DIRECTION     W (270)
  AVERAGE WIND SPEED     4.5


SKY COVER
  POSSIBLE SUNSHINE  MM
  AVERAGE SKY COVER 0.0


WEATHER CONDITIONS
 THE FOLLOWING WEATHER WAS RECORDED TODAY.
  FOG
  HAZE


RELATIVE HUMIDITY (PERCENT)
 HIGHEST    95           200 AM
 LOWEST     46           100 PM
 AVERAGE    71

..........................................................


THE PUEBLO CO CLIMATE NORMALS FOR TOMORROW
                         NORMAL    RECORD    YEAR
 MAXIMUM TEMPERATURE (F)   47        73      2003
                                             2002
                                             1948
 MINIMUM TEMPERATURE (F)   14       -12      1988


SUNRISE AND SUNSET
JANUARY  7 2017.......SUNRISE   715 AM MST   SUNSET   454 PM MST
JANUARY  8 2017.......SUNRISE   715 AM MST   SUNSET   455 PM MST


-  INDICATES NEGATIVE NUMBERS.
R  INDICATES RECORD WAS SET OR TIED.
MM INDICATES DATA IS MISSING.
T  INDICATES TRACE AMOUNT.




$$
