000
CDUS45 KPUB 162328
CLIPUB


CLIMATE REPORT
NATIONAL WEATHER SERVICE PUEBLO
528 PM MDT TUE SEP 16 2014


...................................

...THE PUEBLO CO CLIMATE SUMMARY FOR SEPTEMBER 16 2014...
VALID TODAY AS OF 0500 PM LOCAL TIME.

CLIMATE NORMAL PERIOD 1981 TO 2010
CLIMATE RECORD PERIOD 1888 TO 2014


WEATHER ITEM   OBSERVED TIME   RECORD YEAR NORMAL DEPARTURE LAST
                VALUE   (LST)  VALUE       VALUE  FROM      YEAR
                                                  NORMAL
..................................................................
TEMPERATURE (F)
 TODAY
  MAXIMUM         91    335 PM  97    2000  82      9       71
  MINIMUM         52    410 AM  31    1951  48      4       55
  AVERAGE         72                        65      7       63

PRECIPITATION (IN)
  TODAY            0.00          0.37 1897   0.02  -0.02     0.02
  MONTH TO DATE    0.13                      0.47  -0.34     1.02
  SINCE SEP 1      0.13                      0.47  -0.34     1.02
  SINCE JAN 1      9.73                     10.70  -0.97     8.82

SNOWFALL (IN)
  TODAY            0.0           T    1965   0.0    0.0      0.0
  MONTH TO DATE    0.0                       0.1   -0.1      0.0
  SINCE SEP 1      0.0                       0.1   -0.1      0.0
  SINCE JUL 1      T                         0.1   -0.1       T
  SNOW DEPTH       0

DEGREE DAYS
 HEATING
  TODAY            0                         3     -3        2
  MONTH TO DATE   46                        24     22        2
  SINCE SEP 1     46                        24     22        2
  SINCE JUL 1     47                        29     18        2

 COOLING
  TODAY            7                         2      5        0
  MONTH TO DATE   68                        65      3      133
  SINCE SEP 1     68                        65      3      133
  SINCE JAN 1    943                       876     67     1193
..................................................................


WIND (MPH)
  HIGHEST WIND SPEED    20   HIGHEST WIND DIRECTION    SE (120)
  HIGHEST GUST SPEED    23   HIGHEST GUST DIRECTION    SE (120)
  AVERAGE WIND SPEED     4.8


SKY COVER
  POSSIBLE SUNSHINE  MM
  AVERAGE SKY COVER 0.4


WEATHER CONDITIONS
 THE FOLLOWING WEATHER WAS RECORDED TODAY.
  FOG
  FOG W/VISIBILITY <= 1/4 MILE


RELATIVE HUMIDITY (PERCENT)
 HIGHEST   100           400 AM
 LOWEST     14           200 PM
 AVERAGE    57

..........................................................


THE PUEBLO CO CLIMATE NORMALS FOR TOMORROW
                         NORMAL    RECORD    YEAR
 MAXIMUM TEMPERATURE (F)   81        96      2004
                                             2000
 MINIMUM TEMPERATURE (F)   47        33      1903


SUNRISE AND SUNSET
SEPTEMBER 16 2014.....SUNRISE   641 AM MDT   SUNSET   704 PM MDT
SEPTEMBER 17 2014.....SUNRISE   641 AM MDT   SUNSET   703 PM MDT


-  INDICATES NEGATIVE NUMBERS.
R  INDICATES RECORD WAS SET OR TIED.
MM INDICATES DATA IS MISSING.
T  INDICATES TRACE AMOUNT.




$$
