000
CDUS45 KPUB 170024
CLIPUB


CLIMATE REPORT
NATIONAL WEATHER SERVICE PUEBLO
523 PM MST FRI JAN 16 2015


...................................

...THE PUEBLO CO CLIMATE SUMMARY FOR JANUARY 16 2015...
VALID TODAY AS OF 0500 PM LOCAL TIME.

CLIMATE NORMAL PERIOD 1981 TO 2010
CLIMATE RECORD PERIOD 1888 TO 2015


WEATHER ITEM   OBSERVED TIME   RECORD YEAR NORMAL DEPARTURE LAST
                VALUE   (LST)  VALUE       VALUE  FROM      YEAR
                                                  NORMAL
..................................................................
TEMPERATURE (F)
 TODAY
  MAXIMUM         66    258 PM  70    1974  47     19       46
  MINIMUM         13    631 AM -14    1987  14     -1       18
  AVERAGE         40                        30     10       32

PRECIPITATION (IN)
  TODAY            0.00          0.40 2001   0.01  -0.01     0.00
                                      1988
  MONTH TO DATE    0.02                      0.18  -0.16     0.04
  SINCE DEC 1      0.26                      0.56  -0.30     0.07
  SINCE JAN 1      0.02                      0.18  -0.16     0.04

SNOWFALL (IN)
  TODAY            0.0          11.3  2001   0.2   -0.2      0.0
  MONTH TO DATE    0.4                       3.3   -2.9      1.1
  SINCE DEC 1      3.6                       8.8   -5.2      3.3
  SINCE JUL 1     13.5                      14.8   -1.3      7.0
  SNOW DEPTH       0

DEGREE DAYS
 HEATING
  TODAY           25                        34     -9       33
  MONTH TO DATE  570                       558     12      541
  SINCE DEC 1   1639                      1640     -1     1596
  SINCE JUL 1   2801                      2921   -120     2779

 COOLING
  TODAY            0                         0      0        0
  MONTH TO DATE    0                         0      0        0
  SINCE DEC 1      0                         0      0        0
  SINCE JAN 1      0                         0      0        0
..................................................................


WIND (MPH)
  HIGHEST WIND SPEED    21   HIGHEST WIND DIRECTION     W (270)
  HIGHEST GUST SPEED    23   HIGHEST GUST DIRECTION     W (280)
  AVERAGE WIND SPEED     6.7


SKY COVER
  POSSIBLE SUNSHINE  MM
  AVERAGE SKY COVER 0.0


WEATHER CONDITIONS
 THE FOLLOWING WEATHER WAS RECORDED TODAY.
  NO SIGNIFICANT WEATHER WAS OBSERVED.


RELATIVE HUMIDITY (PERCENT)
 HIGHEST    88           200 AM
 LOWEST      6           400 PM
 AVERAGE    47

..........................................................


THE PUEBLO CO CLIMATE NORMALS FOR TOMORROW
                         NORMAL    RECORD    YEAR
 MAXIMUM TEMPERATURE (F)   47        70      1974
                                             1971
                                             1923
 MINIMUM TEMPERATURE (F)   14       -15      2001


SUNRISE AND SUNSET
JANUARY 16 2015.......SUNRISE   713 AM MST   SUNSET   503 PM MST
JANUARY 17 2015.......SUNRISE   713 AM MST   SUNSET   504 PM MST


-  INDICATES NEGATIVE NUMBERS.
R  INDICATES RECORD WAS SET OR TIED.
MM INDICATES DATA IS MISSING.
T  INDICATES TRACE AMOUNT.




$$
