000
CDUS45 KPUB 191027
CLIPUB


CLIMATE REPORT
NATIONAL WEATHER SERVICE PUEBLO
427 AM MDT WED APR 19 2017


...................................

...THE PUEBLO CO CLIMATE SUMMARY FOR APRIL 18 2017...

CLIMATE NORMAL PERIOD 1981 TO 2010
CLIMATE RECORD PERIOD 1888 TO 2017


WEATHER ITEM   OBSERVED TIME   RECORD YEAR NORMAL DEPARTURE LAST
                VALUE   (LST)  VALUE       VALUE  FROM      YEAR
                                                  NORMAL
..................................................................
TEMPERATURE (F)
 YESTERDAY
  MAXIMUM         79    457 PM  88    2000  68     11       47
                                      1987
  MINIMUM         44    345 AM  20    1922  35      9       36
  AVERAGE         62                        51     11       42

PRECIPITATION (IN)
  YESTERDAY        0.00          1.92 1942   0.05  -0.05     0.20
  MONTH TO DATE    1.71                      0.75   0.96     1.68
  SINCE MAR 1      2.66                      1.68   0.98     2.26
  SINCE JAN 1      3.58                      2.33   1.25     3.12

SNOWFALL (IN)
  YESTERDAY        0.0           4.1  1975   0.1   -0.1       T
  MONTH TO DATE    5.6                       2.6    3.0      0.2
  SINCE MAR 1      5.6                       8.3   -2.7      4.1
  SINCE JUL 1     19.8                      30.1  -10.3     28.3
  SNOW DEPTH       0

DEGREE DAYS
 HEATING
  YESTERDAY        3                        14    -11       23
  MONTH TO DATE  201                       294    -93      218
  SINCE MAR 1    677                       996   -319      816
  SINCE JUL 1   4177                      5299  -1122     4325

 COOLING
  YESTERDAY        0                         0      0        0
  MONTH TO DATE    0                         0      0        0
  SINCE MAR 1      0                         0      0        0
  SINCE JAN 1      0                         0      0        0
..................................................................


WIND (MPH)
  HIGHEST WIND SPEED    21   HIGHEST WIND DIRECTION    SE (130)
  HIGHEST GUST SPEED    26   HIGHEST GUST DIRECTION    SE (130)
  AVERAGE WIND SPEED     7.7


SKY COVER
  POSSIBLE SUNSHINE  MM
  AVERAGE SKY COVER 0.0


WEATHER CONDITIONS
 THE FOLLOWING WEATHER WAS RECORDED YESTERDAY.
  NO SIGNIFICANT WEATHER WAS OBSERVED.


RELATIVE HUMIDITY (PERCENT)
 HIGHEST    93           400 AM
 LOWEST     19           400 PM
 AVERAGE    56

..........................................................


THE PUEBLO CO CLIMATE NORMALS FOR TODAY
                         NORMAL    RECORD    YEAR
 MAXIMUM TEMPERATURE (F)   68        86      1989
                                             1962
                                             1960
 MINIMUM TEMPERATURE (F)   35        20      2013


SUNRISE AND SUNSET
APRIL 19 2017.........SUNRISE   616 AM MDT   SUNSET   738 PM MDT
APRIL 20 2017.........SUNRISE   615 AM MDT   SUNSET   739 PM MDT


-  INDICATES NEGATIVE NUMBERS.
R  INDICATES RECORD WAS SET OR TIED.
MM INDICATES DATA IS MISSING.
T  INDICATES TRACE AMOUNT.




$$
