000
CDUS45 KPUB 162321
CLIPUB


CLIMATE REPORT
NATIONAL WEATHER SERVICE PUEBLO
521 PM MDT THU OCT 16 2014


...................................

...THE PUEBLO CO CLIMATE SUMMARY FOR OCTOBER 16 2014...
VALID TODAY AS OF 0500 PM LOCAL TIME.

CLIMATE NORMAL PERIOD 1981 TO 2010
CLIMATE RECORD PERIOD 1888 TO 2014


WEATHER ITEM   OBSERVED TIME   RECORD YEAR NORMAL DEPARTURE LAST
                VALUE   (LST)  VALUE       VALUE  FROM      YEAR
                                                  NORMAL
..................................................................
TEMPERATURE (F)
 TODAY
  MAXIMUM         80    254 PM  94    1991  69     11       53
  MINIMUM         42    632 AM  22    2001  34      8       33
                                      1890
  AVERAGE         61                        52      9       43

PRECIPITATION (IN)
  TODAY            0.00          0.44 1937   0.03  -0.03     0.06
  MONTH TO DATE    0.91                      0.39   0.52     0.16
  SINCE SEP 1      1.53                      1.16   0.37     1.43
  SINCE JAN 1     11.13                     11.39  -0.26     9.23

SNOWFALL (IN)
  TODAY            0.0           1.4  1984   0.1   -0.1       T
  MONTH TO DATE    0.0                       0.4   -0.4       T
  SINCE SEP 1      0.0                       0.7   -0.7       T
  SINCE JUL 1      T                         0.7   -0.7       T
  SNOW DEPTH       0

DEGREE DAYS
 HEATING
  TODAY            4                        13     -9       22
  MONTH TO DATE  143                       169    -26      165
  SINCE SEP 1    196                       262    -66      190
  SINCE JUL 1    197                       267    -70      190

 COOLING
  TODAY            0                         0      0        0
  MONTH TO DATE    0                         0      0        3
  SINCE SEP 1    127                        83     44      170
  SINCE JAN 1   1002                       894    108     1230
..................................................................


WIND (MPH)
  HIGHEST WIND SPEED    21   HIGHEST WIND DIRECTION    SE (120)
  HIGHEST GUST SPEED    25   HIGHEST GUST DIRECTION    SE (140)
  AVERAGE WIND SPEED    10.5


SKY COVER
  POSSIBLE SUNSHINE  MM
  AVERAGE SKY COVER 0.0


WEATHER CONDITIONS
 THE FOLLOWING WEATHER WAS RECORDED TODAY.
  NO SIGNIFICANT WEATHER WAS OBSERVED.


RELATIVE HUMIDITY (PERCENT)
 HIGHEST    68          1200 AM
 LOWEST     13          1200 PM
 AVERAGE    41

..........................................................


THE PUEBLO CO CLIMATE NORMALS FOR TOMORROW
                         NORMAL    RECORD    YEAR
 MAXIMUM TEMPERATURE (F)   69        93      1991
 MINIMUM TEMPERATURE (F)   34        20      1992


SUNRISE AND SUNSET
OCTOBER 16 2014.......SUNRISE   708 AM MDT   SUNSET   619 PM MDT
OCTOBER 17 2014.......SUNRISE   709 AM MDT   SUNSET   617 PM MDT


-  INDICATES NEGATIVE NUMBERS.
R  INDICATES RECORD WAS SET OR TIED.
MM INDICATES DATA IS MISSING.
T  INDICATES TRACE AMOUNT.




$$
