000
CDUS45 KPUB 011145
CLIPUB


CLIMATE REPORT
NATIONAL WEATHER SERVICE PUEBLO
444 AM MST MON FEB 1 2016


...................................

...THE PUEBLO CO CLIMATE SUMMARY FOR JANUARY 31 2016...

CLIMATE NORMAL PERIOD 1981 TO 2010
CLIMATE RECORD PERIOD 1888 TO 2016


WEATHER ITEM   OBSERVED TIME   RECORD YEAR NORMAL DEPARTURE LAST
                VALUE   (LST)  VALUE       VALUE  FROM      YEAR
                                                  NORMAL
..................................................................
TEMPERATURE (F)
 YESTERDAY
  MAXIMUM         38    332 PM  76    1997  48    -10       46
  MINIMUM         27    120 AM -22    1951  15     12       31
  AVERAGE         33                        31      2       39

PRECIPITATION (IN)
  YESTERDAY        0.12          0.19 1983   0.01   0.11     0.05
  MONTH TO DATE    0.53                      0.35   0.18     0.25
  SINCE DEC 1      0.93                      0.73   0.20     0.49
  SINCE JAN 1      0.53                      0.35   0.18     0.25

SNOWFALL (IN)
  YESTERDAY        1.5           4.4  1965   0.2    1.3      0.0
  MONTH TO DATE    6.5                       6.5    0.0      4.5
  SINCE DEC 1     12.0                      12.0    0.0      7.7
  SINCE JUL 1     18.4                      18.0    0.4     17.6
  SNOW DEPTH       T

DEGREE DAYS
 HEATING
  YESTERDAY       32                        34     -2       26
  MONTH TO DATE  984                      1068    -84      967
  SINCE DEC 1   1931                      2151   -220     2036
  SINCE JUL 1   2805                      3432   -627     3198

 COOLING
  YESTERDAY        0                         0      0        0
  MONTH TO DATE    0                         0      0        0
  SINCE DEC 1      0                         0      0        0
  SINCE JAN 1      0                         0      0        0
..................................................................


WIND (MPH)
  HIGHEST WIND SPEED    17   HIGHEST WIND DIRECTION    SE (120)
  HIGHEST GUST SPEED    24   HIGHEST GUST DIRECTION    SE (120)
  AVERAGE WIND SPEED     5.8


SKY COVER
  POSSIBLE SUNSHINE  MM
  AVERAGE SKY COVER 0.9


WEATHER CONDITIONS
 THE FOLLOWING WEATHER WAS RECORDED YESTERDAY.
  HEAVY SNOW
  SNOW
  LIGHT SNOW
  FOG
  HAZE


RELATIVE HUMIDITY (PERCENT)
 HIGHEST    89           500 AM
 LOWEST     52           300 PM
 AVERAGE    71

..........................................................


THE PUEBLO CO CLIMATE NORMALS FOR TODAY
                         NORMAL    RECORD    YEAR
 MAXIMUM TEMPERATURE (F)   48        76      1934
 MINIMUM TEMPERATURE (F)   15       -31      1951


SUNRISE AND SUNSET
FEBRUARY  1 2016......SUNRISE   703 AM MST   SUNSET   520 PM MST
FEBRUARY  2 2016......SUNRISE   703 AM MST   SUNSET   521 PM MST


-  INDICATES NEGATIVE NUMBERS.
R  INDICATES RECORD WAS SET OR TIED.
MM INDICATES DATA IS MISSING.
T  INDICATES TRACE AMOUNT.




$$
