000
CDUS45 KPUB 231133
CLIPUB


CLIMATE REPORT
NATIONAL WEATHER SERVICE PUEBLO
532 AM MDT SAT AUG 23 2014


...................................

...THE PUEBLO CO CLIMATE SUMMARY FOR AUGUST 22 2014...

CLIMATE NORMAL PERIOD 1981 TO 2010
CLIMATE RECORD PERIOD 1888 TO 2014


WEATHER ITEM   OBSERVED TIME   RECORD YEAR NORMAL DEPARTURE LAST
                VALUE   (LST)  VALUE       VALUE  FROM      YEAR
                                                  NORMAL
..................................................................
TEMPERATURE (F)
 YESTERDAY
  MAXIMUM         82   1216 PM 100    2003  89     -7       90
  MINIMUM         58   1159 PM  47    1920  57      1       60
  AVERAGE         70                        73     -3       75

PRECIPITATION (IN)
  YESTERDAY        0.01          1.00 1896   0.07  -0.06     0.62
  MONTH TO DATE    1.25                      1.77  -0.52     3.88
  SINCE JUN 1      5.39                      5.19   0.20     5.83
  SINCE JAN 1      9.59                      9.68  -0.09     7.76

SNOWFALL (IN)
  YESTERDAY        0.0           0.0  2002   0.0    0.0      0.0
  MONTH TO DATE    0.0                       0.0    0.0      0.0
  SINCE JUN 1      T                         0.0    0.0       T
  SINCE JUL 1      0.0                       0.0    0.0       T
  SNOW DEPTH       0

DEGREE DAYS
 HEATING
  YESTERDAY        0                         0      0        0
  MONTH TO DATE    0                         0      0        0
  SINCE JUN 1      4                        26    -22       17
  SINCE JUL 1      1                         1      0        0

 COOLING
  YESTERDAY        5                         8     -3       10
  MONTH TO DATE  209                       202      7      202
  SINCE JUN 1    770                       713     57      868
  SINCE JAN 1    822                       747     75      941
..................................................................


WIND (MPH)
  HIGHEST WIND SPEED    26   HIGHEST WIND DIRECTION     W (280)
  HIGHEST GUST SPEED    32   HIGHEST GUST DIRECTION     W (280)
  AVERAGE WIND SPEED    10.3


SKY COVER
  POSSIBLE SUNSHINE  MM
  AVERAGE SKY COVER 0.4


WEATHER CONDITIONS
 THE FOLLOWING WEATHER WAS RECORDED YESTERDAY.
  LIGHT RAIN


RELATIVE HUMIDITY (PERCENT)
 HIGHEST    72          1100 PM
 LOWEST     43          1000 AM
 AVERAGE    58

..........................................................


THE PUEBLO CO CLIMATE NORMALS FOR TODAY
                         NORMAL    RECORD    YEAR
 MAXIMUM TEMPERATURE (F)   89       101      2009
 MINIMUM TEMPERATURE (F)   57        47      1993
                                             1891
                                             1888


SUNRISE AND SUNSET
AUGUST 23 2014........SUNRISE   620 AM MDT   SUNSET   741 PM MDT
AUGUST 24 2014........SUNRISE   621 AM MDT   SUNSET   739 PM MDT


-  INDICATES NEGATIVE NUMBERS.
R  INDICATES RECORD WAS SET OR TIED.
MM INDICATES DATA IS MISSING.
T  INDICATES TRACE AMOUNT.




$$
