000
CDUS45 KPUB 121053
CLIPUB


CLIMATE REPORT
NATIONAL WEATHER SERVICE PUEBLO
451 AM MDT TUE JUL 12 2016


...................................

...THE PUEBLO CO CLIMATE SUMMARY FOR JULY 11 2016...

CLIMATE NORMAL PERIOD 1981 TO 2010
CLIMATE RECORD PERIOD 1888 TO 2016


WEATHER ITEM   OBSERVED TIME   RECORD YEAR NORMAL DEPARTURE LAST
                VALUE   (LST)  VALUE       VALUE  FROM      YEAR
                                                  NORMAL
..................................................................
TEMPERATURE (F)
 YESTERDAY
  MAXIMUM         97    228 PM 106    2003  94      3       96
  MINIMUM         60    504 AM  50    1995  59      1       60
                                      1895
  AVERAGE         79                        76      3       78

PRECIPITATION (IN)
  YESTERDAY        0.00          1.95 2000   0.05  -0.05     0.00
  MONTH TO DATE    0.45                      0.61  -0.16     0.42
  SINCE JUN 1      1.23                      1.97  -0.74     1.64
  SINCE JAN 1      8.40                      6.46   1.94    10.56

SNOWFALL (IN)
  YESTERDAY        0.0           0.0  2002   0.0    0.0      0.0
                                      2001
  MONTH TO DATE    0.0                       0.0    0.0      0.0
  SINCE JUN 1      T                         0.0    0.0      0.0
  SINCE JUL 1      0.0                       0.0    0.0      0.0
  SNOW DEPTH       0

DEGREE DAYS
 HEATING
  YESTERDAY        0                         0      0        0
  MONTH TO DATE    0                         0      0        0
  SINCE JUN 1      1                        25    -24        0
  SINCE JUL 1      0                         0      0        0

 COOLING
  YESTERDAY       14                        11      3       13
  MONTH TO DATE  154                       116     38      109
  SINCE JUN 1    493                       291    202      352
  SINCE JAN 1    523                       325    198      356
..................................................................


WIND (MPH)
  HIGHEST WIND SPEED    25   HIGHEST WIND DIRECTION     E (80)
  HIGHEST GUST SPEED    31   HIGHEST GUST DIRECTION     E (70)
  AVERAGE WIND SPEED     9.5


SKY COVER
  POSSIBLE SUNSHINE  MM
  AVERAGE SKY COVER 0.0


WEATHER CONDITIONS
 THE FOLLOWING WEATHER WAS RECORDED YESTERDAY.
  NO SIGNIFICANT WEATHER WAS OBSERVED.


RELATIVE HUMIDITY (PERCENT)
 HIGHEST    52           500 AM
 LOWEST     14           300 PM
 AVERAGE    33

..........................................................


THE PUEBLO CO CLIMATE NORMALS FOR TODAY
                         NORMAL    RECORD    YEAR
 MAXIMUM TEMPERATURE (F)   94       105      1971
 MINIMUM TEMPERATURE (F)   59        51      1995


SUNRISE AND SUNSET
JULY 12 2016..........SUNRISE   545 AM MDT   SUNSET   822 PM MDT
JULY 13 2016..........SUNRISE   546 AM MDT   SUNSET   822 PM MDT


-  INDICATES NEGATIVE NUMBERS.
R  INDICATES RECORD WAS SET OR TIED.
MM INDICATES DATA IS MISSING.
T  INDICATES TRACE AMOUNT.




$$
