000
CDUS45 KPUB 090050
CLIPUB


CLIMATE REPORT
NATIONAL WEATHER SERVICE PUEBLO
550 PM MST SUN JAN 8 2017


...................................

...THE PUEBLO CO CLIMATE SUMMARY FOR JANUARY 8 2017...
VALID TODAY AS OF 0500 PM LOCAL TIME.

CLIMATE NORMAL PERIOD 1981 TO 2010
CLIMATE RECORD PERIOD 1888 TO 2017


WEATHER ITEM   OBSERVED TIME   RECORD YEAR NORMAL DEPARTURE LAST
                VALUE   (LST)  VALUE       VALUE  FROM      YEAR
                                                  NORMAL
..................................................................
TEMPERATURE (F)
 TODAY
  MAXIMUM         45    307 PM  73    2003  47     -2       35
                                      2002
                                      1948
  MINIMUM         -2   1202 AM -12    1988  14    -16       17
  AVERAGE         22                        30     -8       26

PRECIPITATION (IN)
  TODAY            0.00          0.68 1891   0.01  -0.01     0.31
  MONTH TO DATE    0.41                      0.09   0.32     0.41
  SINCE DEC 1      1.17                      0.47   0.70     0.81
  SINCE JAN 1      0.41                      0.09   0.32     0.41

SNOWFALL (IN)
  TODAY            0.0          10.0  1891   0.2   -0.2      5.0
  MONTH TO DATE    6.0                       1.6    4.4      5.0
  SINCE DEC 1     10.4                       7.1    3.3     10.5
  SINCE JUL 1     10.4                      13.1   -2.7     16.9
  SNOW DEPTH       3

DEGREE DAYS
 HEATING
  TODAY           43                        35      8       39
  MONTH TO DATE  363                       280     83      279
  SINCE DEC 1   1438                      1362     76     1226
  SINCE JUL 1   2220                      2643   -423     2100

 COOLING
  TODAY            0                         0      0        0
  MONTH TO DATE    0                         0      0        0
  SINCE DEC 1      0                         0      0        0
  SINCE JAN 1      0                         0      0        0
..................................................................


WIND (MPH)
  HIGHEST WIND SPEED    12   HIGHEST WIND DIRECTION    NW (310)
  HIGHEST GUST SPEED    17   HIGHEST GUST DIRECTION    NW (320)
  AVERAGE WIND SPEED     3.5


SKY COVER
  POSSIBLE SUNSHINE  MM
  AVERAGE SKY COVER 0.0


WEATHER CONDITIONS
 THE FOLLOWING WEATHER WAS RECORDED TODAY.
  NO SIGNIFICANT WEATHER WAS OBSERVED.


RELATIVE HUMIDITY (PERCENT)
 HIGHEST    86           300 AM
 LOWEST     53           100 PM
 AVERAGE    70

..........................................................


THE PUEBLO CO CLIMATE NORMALS FOR TOMORROW
                         NORMAL    RECORD    YEAR
 MAXIMUM TEMPERATURE (F)   47        70      1953
 MINIMUM TEMPERATURE (F)   14       -15      1962


SUNRISE AND SUNSET
JANUARY  8 2017.......SUNRISE   715 AM MST   SUNSET   455 PM MST
JANUARY  9 2017.......SUNRISE   715 AM MST   SUNSET   456 PM MST


-  INDICATES NEGATIVE NUMBERS.
R  INDICATES RECORD WAS SET OR TIED.
MM INDICATES DATA IS MISSING.
T  INDICATES TRACE AMOUNT.




$$
