000
CDUS45 KPUB 042327
CLIPUB


CLIMATE REPORT
NATIONAL WEATHER SERVICE PUEBLO
527 PM MDT FRI APR 4 2014


...................................

...THE PUEBLO CO CLIMATE SUMMARY FOR APRIL 4 2014...
VALID TODAY AS OF 0500 PM LOCAL TIME.

CLIMATE NORMAL PERIOD 1981 TO 2010
CLIMATE RECORD PERIOD 1888 TO 2014


WEATHER ITEM   OBSERVED TIME   RECORD YEAR NORMAL DEPARTURE LAST
                VALUE   (LST)  VALUE       VALUE  FROM      YEAR
                                                  NORMAL
..................................................................
TEMPERATURE (F)
 TODAY
  MAXIMUM         53    359 PM  81    2000  64    -11       72
                                      1959
                                      1889
  MINIMUM         29    616 AM   4    1945  31     -2       28
  AVERAGE         41                        47     -6       50

PRECIPITATION (IN)
  TODAY            0.00          1.00 1907   0.03  -0.03     0.00
  MONTH TO DATE    0.59                      0.13   0.46     0.01
  SINCE MAR 1      1.35                      1.06   0.29     0.22
  SINCE JAN 1      2.08                      1.71   0.37     0.91

SNOWFALL (IN)
  TODAY            0.0           3.7  1971   0.2   -0.2      0.0
  MONTH TO DATE    3.1                       0.7    2.4      0.1
  SINCE MAR 1      5.5                       6.4   -0.9      5.8
  SINCE JUL 1     24.1                      28.2   -4.1     20.5
  SNOW DEPTH       0

DEGREE DAYS
 HEATING
  TODAY           24                        18      6       15
  MONTH TO DATE   78                        73      5       87
  SINCE MAR 1    750                       775    -25      822
  SINCE JUL 1   4955                      5078   -123     5059

 COOLING
  TODAY            0                         0      0        0
  MONTH TO DATE    0                         0      0        0
  SINCE MAR 1      0                         0      0        0
  SINCE JAN 1      0                         0      0        0
..................................................................


WIND (MPH)
  HIGHEST WIND SPEED    16   HIGHEST WIND DIRECTION    SE (130)
  HIGHEST GUST SPEED    21   HIGHEST GUST DIRECTION    SE (140)
  AVERAGE WIND SPEED     4.3


SKY COVER
  POSSIBLE SUNSHINE  MM
  AVERAGE SKY COVER 0.1


WEATHER CONDITIONS
 THE FOLLOWING WEATHER WAS RECORDED TODAY.
  FOG


RELATIVE HUMIDITY (PERCENT)
 HIGHEST   100           500 AM
 LOWEST     44           300 PM
 AVERAGE    72

..........................................................


THE PUEBLO CO CLIMATE NORMALS FOR TOMORROW
                         NORMAL    RECORD    YEAR
 MAXIMUM TEMPERATURE (F)   64        86      1991
 MINIMUM TEMPERATURE (F)   31        17      1983
                                             1945


SUNRISE AND SUNSET
APRIL  4 2014.........SUNRISE   639 AM MDT   SUNSET   724 PM MDT
APRIL  5 2014.........SUNRISE   637 AM MDT   SUNSET   725 PM MDT


-  INDICATES NEGATIVE NUMBERS.
R  INDICATES RECORD WAS SET OR TIED.
MM INDICATES DATA IS MISSING.
T  INDICATES TRACE AMOUNT.




$$
