000
CDUS45 KPUB 201141
CLIPUB


CLIMATE REPORT
NATIONAL WEATHER SERVICE PUEBLO
440 AM MST MON NOV 20 2017


...................................

...THE PUEBLO CO CLIMATE SUMMARY FOR NOVEMBER 19 2017...

CLIMATE NORMAL PERIOD 1981 TO 2010
CLIMATE RECORD PERIOD 1888 TO 2017


WEATHER ITEM   OBSERVED TIME   RECORD YEAR NORMAL DEPARTURE LAST
                VALUE   (LST)  VALUE       VALUE  FROM      YEAR
                                                  NORMAL
..................................................................
TEMPERATURE (F)
 YESTERDAY
  MAXIMUM         64    309 PM  82    2007  54     10       50
  MINIMUM         17    609 AM  -1    1928  21     -4       14
  AVERAGE         41                        38      3       32

PRECIPITATION (IN)
  YESTERDAY        0.00          0.39 1979   0.01  -0.01     0.00
  MONTH TO DATE    0.31                      0.30   0.01     0.08
  SINCE SEP 1      1.72                      1.79  -0.07     0.13
  SINCE JAN 1     15.98                     12.02   3.96    10.45

SNOWFALL (IN)
  YESTERDAY        0.0           6.0  1985   0.2   -0.2      0.0
  MONTH TO DATE    1.4                       2.5   -1.1       T
  SINCE SEP 1      1.4                       4.1   -2.7       T
  SINCE JUL 1      1.4                       4.1   -2.7       T
  SNOW DEPTH       0

DEGREE DAYS
 HEATING
  YESTERDAY       24                        27     -3       33
  MONTH TO DATE  373                       440    -67      306
  SINCE SEP 1    830                       945   -115      520
  SINCE JUL 1    830                       950   -120      520

 COOLING
  YESTERDAY        0                         0      0        0
  MONTH TO DATE    0                         0      0        0
  SINCE SEP 1    146                        86     60      193
  SINCE JAN 1   1027                       897    130     1358
..................................................................


WIND (MPH)
  HIGHEST WIND SPEED    21   HIGHEST WIND DIRECTION     W (260)
  HIGHEST GUST SPEED    25   HIGHEST GUST DIRECTION     W (290)
  AVERAGE WIND SPEED     5.1


SKY COVER
  POSSIBLE SUNSHINE  MM
  AVERAGE SKY COVER 0.0


WEATHER CONDITIONS
 THE FOLLOWING WEATHER WAS RECORDED YESTERDAY.
  NO SIGNIFICANT WEATHER WAS OBSERVED.


RELATIVE HUMIDITY (PERCENT)
 HIGHEST    88           100 AM
 LOWEST     10           300 PM
 AVERAGE    49

..........................................................


THE PUEBLO CO CLIMATE NORMALS FOR TODAY
                         NORMAL    RECORD    YEAR
 MAXIMUM TEMPERATURE (F)   54        78      1955
 MINIMUM TEMPERATURE (F)   21        -9      1906


SUNRISE AND SUNSET
NOVEMBER 20 2017......SUNRISE   645 AM MST   SUNSET   442 PM MST
NOVEMBER 21 2017......SUNRISE   646 AM MST   SUNSET   442 PM MST


-  INDICATES NEGATIVE NUMBERS.
R  INDICATES RECORD WAS SET OR TIED.
MM INDICATES DATA IS MISSING.
T  INDICATES TRACE AMOUNT.




$$
