000
CDUS45 KPUB 161206
CLIPUB


CLIMATE REPORT
NATIONAL WEATHER SERVICE PUEBLO
506 AM MST MON JAN 16 2017


...................................

...THE PUEBLO CO CLIMATE SUMMARY FOR JANUARY 15 2017...

CLIMATE NORMAL PERIOD 1981 TO 2010
CLIMATE RECORD PERIOD 1888 TO 2017


WEATHER ITEM   OBSERVED TIME   RECORD YEAR NORMAL DEPARTURE LAST
                VALUE   (LST)  VALUE       VALUE  FROM      YEAR
                                                  NORMAL
..................................................................
TEMPERATURE (F)
 YESTERDAY
  MAXIMUM         35    441 PM  73    1999  47    -12       39
  MINIMUM         24    220 AM -14    2007  14     10       19
  AVERAGE         30                        30      0       29

PRECIPITATION (IN)
  YESTERDAY        0.07          0.54 1925   0.02   0.05     0.00
  MONTH TO DATE    0.48                      0.17   0.31     0.41
  SINCE DEC 1      1.24                      0.55   0.69     0.81
  SINCE JAN 1      0.48                      0.17   0.31     0.41

SNOWFALL (IN)
  YESTERDAY        0.5           8.8  1987   0.2    0.3      0.0
  MONTH TO DATE    7.0                       3.1    3.9      5.0
  SINCE DEC 1     11.4                       8.6    2.8     10.5
  SINCE JUL 1     11.4                      14.6   -3.2     16.9
  SNOW DEPTH       0

DEGREE DAYS
 HEATING
  YESTERDAY       35                        34      1       36
  MONTH TO DATE  553                       524     29      553
  SINCE DEC 1   1628                      1606     22     1500
  SINCE JUL 1   2410                      2887   -477     2374

 COOLING
  YESTERDAY        0                         0      0        0
  MONTH TO DATE    0                         0      0        0
  SINCE DEC 1      0                         0      0        0
  SINCE JAN 1      0                         0      0        0
..................................................................


WIND (MPH)
  HIGHEST WIND SPEED     8   HIGHEST WIND DIRECTION    NW (300)
  HIGHEST GUST SPEED    11   HIGHEST GUST DIRECTION     W (270)
  AVERAGE WIND SPEED     2.3


SKY COVER
  POSSIBLE SUNSHINE  MM
  AVERAGE SKY COVER 0.9


WEATHER CONDITIONS
 THE FOLLOWING WEATHER WAS RECORDED YESTERDAY.
  LIGHT SNOW
  FOG
  HAZE


RELATIVE HUMIDITY (PERCENT)
 HIGHEST    96           600 PM
 LOWEST     75          1200 AM
 AVERAGE    86

..........................................................


THE PUEBLO CO CLIMATE NORMALS FOR TODAY
                         NORMAL    RECORD    YEAR
 MAXIMUM TEMPERATURE (F)   47        70      1974
 MINIMUM TEMPERATURE (F)   14       -14      1987


SUNRISE AND SUNSET
JANUARY 16 2017.......SUNRISE   713 AM MST   SUNSET   503 PM MST
JANUARY 17 2017.......SUNRISE   713 AM MST   SUNSET   504 PM MST


-  INDICATES NEGATIVE NUMBERS.
R  INDICATES RECORD WAS SET OR TIED.
MM INDICATES DATA IS MISSING.
T  INDICATES TRACE AMOUNT.




$$
