295
CDUS45 KPUB 271143
CLIPUB


CLIMATE REPORT
NATIONAL WEATHER SERVICE PUEBLO
441 AM MST MON FEB 27 2017


...................................

...THE PUEBLO CO CLIMATE SUMMARY FOR FEBRUARY 26 2017...

CLIMATE NORMAL PERIOD 1981 TO 2010
CLIMATE RECORD PERIOD 1888 TO 2017


WEATHER ITEM   OBSERVED TIME   RECORD YEAR NORMAL DEPARTURE LAST
                VALUE   (LST)  VALUE       VALUE  FROM      YEAR
                                                  NORMAL
..................................................................
TEMPERATURE (F)
 YESTERDAY
  MAXIMUM         51    325 PM  80    1986  54     -3       66
  MINIMUM         11    652 AM  -7    1964  20     -9       18
  AVERAGE         31                        37     -6       42

PRECIPITATION (IN)
  YESTERDAY        0.00          0.65 1939   0.01  -0.01     0.00
  MONTH TO DATE    0.17                      0.27  -0.10     0.33
  SINCE DEC 1      1.68                      1.00   0.68     1.26
  SINCE JAN 1      0.92                      0.62   0.30     0.86

SNOWFALL (IN)
  YESTERDAY        0.0           7.4  2015   0.2   -0.2      0.0
  MONTH TO DATE    0.0                       3.6   -3.6      5.8
  SINCE DEC 1     14.2                      15.6   -1.4     17.8
  SINCE JUL 1     14.2                      21.6   -7.4     24.2
  SNOW DEPTH       0

DEGREE DAYS
 HEATING
  YESTERDAY       34                        28      6       23
  MONTH TO DATE  573                       816   -243      659
  SINCE DEC 1   2657                      2967   -310     2590
  SINCE JUL 1   3439                      4248   -809     3464

 COOLING
  YESTERDAY        0                         0      0        0
  MONTH TO DATE    0                         0      0        0
  SINCE DEC 1      0                         0      0        0
  SINCE JAN 1      0                         0      0        0
..................................................................


WIND (MPH)
  HIGHEST WIND SPEED    23   HIGHEST WIND DIRECTION     W (280)
  HIGHEST GUST SPEED    31   HIGHEST GUST DIRECTION     W (270)
  AVERAGE WIND SPEED     6.9


SKY COVER
  POSSIBLE SUNSHINE  MM
  AVERAGE SKY COVER 0.0


WEATHER CONDITIONS
 THE FOLLOWING WEATHER WAS RECORDED YESTERDAY.
  NO SIGNIFICANT WEATHER WAS OBSERVED.


RELATIVE HUMIDITY (PERCENT)
 HIGHEST    58           600 AM
 LOWEST      9           200 PM
 AVERAGE    34

..........................................................


THE PUEBLO CO CLIMATE NORMALS FOR TODAY
                         NORMAL    RECORD    YEAR
 MAXIMUM TEMPERATURE (F)   54        81      1980
 MINIMUM TEMPERATURE (F)   21        -7      1960


SUNRISE AND SUNSET
FEBRUARY 27 2017......SUNRISE   632 AM MST   SUNSET   550 PM MST
FEBRUARY 28 2017......SUNRISE   631 AM MST   SUNSET   551 PM MST


-  INDICATES NEGATIVE NUMBERS.
R  INDICATES RECORD WAS SET OR TIED.
MM INDICATES DATA IS MISSING.
T  INDICATES TRACE AMOUNT.




$$
