000
CDUS45 KPUB 292320
CLIPUB


CLIMATE REPORT
NATIONAL WEATHER SERVICE PUEBLO
520 PM MDT MON AUG 29 2016


...................................

...THE PUEBLO CO CLIMATE SUMMARY FOR AUGUST 29 2016...
VALID TODAY AS OF 0500 PM LOCAL TIME.

CLIMATE NORMAL PERIOD 1981 TO 2010
CLIMATE RECORD PERIOD 1888 TO 2016


WEATHER ITEM   OBSERVED TIME   RECORD YEAR NORMAL DEPARTURE LAST
                VALUE   (LST)  VALUE       VALUE  FROM      YEAR
                                                  NORMAL
..................................................................
TEMPERATURE (F)
 TODAY
  MAXIMUM         82    236 PM 102    1970  88     -6       92
  MINIMUM         60    416 AM  47    1917  55      5       56
                                      1911
  AVERAGE         71                        71      0       74

PRECIPITATION (IN)
  TODAY            T             2.95 1955   0.05  -0.05     0.00
  MONTH TO DATE    1.32                      2.20  -0.88     4.24
  SINCE JUN 1      3.15                      5.62  -2.47     6.10
  SINCE JAN 1     10.32                     10.11   0.21    15.02

SNOWFALL (IN)
  TODAY            0.0           0.0  2002   0.0    0.0      0.0
  MONTH TO DATE    T                         0.0    0.0      0.0
  SINCE JUN 1      T                         0.0    0.0      0.0
  SINCE JUL 1      T                         0.0    0.0      0.0
  SNOW DEPTH       0

DEGREE DAYS
 HEATING
  TODAY            0                         0      0        0
  MONTH TO DATE    0                         0      0        0
  SINCE JUN 1      1                        26    -25        0
  SINCE JUL 1      0                         1     -1        0

 COOLING
  TODAY            6                         7     -1        9
  MONTH TO DATE  300                       253     47      373
  SINCE JUN 1   1123                       764    359     1016
  SINCE JAN 1   1153                       798    355     1020
..................................................................


WIND (MPH)
  HIGHEST WIND SPEED    37   HIGHEST WIND DIRECTION     N (360)
  HIGHEST GUST SPEED    46   HIGHEST GUST DIRECTION     N (360)
  AVERAGE WIND SPEED    13.6


SKY COVER
  POSSIBLE SUNSHINE  MM
  AVERAGE SKY COVER 0.3


WEATHER CONDITIONS
 THE FOLLOWING WEATHER WAS RECORDED TODAY.
  THUNDERSTORM
  LIGHT RAIN


RELATIVE HUMIDITY (PERCENT)
 HIGHEST    72           300 AM
 LOWEST     38           300 PM
 AVERAGE    55

..........................................................


THE PUEBLO CO CLIMATE NORMALS FOR TOMORROW
                         NORMAL    RECORD    YEAR
 MAXIMUM TEMPERATURE (F)   87       102      1990
 MINIMUM TEMPERATURE (F)   55        43      1944


SUNRISE AND SUNSET
AUGUST 29 2016........SUNRISE   625 AM MDT   SUNSET   731 PM MDT
AUGUST 30 2016........SUNRISE   626 AM MDT   SUNSET   730 PM MDT


-  INDICATES NEGATIVE NUMBERS.
R  INDICATES RECORD WAS SET OR TIED.
MM INDICATES DATA IS MISSING.
T  INDICATES TRACE AMOUNT.




$$
