000
CDUS45 KPUB 220020
CLIPUB


CLIMATE REPORT
NATIONAL WEATHER SERVICE PUEBLO
619 PM MDT SAT MAR 21 2015


...................................

...THE PUEBLO CO CLIMATE SUMMARY FOR MARCH 21 2015...
VALID TODAY AS OF 0500 PM LOCAL TIME.

CLIMATE NORMAL PERIOD 1981 TO 2010
CLIMATE RECORD PERIOD 1888 TO 2015


WEATHER ITEM   OBSERVED TIME   RECORD YEAR NORMAL DEPARTURE LAST
                VALUE   (LST)  VALUE       VALUE  FROM      YEAR
                                                  NORMAL
..................................................................
TEMPERATURE (F)
 TODAY
  MAXIMUM         68    348 PM  81    1999  61      7       52
  MINIMUM         31    537 AM   9    1965  27      4       35
  AVERAGE         50                        44      6       44

PRECIPITATION (IN)
  TODAY            0.00          0.59 1952   0.03  -0.03     0.00
  MONTH TO DATE    0.49                      0.59  -0.10     0.64
  SINCE MAR 1      0.49                      0.59  -0.10     0.64
  SINCE JAN 1      1.87                      1.24   0.63     1.37

SNOWFALL (IN)
  TODAY            0.0           6.2  1952   0.2   -0.2      0.0
  MONTH TO DATE    1.7                       3.7   -2.0      1.0
  SINCE MAR 1      1.7                       3.7   -2.0      1.0
  SINCE JUL 1     42.8                      25.5   17.3     19.6
  SNOW DEPTH       0

DEGREE DAYS
 HEATING
  TODAY           15                        21     -6       21
  MONTH TO DATE  478                       502    -24      472
  SINCE MAR 1    478                       502    -24      472
  SINCE JUL 1   4500                      4805   -305     4677

 COOLING
  TODAY            0                         0      0        0
  MONTH TO DATE    0                         0      0        0
  SINCE MAR 1      0                         0      0        0
  SINCE JAN 1      0                         0      0        0
..................................................................


WIND (MPH)
  HIGHEST WIND SPEED    12   HIGHEST WIND DIRECTION    SE (120)
  HIGHEST GUST SPEED    15   HIGHEST GUST DIRECTION    SE (130)
  AVERAGE WIND SPEED     4.1


SKY COVER
  POSSIBLE SUNSHINE  MM
  AVERAGE SKY COVER 0.0


WEATHER CONDITIONS
 THE FOLLOWING WEATHER WAS RECORDED TODAY.
  NO SIGNIFICANT WEATHER WAS OBSERVED.


RELATIVE HUMIDITY (PERCENT)
 HIGHEST    92           400 AM
 LOWEST     10           400 PM
 AVERAGE    51

..........................................................


THE PUEBLO CO CLIMATE NORMALS FOR TOMORROW
                         NORMAL    RECORD    YEAR
 MAXIMUM TEMPERATURE (F)   61        81      1910
 MINIMUM TEMPERATURE (F)   27         8      1898


SUNRISE AND SUNSET
MARCH 21 2015.........SUNRISE   700 AM MDT   SUNSET   711 PM MDT
MARCH 22 2015.........SUNRISE   659 AM MDT   SUNSET   712 PM MDT


-  INDICATES NEGATIVE NUMBERS.
R  INDICATES RECORD WAS SET OR TIED.
MM INDICATES DATA IS MISSING.
T  INDICATES TRACE AMOUNT.




$$
