000
CDUS45 KPUB 311134
CLIPUB


CLIMATE REPORT
NATIONAL WEATHER SERVICE PUEBLO
434 AM MST SUN DEC 31 2017


...................................

...THE PUEBLO CO CLIMATE SUMMARY FOR DECEMBER 30 2017...

CLIMATE NORMAL PERIOD 1981 TO 2010
CLIMATE RECORD PERIOD 1888 TO 2017


WEATHER ITEM   OBSERVED TIME   RECORD YEAR NORMAL DEPARTURE LAST
                VALUE   (LST)  VALUE       VALUE  FROM      YEAR
                                                  NORMAL
..................................................................
TEMPERATURE (F)
 YESTERDAY
  MAXIMUM         23    330 PM  79    1980  46    -23       68
  MINIMUM          7    836 PM -16    2014  14     -7       18
  AVERAGE         15                        30    -15       43

PRECIPITATION (IN)
  YESTERDAY        T             0.44 1896   0.01  -0.01     0.00
  MONTH TO DATE    0.01                      0.37  -0.36     0.76
  SINCE DEC 1      0.01                      0.37  -0.36     0.76
  SINCE JAN 1     15.99                     12.56   3.43    11.91

SNOWFALL (IN)
  YESTERDAY        T             5.1  2010   0.1   -0.1      0.0
  MONTH TO DATE    0.6                       5.3   -4.7      4.4
  SINCE DEC 1      0.6                       5.3   -4.7      4.4
  SINCE JUL 1      2.0                      11.3   -9.3      4.4
  SNOW DEPTH       0

DEGREE DAYS
 HEATING
  YESTERDAY       50                        35     15       22
  MONTH TO DATE  939                      1048   -109     1042
  SINCE DEC 1    939                      1048   -109     1042
  SINCE JUL 1   1960                      2329   -369     1824

 COOLING
  YESTERDAY        0                         0      0        0
  MONTH TO DATE    0                         0      0        0
  SINCE DEC 1      0                         0      0        0
  SINCE JAN 1   1027                       897    130     1358
..................................................................


WIND (MPH)
  HIGHEST WIND SPEED    18   HIGHEST WIND DIRECTION     N (20)
  HIGHEST GUST SPEED    23   HIGHEST GUST DIRECTION     N (20)
  AVERAGE WIND SPEED     5.8


SKY COVER
  POSSIBLE SUNSHINE  MM
  AVERAGE SKY COVER 0.5


WEATHER CONDITIONS
 THE FOLLOWING WEATHER WAS RECORDED YESTERDAY.
  LIGHT SNOW
  FOG
  HAZE


RELATIVE HUMIDITY (PERCENT)
 HIGHEST    92           500 AM
 LOWEST     62           300 PM
 AVERAGE    77

..........................................................


THE PUEBLO CO CLIMATE NORMALS FOR TODAY
                         NORMAL    RECORD    YEAR
 MAXIMUM TEMPERATURE (F)   46        69      1904
 MINIMUM TEMPERATURE (F)   14       -17      2014


SUNRISE AND SUNSET
DECEMBER 31 2017......SUNRISE   715 AM MST   SUNSET   448 PM MST
JANUARY  1 2018.......SUNRISE   715 AM MST   SUNSET   449 PM MST


-  INDICATES NEGATIVE NUMBERS.
R  INDICATES RECORD WAS SET OR TIED.
MM INDICATES DATA IS MISSING.
T  INDICATES TRACE AMOUNT.




$$
