000
CDUS45 KPUB 121046
CLIPUB


CLIMATE REPORT
NATIONAL WEATHER SERVICE PUEBLO
445 AM MDT FRI SEP 12 2014


...................................

...THE PUEBLO CO CLIMATE SUMMARY FOR SEPTEMBER 11 2014...

CLIMATE NORMAL PERIOD 1981 TO 2010
CLIMATE RECORD PERIOD 1888 TO 2014


WEATHER ITEM   OBSERVED TIME   RECORD YEAR NORMAL DEPARTURE LAST
                VALUE   (LST)  VALUE       VALUE  FROM      YEAR
                                                  NORMAL
..................................................................
TEMPERATURE (F)
 YESTERDAY
  MAXIMUM         65    203 PM  97    1970  84    -19       72
  MINIMUM         44   1159 PM  35    1898  50     -6       63
  AVERAGE         55                        67    -12       68

PRECIPITATION (IN)
  YESTERDAY        0.09          0.37 1985   0.02   0.07     0.06
  MONTH TO DATE    0.09                      0.36  -0.27     0.14
  SINCE SEP 1      0.09                      0.36  -0.27     0.14
  SINCE JAN 1      9.69                     10.59  -0.90     7.94

SNOWFALL (IN)
  YESTERDAY        0.0           0.0  2002   0.0    0.0      0.0
  MONTH TO DATE    0.0                       0.0    0.0      0.0
  SINCE SEP 1      0.0                       0.0    0.0      0.0
  SINCE JUL 1      T                         0.0    0.0       T
  SNOW DEPTH       0

DEGREE DAYS
 HEATING
  YESTERDAY       10                         2      8        0
  MONTH TO DATE   16                        12      4        0
  SINCE SEP 1     16                        12      4        0
  SINCE JUL 1     17                        17      0        0

 COOLING
  YESTERDAY        0                         3     -3        3
  MONTH TO DATE   60                        51      9      121
  SINCE SEP 1     60                        51      9      121
  SINCE JAN 1    935                       862     73     1181
..................................................................


WIND (MPH)
  HIGHEST WIND SPEED    21   HIGHEST WIND DIRECTION     E (90)
  HIGHEST GUST SPEED    26   HIGHEST GUST DIRECTION     E (90)
  AVERAGE WIND SPEED    11.7


SKY COVER
  POSSIBLE SUNSHINE  MM
  AVERAGE SKY COVER 0.7


WEATHER CONDITIONS
 THE FOLLOWING WEATHER WAS RECORDED YESTERDAY.
  LIGHT RAIN
  FOG
  HAZE


RELATIVE HUMIDITY (PERCENT)
 HIGHEST    93           600 PM
 LOWEST     55          1200 AM
 AVERAGE    74

..........................................................


THE PUEBLO CO CLIMATE NORMALS FOR TODAY
                         NORMAL    RECORD    YEAR
 MAXIMUM TEMPERATURE (F)   83        97      1956
 MINIMUM TEMPERATURE (F)   50        33      1902


SUNRISE AND SUNSET
SEPTEMBER 12 2014.....SUNRISE   637 AM MDT   SUNSET   711 PM MDT
SEPTEMBER 13 2014.....SUNRISE   638 AM MDT   SUNSET   709 PM MDT


-  INDICATES NEGATIVE NUMBERS.
R  INDICATES RECORD WAS SET OR TIED.
MM INDICATES DATA IS MISSING.
T  INDICATES TRACE AMOUNT.




$$
