000
CDUS45 KPUB 060026
CLIPUB


CLIMATE REPORT
NATIONAL WEATHER SERVICE PUEBLO
626 PM MDT SAT APR 5 2014


...................................

...THE PUEBLO CO CLIMATE SUMMARY FOR APRIL 5 2014...
VALID TODAY AS OF 0500 PM LOCAL TIME.

CLIMATE NORMAL PERIOD 1981 TO 2010
CLIMATE RECORD PERIOD 1888 TO 2014


WEATHER ITEM   OBSERVED TIME   RECORD YEAR NORMAL DEPARTURE LAST
                VALUE   (LST)  VALUE       VALUE  FROM      YEAR
                                                  NORMAL
..................................................................
TEMPERATURE (F)
 TODAY
  MAXIMUM         54    302 PM  86    1991  64    -10       79
  MINIMUM         31    317 AM  17    1983  31      0       36
                                      1945
  AVERAGE         43                        47     -4       58

PRECIPITATION (IN)
  TODAY            0.00          2.29 1900   0.04  -0.04     0.00
  MONTH TO DATE    0.59                      0.17   0.42     0.01
  SINCE MAR 1      1.35                      1.10   0.25     0.22
  SINCE JAN 1      2.08                      1.75   0.33     0.91

SNOWFALL (IN)
  TODAY            0.0           4.2  1994   0.1   -0.1      0.0
  MONTH TO DATE    3.1                       0.8    2.3      0.1
  SINCE MAR 1      5.5                       6.5   -1.0      5.8
  SINCE JUL 1     24.1                      28.3   -4.2     20.5
  SNOW DEPTH       0

DEGREE DAYS
 HEATING
  TODAY           22                        18      4        7
  MONTH TO DATE  100                        91      9       94
  SINCE MAR 1    772                       793    -21      829
  SINCE JUL 1   4977                      5096   -119     5066

 COOLING
  TODAY            0                         0      0        0
  MONTH TO DATE    0                         0      0        0
  SINCE MAR 1      0                         0      0        0
  SINCE JAN 1      0                         0      0        0
..................................................................


WIND (MPH)
  HIGHEST WIND SPEED    18   HIGHEST WIND DIRECTION     S (180)
  HIGHEST GUST SPEED    22   HIGHEST GUST DIRECTION     S (180)
  AVERAGE WIND SPEED     6.4


SKY COVER
  POSSIBLE SUNSHINE  MM
  AVERAGE SKY COVER 0.3


WEATHER CONDITIONS
 THE FOLLOWING WEATHER WAS RECORDED TODAY.
  NO SIGNIFICANT WEATHER WAS OBSERVED.


RELATIVE HUMIDITY (PERCENT)
 HIGHEST    89           400 AM
 LOWEST     38           300 PM
 AVERAGE    64

..........................................................


THE PUEBLO CO CLIMATE NORMALS FOR TOMORROW
                         NORMAL    RECORD    YEAR
 MAXIMUM TEMPERATURE (F)   64        90      1991
 MINIMUM TEMPERATURE (F)   31        14      1936


SUNRISE AND SUNSET
APRIL  5 2014.........SUNRISE   637 AM MDT   SUNSET   725 PM MDT
APRIL  6 2014.........SUNRISE   635 AM MDT   SUNSET   726 PM MDT


-  INDICATES NEGATIVE NUMBERS.
R  INDICATES RECORD WAS SET OR TIED.
MM INDICATES DATA IS MISSING.
T  INDICATES TRACE AMOUNT.




$$
