000
CDUS45 KPUB 060141
CLIPUB


CLIMATE REPORT
NATIONAL WEATHER SERVICE PUEBLO
641 PM MST SUN FEB 5 2017


...................................

...THE PUEBLO CO CLIMATE SUMMARY FOR FEBRUARY 5 2017...
VALID TODAY AS OF 0500 PM LOCAL TIME.

CLIMATE NORMAL PERIOD 1981 TO 2010
CLIMATE RECORD PERIOD 1888 TO 2017


WEATHER ITEM   OBSERVED TIME   RECORD YEAR NORMAL DEPARTURE LAST
                VALUE   (LST)  VALUE       VALUE  FROM      YEAR
                                                  NORMAL
..................................................................
TEMPERATURE (F)
 TODAY
  MAXIMUM         66    405 PM  77    1963  48     18       39
  MINIMUM         20    623 AM -11    1982  15      5       15
  AVERAGE         43                        32     11       27

PRECIPITATION (IN)
  TODAY            0.00          0.32 1989   0.01  -0.01     0.03
  MONTH TO DATE    0.00                      0.04  -0.04     0.33
  SINCE DEC 1      1.51                      0.77   0.74     1.26
  SINCE JAN 1      0.75                      0.39   0.36     0.86

SNOWFALL (IN)
  TODAY            0.0           7.5  1989   0.2   -0.2      0.4
  MONTH TO DATE    0.0                       0.8   -0.8      5.8
  SINCE DEC 1     14.2                      12.8    1.4     17.8
  SINCE JUL 1     14.2                      18.8   -4.6     24.2
  SNOW DEPTH       0

DEGREE DAYS
 HEATING
  TODAY           22                        33    -11       38
  MONTH TO DATE  159                       168     -9      212
  SINCE DEC 1   2243                      2319    -76     2143
  SINCE JUL 1   3025                      3600   -575     3017

 COOLING
  TODAY            0                         0      0        0
  MONTH TO DATE    0                         0      0        0
  SINCE DEC 1      0                         0      0        0
  SINCE JAN 1      0                         0      0        0
..................................................................


WIND (MPH)
  HIGHEST WIND SPEED    15   HIGHEST WIND DIRECTION     S (180)
  HIGHEST GUST SPEED    21   HIGHEST GUST DIRECTION    SE (150)
  AVERAGE WIND SPEED     5.7


SKY COVER
  POSSIBLE SUNSHINE  MM
  AVERAGE SKY COVER 0.0


WEATHER CONDITIONS
 THE FOLLOWING WEATHER WAS RECORDED TODAY.
  NO SIGNIFICANT WEATHER WAS OBSERVED.


RELATIVE HUMIDITY (PERCENT)
 HIGHEST    77           500 AM
 LOWEST     14           400 PM
 AVERAGE    46

..........................................................


THE PUEBLO CO CLIMATE NORMALS FOR TOMORROW
                         NORMAL    RECORD    YEAR
 MAXIMUM TEMPERATURE (F)   48        78      2015
 MINIMUM TEMPERATURE (F)   15       -23      1989


SUNRISE AND SUNSET
FEBRUARY  5 2017......SUNRISE   659 AM MST   SUNSET   526 PM MST
FEBRUARY  6 2017......SUNRISE   658 AM MST   SUNSET   527 PM MST


-  INDICATES NEGATIVE NUMBERS.
R  INDICATES RECORD WAS SET OR TIED.
MM INDICATES DATA IS MISSING.
T  INDICATES TRACE AMOUNT.




$$
