000
CDUS45 KPUB 171125
CLIPUB


CLIMATE REPORT
NATIONAL WEATHER SERVICE PUEBLO
425 AM MST WED DEC 17 2014


...................................

...THE PUEBLO CO CLIMATE SUMMARY FOR DECEMBER 16 2014...

CLIMATE NORMAL PERIOD 1981 TO 2010
CLIMATE RECORD PERIOD 1888 TO 2014


WEATHER ITEM   OBSERVED TIME   RECORD YEAR NORMAL DEPARTURE LAST
                VALUE   (LST)  VALUE       VALUE  FROM      YEAR
                                                  NORMAL
..................................................................
TEMPERATURE (F)
 YESTERDAY
  MAXIMUM         39    225 PM  70    1939  45     -6       67
  MINIMUM         15    737 AM  -8    1940  14      1       26
  AVERAGE         27                        30     -3       47

PRECIPITATION (IN)
  YESTERDAY        0.00          0.36 1909   0.01  -0.01     0.00
  MONTH TO DATE    0.04                      0.21  -0.17     0.02
  SINCE DEC 1      0.04                      0.21  -0.17     0.02
  SINCE JAN 1     11.63                     12.40  -0.77     9.67

SNOWFALL (IN)
  YESTERDAY        0.0           2.9  1909   0.2   -0.2      0.0
  MONTH TO DATE    T                         2.9   -2.9      2.0
  SINCE DEC 1      T                         2.9   -2.9      2.0
  SINCE JUL 1      9.9                       8.9    1.0      5.7
  SNOW DEPTH       0

DEGREE DAYS
 HEATING
  YESTERDAY       38                        36      2       18
  MONTH TO DATE  468                       548    -80      596
  SINCE DEC 1    468                       548    -80      596
  SINCE JUL 1   1630                      1829   -199     1779

 COOLING
  YESTERDAY        0                         0      0        0
  MONTH TO DATE    0                         0      0        0
  SINCE DEC 1      0                         0      0        0
  SINCE JAN 1   1002                       897    105     1230
..................................................................


WIND (MPH)
  HIGHEST WIND SPEED    10   HIGHEST WIND DIRECTION     E (110)
  HIGHEST GUST SPEED    13   HIGHEST GUST DIRECTION     E (110)
  AVERAGE WIND SPEED     3.3


SKY COVER
  POSSIBLE SUNSHINE  MM
  AVERAGE SKY COVER 0.0


WEATHER CONDITIONS
 THE FOLLOWING WEATHER WAS RECORDED YESTERDAY.
  NO SIGNIFICANT WEATHER WAS OBSERVED.


RELATIVE HUMIDITY (PERCENT)
 HIGHEST    92           100 AM
 LOWEST     47           400 PM
 AVERAGE    70

..........................................................


THE PUEBLO CO CLIMATE NORMALS FOR TODAY
                         NORMAL    RECORD    YEAR
 MAXIMUM TEMPERATURE (F)   45        82      1980
 MINIMUM TEMPERATURE (F)   14       -10      1996


SUNRISE AND SUNSET
DECEMBER 17 2014......SUNRISE   709 AM MST   SUNSET   439 PM MST
DECEMBER 18 2014......SUNRISE   710 AM MST   SUNSET   440 PM MST


-  INDICATES NEGATIVE NUMBERS.
R  INDICATES RECORD WAS SET OR TIED.
MM INDICATES DATA IS MISSING.
T  INDICATES TRACE AMOUNT.




$$
