000
CDUS45 KPUB 271140
CLIPUB


CLIMATE REPORT
NATIONAL WEATHER SERVICE PUEBLO
440 AM MST TUE DEC 27 2016


...................................

...THE PUEBLO CO CLIMATE SUMMARY FOR DECEMBER 26 2016...

CLIMATE NORMAL PERIOD 1981 TO 2010
CLIMATE RECORD PERIOD 1888 TO 2016


WEATHER ITEM   OBSERVED TIME   RECORD YEAR NORMAL DEPARTURE LAST
                VALUE   (LST)  VALUE       VALUE  FROM      YEAR
                                                  NORMAL
..................................................................
TEMPERATURE (F)
 YESTERDAY
  MAXIMUM         46    331 PM  73    2005  46      0       31
  MINIMUM         19   1108 PM -12    1911  13      6       21
  AVERAGE         33                        30      3       26

PRECIPITATION (IN)
  YESTERDAY        0.00          0.30 1974   0.01  -0.01     0.00
                                      1942
  MONTH TO DATE    0.76                      0.33   0.43     0.40
  SINCE DEC 1      0.76                      0.33   0.43     0.40
  SINCE JAN 1     11.91                     12.52  -0.61    16.66

SNOWFALL (IN)
  YESTERDAY        0.0           4.4  1942   0.1   -0.1      0.0
  MONTH TO DATE    4.4                       4.6   -0.2      5.4
  SINCE DEC 1      4.4                       4.6   -0.2      5.4
  SINCE JUL 1      4.4                      10.6   -6.2     11.8
  SNOW DEPTH       0

DEGREE DAYS
 HEATING
  YESTERDAY       32                        36     -4       39
  MONTH TO DATE  935                       908     27      726
  SINCE DEC 1    935                       908     27      726
  SINCE JUL 1   1717                      2189   -472     1600

 COOLING
  YESTERDAY        0                         0      0        0
  MONTH TO DATE    0                         0      0        0
  SINCE DEC 1      0                         0      0        0
  SINCE JAN 1   1358                       897    461     1273
..................................................................


WIND (MPH)
  HIGHEST WIND SPEED    41   HIGHEST WIND DIRECTION     W (280)
  HIGHEST GUST SPEED    52   HIGHEST GUST DIRECTION     W (280)
  AVERAGE WIND SPEED    21.1


SKY COVER
  POSSIBLE SUNSHINE  MM
  AVERAGE SKY COVER 0.0


WEATHER CONDITIONS
 THE FOLLOWING WEATHER WAS RECORDED YESTERDAY.
  NO SIGNIFICANT WEATHER WAS OBSERVED.


RELATIVE HUMIDITY (PERCENT)
 HIGHEST    77          1100 PM
 LOWEST     14          1200 PM
 AVERAGE    46

..........................................................


THE PUEBLO CO CLIMATE NORMALS FOR TODAY
                         NORMAL    RECORD    YEAR
 MAXIMUM TEMPERATURE (F)   46        75      1980
 MINIMUM TEMPERATURE (F)   13       -15      1911


SUNRISE AND SUNSET
DECEMBER 27 2016......SUNRISE   714 AM MST   SUNSET   445 PM MST
DECEMBER 28 2016......SUNRISE   714 AM MST   SUNSET   446 PM MST


-  INDICATES NEGATIVE NUMBERS.
R  INDICATES RECORD WAS SET OR TIED.
MM INDICATES DATA IS MISSING.
T  INDICATES TRACE AMOUNT.




$$
