000
CDUS45 KPUB 201138
CLIPUB


CLIMATE REPORT
NATIONAL WEATHER SERVICE PUEBLO
436 AM MST TUE JAN 20 2015


...................................

...THE PUEBLO CO CLIMATE SUMMARY FOR JANUARY 19 2015...

CLIMATE NORMAL PERIOD 1981 TO 2010
CLIMATE RECORD PERIOD 1888 TO 2015


WEATHER ITEM   OBSERVED TIME   RECORD YEAR NORMAL DEPARTURE LAST
                VALUE   (LST)  VALUE       VALUE  FROM      YEAR
                                                  NORMAL
..................................................................
TEMPERATURE (F)
 YESTERDAY
  MAXIMUM         62    259 PM  75    1986  47     15       69
  MINIMUM         34   1159 PM -26    1943  14     20       15
  AVERAGE         48                        31     17       42

PRECIPITATION (IN)
  YESTERDAY        0.00          0.55 1990   0.01  -0.01     0.00
  MONTH TO DATE    0.02                      0.21  -0.19     0.04
  SINCE DEC 1      0.26                      0.59  -0.33     0.07
  SINCE JAN 1      0.02                      0.21  -0.19     0.04

SNOWFALL (IN)
  YESTERDAY        0.0          11.6  1990   0.2   -0.2      0.0
  MONTH TO DATE    0.4                       4.0   -3.6      1.1
  SINCE DEC 1      3.6                       9.5   -5.9      3.3
  SINCE JUL 1     13.5                      15.5   -2.0      7.0
  SNOW DEPTH       0

DEGREE DAYS
 HEATING
  YESTERDAY       17                        34    -17       23
  MONTH TO DATE  632                       660    -28      624
  SINCE DEC 1   1701                      1742    -41     1679
  SINCE JUL 1   2863                      3023   -160     2862

 COOLING
  YESTERDAY        0                         0      0        0
  MONTH TO DATE    0                         0      0        0
  SINCE DEC 1      0                         0      0        0
  SINCE JAN 1      0                         0      0        0
..................................................................


WIND (MPH)
  HIGHEST WIND SPEED    25   HIGHEST WIND DIRECTION     W (290)
  HIGHEST GUST SPEED    32   HIGHEST GUST DIRECTION     W (290)
  AVERAGE WIND SPEED    10.6


SKY COVER
  POSSIBLE SUNSHINE  MM
  AVERAGE SKY COVER 0.0


WEATHER CONDITIONS
 THE FOLLOWING WEATHER WAS RECORDED YESTERDAY.
  NO SIGNIFICANT WEATHER WAS OBSERVED.


RELATIVE HUMIDITY (PERCENT)
 HIGHEST    70          1100 PM
 LOWEST     16           300 PM
 AVERAGE    43

..........................................................


THE PUEBLO CO CLIMATE NORMALS FOR TODAY
                         NORMAL    RECORD    YEAR
 MAXIMUM TEMPERATURE (F)   47        78      1971
 MINIMUM TEMPERATURE (F)   14       -13      1984


SUNRISE AND SUNSET
JANUARY 20 2015.......SUNRISE   711 AM MST   SUNSET   507 PM MST
JANUARY 21 2015.......SUNRISE   711 AM MST   SUNSET   508 PM MST


-  INDICATES NEGATIVE NUMBERS.
R  INDICATES RECORD WAS SET OR TIED.
MM INDICATES DATA IS MISSING.
T  INDICATES TRACE AMOUNT.




$$
