519
CDUS45 KPUB 180024
CLIPUB


CLIMATE REPORT
NATIONAL WEATHER SERVICE PUEBLO
621 PM MDT TUE MAY 17 2016


...................................

...THE PUEBLO CO CLIMATE SUMMARY FOR MAY 17 2016...
VALID TODAY AS OF 0500 PM LOCAL TIME.

CLIMATE NORMAL PERIOD 1981 TO 2010
CLIMATE RECORD PERIOD 1888 TO 2016


WEATHER ITEM   OBSERVED TIME   RECORD YEAR NORMAL DEPARTURE LAST
                VALUE   (LST)  VALUE       VALUE  FROM      YEAR
                                                  NORMAL
..................................................................
TEMPERATURE (F)
 TODAY
  MAXIMUM         55    151 PM  94    1964  77    -22       76
  MINIMUM         44    503 AM  33    1910  45     -1       44
  AVERAGE         50                        61    -11       60

PRECIPITATION (IN)
  TODAY            0.01          2.67 1995   0.05  -0.04      T
  MONTH TO DATE    0.78                      0.84  -0.06     2.85
  SINCE MAR 1      4.33                      3.17   1.16     4.84
  SINCE JAN 1      5.19                      3.82   1.37     6.22

SNOWFALL (IN)
  TODAY            0.0           0.0  2002   0.0    0.0      0.0
                                      2001
  MONTH TO DATE    0.0                       0.5   -0.5       T
  SINCE MAR 1      7.2                      10.0   -2.8      1.7
  SINCE JUL 1     31.4                      31.8   -0.4     42.8
  SNOW DEPTH       0

DEGREE DAYS
 HEATING
  TODAY           15                         5     10        5
  MONTH TO DATE  117                       123     -6      131
  SINCE MAR 1   1081                      1260   -179     1119
  SINCE JUL 1   4590                      5563   -973     5141

 COOLING
  TODAY            0                         1     -1        0
  MONTH TO DATE    3                         8     -5        1
  SINCE MAR 1      3                        10     -7        1
  SINCE JAN 1      3                        10     -7        1
..................................................................


WIND (MPH)
  HIGHEST WIND SPEED    14   HIGHEST WIND DIRECTION    SE (130)
  HIGHEST GUST SPEED    18   HIGHEST GUST DIRECTION     E (100)
  AVERAGE WIND SPEED     5.5


SKY COVER
  POSSIBLE SUNSHINE  MM
  AVERAGE SKY COVER 1.0


WEATHER CONDITIONS
 THE FOLLOWING WEATHER WAS RECORDED TODAY.
  LIGHT RAIN


RELATIVE HUMIDITY (PERCENT)
 HIGHEST    83           300 AM
 LOWEST     59           300 PM
 AVERAGE    71

..........................................................


THE PUEBLO CO CLIMATE NORMALS FOR TOMORROW
                         NORMAL    RECORD    YEAR
 MAXIMUM TEMPERATURE (F)   77        99      1996
 MINIMUM TEMPERATURE (F)   45        30      1986


SUNRISE AND SUNSET
MAY 17 2016...........SUNRISE   545 AM MDT   SUNSET   804 PM MDT
MAY 18 2016...........SUNRISE   544 AM MDT   SUNSET   805 PM MDT


-  INDICATES NEGATIVE NUMBERS.
R  INDICATES RECORD WAS SET OR TIED.
MM INDICATES DATA IS MISSING.
T  INDICATES TRACE AMOUNT.




$$
