000
CDUS45 KPUB 060029
CLIPUB


CLIMATE REPORT
NATIONAL WEATHER SERVICE PUEBLO
529 PM MST MON FEB 5 2018


...................................

...THE PUEBLO CO CLIMATE SUMMARY FOR FEBRUARY 5 2018...
VALID TODAY AS OF 0500 PM LOCAL TIME.

CLIMATE NORMAL PERIOD 1981 TO 2010
CLIMATE RECORD PERIOD 1888 TO 2018


WEATHER ITEM   OBSERVED TIME   RECORD YEAR NORMAL DEPARTURE LAST
                VALUE   (LST)  VALUE       VALUE  FROM      YEAR
                                                  NORMAL
..................................................................
TEMPERATURE (F)
 TODAY
  MAXIMUM         68    102 PM  77    1963  48     20       66
  MINIMUM         18    658 AM -11    1982  15      3       20
  AVERAGE         43                        32     11       43

PRECIPITATION (IN)
  TODAY            0.00          0.32 1989   0.01  -0.01     0.00
  MONTH TO DATE    0.00                      0.04  -0.04     0.00
  SINCE DEC 1      0.24                      0.77  -0.53     1.51
  SINCE JAN 1      0.23                      0.39  -0.16     0.75

SNOWFALL (IN)
  TODAY            0.0           7.5  1989   0.2   -0.2      0.0
  MONTH TO DATE    0.0                       0.8   -0.8      0.0
  SINCE DEC 1      1.8                      12.8  -11.0     14.2
  SINCE JUL 1      3.2                      18.8  -15.6     14.2
  SNOW DEPTH       0

DEGREE DAYS
 HEATING
  TODAY           22                        33    -11       22
  MONTH TO DATE  143                       168    -25      159
  SINCE DEC 1   2077                      2319   -242     2243
  SINCE JUL 1   3098                      3600   -502     3025

 COOLING
  TODAY            0                         0      0        0
  MONTH TO DATE    0                         0      0        0
  SINCE DEC 1      0                         0      0        0
  SINCE JAN 1      0                         0      0        0
..................................................................


WIND (MPH)
  HIGHEST WIND SPEED    32   HIGHEST WIND DIRECTION     E (80)
  HIGHEST GUST SPEED    45   HIGHEST GUST DIRECTION     E (100)
  AVERAGE WIND SPEED    11.8


SKY COVER
  POSSIBLE SUNSHINE  MM
  AVERAGE SKY COVER 0.2


WEATHER CONDITIONS
 THE FOLLOWING WEATHER WAS RECORDED TODAY.
  FOG


RELATIVE HUMIDITY (PERCENT)
 HIGHEST    92          1200 AM
 LOWEST     14           100 PM
 AVERAGE    53

..........................................................


THE PUEBLO CO CLIMATE NORMALS FOR TOMORROW
                         NORMAL    RECORD    YEAR
 MAXIMUM TEMPERATURE (F)   48        78      2015
 MINIMUM TEMPERATURE (F)   15       -23      1989


SUNRISE AND SUNSET
FEBRUARY  5 2018......SUNRISE   659 AM MST   SUNSET   525 PM MST
FEBRUARY  6 2018......SUNRISE   658 AM MST   SUNSET   526 PM MST


-  INDICATES NEGATIVE NUMBERS.
R  INDICATES RECORD WAS SET OR TIED.
MM INDICATES DATA IS MISSING.
T  INDICATES TRACE AMOUNT.




$$
