000
CDUS45 KPUB 260027
CLIPUB


CLIMATE REPORT
NATIONAL WEATHER SERVICE PUEBLO
527 PM MST FRI NOV 25 2016


...................................

...THE PUEBLO CO CLIMATE SUMMARY FOR NOVEMBER 25 2016...
VALID TODAY AS OF 0500 PM LOCAL TIME.

CLIMATE NORMAL PERIOD 1981 TO 2010
CLIMATE RECORD PERIOD 1888 TO 2016


WEATHER ITEM   OBSERVED TIME   RECORD YEAR NORMAL DEPARTURE LAST
                VALUE   (LST)  VALUE       VALUE  FROM      YEAR
                                                  NORMAL
..................................................................
TEMPERATURE (F)
 TODAY
  MAXIMUM         54    314 PM  82    1990  51      3       67
  MINIMUM         19    700 AM  -6    1993  19      0       24
  AVERAGE         37                        35      2       46

PRECIPITATION (IN)
  TODAY            0.00          0.19 1943   0.01  -0.01     0.00
  MONTH TO DATE    0.78                      0.39   0.39     0.10
  SINCE SEP 1      0.83                      1.88  -1.05     0.77
  SINCE JAN 1     11.15                     12.11  -0.96    15.79

SNOWFALL (IN)
  TODAY            0.0           2.8  1943   0.2   -0.2      0.0
  MONTH TO DATE    T                         3.5   -3.5      0.6
  SINCE SEP 1      T                         5.1   -5.1      0.6
  SINCE JUL 1      T                         5.1   -5.1      0.6
  SNOW DEPTH       0

DEGREE DAYS
 HEATING
  TODAY           28                        30     -2       19
  MONTH TO DATE  427                       614   -187      488
  SINCE SEP 1    641                      1119   -478      664
  SINCE JUL 1    641                      1124   -483      664

 COOLING
  TODAY            0                         0      0        0
  MONTH TO DATE    0                         0      0        0
  SINCE SEP 1    193                        86    107      227
  SINCE JAN 1   1358                       897    461     1273
..................................................................


WIND (MPH)
  HIGHEST WIND SPEED    10   HIGHEST WIND DIRECTION    SE (120)
  HIGHEST GUST SPEED    13   HIGHEST GUST DIRECTION     E (110)
  AVERAGE WIND SPEED     4.5


SKY COVER
  POSSIBLE SUNSHINE  MM
  AVERAGE SKY COVER 0.0


WEATHER CONDITIONS
 THE FOLLOWING WEATHER WAS RECORDED TODAY.
  NO SIGNIFICANT WEATHER WAS OBSERVED.


RELATIVE HUMIDITY (PERCENT)
 HIGHEST    91           500 AM
 LOWEST     24           300 PM
 AVERAGE    58

..........................................................


THE PUEBLO CO CLIMATE NORMALS FOR TOMORROW
                         NORMAL    RECORD    YEAR
 MAXIMUM TEMPERATURE (F)   51        76      1894
 MINIMUM TEMPERATURE (F)   18        -7      1952


SUNRISE AND SUNSET
NOVEMBER 25 2016......SUNRISE   651 AM MST   SUNSET   440 PM MST
NOVEMBER 26 2016......SUNRISE   652 AM MST   SUNSET   439 PM MST


-  INDICATES NEGATIVE NUMBERS.
R  INDICATES RECORD WAS SET OR TIED.
MM INDICATES DATA IS MISSING.
T  INDICATES TRACE AMOUNT.




$$
