044
CDUS45 KPUB 131120
CLIPUB


CLIMATE REPORT
NATIONAL WEATHER SERVICE PUEBLO
419 AM MST MON FEB 13 2017


...................................

...THE PUEBLO CO CLIMATE SUMMARY FOR FEBRUARY 12 2017...

CLIMATE NORMAL PERIOD 1981 TO 2010
CLIMATE RECORD PERIOD 1888 TO 2017


WEATHER ITEM   OBSERVED TIME   RECORD YEAR NORMAL DEPARTURE LAST
                VALUE   (LST)  VALUE       VALUE  FROM      YEAR
                                                  NORMAL
..................................................................
TEMPERATURE (F)
 YESTERDAY
  MAXIMUM         50    421 PM  76    1962  50      0       66
  MINIMUM         31   1110 PM -27    1899  16     15       26
  AVERAGE         41                        33      8       46

PRECIPITATION (IN)
  YESTERDAY        T             0.40 1940   0.01  -0.01     0.00
  MONTH TO DATE    T                         0.11  -0.11     0.33
  SINCE DEC 1      1.51                      0.84   0.67     1.26
  SINCE JAN 1      0.75                      0.46   0.29     0.86

SNOWFALL (IN)
  YESTERDAY        0.0           4.9  1940   0.1   -0.1      0.0
  MONTH TO DATE    0.0                       1.8   -1.8      5.8
  SINCE DEC 1     14.2                      13.8    0.4     17.8
  SINCE JUL 1     14.2                      19.8   -5.6     24.2
  SNOW DEPTH       0

DEGREE DAYS
 HEATING
  YESTERDAY       24                        32     -8       19
  MONTH TO DATE  261                       396   -135      376
  SINCE DEC 1   2345                      2547   -202     2307
  SINCE JUL 1   3127                      3828   -701     3181

 COOLING
  YESTERDAY        0                         0      0        0
  MONTH TO DATE    0                         0      0        0
  SINCE DEC 1      0                         0      0        0
  SINCE JAN 1      0                         0      0        0
..................................................................


WIND (MPH)
  HIGHEST WIND SPEED    22   HIGHEST WIND DIRECTION     N (360)
  HIGHEST GUST SPEED    26   HIGHEST GUST DIRECTION     N (360)
  AVERAGE WIND SPEED     7.4


SKY COVER
  POSSIBLE SUNSHINE  MM
  AVERAGE SKY COVER 0.7


WEATHER CONDITIONS
 THE FOLLOWING WEATHER WAS RECORDED YESTERDAY.
  NO SIGNIFICANT WEATHER WAS OBSERVED.


RELATIVE HUMIDITY (PERCENT)
 HIGHEST    64           300 AM
 LOWEST     33           400 PM
 AVERAGE    49

..........................................................


THE PUEBLO CO CLIMATE NORMALS FOR TODAY
                         NORMAL    RECORD    YEAR
 MAXIMUM TEMPERATURE (F)   50        76      2016
 MINIMUM TEMPERATURE (F)   17       -26      1905


SUNRISE AND SUNSET
FEBRUARY 13 2017......SUNRISE   650 AM MST   SUNSET   535 PM MST
FEBRUARY 14 2017......SUNRISE   649 AM MST   SUNSET   536 PM MST


-  INDICATES NEGATIVE NUMBERS.
R  INDICATES RECORD WAS SET OR TIED.
MM INDICATES DATA IS MISSING.
T  INDICATES TRACE AMOUNT.




$$
