000
CDUS45 KPUB 111125
CLIPUB


CLIMATE REPORT
NATIONAL WEATHER SERVICE PUEBLO
425 AM MST THU DEC 11 2014


...................................

...THE PUEBLO CO CLIMATE SUMMARY FOR DECEMBER 10 2014...

CLIMATE NORMAL PERIOD 1981 TO 2010
CLIMATE RECORD PERIOD 1888 TO 2014


WEATHER ITEM   OBSERVED TIME   RECORD YEAR NORMAL DEPARTURE LAST
                VALUE   (LST)  VALUE       VALUE  FROM      YEAR
                                                  NORMAL
..................................................................
TEMPERATURE (F)
 YESTERDAY
  MAXIMUM         62    252 PM  74    1981  46     16       52
                                      1975
  MINIMUM         16    532 AM -16    1972  15      1        1
  AVERAGE         39                        30      9       27

PRECIPITATION (IN)
  YESTERDAY        0.00          0.32 1961   0.02  -0.02     0.00
  MONTH TO DATE    0.00                      0.14  -0.14     0.02
  SINCE DEC 1      0.00                      0.14  -0.14     0.02
  SINCE JAN 1     11.59                     12.33  -0.74     9.67

SNOWFALL (IN)
  YESTERDAY        0.0           6.7  1961   0.2   -0.2      0.0
  MONTH TO DATE    0.0                       1.8   -1.8      2.0
  SINCE DEC 1      0.0                       1.8   -1.8      2.0
  SINCE JUL 1      9.9                       7.8    2.1      5.7
  SNOW DEPTH       0

DEGREE DAYS
 HEATING
  YESTERDAY       26                        35     -9       38
  MONTH TO DATE  289                       337    -48      417
  SINCE DEC 1    289                       337    -48      417
  SINCE JUL 1   1451                      1618   -167     1600

 COOLING
  YESTERDAY        0                         0      0        0
  MONTH TO DATE    0                         0      0        0
  SINCE DEC 1      0                         0      0        0
  SINCE JAN 1   1002                       897    105     1230
..................................................................


WIND (MPH)
  HIGHEST WIND SPEED    10   HIGHEST WIND DIRECTION     E (110)
  HIGHEST GUST SPEED    13   HIGHEST GUST DIRECTION    SE (120)
  AVERAGE WIND SPEED     4.5


SKY COVER
  POSSIBLE SUNSHINE  MM
  AVERAGE SKY COVER 0.0


WEATHER CONDITIONS
 THE FOLLOWING WEATHER WAS RECORDED YESTERDAY.
  NO SIGNIFICANT WEATHER WAS OBSERVED.


RELATIVE HUMIDITY (PERCENT)
 HIGHEST    80           500 AM
 LOWEST     12           200 PM
 AVERAGE    46

..........................................................


THE PUEBLO CO CLIMATE NORMALS FOR TODAY
                         NORMAL    RECORD    YEAR
 MAXIMUM TEMPERATURE (F)   46        79      2004
 MINIMUM TEMPERATURE (F)   14       -22      1961


SUNRISE AND SUNSET
DECEMBER 11 2014......SUNRISE   705 AM MST   SUNSET   438 PM MST
DECEMBER 12 2014......SUNRISE   706 AM MST   SUNSET   438 PM MST


-  INDICATES NEGATIVE NUMBERS.
R  INDICATES RECORD WAS SET OR TIED.
MM INDICATES DATA IS MISSING.
T  INDICATES TRACE AMOUNT.




$$
