000
CDUS45 KPUB 172323
CLIPUB


CLIMATE REPORT
NATIONAL WEATHER SERVICE PUEBLO
523 PM MDT SUN MAY 17 2015


...................................

...THE PUEBLO CO CLIMATE SUMMARY FOR MAY 17 2015...
VALID TODAY AS OF 0500 PM LOCAL TIME.

CLIMATE NORMAL PERIOD 1981 TO 2010
CLIMATE RECORD PERIOD 1888 TO 2015


WEATHER ITEM   OBSERVED TIME   RECORD YEAR NORMAL DEPARTURE LAST
                VALUE   (LST)  VALUE       VALUE  FROM      YEAR
                                                  NORMAL
..................................................................
TEMPERATURE (F)
 TODAY
  MAXIMUM         76    247 PM  94    1964  77     -1       77
  MINIMUM         44    423 AM  33    1910  45     -1       43
  AVERAGE         60                        61     -1       60

PRECIPITATION (IN)
  TODAY            0.00          2.67 1995   0.05  -0.05      T
  MONTH TO DATE    2.85                      0.84   2.01     0.25
  SINCE MAR 1      4.84                      3.17   1.67     3.07
  SINCE JAN 1      6.22                      3.82   2.40     3.80

SNOWFALL (IN)
  TODAY            0.0           0.0  2002   0.0    0.0      0.0
                                      2001
  MONTH TO DATE    T                         0.5   -0.5       T
  SINCE MAR 1      1.7                      10.0   -8.3     10.7
  SINCE JUL 1     42.8                      31.8   11.0     29.3
  SNOW DEPTH       0

DEGREE DAYS
 HEATING
  TODAY            5                         5      0        5
  MONTH TO DATE  131                       123      8      150
  SINCE MAR 1   1119                      1260   -141     1202
  SINCE JUL 1   5141                      5563   -422     5407

 COOLING
  TODAY            0                         1     -1        0
  MONTH TO DATE    1                         8     -7        7
  SINCE MAR 1      1                        10     -9        9
  SINCE JAN 1      1                        10     -9        9
..................................................................


WIND (MPH)
  HIGHEST WIND SPEED    31   HIGHEST WIND DIRECTION    NE (30)
  HIGHEST GUST SPEED    40   HIGHEST GUST DIRECTION    NE (30)
  AVERAGE WIND SPEED    12.7


SKY COVER
  POSSIBLE SUNSHINE  MM
  AVERAGE SKY COVER 0.1


WEATHER CONDITIONS
 THE FOLLOWING WEATHER WAS RECORDED TODAY.
  NO SIGNIFICANT WEATHER WAS OBSERVED.


RELATIVE HUMIDITY (PERCENT)
 HIGHEST    66          1200 AM
 LOWEST     20          1200 PM
 AVERAGE    43

..........................................................


THE PUEBLO CO CLIMATE NORMALS FOR TOMORROW
                         NORMAL    RECORD    YEAR
 MAXIMUM TEMPERATURE (F)   77        99      1996
 MINIMUM TEMPERATURE (F)   45        30      1986


SUNRISE AND SUNSET
MAY 17 2015...........SUNRISE   546 AM MDT   SUNSET   804 PM MDT
MAY 18 2015...........SUNRISE   545 AM MDT   SUNSET   805 PM MDT


-  INDICATES NEGATIVE NUMBERS.
R  INDICATES RECORD WAS SET OR TIED.
MM INDICATES DATA IS MISSING.
T  INDICATES TRACE AMOUNT.




$$
