000
CDUS45 KPUB 070006
CLIPUB


CLIMATE REPORT
NATIONAL WEATHER SERVICE PUEBLO
606 PM MDT SUN JUL 6 2014


...................................

...THE PUEBLO CO CLIMATE SUMMARY FOR JULY 6 2014...
VALID TODAY AS OF 0500 PM LOCAL TIME.

CLIMATE NORMAL PERIOD 1981 TO 2010
CLIMATE RECORD PERIOD 1888 TO 2014


WEATHER ITEM   OBSERVED TIME   RECORD YEAR NORMAL DEPARTURE LAST
                VALUE   (LST)  VALUE       VALUE  FROM      YEAR
                                                  NORMAL
..................................................................
TEMPERATURE (F)
 TODAY
  MAXIMUM         99    303 PM 105    1991  93      6       97
                                      1973
  MINIMUM         63    532 AM  48    1997  58      5       64
                                      1995
  AVERAGE         81                        76      5       81

PRECIPITATION (IN)
  TODAY            0.00          0.93 1988   0.06  -0.06     0.05
  MONTH TO DATE    0.09                      0.33  -0.24     0.13
  SINCE JUN 1      0.95                      1.69  -0.74     0.40
  SINCE JAN 1      5.15                      6.18  -1.03     2.33

SNOWFALL (IN)
  TODAY            0.0           0.0  2002   0.0    0.0      0.0
                                      2001
  MONTH TO DATE    0.0                       0.0    0.0      0.0
  SINCE JUN 1      T                         0.0    0.0       T
  SINCE JUL 1      0.0                       0.0    0.0      0.0
  SNOW DEPTH       0

DEGREE DAYS
 HEATING
  TODAY            0                         0      0        0
  MONTH TO DATE    0                         0      0        0
  SINCE JUN 1      3                        25    -22       17
  SINCE JUL 1      0                         0      0        0

 COOLING
  TODAY           16                        11      5       16
  MONTH TO DATE   59                        61     -2       53
  SINCE JUN 1    299                       236     63      356
  SINCE JAN 1    351                       270     81      429
..................................................................


WIND (MPH)
  HIGHEST WIND SPEED    21   HIGHEST WIND DIRECTION    SE (120)
  HIGHEST GUST SPEED    26   HIGHEST GUST DIRECTION    SE (150)
  AVERAGE WIND SPEED     7.7


SKY COVER
  POSSIBLE SUNSHINE  MM
  AVERAGE SKY COVER 0.0


WEATHER CONDITIONS
 THE FOLLOWING WEATHER WAS RECORDED TODAY.
  NO SIGNIFICANT WEATHER WAS OBSERVED.


RELATIVE HUMIDITY (PERCENT)
 HIGHEST    46           500 AM
 LOWEST      8           100 PM
 AVERAGE    27

..........................................................


THE PUEBLO CO CLIMATE NORMALS FOR TOMORROW
                         NORMAL    RECORD    YEAR
 MAXIMUM TEMPERATURE (F)   93       104      2003
 MINIMUM TEMPERATURE (F)   58        49      1997
                                             1994


SUNRISE AND SUNSET
JULY  6 2014..........SUNRISE   541 AM MDT   SUNSET   825 PM MDT
JULY  7 2014..........SUNRISE   542 AM MDT   SUNSET   824 PM MDT


-  INDICATES NEGATIVE NUMBERS.
R  INDICATES RECORD WAS SET OR TIED.
MM INDICATES DATA IS MISSING.
T  INDICATES TRACE AMOUNT.




$$
