000
CDUS45 KPUB 151134
CLIPUB


CLIMATE REPORT
NATIONAL WEATHER SERVICE PUEBLO
434 AM MST THU JAN 15 2015


...................................

...THE PUEBLO CO CLIMATE SUMMARY FOR JANUARY 14 2015...

CLIMATE NORMAL PERIOD 1981 TO 2010
CLIMATE RECORD PERIOD 1888 TO 2015


WEATHER ITEM   OBSERVED TIME   RECORD YEAR NORMAL DEPARTURE LAST
                VALUE   (LST)  VALUE       VALUE  FROM      YEAR
                                                  NORMAL
..................................................................
TEMPERATURE (F)
 YESTERDAY
  MAXIMUM         41    353 PM  67    2006  47     -6       41
  MINIMUM         19   1159 PM -15    1979  14      5       18
  AVERAGE         30                        30      0       30

PRECIPITATION (IN)
  YESTERDAY        0.00          0.35 1960   0.01  -0.01     0.00
  MONTH TO DATE    0.02                      0.15  -0.13     0.04
  SINCE DEC 1      0.26                      0.53  -0.27     0.07
  SINCE JAN 1      0.02                      0.15  -0.13     0.04

SNOWFALL (IN)
  YESTERDAY        0.0           5.9  1959   0.3   -0.3      0.0
  MONTH TO DATE    0.4                       2.9   -2.5      1.1
  SINCE DEC 1      3.6                       8.4   -4.8      3.3
  SINCE JUL 1     13.5                      14.4   -0.9      7.0
  SNOW DEPTH       0

DEGREE DAYS
 HEATING
  YESTERDAY       35                        35      0       35
  MONTH TO DATE  513                       490     23      479
  SINCE DEC 1   1582                      1572     10     1534
  SINCE JUL 1   2744                      2853   -109     2717

 COOLING
  YESTERDAY        0                         0      0        0
  MONTH TO DATE    0                         0      0        0
  SINCE DEC 1      0                         0      0        0
  SINCE JAN 1      0                         0      0        0
..................................................................


WIND (MPH)
  HIGHEST WIND SPEED    12   HIGHEST WIND DIRECTION    SE (130)
  HIGHEST GUST SPEED    16   HIGHEST GUST DIRECTION    SE (140)
  AVERAGE WIND SPEED     3.1


SKY COVER
  POSSIBLE SUNSHINE  MM
  AVERAGE SKY COVER 0.5


WEATHER CONDITIONS
 THE FOLLOWING WEATHER WAS RECORDED YESTERDAY.
  FOG


RELATIVE HUMIDITY (PERCENT)
 HIGHEST    92          1200 AM
 LOWEST     55           400 PM
 AVERAGE    74

..........................................................


THE PUEBLO CO CLIMATE NORMALS FOR TODAY
                         NORMAL    RECORD    YEAR
 MAXIMUM TEMPERATURE (F)   47        73      1999
 MINIMUM TEMPERATURE (F)   14       -14      2007


SUNRISE AND SUNSET
JANUARY 15 2015.......SUNRISE   714 AM MST   SUNSET   502 PM MST
JANUARY 16 2015.......SUNRISE   713 AM MST   SUNSET   503 PM MST


-  INDICATES NEGATIVE NUMBERS.
R  INDICATES RECORD WAS SET OR TIED.
MM INDICATES DATA IS MISSING.
T  INDICATES TRACE AMOUNT.




$$
