000
CDUS45 KPUB 251051
CLIPUB


CLIMATE REPORT
NATIONAL WEATHER SERVICE PUEBLO
451 AM MDT THU SEP 25 2014


...................................

...THE PUEBLO CO CLIMATE SUMMARY FOR SEPTEMBER 24 2014...

CLIMATE NORMAL PERIOD 1981 TO 2010
CLIMATE RECORD PERIOD 1888 TO 2014


WEATHER ITEM   OBSERVED TIME   RECORD YEAR NORMAL DEPARTURE LAST
                VALUE   (LST)  VALUE       VALUE  FROM      YEAR
                                                  NORMAL
..................................................................
TEMPERATURE (F)
 YESTERDAY
  MAXIMUM         88    249 PM  94    1966  78     10       78
  MINIMUM         51    614 AM  31    1946  44      7       39
  AVERAGE         70                        61      9       59

PRECIPITATION (IN)
  YESTERDAY        0.00          0.36 1940   0.02  -0.02     0.00
  MONTH TO DATE    0.35                      0.65  -0.30     1.27
  SINCE SEP 1      0.35                      0.65  -0.30     1.27
  SINCE JAN 1      9.95                     10.88  -0.93     9.07

SNOWFALL (IN)
  YESTERDAY        0.0           T    2000   0.0    0.0      0.0
  MONTH TO DATE    0.0                       0.2   -0.2      0.0
  SINCE SEP 1      0.0                       0.2   -0.2      0.0
  SINCE JUL 1      T                         0.2   -0.2       T
  SNOW DEPTH       0

DEGREE DAYS
 HEATING
  YESTERDAY        0                         5     -5        6
  MONTH TO DATE   46                        56    -10       10
  SINCE SEP 1     46                        56    -10       10
  SINCE JUL 1     47                        61    -14       10

 COOLING
  YESTERDAY        5                         1      4        0
  MONTH TO DATE  112                        77     35      158
  SINCE SEP 1    112                        77     35      158
  SINCE JAN 1    987                       888     99     1218
..................................................................


WIND (MPH)
  HIGHEST WIND SPEED    13   HIGHEST WIND DIRECTION    NE (40)
  HIGHEST GUST SPEED    19   HIGHEST GUST DIRECTION     E (110)
  AVERAGE WIND SPEED     5.6


SKY COVER
  POSSIBLE SUNSHINE  MM
  AVERAGE SKY COVER 0.0


WEATHER CONDITIONS
 THE FOLLOWING WEATHER WAS RECORDED YESTERDAY.
  NO SIGNIFICANT WEATHER WAS OBSERVED.


RELATIVE HUMIDITY (PERCENT)
 HIGHEST    77           200 AM
 LOWEST     17           500 PM
 AVERAGE    47

..........................................................


THE PUEBLO CO CLIMATE NORMALS FOR TODAY
                         NORMAL    RECORD    YEAR
 MAXIMUM TEMPERATURE (F)   78        97      1998
 MINIMUM TEMPERATURE (F)   43        28      2000
                                             1995


SUNRISE AND SUNSET
SEPTEMBER 25 2014.....SUNRISE   648 AM MDT   SUNSET   650 PM MDT
SEPTEMBER 26 2014.....SUNRISE   649 AM MDT   SUNSET   649 PM MDT


-  INDICATES NEGATIVE NUMBERS.
R  INDICATES RECORD WAS SET OR TIED.
MM INDICATES DATA IS MISSING.
T  INDICATES TRACE AMOUNT.




$$
