000
CDUS45 KPUB 101046
CLIPUB


CLIMATE REPORT
NATIONAL WEATHER SERVICE PUEBLO
446 AM MDT THU APR 10 2014


...................................

...THE PUEBLO CO CLIMATE SUMMARY FOR APRIL 9 2014...

CLIMATE NORMAL PERIOD 1981 TO 2010
CLIMATE RECORD PERIOD 1888 TO 2014


WEATHER ITEM   OBSERVED TIME   RECORD YEAR NORMAL DEPARTURE LAST
                VALUE   (LST)  VALUE       VALUE  FROM      YEAR
                                                  NORMAL
..................................................................
TEMPERATURE (F)
 YESTERDAY
  MAXIMUM         81    405 PM  86    1977  65     16       41
  MINIMUM         38    437 AM  15    1928  32      6       16
  AVERAGE         60                        48     12       29

PRECIPITATION (IN)
  YESTERDAY        0.00          0.82 1901   0.05  -0.05     0.03
  MONTH TO DATE    0.60                      0.33   0.27     0.04
  SINCE MAR 1      1.36                      1.26   0.10     0.25
  SINCE JAN 1      2.09                      1.91   0.18     0.94

SNOWFALL (IN)
  YESTERDAY        0.0           3.3  1959   0.1   -0.1      0.7
  MONTH TO DATE    3.1                       1.4    1.7      0.8
  SINCE MAR 1      5.5                       7.1   -1.6      6.5
  SINCE JUL 1     24.1                      28.9   -4.8     21.2
  SNOW DEPTH       0

DEGREE DAYS
 HEATING
  YESTERDAY        5                        17    -12       36
  MONTH TO DATE  156                       159     -3      156
  SINCE MAR 1    828                       861    -33      891
  SINCE JUL 1   5033                      5164   -131     5128

 COOLING
  YESTERDAY        0                         0      0        0
  MONTH TO DATE    0                         0      0        0
  SINCE MAR 1      0                         0      0        0
  SINCE JAN 1      0                         0      0        0
..................................................................


WIND (MPH)
  HIGHEST WIND SPEED    31   HIGHEST WIND DIRECTION     W (290)
  HIGHEST GUST SPEED    37   HIGHEST GUST DIRECTION     W (270)
  AVERAGE WIND SPEED    13.7


SKY COVER
  POSSIBLE SUNSHINE  MM
  AVERAGE SKY COVER 0.0


WEATHER CONDITIONS
 THE FOLLOWING WEATHER WAS RECORDED YESTERDAY.
  NO SIGNIFICANT WEATHER WAS OBSERVED.


RELATIVE HUMIDITY (PERCENT)
 HIGHEST    70           300 AM
 LOWEST      6           400 PM
 AVERAGE    38

..........................................................


THE PUEBLO CO CLIMATE NORMALS FOR TODAY
                         NORMAL    RECORD    YEAR
 MAXIMUM TEMPERATURE (F)   65        86      1977
                                             1960
                                             1907
 MINIMUM TEMPERATURE (F)   32         6      1959


SUNRISE AND SUNSET
APRIL 10 2014.........SUNRISE   630 AM MDT   SUNSET   730 PM MDT
APRIL 11 2014.........SUNRISE   628 AM MDT   SUNSET   731 PM MDT


-  INDICATES NEGATIVE NUMBERS.
R  INDICATES RECORD WAS SET OR TIED.
MM INDICATES DATA IS MISSING.
T  INDICATES TRACE AMOUNT.




$$
