000
CDUS45 KPUB 221144
CLIPUB


CLIMATE REPORT
NATIONAL WEATHER SERVICE PUEBLO
443 AM MST SUN FEB 22 2015


...................................

...THE PUEBLO CO CLIMATE SUMMARY FOR FEBRUARY 21 2015...

CLIMATE NORMAL PERIOD 1981 TO 2010
CLIMATE RECORD PERIOD 1888 TO 2015


WEATHER ITEM   OBSERVED TIME   RECORD YEAR NORMAL DEPARTURE LAST
                VALUE   (LST)  VALUE       VALUE  FROM      YEAR
                                                  NORMAL
..................................................................
TEMPERATURE (F)
 YESTERDAY
  MAXIMUM         39   1226 PM  75    1982  52    -13       57
                                      1977
  MINIMUM         20   1159 PM  -5    1911  19      1       25
  AVERAGE         30                        35     -5       41

PRECIPITATION (IN)
  YESTERDAY        0.04          0.46 1894   0.01   0.03     0.00
  MONTH TO DATE    0.40                      0.20   0.20     0.28
  SINCE DEC 1      0.89                      0.93  -0.04     0.76
  SINCE JAN 1      0.65                      0.55   0.10     0.73

SNOWFALL (IN)
  YESTERDAY        0.6           8.6  1894   0.1    0.5      0.0
  MONTH TO DATE    3.9                       2.9    1.0      4.9
  SINCE DEC 1     11.6                      14.9   -3.3     14.9
  SINCE JUL 1     21.5                      20.9    0.6     18.6
  SNOW DEPTH       0

DEGREE DAYS
 HEATING
  YESTERDAY       35                        30      5       24
  MONTH TO DATE  492                       673   -181      737
  SINCE DEC 1   2528                      2824   -296     2839
  SINCE JUL 1   3690                      4105   -415     4022

 COOLING
  YESTERDAY        0                         0      0        0
  MONTH TO DATE    0                         0      0        0
  SINCE DEC 1      0                         0      0        0
  SINCE JAN 1      0                         0      0        0
..................................................................


WIND (MPH)
  HIGHEST WIND SPEED    41   HIGHEST WIND DIRECTION     N (10)
  HIGHEST GUST SPEED    50   HIGHEST GUST DIRECTION     N (10)
  AVERAGE WIND SPEED    11.6


SKY COVER
  POSSIBLE SUNSHINE  MM
  AVERAGE SKY COVER 1.0


WEATHER CONDITIONS
 THE FOLLOWING WEATHER WAS RECORDED YESTERDAY.
  LIGHT SNOW
  FOG


RELATIVE HUMIDITY (PERCENT)
 HIGHEST    89           700 PM
 LOWEST     64           100 AM
 AVERAGE    77

..........................................................


THE PUEBLO CO CLIMATE NORMALS FOR TODAY
                         NORMAL    RECORD    YEAR
 MAXIMUM TEMPERATURE (F)   52        72      2002
                                             1936
                                             1918
 MINIMUM TEMPERATURE (F)   19       -10      1911


SUNRISE AND SUNSET
FEBRUARY 22 2015......SUNRISE   640 AM MST   SUNSET   544 PM MST
FEBRUARY 23 2015......SUNRISE   639 AM MST   SUNSET   545 PM MST


-  INDICATES NEGATIVE NUMBERS.
R  INDICATES RECORD WAS SET OR TIED.
MM INDICATES DATA IS MISSING.
T  INDICATES TRACE AMOUNT.




$$
