530
CDUS45 KPUB 221153
CLIPUB


CLIMATE REPORT
NATIONAL WEATHER SERVICE PUEBLO
451 AM MST TUE NOV 22 2016


...................................

...THE PUEBLO CO CLIMATE SUMMARY FOR NOVEMBER 21 2016...

CLIMATE NORMAL PERIOD 1981 TO 2010
CLIMATE RECORD PERIOD 1888 TO 2016


WEATHER ITEM   OBSERVED TIME   RECORD YEAR NORMAL DEPARTURE LAST
                VALUE   (LST)  VALUE       VALUE  FROM      YEAR
                                                  NORMAL
..................................................................
TEMPERATURE (F)
 YESTERDAY
  MAXIMUM         70    232 PM  78    1974  53     17       48
  MINIMUM         38   1251 AM  -1    1906  20     18       22
  AVERAGE         54                        37     17       35

PRECIPITATION (IN)
  YESTERDAY        0.00          0.24 1963   0.01  -0.01     0.01
  MONTH TO DATE    0.08                      0.33  -0.25     0.10
  SINCE SEP 1      0.13                      1.82  -1.69     0.77
  SINCE JAN 1     10.45                     12.05  -1.60    15.79

SNOWFALL (IN)
  YESTERDAY        0.0           2.7  1992   0.2   -0.2      0.5
  MONTH TO DATE    T                         2.8   -2.8      0.6
  SINCE SEP 1      T                         4.4   -4.4      0.6
  SINCE JUL 1      T                         4.4   -4.4      0.6
  SNOW DEPTH       0

DEGREE DAYS
 HEATING
  YESTERDAY       11                        28    -17       30
  MONTH TO DATE  329                       496   -167      405
  SINCE SEP 1    543                      1001   -458      581
  SINCE JUL 1    543                      1006   -463      581

 COOLING
  YESTERDAY        0                         0      0        0
  MONTH TO DATE    0                         0      0        0
  SINCE SEP 1    193                        86    107      227
  SINCE JAN 1   1358                       897    461     1273
..................................................................


WIND (MPH)
  HIGHEST WIND SPEED    16   HIGHEST WIND DIRECTION    SW (240)
  HIGHEST GUST SPEED    20   HIGHEST GUST DIRECTION     W (250)
  AVERAGE WIND SPEED     5.0


SKY COVER
  POSSIBLE SUNSHINE  MM
  AVERAGE SKY COVER 0.0


WEATHER CONDITIONS
 THE FOLLOWING WEATHER WAS RECORDED YESTERDAY.
  NO SIGNIFICANT WEATHER WAS OBSERVED.


RELATIVE HUMIDITY (PERCENT)
 HIGHEST    54           200 AM
 LOWEST     22           300 PM
 AVERAGE    38

..........................................................


THE PUEBLO CO CLIMATE NORMALS FOR TODAY
                         NORMAL    RECORD    YEAR
 MAXIMUM TEMPERATURE (F)   53        80      2002
                                             1998
 MINIMUM TEMPERATURE (F)   20        -2      1957


SUNRISE AND SUNSET
NOVEMBER 22 2016......SUNRISE   647 AM MST   SUNSET   441 PM MST
NOVEMBER 23 2016......SUNRISE   648 AM MST   SUNSET   441 PM MST


-  INDICATES NEGATIVE NUMBERS.
R  INDICATES RECORD WAS SET OR TIED.
MM INDICATES DATA IS MISSING.
T  INDICATES TRACE AMOUNT.




$$
