000
CDUS45 KPUB 250030
CLIPUB


CLIMATE REPORT
NATIONAL WEATHER SERVICE PUEBLO
630 PM MDT WED JUN 24 2015


...................................

...THE PUEBLO CO CLIMATE SUMMARY FOR JUNE 24 2015...
VALID TODAY AS OF 0500 PM LOCAL TIME.

CLIMATE NORMAL PERIOD 1981 TO 2010
CLIMATE RECORD PERIOD 1888 TO 2015


WEATHER ITEM   OBSERVED TIME   RECORD YEAR NORMAL DEPARTURE LAST
                VALUE   (LST)  VALUE       VALUE  FROM      YEAR
                                                  NORMAL
..................................................................
TEMPERATURE (F)
 TODAY
  MAXIMUM         97        MM 107    2012  90      7       88
  MINIMUM         60    445 AM  45    1995  55      5       57
  AVERAGE         79                        73      6       73

PRECIPITATION (IN)
  TODAY            0.01          2.24 1979   0.04  -0.03     0.35
  MONTH TO DATE    1.20                      1.07   0.13     0.86
  SINCE JUN 1      1.20                      1.07   0.13     0.86
  SINCE JAN 1     10.12                      5.56   4.56     5.06

SNOWFALL (IN)
  TODAY            0.0           0.0  2002   0.0    0.0      0.0
                                      2001
  MONTH TO DATE    0.0                       0.0    0.0       T
  SINCE JUN 1      0.0                       0.0    0.0       T
  SINCE JUL 1     42.8                      31.8   11.0     29.3
  SNOW DEPTH       0

DEGREE DAYS
 HEATING
  TODAY            0                         0      0        0
  MONTH TO DATE    0                        22    -22        3
  SINCE JUN 1      0                        22    -22        3
  SINCE JUL 1   5254                      5635   -381     5416

 COOLING
  TODAY           14                         8      6        8
  MONTH TO DATE  162                       122     40      165
  SINCE JUN 1    162                       122     40      165
  SINCE JAN 1    166                       156     10      217
..................................................................


WIND (MPH)
  HIGHEST WIND SPEED    26   HIGHEST WIND DIRECTION    NW (320)
  HIGHEST GUST SPEED    35   HIGHEST GUST DIRECTION    NW (320)
  AVERAGE WIND SPEED     5.9


SKY COVER
  POSSIBLE SUNSHINE  MM
  AVERAGE SKY COVER 0.0


WEATHER CONDITIONS
 THE FOLLOWING WEATHER WAS RECORDED TODAY.
  THUNDERSTORM
  LIGHT RAIN


RELATIVE HUMIDITY (PERCENT)
 HIGHEST    72           500 AM
 LOWEST     15           300 PM
 AVERAGE    44

..........................................................


THE PUEBLO CO CLIMATE NORMALS FOR TOMORROW
                         NORMAL    RECORD    YEAR
 MAXIMUM TEMPERATURE (F)   91       105      2012
 MINIMUM TEMPERATURE (F)   55        45      1998


SUNRISE AND SUNSET
JUNE 24 2015..........SUNRISE   536 AM MDT   SUNSET   825 PM MDT
JUNE 25 2015..........SUNRISE   536 AM MDT   SUNSET   825 PM MDT


-  INDICATES NEGATIVE NUMBERS.
R  INDICATES RECORD WAS SET OR TIED.
MM INDICATES DATA IS MISSING.
T  INDICATES TRACE AMOUNT.




$$
