000
CDUS45 KPUB 062334
CLIPUB


CLIMATE REPORT
NATIONAL WEATHER SERVICE PUEBLO
534 PM MDT SUN APR 6 2014


...................................

...THE PUEBLO CO CLIMATE SUMMARY FOR APRIL 6 2014...
VALID TODAY AS OF 0500 PM LOCAL TIME.

CLIMATE NORMAL PERIOD 1981 TO 2010
CLIMATE RECORD PERIOD 1888 TO 2014


WEATHER ITEM   OBSERVED TIME   RECORD YEAR NORMAL DEPARTURE LAST
                VALUE   (LST)  VALUE       VALUE  FROM      YEAR
                                                  NORMAL
..................................................................
TEMPERATURE (F)
 TODAY
  MAXIMUM         58   1152 AM  90    1991  64     -6       70
  MINIMUM         37    650 AM  14    1936  31      6       42
  AVERAGE         48                        48      0       56

PRECIPITATION (IN)
  TODAY            T             1.26 1914   0.03  -0.03     0.00
  MONTH TO DATE    0.59                      0.20   0.39     0.01
  SINCE MAR 1      1.35                      1.13   0.22     0.22
  SINCE JAN 1      2.08                      1.78   0.30     0.91

SNOWFALL (IN)
  TODAY            0.0           4.6  1939   0.2   -0.2      0.0
  MONTH TO DATE    3.1                       1.0    2.1      0.1
  SINCE MAR 1      5.5                       6.7   -1.2      5.8
  SINCE JUL 1     24.1                      28.5   -4.4     20.5
  SNOW DEPTH       0

DEGREE DAYS
 HEATING
  TODAY           17                        17      0        9
  MONTH TO DATE  117                       108      9      103
  SINCE MAR 1    789                       810    -21      838
  SINCE JUL 1   4994                      5113   -119     5075

 COOLING
  TODAY            0                         0      0        0
  MONTH TO DATE    0                         0      0        0
  SINCE MAR 1      0                         0      0        0
  SINCE JAN 1      0                         0      0        0
..................................................................


WIND (MPH)
  HIGHEST WIND SPEED    30   HIGHEST WIND DIRECTION     N (360)
  HIGHEST GUST SPEED    36   HIGHEST GUST DIRECTION     N (360)
  AVERAGE WIND SPEED     6.0


SKY COVER
  POSSIBLE SUNSHINE  MM
  AVERAGE SKY COVER 0.8


WEATHER CONDITIONS
 THE FOLLOWING WEATHER WAS RECORDED TODAY.
  LIGHT RAIN


RELATIVE HUMIDITY (PERCENT)
 HIGHEST    92          1200 AM
 LOWEST     36          1200 PM
 AVERAGE    64

..........................................................


THE PUEBLO CO CLIMATE NORMALS FOR TOMORROW
                         NORMAL    RECORD    YEAR
 MAXIMUM TEMPERATURE (F)   65        89      1989
 MINIMUM TEMPERATURE (F)   31        10      1957


SUNRISE AND SUNSET
APRIL  6 2014.........SUNRISE   635 AM MDT   SUNSET   726 PM MDT
APRIL  7 2014.........SUNRISE   634 AM MDT   SUNSET   727 PM MDT


-  INDICATES NEGATIVE NUMBERS.
R  INDICATES RECORD WAS SET OR TIED.
MM INDICATES DATA IS MISSING.
T  INDICATES TRACE AMOUNT.




$$
