000
CDUS45 KPUB 222321
CLIPUB


CLIMATE REPORT
NATIONAL WEATHER SERVICE PUEBLO
521 PM MDT WED JUL 22 2015


...................................

...THE PUEBLO CO CLIMATE SUMMARY FOR JULY 22 2015...
VALID TODAY AS OF 0500 PM LOCAL TIME.

CLIMATE NORMAL PERIOD 1981 TO 2010
CLIMATE RECORD PERIOD 1888 TO 2015


WEATHER ITEM   OBSERVED TIME   RECORD YEAR NORMAL DEPARTURE LAST
                VALUE   (LST)  VALUE       VALUE  FROM      YEAR
                                                  NORMAL
..................................................................
TEMPERATURE (F)
 TODAY
  MAXIMUM         96    318 PM 103    1963  93      3       97
                                      1931
  MINIMUM         57    510 AM  48    1988  59     -2       59
  AVERAGE         77                        76      1       78

PRECIPITATION (IN)
  TODAY            0.00          0.64 1895   0.08  -0.08     0.00
  MONTH TO DATE    0.64                      1.38  -0.74     2.10
  SINCE JUN 1      1.86                      2.74  -0.88     2.96
  SINCE JAN 1     10.78                      7.23   3.55     7.16

SNOWFALL (IN)
  TODAY            0.0           0.0  2002   0.0    0.0      0.0
                                      2001
  MONTH TO DATE    0.0                       0.0    0.0      0.0
  SINCE JUN 1      0.0                       0.0    0.0       T
  SINCE JUL 1      0.0                       0.0    0.0      0.0
  SNOW DEPTH      MM

DEGREE DAYS
 HEATING
  TODAY            0                         0      0        0
  MONTH TO DATE    0                         0      0        0
  SINCE JUN 1      0                        25    -25        3
  SINCE JUL 1      0                         0      0        0

 COOLING
  TODAY           12                        11      1       13
  MONTH TO DATE  256                       237     19      230
  SINCE JUN 1    499                       412     87      470
  SINCE JAN 1    503                       446     57      522
..................................................................


WIND (MPH)
  HIGHEST WIND SPEED    16   HIGHEST WIND DIRECTION     N (10)
  HIGHEST GUST SPEED    22   HIGHEST GUST DIRECTION     N (20)
  AVERAGE WIND SPEED     4.6


SKY COVER
  POSSIBLE SUNSHINE  MM
  AVERAGE SKY COVER 0.0


WEATHER CONDITIONS
 THE FOLLOWING WEATHER WAS RECORDED TODAY.
  NO SIGNIFICANT WEATHER WAS OBSERVED.


RELATIVE HUMIDITY (PERCENT)
 HIGHEST    86           500 AM
 LOWEST     14           400 PM
 AVERAGE    50

..........................................................


THE PUEBLO CO CLIMATE NORMALS FOR TOMORROW
                         NORMAL    RECORD    YEAR
 MAXIMUM TEMPERATURE (F)   93       105      2005
                                             1987
 MINIMUM TEMPERATURE (F)   59        52      1995


SUNRISE AND SUNSET
JULY 22 2015..........SUNRISE   552 AM MDT   SUNSET   817 PM MDT
JULY 23 2015..........SUNRISE   553 AM MDT   SUNSET   816 PM MDT


-  INDICATES NEGATIVE NUMBERS.
R  INDICATES RECORD WAS SET OR TIED.
MM INDICATES DATA IS MISSING.
T  INDICATES TRACE AMOUNT.




$$
