000
CDUS45 KPUB 241140
CLIPUB


CLIMATE REPORT
NATIONAL WEATHER SERVICE PUEBLO
440 AM MST FRI NOV 24 2017


...................................

...THE PUEBLO CO CLIMATE SUMMARY FOR NOVEMBER 23 2017...

CLIMATE NORMAL PERIOD 1981 TO 2010
CLIMATE RECORD PERIOD 1888 TO 2017


WEATHER ITEM   OBSERVED TIME   RECORD YEAR NORMAL DEPARTURE LAST
                VALUE   (LST)  VALUE       VALUE  FROM      YEAR
                                                  NORMAL
..................................................................
TEMPERATURE (F)
 YESTERDAY
  MAXIMUM         76R   244 PM  73    1925  52     24       52
  MINIMUM         33    615 AM  -6    2003  19     14       26
  AVERAGE         55                        36     19       39

PRECIPITATION (IN)
  YESTERDAY        0.00          0.59 1940   0.01  -0.01     0.00
  MONTH TO DATE    0.31                      0.36  -0.05     0.78
  SINCE SEP 1      1.72                      1.85  -0.13     0.83
  SINCE JAN 1     15.98                     12.08   3.90    11.15

SNOWFALL (IN)
  YESTERDAY        0.0           2.4  1940   0.2   -0.2      0.0
  MONTH TO DATE    1.4                       3.1   -1.7       T
  SINCE SEP 1      1.4                       4.7   -3.3       T
  SINCE JUL 1      1.4                       4.7   -3.3       T
  SNOW DEPTH       0

DEGREE DAYS
 HEATING
  YESTERDAY       10                        29    -19       26
  MONTH TO DATE  439                       554   -115      374
  SINCE SEP 1    896                      1059   -163      588
  SINCE JUL 1    896                      1064   -168      588

 COOLING
  YESTERDAY        0                         0      0        0
  MONTH TO DATE    0                         0      0        0
  SINCE SEP 1    146                        86     60      193
  SINCE JAN 1   1027                       897    130     1358
..................................................................


WIND (MPH)
  HIGHEST WIND SPEED    21   HIGHEST WIND DIRECTION     W (290)
  HIGHEST GUST SPEED    27   HIGHEST GUST DIRECTION     W (280)
  AVERAGE WIND SPEED     5.7


SKY COVER
  POSSIBLE SUNSHINE  MM
  AVERAGE SKY COVER 0.0


WEATHER CONDITIONS
 THE FOLLOWING WEATHER WAS RECORDED YESTERDAY.
  NO SIGNIFICANT WEATHER WAS OBSERVED.


RELATIVE HUMIDITY (PERCENT)
 HIGHEST    82           500 AM
 LOWEST     18           300 PM
 AVERAGE    50

..........................................................


THE PUEBLO CO CLIMATE NORMALS FOR TODAY
                         NORMAL    RECORD    YEAR
 MAXIMUM TEMPERATURE (F)   52        81      1990
 MINIMUM TEMPERATURE (F)   19        -7      1993


SUNRISE AND SUNSET
NOVEMBER 24 2017......SUNRISE   649 AM MST   SUNSET   440 PM MST
NOVEMBER 25 2017......SUNRISE   650 AM MST   SUNSET   440 PM MST


-  INDICATES NEGATIVE NUMBERS.
R  INDICATES RECORD WAS SET OR TIED.
MM INDICATES DATA IS MISSING.
T  INDICATES TRACE AMOUNT.




$$
