000
CDUS45 KPUB 122332
CLIPUB


CLIMATE REPORT
NATIONAL WEATHER SERVICE PUEBLO
532 PM MDT WED JUL 12 2017


...................................

...THE PUEBLO CO CLIMATE SUMMARY FOR JULY 12 2017...
VALID TODAY AS OF 0500 PM LOCAL TIME.

CLIMATE NORMAL PERIOD 1981 TO 2010
CLIMATE RECORD PERIOD 1888 TO 2017


WEATHER ITEM   OBSERVED TIME   RECORD YEAR NORMAL DEPARTURE LAST
                VALUE   (LST)  VALUE       VALUE  FROM      YEAR
                                                  NORMAL
..................................................................
TEMPERATURE (F)
 TODAY
  MAXIMUM         97        MM 105    1971  94      3       96
  MINIMUM         64        MM  51    1995  59      5       64
  AVERAGE         81                        76      5       80

PRECIPITATION (IN)
  TODAY            0.04          0.79 1996   0.06  -0.02     0.00
  MONTH TO DATE    0.05                      0.67  -0.62     0.45
  SINCE JUN 1      1.62                      2.03  -0.41     1.23
  SINCE JAN 1     10.68                      6.52   4.16     8.40

SNOWFALL (IN)
  TODAY            0.0           0.0  2002   0.0    0.0      0.0
                                      2001
  MONTH TO DATE    0.0                       0.0    0.0       T
  SINCE JUN 1      0.0                       0.0    0.0       T
  SINCE JUL 1      0.0                       0.0    0.0       T
  SNOW DEPTH       0

DEGREE DAYS
 HEATING
  TODAY            0                         0      0        0
  MONTH TO DATE    0                         0      0        0
  SINCE JUN 1      5                        25    -20        1
  SINCE JUL 1      0                         0      0        0

 COOLING
  TODAY           16                        11      5       15
  MONTH TO DATE  152                       127     25      169
  SINCE JUN 1    385                       302     83      508
  SINCE JAN 1    395                       336     59      538
..................................................................


WIND (MPH)
  HIGHEST WIND SPEED    12   HIGHEST WIND DIRECTION     N (20)
  HIGHEST GUST SPEED    17   HIGHEST GUST DIRECTION     N (20)
  AVERAGE WIND SPEED     5.5


SKY COVER
  POSSIBLE SUNSHINE  MM
  AVERAGE SKY COVER 0.2


WEATHER CONDITIONS
 THE FOLLOWING WEATHER WAS RECORDED TODAY.
  THUNDERSTORM
  LIGHT RAIN


RELATIVE HUMIDITY (PERCENT)
 HIGHEST    63           400 AM
 LOWEST     21           100 PM
 AVERAGE    42

..........................................................


THE PUEBLO CO CLIMATE NORMALS FOR TOMORROW
                         NORMAL    RECORD    YEAR
 MAXIMUM TEMPERATURE (F)   94       109      2003
 MINIMUM TEMPERATURE (F)   59        49      1895


SUNRISE AND SUNSET
JULY 12 2017..........SUNRISE   545 AM MDT   SUNSET   822 PM MDT
JULY 13 2017..........SUNRISE   546 AM MDT   SUNSET   822 PM MDT


-  INDICATES NEGATIVE NUMBERS.
R  INDICATES RECORD WAS SET OR TIED.
MM INDICATES DATA IS MISSING.
T  INDICATES TRACE AMOUNT.




$$
