000
CDUS45 KPUB 211027
CLIPUB


CLIMATE REPORT
NATIONAL WEATHER SERVICE PUEBLO
427 AM MDT FRI AUG 21 2015


...................................

...THE PUEBLO CO CLIMATE SUMMARY FOR AUGUST 20 2015...

CLIMATE NORMAL PERIOD 1981 TO 2010
CLIMATE RECORD PERIOD 1888 TO 2015


WEATHER ITEM   OBSERVED TIME   RECORD YEAR NORMAL DEPARTURE LAST
                VALUE   (LST)  VALUE       VALUE  FROM      YEAR
                                                  NORMAL
..................................................................
TEMPERATURE (F)
 YESTERDAY
  MAXIMUM         92    323 PM 102    1987  89      3       93
  MINIMUM         50R   527 AM  50    1979  57     -7       63
                                      1897
  AVERAGE         71                        73     -2       78

PRECIPITATION (IN)
  YESTERDAY        0.00          1.57 1982   0.07  -0.07     0.00
  MONTH TO DATE    4.23                      1.63   2.60     1.24
  SINCE JUN 1      6.09                      5.05   1.04     5.38
  SINCE JAN 1     15.01                      9.54   5.47     9.58

SNOWFALL (IN)
  YESTERDAY        0.0           0.0  2002   0.0    0.0      0.0
  MONTH TO DATE    0.0                       0.0    0.0       T
  SINCE JUN 1      0.0                       0.0    0.0       T
  SINCE JUL 1      0.0                       0.0    0.0       T
  SNOW DEPTH       0

DEGREE DAYS
 HEATING
  YESTERDAY        0                         0      0        0
  MONTH TO DATE    0                         0      0        0
  SINCE JUN 1      0                        26    -26        4
  SINCE JUL 1      0                         1     -1        1

 COOLING
  YESTERDAY        6                         8     -2       13
  MONTH TO DATE  276                       186     90      192
  SINCE JUN 1    919                       697    222      753
  SINCE JAN 1    923                       731    192      805
..................................................................


WIND (MPH)
  HIGHEST WIND SPEED    18   HIGHEST WIND DIRECTION     E (110)
  HIGHEST GUST SPEED    23   HIGHEST GUST DIRECTION    SE (120)
  AVERAGE WIND SPEED     7.1


SKY COVER
  POSSIBLE SUNSHINE  MM
  AVERAGE SKY COVER 0.0


WEATHER CONDITIONS
 THE FOLLOWING WEATHER WAS RECORDED YESTERDAY.
  NO SIGNIFICANT WEATHER WAS OBSERVED.


RELATIVE HUMIDITY (PERCENT)
 HIGHEST    77           200 AM
 LOWEST     15           300 PM
 AVERAGE    46

..........................................................


THE PUEBLO CO CLIMATE NORMALS FOR TODAY
                         NORMAL    RECORD    YEAR
 MAXIMUM TEMPERATURE (F)   89       101      2003
 MINIMUM TEMPERATURE (F)   57        46      1964


SUNRISE AND SUNSET
AUGUST 21 2015........SUNRISE   618 AM MDT   SUNSET   744 PM MDT
AUGUST 22 2015........SUNRISE   619 AM MDT   SUNSET   743 PM MDT


-  INDICATES NEGATIVE NUMBERS.
R  INDICATES RECORD WAS SET OR TIED.
MM INDICATES DATA IS MISSING.
T  INDICATES TRACE AMOUNT.




$$
