000
CDUS45 KPUB 291118
CLIPUB


CLIMATE REPORT
NATIONAL WEATHER SERVICE PUEBLO
417 AM MST THU DEC 29 2016


...................................

...THE PUEBLO CO CLIMATE SUMMARY FOR DECEMBER 28 2016...

CLIMATE NORMAL PERIOD 1981 TO 2010
CLIMATE RECORD PERIOD 1888 TO 2016


WEATHER ITEM   OBSERVED TIME   RECORD YEAR NORMAL DEPARTURE LAST
                VALUE   (LST)  VALUE       VALUE  FROM      YEAR
                                                  NORMAL
..................................................................
TEMPERATURE (F)
 YESTERDAY
  MAXIMUM         62   1241 PM  68    1999  46     16       35
  MINIMUM         24   1136 PM -15    1983  13     11        8
  AVERAGE         43                        30     13       22

PRECIPITATION (IN)
  YESTERDAY        0.00          0.12 1891   0.01  -0.01     0.00
  MONTH TO DATE    0.76                      0.35   0.41     0.40
  SINCE DEC 1      0.76                      0.35   0.41     0.40
  SINCE JAN 1     11.91                     12.54  -0.63    16.66

SNOWFALL (IN)
  YESTERDAY        0.0           1.3  1939   0.2   -0.2      0.0
  MONTH TO DATE    4.4                       5.0   -0.6      5.4
  SINCE DEC 1      4.4                       5.0   -0.6      5.4
  SINCE JUL 1      4.4                      11.0   -6.6     11.8
  SNOW DEPTH       0

DEGREE DAYS
 HEATING
  YESTERDAY       22                        35    -13       43
  MONTH TO DATE  986                       978      8      810
  SINCE DEC 1    986                       978      8      810
  SINCE JUL 1   1768                      2259   -491     1684

 COOLING
  YESTERDAY        0                         0      0        0
  MONTH TO DATE    0                         0      0        0
  SINCE DEC 1      0                         0      0        0
  SINCE JAN 1   1358                       897    461     1273
..................................................................


WIND (MPH)
  HIGHEST WIND SPEED    35   HIGHEST WIND DIRECTION     W (280)
  HIGHEST GUST SPEED    43   HIGHEST GUST DIRECTION     W (280)
  AVERAGE WIND SPEED    15.1


SKY COVER
  POSSIBLE SUNSHINE  MM
  AVERAGE SKY COVER 0.0


WEATHER CONDITIONS
 THE FOLLOWING WEATHER WAS RECORDED YESTERDAY.
  NO SIGNIFICANT WEATHER WAS OBSERVED.


RELATIVE HUMIDITY (PERCENT)
 HIGHEST    81          1100 PM
 LOWEST     16           300 PM
 AVERAGE    49

..........................................................


THE PUEBLO CO CLIMATE NORMALS FOR TODAY
                         NORMAL    RECORD    YEAR
 MAXIMUM TEMPERATURE (F)   46        71      1999
 MINIMUM TEMPERATURE (F)   14       -20      1983


SUNRISE AND SUNSET
DECEMBER 29 2016......SUNRISE   714 AM MST   SUNSET   447 PM MST
DECEMBER 30 2016......SUNRISE   715 AM MST   SUNSET   447 PM MST


-  INDICATES NEGATIVE NUMBERS.
R  INDICATES RECORD WAS SET OR TIED.
MM INDICATES DATA IS MISSING.
T  INDICATES TRACE AMOUNT.




$$
