000
CDUS45 KPUB 190032
CLIPUB


CLIMATE REPORT
NATIONAL WEATHER SERVICE PUEBLO
632 PM MDT MON APR 18 2016


...................................

...THE PUEBLO CO CLIMATE SUMMARY FOR APRIL 18 2016...
VALID TODAY AS OF 0500 PM LOCAL TIME.

CLIMATE NORMAL PERIOD 1981 TO 2010
CLIMATE RECORD PERIOD 1888 TO 2016


WEATHER ITEM   OBSERVED TIME   RECORD YEAR NORMAL DEPARTURE LAST
                VALUE   (LST)  VALUE       VALUE  FROM      YEAR
                                                  NORMAL
..................................................................
TEMPERATURE (F)
 TODAY
  MAXIMUM         47    459 PM  88    2000  68    -21       55
                                      1987
  MINIMUM         36    840 AM  20    1922  35      1       37
  AVERAGE         42                        51     -9       46

PRECIPITATION (IN)
  TODAY            0.05          1.92 1942   0.05   0.00     0.03
  MONTH TO DATE    1.53                      0.75   0.78     0.64
  SINCE MAR 1      2.11                      1.68   0.43     1.21
  SINCE JAN 1      2.97                      2.33   0.64     2.59

SNOWFALL (IN)
  TODAY            T             4.1  1975   0.1   -0.1       T
  MONTH TO DATE    0.2                       2.6   -2.4       T
  SINCE MAR 1      4.1                       8.3   -4.2      1.7
  SINCE JUL 1     28.3                      30.1   -1.8     42.8
  SNOW DEPTH       0

DEGREE DAYS
 HEATING
  TODAY           23                        14      9       19
  MONTH TO DATE  218                       294    -76      230
  SINCE MAR 1    816                       996   -180      838
  SINCE JUL 1   4325                      5299   -974     4860

 COOLING
  TODAY            0                         0      0        0
  MONTH TO DATE    0                         0      0        0
  SINCE MAR 1      0                         0      0        0
  SINCE JAN 1      0                         0      0        0
..................................................................


WIND (MPH)
  HIGHEST WIND SPEED    12   HIGHEST WIND DIRECTION     E (100)
  HIGHEST GUST SPEED    14   HIGHEST GUST DIRECTION    SE (120)
  AVERAGE WIND SPEED     3.3


SKY COVER
  POSSIBLE SUNSHINE  MM
  AVERAGE SKY COVER 1.0


WEATHER CONDITIONS
 THE FOLLOWING WEATHER WAS RECORDED TODAY.
  LIGHT RAIN
  LIGHT SNOW
  FOG


RELATIVE HUMIDITY (PERCENT)
 HIGHEST    79          1000 AM
 LOWEST     58           300 PM
 AVERAGE    69

..........................................................


THE PUEBLO CO CLIMATE NORMALS FOR TOMORROW
                         NORMAL    RECORD    YEAR
 MAXIMUM TEMPERATURE (F)   68        86      1989
                                             1962
                                             1960
 MINIMUM TEMPERATURE (F)   35        20      2013


SUNRISE AND SUNSET
APRIL 18 2016.........SUNRISE   617 AM MDT   SUNSET   738 PM MDT
APRIL 19 2016.........SUNRISE   616 AM MDT   SUNSET   739 PM MDT


-  INDICATES NEGATIVE NUMBERS.
R  INDICATES RECORD WAS SET OR TIED.
MM INDICATES DATA IS MISSING.
T  INDICATES TRACE AMOUNT.




$$
