000
CDUS45 KPUB 251033
CLIPUB


CLIMATE REPORT
NATIONAL WEATHER SERVICE PUEBLO
432 AM MDT THU AUG 25 2016


...................................

...THE PUEBLO CO CLIMATE SUMMARY FOR AUGUST 24 2016...

CLIMATE NORMAL PERIOD 1981 TO 2010
CLIMATE RECORD PERIOD 1888 TO 2016


WEATHER ITEM   OBSERVED TIME   RECORD YEAR NORMAL DEPARTURE LAST
                VALUE   (LST)  VALUE       VALUE  FROM      YEAR
                                                  NORMAL
..................................................................
TEMPERATURE (F)
 YESTERDAY
  MAXIMUM         79    105 PM 101    2011  88     -9       94
  MINIMUM         56   1159 PM  40    1968  56      0       51
  AVERAGE         68                        72     -4       73

PRECIPITATION (IN)
  YESTERDAY        T             1.76 1992   0.07  -0.07     0.00
  MONTH TO DATE    1.17                      1.91  -0.74     4.23
  SINCE JUN 1      3.00                      5.33  -2.33     6.09
  SINCE JAN 1     10.17                      9.82   0.35    15.01

SNOWFALL (IN)
  YESTERDAY        0.0           0.0  2002   0.0    0.0      0.0
  MONTH TO DATE    T                         0.0    0.0      0.0
  SINCE JUN 1      T                         0.0    0.0      0.0
  SINCE JUL 1      T                         0.0    0.0      0.0
  SNOW DEPTH       0

DEGREE DAYS
 HEATING
  YESTERDAY        0                         0      0        0
  MONTH TO DATE    0                         0      0        0
  SINCE JUN 1      1                        26    -25        0
  SINCE JUL 1      0                         1     -1        0

 COOLING
  YESTERDAY        3                         8     -5        8
  MONTH TO DATE  272                       218     54      317
  SINCE JUN 1   1095                       729    366      960
  SINCE JAN 1   1125                       763    362      964
..................................................................


WIND (MPH)
  HIGHEST WIND SPEED    20   HIGHEST WIND DIRECTION     N (350)
  HIGHEST GUST SPEED    23   HIGHEST GUST DIRECTION     N (350)
  AVERAGE WIND SPEED     5.4


SKY COVER
  POSSIBLE SUNSHINE  MM
  AVERAGE SKY COVER 0.6


WEATHER CONDITIONS
 THE FOLLOWING WEATHER WAS RECORDED YESTERDAY.
  NO SIGNIFICANT WEATHER WAS OBSERVED.


RELATIVE HUMIDITY (PERCENT)
 HIGHEST    77           600 AM
 LOWEST     30           100 PM
 AVERAGE    54

..........................................................


THE PUEBLO CO CLIMATE NORMALS FOR TODAY
                         NORMAL    RECORD    YEAR
 MAXIMUM TEMPERATURE (F)   88        98      2011
                                             1973
                                             1955
 MINIMUM TEMPERATURE (F)   56        44      1900


SUNRISE AND SUNSET
AUGUST 25 2016........SUNRISE   622 AM MDT   SUNSET   737 PM MDT
AUGUST 26 2016........SUNRISE   623 AM MDT   SUNSET   736 PM MDT


-  INDICATES NEGATIVE NUMBERS.
R  INDICATES RECORD WAS SET OR TIED.
MM INDICATES DATA IS MISSING.
T  INDICATES TRACE AMOUNT.




$$
