000
CDUS45 KPUB 142323
CLIPUB


CLIMATE REPORT
NATIONAL WEATHER SERVICE PUEBLO
523 PM MDT THU AUG 14 2014


...................................

...THE PUEBLO CO CLIMATE SUMMARY FOR AUGUST 14 2014...
VALID TODAY AS OF 0500 PM LOCAL TIME.

CLIMATE NORMAL PERIOD 1981 TO 2010
CLIMATE RECORD PERIOD 1888 TO 2014


WEATHER ITEM   OBSERVED TIME   RECORD YEAR NORMAL DEPARTURE LAST
                VALUE   (LST)  VALUE       VALUE  FROM      YEAR
                                                  NORMAL
..................................................................
TEMPERATURE (F)
 TODAY
  MAXIMUM         93    207 PM 102    1970  90      3       83
                                      1962
  MINIMUM         64    526 AM  49    2002  58      6       56
  AVERAGE         79                        74      5       70

PRECIPITATION (IN)
  TODAY            0.00          2.13 1980   0.08  -0.08     0.03
  MONTH TO DATE    1.05                      1.16  -0.11     3.26
  SINCE JUN 1      5.19                      4.58   0.61     5.21
  SINCE JAN 1      9.39                      9.07   0.32     7.14

SNOWFALL (IN)
  TODAY            0.0           0.0  2002   0.0    0.0      0.0
  MONTH TO DATE    0.0                       0.0    0.0      0.0
  SINCE JUN 1      T                         0.0    0.0       T
  SINCE JUL 1      0.0                       0.0    0.0       T
  SNOW DEPTH       0

DEGREE DAYS
 HEATING
  TODAY            0                         0      0        0
  MONTH TO DATE    0                         0      0        0
  SINCE JUN 1      4                        26    -22       17
  SINCE JUL 1      1                         1      0        0

 COOLING
  TODAY           14                         9      5        5
  MONTH TO DATE  120                       135    -15      119
  SINCE JUN 1    681                       646     35      785
  SINCE JAN 1    733                       680     53      858
..................................................................


WIND (MPH)
  HIGHEST WIND SPEED    25   HIGHEST WIND DIRECTION     N (350)
  HIGHEST GUST SPEED    30   HIGHEST GUST DIRECTION     N (350)
  AVERAGE WIND SPEED     7.2


SKY COVER
  POSSIBLE SUNSHINE  MM
  AVERAGE SKY COVER 0.1


WEATHER CONDITIONS
 THE FOLLOWING WEATHER WAS RECORDED TODAY.
  NO SIGNIFICANT WEATHER WAS OBSERVED.


RELATIVE HUMIDITY (PERCENT)
 HIGHEST    73           500 AM
 LOWEST     21           100 PM
 AVERAGE    47

..........................................................


THE PUEBLO CO CLIMATE NORMALS FOR TOMORROW
                         NORMAL    RECORD    YEAR
 MAXIMUM TEMPERATURE (F)   90       102      1896
 MINIMUM TEMPERATURE (F)   58        50      1978


SUNRISE AND SUNSET
AUGUST 14 2014........SUNRISE   612 AM MDT   SUNSET   753 PM MDT
AUGUST 15 2014........SUNRISE   613 AM MDT   SUNSET   752 PM MDT


-  INDICATES NEGATIVE NUMBERS.
R  INDICATES RECORD WAS SET OR TIED.
MM INDICATES DATA IS MISSING.
T  INDICATES TRACE AMOUNT.




$$
