000
CDUS45 KPUB 162336
CLIPUB


CLIMATE REPORT
NATIONAL WEATHER SERVICE PUEBLO
536 PM MDT SAT APR 16 2016


...................................

...THE PUEBLO CO CLIMATE SUMMARY FOR APRIL 16 2016...
VALID TODAY AS OF 0500 PM LOCAL TIME.

CLIMATE NORMAL PERIOD 1981 TO 2010
CLIMATE RECORD PERIOD 1888 TO 2016


WEATHER ITEM   OBSERVED TIME   RECORD YEAR NORMAL DEPARTURE LAST
                VALUE   (LST)  VALUE       VALUE  FROM      YEAR
                                                  NORMAL
..................................................................
TEMPERATURE (F)
 TODAY
  MAXIMUM         45    150 AM  85    2006  67    -22       46
                                      1985
                                      1964
  MINIMUM         35    232 PM  22    2011  34      1       38
  AVERAGE         40                        50    -10       42

PRECIPITATION (IN)
  TODAY            0.70          1.07 2007   0.05   0.65     0.39
  MONTH TO DATE    1.44                      0.65   0.79     0.39
  SINCE MAR 1      2.02                      1.58   0.44     0.96
  SINCE JAN 1      2.88                      2.23   0.65     2.34

SNOWFALL (IN)
  TODAY            0.2           1.2  1998   0.2    0.0      0.0
  MONTH TO DATE    0.2                       2.4   -2.2      0.0
  SINCE MAR 1      4.1                       8.1   -4.0      1.7
  SINCE JUL 1     28.3                      29.9   -1.6     42.8
  SNOW DEPTH       0

DEGREE DAYS
 HEATING
  TODAY           25                        14     11       23
  MONTH TO DATE  174                       266    -92      194
  SINCE MAR 1    772                       968   -196      802
  SINCE JUL 1   4281                      5271   -990     4824

 COOLING
  TODAY            0                         0      0        0
  MONTH TO DATE    0                         0      0        0
  SINCE MAR 1      0                         0      0        0
  SINCE JAN 1      0                         0      0        0
..................................................................


WIND (MPH)
  HIGHEST WIND SPEED    55   HIGHEST WIND DIRECTION     N (10)
  HIGHEST GUST SPEED    63   HIGHEST GUST DIRECTION     N (10)
  AVERAGE WIND SPEED    30.6


SKY COVER
  POSSIBLE SUNSHINE  MM
  AVERAGE SKY COVER 1.0


WEATHER CONDITIONS
 THE FOLLOWING WEATHER WAS RECORDED TODAY.
  THUNDERSTORM
  RAIN
  LIGHT RAIN
  LIGHT SNOW
  FOG


RELATIVE HUMIDITY (PERCENT)
 HIGHEST    85           800 AM
 LOWEST     65           100 AM
 AVERAGE    75

..........................................................


THE PUEBLO CO CLIMATE NORMALS FOR TOMORROW
                         NORMAL    RECORD    YEAR
 MAXIMUM TEMPERATURE (F)   68        88      2006
                                             1954
 MINIMUM TEMPERATURE (F)   34        17      1901


SUNRISE AND SUNSET
APRIL 16 2016.........SUNRISE   620 AM MDT   SUNSET   736 PM MDT
APRIL 17 2016.........SUNRISE   619 AM MDT   SUNSET   737 PM MDT


-  INDICATES NEGATIVE NUMBERS.
R  INDICATES RECORD WAS SET OR TIED.
MM INDICATES DATA IS MISSING.
T  INDICATES TRACE AMOUNT.




$$
