000
CDUS45 KPUB 161124
CLIPUB


CLIMATE REPORT
NATIONAL WEATHER SERVICE PUEBLO
522 AM MDT SAT JUL 16 2016


...................................

...THE PUEBLO CO CLIMATE SUMMARY FOR JULY 15 2016...

CLIMATE NORMAL PERIOD 1981 TO 2010
CLIMATE RECORD PERIOD 1888 TO 2016


WEATHER ITEM   OBSERVED TIME   RECORD YEAR NORMAL DEPARTURE LAST
                VALUE   (LST)  VALUE       VALUE  FROM      YEAR
                                                  NORMAL
..................................................................
TEMPERATURE (F)
 YESTERDAY
  MAXIMUM        100   1238 PM 102    1997  94      6       92
                                      1982
  MINIMUM         61    515 AM  51    1973  59      2       60
  AVERAGE         81                        76      5       76

PRECIPITATION (IN)
  YESTERDAY        0.00          0.86 1915   0.07  -0.07     0.15
  MONTH TO DATE    0.46                      0.87  -0.41     0.57
  SINCE JUN 1      1.24                      2.23  -0.99     1.79
  SINCE JAN 1      8.41                      6.72   1.69    10.71

SNOWFALL (IN)
  YESTERDAY        0.0           0.0  2002   0.0    0.0      0.0
                                      2001
  MONTH TO DATE    T                         0.0    0.0      0.0
  SINCE JUN 1      T                         0.0    0.0      0.0
  SINCE JUL 1      T                         0.0    0.0      0.0
  SNOW DEPTH       0

DEGREE DAYS
 HEATING
  YESTERDAY        0                         0      0        0
  MONTH TO DATE    0                         0      0        0
  SINCE JUN 1      1                        25    -24        0
  SINCE JUL 1      0                         0      0        0

 COOLING
  YESTERDAY       16                        11      5       11
  MONTH TO DATE  211                       160     51      167
  SINCE JUN 1    550                       335    215      410
  SINCE JAN 1    580                       369    211      414
..................................................................


WIND (MPH)
  HIGHEST WIND SPEED    39   HIGHEST WIND DIRECTION     E (90)
  HIGHEST GUST SPEED    51   HIGHEST GUST DIRECTION     N (350)
  AVERAGE WIND SPEED    10.4


SKY COVER
  POSSIBLE SUNSHINE  MM
  AVERAGE SKY COVER 0.0


WEATHER CONDITIONS
 THE FOLLOWING WEATHER WAS RECORDED YESTERDAY.
  NO SIGNIFICANT WEATHER WAS OBSERVED.


RELATIVE HUMIDITY (PERCENT)
 HIGHEST    72           400 AM
 LOWEST      9           200 PM
 AVERAGE    41

..........................................................


THE PUEBLO CO CLIMATE NORMALS FOR TODAY
                         NORMAL    RECORD    YEAR
 MAXIMUM TEMPERATURE (F)   93       105      2003
 MINIMUM TEMPERATURE (F)   59        51      1891


SUNRISE AND SUNSET
JULY 16 2016..........SUNRISE   548 AM MDT   SUNSET   820 PM MDT
JULY 17 2016..........SUNRISE   549 AM MDT   SUNSET   819 PM MDT


-  INDICATES NEGATIVE NUMBERS.
R  INDICATES RECORD WAS SET OR TIED.
MM INDICATES DATA IS MISSING.
T  INDICATES TRACE AMOUNT.




$$
