000
CDUS45 KPUB 301141
CLIPUB


CLIMATE REPORT
NATIONAL WEATHER SERVICE PUEBLO
441 AM MST SAT JAN 30 2016


...................................

...THE PUEBLO CO CLIMATE SUMMARY FOR JANUARY 29 2016...

CLIMATE NORMAL PERIOD 1981 TO 2010
CLIMATE RECORD PERIOD 1888 TO 2016


WEATHER ITEM   OBSERVED TIME   RECORD YEAR NORMAL DEPARTURE LAST
                VALUE   (LST)  VALUE       VALUE  FROM      YEAR
                                                  NORMAL
..................................................................
TEMPERATURE (F)
 YESTERDAY
  MAXIMUM         67    241 PM  73    1976  48     19       51
  MINIMUM         29   1250 AM -10    1949  15     14       32
  AVERAGE         48                        31     17       42

PRECIPITATION (IN)
  YESTERDAY        0.00          0.24 1956   0.01  -0.01     0.00
  MONTH TO DATE    0.41                      0.33   0.08     0.19
  SINCE DEC 1      0.81                      0.71   0.10     0.43
  SINCE JAN 1      0.41                      0.33   0.08     0.19

SNOWFALL (IN)
  YESTERDAY        0.0           4.4  1956   0.2   -0.2      0.0
  MONTH TO DATE    5.0                       6.1   -1.1      4.5
  SINCE DEC 1     10.5                      11.6   -1.1      7.7
  SINCE JUL 1     16.9                      17.6   -0.7     17.6
  SNOW DEPTH       0

DEGREE DAYS
 HEATING
  YESTERDAY       17                        34    -17       23
  MONTH TO DATE  938                      1000    -62      912
  SINCE DEC 1   1885                      2082   -197     1981
  SINCE JUL 1   2759                      3363   -604     3143

 COOLING
  YESTERDAY        0                         0      0        0
  MONTH TO DATE    0                         0      0        0
  SINCE DEC 1      0                         0      0        0
  SINCE JAN 1      0                         0      0        0
..................................................................


WIND (MPH)
  HIGHEST WIND SPEED    37   HIGHEST WIND DIRECTION     W (280)
  HIGHEST GUST SPEED    45   HIGHEST GUST DIRECTION     W (280)
  AVERAGE WIND SPEED    12.6


SKY COVER
  POSSIBLE SUNSHINE  MM
  AVERAGE SKY COVER 0.0


WEATHER CONDITIONS
 THE FOLLOWING WEATHER WAS RECORDED YESTERDAY.
  NO SIGNIFICANT WEATHER WAS OBSERVED.


RELATIVE HUMIDITY (PERCENT)
 HIGHEST    63           100 AM
 LOWEST     10           200 PM
 AVERAGE    37

..........................................................


THE PUEBLO CO CLIMATE NORMALS FOR TODAY
                         NORMAL    RECORD    YEAR
 MAXIMUM TEMPERATURE (F)   48        76      1986
 MINIMUM TEMPERATURE (F)   15       -16      1956


SUNRISE AND SUNSET
JANUARY 30 2016.......SUNRISE   705 AM MST   SUNSET   518 PM MST
JANUARY 31 2016.......SUNRISE   704 AM MST   SUNSET   519 PM MST


-  INDICATES NEGATIVE NUMBERS.
R  INDICATES RECORD WAS SET OR TIED.
MM INDICATES DATA IS MISSING.
T  INDICATES TRACE AMOUNT.




$$
