059
CDUS45 KPUB 160026
CLIPUB


CLIMATE REPORT
NATIONAL WEATHER SERVICE PUEBLO
626 PM MDT WED MAR 15 2017


...................................

...THE PUEBLO CO CLIMATE SUMMARY FOR MARCH 15 2017...
VALID TODAY AS OF 0500 PM LOCAL TIME.

CLIMATE NORMAL PERIOD 1981 TO 2010
CLIMATE RECORD PERIOD 1888 TO 2017


WEATHER ITEM   OBSERVED TIME   RECORD YEAR NORMAL DEPARTURE LAST
                VALUE   (LST)  VALUE       VALUE  FROM      YEAR
                                                  NORMAL
..................................................................
TEMPERATURE (F)
 TODAY
  MAXIMUM         84R   313 PM  80    2013  59     25       59
  MINIMUM         27    516 AM   6    1906  26      1       32
  AVERAGE         56                        42     14       46

PRECIPITATION (IN)
  TODAY            0.00          0.93 1983   0.03  -0.03     0.00
  MONTH TO DATE    0.00                      0.39  -0.39      T
  SINCE MAR 1      0.00                      0.39  -0.39      T
  SINCE JAN 1      0.92                      1.04  -0.12     0.86

SNOWFALL (IN)
  TODAY            0.0           8.0  1928   0.1   -0.1      0.0
  MONTH TO DATE    0.0                       2.4   -2.4      0.0
  SINCE MAR 1      0.0                       2.4   -2.4      0.0
  SINCE JUL 1     14.2                      24.2  -10.0     24.2
  SNOW DEPTH       0

DEGREE DAYS
 HEATING
  TODAY            9                        23    -14       19
  MONTH TO DATE  284                       372    -88      233
  SINCE MAR 1    284                       372    -88      233
  SINCE JUL 1   3784                      4675   -891     3742

 COOLING
  TODAY            0                         0      0        0
  MONTH TO DATE    0                         0      0        0
  SINCE MAR 1      0                         0      0        0
  SINCE JAN 1      0                         0      0        0
..................................................................


WIND (MPH)
  HIGHEST WIND SPEED    22   HIGHEST WIND DIRECTION    SW (220)
  HIGHEST GUST SPEED    26   HIGHEST GUST DIRECTION    SW (220)
  AVERAGE WIND SPEED     5.3


SKY COVER
  POSSIBLE SUNSHINE  MM
  AVERAGE SKY COVER 0.0


WEATHER CONDITIONS
 THE FOLLOWING WEATHER WAS RECORDED TODAY.
  NO SIGNIFICANT WEATHER WAS OBSERVED.


RELATIVE HUMIDITY (PERCENT)
 HIGHEST    69           600 AM
 LOWEST      6           300 PM
 AVERAGE    38

..........................................................


THE PUEBLO CO CLIMATE NORMALS FOR TOMORROW
                         NORMAL    RECORD    YEAR
 MAXIMUM TEMPERATURE (F)   59        85      2015
 MINIMUM TEMPERATURE (F)   26         4      1906


SUNRISE AND SUNSET
MARCH 15 2017.........SUNRISE   709 AM MDT   SUNSET   705 PM MDT
MARCH 16 2017.........SUNRISE   707 AM MDT   SUNSET   706 PM MDT


-  INDICATES NEGATIVE NUMBERS.
R  INDICATES RECORD WAS SET OR TIED.
MM INDICATES DATA IS MISSING.
T  INDICATES TRACE AMOUNT.




$$
