000
CDUS45 KPUB 230039
CLIPUB


CLIMATE REPORT
NATIONAL WEATHER SERVICE PUEBLO
639 PM MDT SAT AUG 22 2015


...................................

...THE PUEBLO CO CLIMATE SUMMARY FOR AUGUST 22 2015...
VALID TODAY AS OF 0500 PM LOCAL TIME.

CLIMATE NORMAL PERIOD 1981 TO 2010
CLIMATE RECORD PERIOD 1888 TO 2015


WEATHER ITEM   OBSERVED TIME   RECORD YEAR NORMAL DEPARTURE LAST
                VALUE   (LST)  VALUE       VALUE  FROM      YEAR
                                                  NORMAL
..................................................................
TEMPERATURE (F)
 TODAY
  MAXIMUM        100R   217 PM 100    2003  89     11       82
  MINIMUM         59    510 AM  47    1920  57      2       58
  AVERAGE         80                        73      7       70

PRECIPITATION (IN)
  TODAY            0.00          1.00 1896   0.07  -0.07     0.01
  MONTH TO DATE    4.23                      1.77   2.46     1.25
  SINCE JUN 1      6.09                      5.19   0.90     5.39
  SINCE JAN 1     15.01                      9.68   5.33     9.59

SNOWFALL (IN)
  TODAY            0.0           0.0  2002   0.0    0.0      0.0
  MONTH TO DATE    0.0                       0.0    0.0       T
  SINCE JUN 1      0.0                       0.0    0.0       T
  SINCE JUL 1      0.0                       0.0    0.0       T
  SNOW DEPTH       0

DEGREE DAYS
 HEATING
  TODAY            0                         0      0        0
  MONTH TO DATE    0                         0      0        0
  SINCE JUN 1      0                        26    -26        4
  SINCE JUL 1      0                         1     -1        1

 COOLING
  TODAY           15                         8      7        5
  MONTH TO DATE  303                       202    101      209
  SINCE JUN 1    946                       713    233      770
  SINCE JAN 1    950                       747    203      822
..................................................................


WIND (MPH)
  HIGHEST WIND SPEED    33   HIGHEST WIND DIRECTION    NE (60)
  HIGHEST GUST SPEED    42   HIGHEST GUST DIRECTION     E (70)
  AVERAGE WIND SPEED    11.4


SKY COVER
  POSSIBLE SUNSHINE  MM
  AVERAGE SKY COVER 0.0


WEATHER CONDITIONS
 THE FOLLOWING WEATHER WAS RECORDED TODAY.
  HAZE


RELATIVE HUMIDITY (PERCENT)
 HIGHEST    51           500 AM
 LOWEST     11           300 PM
 AVERAGE    31

..........................................................


THE PUEBLO CO CLIMATE NORMALS FOR TOMORROW
                         NORMAL    RECORD    YEAR
 MAXIMUM TEMPERATURE (F)   89       101      2009
 MINIMUM TEMPERATURE (F)   57        47      1993
                                             1891
                                             1888


SUNRISE AND SUNSET
AUGUST 22 2015........SUNRISE   619 AM MDT   SUNSET   743 PM MDT
AUGUST 23 2015........SUNRISE   620 AM MDT   SUNSET   741 PM MDT


-  INDICATES NEGATIVE NUMBERS.
R  INDICATES RECORD WAS SET OR TIED.
MM INDICATES DATA IS MISSING.
T  INDICATES TRACE AMOUNT.




$$
