000
CDUS45 KPUB 071129
CLIPUB


CLIMATE REPORT
NATIONAL WEATHER SERVICE PUEBLO
429 AM MST SUN DEC 7 2014


...................................

...THE PUEBLO CO CLIMATE SUMMARY FOR DECEMBER 6 2014...

CLIMATE NORMAL PERIOD 1981 TO 2010
CLIMATE RECORD PERIOD 1888 TO 2014


WEATHER ITEM   OBSERVED TIME   RECORD YEAR NORMAL DEPARTURE LAST
                VALUE   (LST)  VALUE       VALUE  FROM      YEAR
                                                  NORMAL
..................................................................
TEMPERATURE (F)
 YESTERDAY
  MAXIMUM         42    345 PM  76    1939  47     -5       13
  MINIMUM         22    137 AM -19    1972  15      7       -3
  AVERAGE         32                        31      1        5

PRECIPITATION (IN)
  YESTERDAY        0.00          0.54 1989   0.01  -0.01      T
  MONTH TO DATE    0.00                      0.08  -0.08     0.02
  SINCE DEC 1      0.00                      0.08  -0.08     0.02
  SINCE JAN 1     11.59                     12.27  -0.68     9.67

SNOWFALL (IN)
  YESTERDAY        0.0           4.9  1978   0.2   -0.2       T
  MONTH TO DATE    0.0                       1.1   -1.1      1.7
  SINCE DEC 1      0.0                       1.1   -1.1      1.7
  SINCE JUL 1      9.9                       7.1    2.8      5.4
  SNOW DEPTH       0

DEGREE DAYS
 HEATING
  YESTERDAY       33                        34     -1       60
  MONTH TO DATE  183                       199    -16      220
  SINCE DEC 1    183                       199    -16      220
  SINCE JUL 1   1345                      1480   -135     1403

 COOLING
  YESTERDAY        0                         0      0        0
  MONTH TO DATE    0                         0      0        0
  SINCE DEC 1      0                         0      0        0
  SINCE JAN 1   1002                       897    105     1230
..................................................................


WIND (MPH)
  HIGHEST WIND SPEED     9   HIGHEST WIND DIRECTION     W (270)
  HIGHEST GUST SPEED    11   HIGHEST GUST DIRECTION    SE (120)
  AVERAGE WIND SPEED     2.9


SKY COVER
  POSSIBLE SUNSHINE  MM
  AVERAGE SKY COVER 0.0


WEATHER CONDITIONS
 THE FOLLOWING WEATHER WAS RECORDED YESTERDAY.
  NO SIGNIFICANT WEATHER WAS OBSERVED.


RELATIVE HUMIDITY (PERCENT)
 HIGHEST    81           100 AM
 LOWEST     55           400 PM
 AVERAGE    68

..........................................................


THE PUEBLO CO CLIMATE NORMALS FOR TODAY
                         NORMAL    RECORD    YEAR
 MAXIMUM TEMPERATURE (F)   47        76      1970
 MINIMUM TEMPERATURE (F)   15       -11      1972


SUNRISE AND SUNSET
DECEMBER  7 2014......SUNRISE   701 AM MST   SUNSET   438 PM MST
DECEMBER  8 2014......SUNRISE   702 AM MST   SUNSET   438 PM MST


-  INDICATES NEGATIVE NUMBERS.
R  INDICATES RECORD WAS SET OR TIED.
MM INDICATES DATA IS MISSING.
T  INDICATES TRACE AMOUNT.




$$
