000
CDUS45 KPUB 101046
CLIPUB


CLIMATE REPORT
NATIONAL WEATHER SERVICE PUEBLO
446 AM MDT THU AUG 10 2017


...................................

...THE PUEBLO CO CLIMATE SUMMARY FOR AUGUST 9 2017...

CLIMATE NORMAL PERIOD 1981 TO 2010
CLIMATE RECORD PERIOD 1888 TO 2017


WEATHER ITEM   OBSERVED TIME   RECORD YEAR NORMAL DEPARTURE LAST
                VALUE   (LST)  VALUE       VALUE  FROM      YEAR
                                                  NORMAL
..................................................................
TEMPERATURE (F)
 YESTERDAY
  MAXIMUM         86    322 PM 103    1962  90     -4       99
  MINIMUM         56    535 AM  50    1912  59     -3       56
  AVERAGE         71                        74     -3       78

PRECIPITATION (IN)
  YESTERDAY        0.01          0.85 1963   0.08  -0.07     0.00
  MONTH TO DATE    0.26                      0.74  -0.48     0.23
  SINCE JUN 1      4.91                      4.16   0.75     2.06
  SINCE JAN 1     13.97                      8.65   5.32     9.23

SNOWFALL (IN)
  YESTERDAY        0.0           0.0  1898   0.0    0.0      0.0
  MONTH TO DATE    0.0                       0.0    0.0      0.0
  SINCE JUN 1      0.0                       0.0    0.0       T
  SINCE JUL 1      0.0                       0.0    0.0       T
  SNOW DEPTH       0

DEGREE DAYS
 HEATING
  YESTERDAY        0                         0      0        0
  MONTH TO DATE    0                         0      0        0
  SINCE JUN 1      5                        26    -21        1
  SINCE JUL 1      0                         1     -1        0

 COOLING
  YESTERDAY        6                        10     -4       13
  MONTH TO DATE   58                        90    -32      121
  SINCE JUN 1    693                       601     92      944
  SINCE JAN 1    703                       635     68      974
..................................................................


WIND (MPH)
  HIGHEST WIND SPEED    23   HIGHEST WIND DIRECTION     N (20)
  HIGHEST GUST SPEED    28   HIGHEST GUST DIRECTION     N (20)
  AVERAGE WIND SPEED     5.7


SKY COVER
  POSSIBLE SUNSHINE  MM
  AVERAGE SKY COVER 0.3


WEATHER CONDITIONS
 THE FOLLOWING WEATHER WAS RECORDED YESTERDAY.
  THUNDERSTORM
  LIGHT RAIN


RELATIVE HUMIDITY (PERCENT)
 HIGHEST    93          1200 AM
 LOWEST     32           200 PM
 AVERAGE    63

..........................................................


THE PUEBLO CO CLIMATE NORMALS FOR TODAY
                         NORMAL    RECORD    YEAR
 MAXIMUM TEMPERATURE (F)   90       101      2016
                                             1995
 MINIMUM TEMPERATURE (F)   59        51      1892


SUNRISE AND SUNSET
AUGUST 10 2017........SUNRISE   609 AM MDT   SUNSET   758 PM MDT
AUGUST 11 2017........SUNRISE   609 AM MDT   SUNSET   756 PM MDT


-  INDICATES NEGATIVE NUMBERS.
R  INDICATES RECORD WAS SET OR TIED.
MM INDICATES DATA IS MISSING.
T  INDICATES TRACE AMOUNT.




$$
