000
CDUS45 KPUB 141126
CLIPUB


CLIMATE REPORT
NATIONAL WEATHER SERVICE PUEBLO
426 AM MST WED JAN 14 2015


...................................

...THE PUEBLO CO CLIMATE SUMMARY FOR JANUARY 13 2015...

CLIMATE NORMAL PERIOD 1981 TO 2010
CLIMATE RECORD PERIOD 1888 TO 2015


WEATHER ITEM   OBSERVED TIME   RECORD YEAR NORMAL DEPARTURE LAST
                VALUE   (LST)  VALUE       VALUE  FROM      YEAR
                                                  NORMAL
..................................................................
TEMPERATURE (F)
 YESTERDAY
  MAXIMUM         28   1052 PM  73    1996  47    -19       56
                                      1983
  MINIMUM         18    412 AM -24    1963  14      4       21
  AVERAGE         23                        30     -7       39

PRECIPITATION (IN)
  YESTERDAY        0.00          0.28 1918   0.01  -0.01     0.00
  MONTH TO DATE    0.02                      0.14  -0.12     0.04
  SINCE DEC 1      0.26                      0.52  -0.26     0.07
  SINCE JAN 1      0.02                      0.14  -0.12     0.04

SNOWFALL (IN)
  YESTERDAY        T             3.7  1940   0.2   -0.2      0.0
  MONTH TO DATE    0.4                       2.6   -2.2      1.1
  SINCE DEC 1      3.6                       8.1   -4.5      3.3
  SINCE JUL 1     13.5                      14.1   -0.6      7.0
  SNOW DEPTH       0

DEGREE DAYS
 HEATING
  YESTERDAY       42                        35      7       26
  MONTH TO DATE  478                       455     23      444
  SINCE DEC 1   1547                      1537     10     1499
  SINCE JUL 1   2709                      2818   -109     2682

 COOLING
  YESTERDAY        0                         0      0        0
  MONTH TO DATE    0                         0      0        0
  SINCE DEC 1      0                         0      0        0
  SINCE JAN 1      0                         0      0        0
..................................................................


WIND (MPH)
  HIGHEST WIND SPEED     8   HIGHEST WIND DIRECTION     E (100)
  HIGHEST GUST SPEED     9   HIGHEST GUST DIRECTION    NW (310)
  AVERAGE WIND SPEED     3.5


SKY COVER
  POSSIBLE SUNSHINE  MM
  AVERAGE SKY COVER 1.0


WEATHER CONDITIONS
 THE FOLLOWING WEATHER WAS RECORDED YESTERDAY.
  LT FREEZING RAIN
  LIGHT SNOW
  FOG


RELATIVE HUMIDITY (PERCENT)
 HIGHEST   100           100 AM
 LOWEST     75           200 PM
 AVERAGE    88

..........................................................


THE PUEBLO CO CLIMATE NORMALS FOR TODAY
                         NORMAL    RECORD    YEAR
 MAXIMUM TEMPERATURE (F)   47        67      2006
 MINIMUM TEMPERATURE (F)   14       -15      1979


SUNRISE AND SUNSET
JANUARY 14 2015.......SUNRISE   714 AM MST   SUNSET   501 PM MST
JANUARY 15 2015.......SUNRISE   714 AM MST   SUNSET   502 PM MST


-  INDICATES NEGATIVE NUMBERS.
R  INDICATES RECORD WAS SET OR TIED.
MM INDICATES DATA IS MISSING.
T  INDICATES TRACE AMOUNT.




$$
