000
CDUS45 KPUB 211138
CLIPUB


CLIMATE REPORT
NATIONAL WEATHER SERVICE PUEBLO
438 AM MST SAT FEB 21 2015


...................................

...THE PUEBLO CO CLIMATE SUMMARY FOR FEBRUARY 20 2015...

CLIMATE NORMAL PERIOD 1981 TO 2010
CLIMATE RECORD PERIOD 1888 TO 2015


WEATHER ITEM   OBSERVED TIME   RECORD YEAR NORMAL DEPARTURE LAST
                VALUE   (LST)  VALUE       VALUE  FROM      YEAR
                                                  NORMAL
..................................................................
TEMPERATURE (F)
 YESTERDAY
  MAXIMUM         68    249 PM  81    1981  52     16       43
  MINIMUM         28   1212 AM  -6    1889  19      9       27
  AVERAGE         48                        35     13       35

PRECIPITATION (IN)
  YESTERDAY        T             0.42 1913   0.01  -0.01     0.00
  MONTH TO DATE    0.36                      0.19   0.17     0.28
  SINCE DEC 1      0.85                      0.92  -0.07     0.76
  SINCE JAN 1      0.61                      0.54   0.07     0.73

SNOWFALL (IN)
  YESTERDAY        0.0          10.5  1913   0.1   -0.1      0.0
  MONTH TO DATE    3.3                       2.8    0.5      4.9
  SINCE DEC 1     11.0                      14.8   -3.8     14.9
  SINCE JUL 1     20.9                      20.8    0.1     18.6
  SNOW DEPTH       0

DEGREE DAYS
 HEATING
  YESTERDAY       17                        30    -13       30
  MONTH TO DATE  457                       643   -186      713
  SINCE DEC 1   2493                      2794   -301     2815
  SINCE JUL 1   3655                      4075   -420     3998

 COOLING
  YESTERDAY        0                         0      0        0
  MONTH TO DATE    0                         0      0        0
  SINCE DEC 1      0                         0      0        0
  SINCE JAN 1      0                         0      0        0
..................................................................


WIND (MPH)
  HIGHEST WIND SPEED    49   HIGHEST WIND DIRECTION     N (20)
  HIGHEST GUST SPEED    59   HIGHEST GUST DIRECTION     N (20)
  AVERAGE WIND SPEED    11.0


SKY COVER
  POSSIBLE SUNSHINE  MM
  AVERAGE SKY COVER 0.3


WEATHER CONDITIONS
 THE FOLLOWING WEATHER WAS RECORDED YESTERDAY.
  LIGHT RAIN
  HAZE


RELATIVE HUMIDITY (PERCENT)
 HIGHEST    72           200 AM
 LOWEST     13           200 PM
 AVERAGE    43

..........................................................


THE PUEBLO CO CLIMATE NORMALS FOR TODAY
                         NORMAL    RECORD    YEAR
 MAXIMUM TEMPERATURE (F)   52        75      1982
                                             1977
 MINIMUM TEMPERATURE (F)   19        -5      1911


SUNRISE AND SUNSET
FEBRUARY 21 2015......SUNRISE   641 AM MST   SUNSET   543 PM MST
FEBRUARY 22 2015......SUNRISE   640 AM MST   SUNSET   544 PM MST


-  INDICATES NEGATIVE NUMBERS.
R  INDICATES RECORD WAS SET OR TIED.
MM INDICATES DATA IS MISSING.
T  INDICATES TRACE AMOUNT.




$$
