000
CDUS45 KPUB 150041
CLIPUB


CLIMATE REPORT
NATIONAL WEATHER SERVICE PUEBLO
641 PM MDT TUE OCT 14 2014


...................................

...THE PUEBLO CO CLIMATE SUMMARY FOR OCTOBER 14 2014...
VALID TODAY AS OF 0500 PM LOCAL TIME.

CLIMATE NORMAL PERIOD 1981 TO 2010
CLIMATE RECORD PERIOD 1888 TO 2014


WEATHER ITEM   OBSERVED TIME   RECORD YEAR NORMAL DEPARTURE LAST
                VALUE   (LST)  VALUE       VALUE  FROM      YEAR
                                                  NORMAL
..................................................................
TEMPERATURE (F)
 TODAY
  MAXIMUM         73    347 PM  90    1999  70      3       69
                                      1968
  MINIMUM         32    600 AM  22    2004  35     -3       41
                                      1995
  AVERAGE         53                        52      1       55

PRECIPITATION (IN)
  TODAY            0.00          0.85 1984   0.02  -0.02     0.00
  MONTH TO DATE    0.91                      0.34   0.57     0.08
  SINCE SEP 1      1.53                      1.11   0.42     1.35
  SINCE JAN 1     11.13                     11.34  -0.21     9.15

SNOWFALL (IN)
  TODAY            0.0           3.5  1984   0.0    0.0      0.0
  MONTH TO DATE    0.0                       0.3   -0.3      0.0
  SINCE SEP 1      0.0                       0.6   -0.6      0.0
  SINCE JUL 1      T                         0.6   -0.6       T
  SNOW DEPTH       0

DEGREE DAYS
 HEATING
  TODAY           12                        13     -1       10
  MONTH TO DATE  131                       143    -12      120
  SINCE SEP 1    184                       236    -52      145
  SINCE JUL 1    185                       241    -56      145

 COOLING
  TODAY            0                         0      0        0
  MONTH TO DATE    0                         0      0        3
  SINCE SEP 1    127                        83     44      170
  SINCE JAN 1   1002                       894    108     1230
..................................................................


WIND (MPH)
  HIGHEST WIND SPEED    12   HIGHEST WIND DIRECTION     W (290)
  HIGHEST GUST SPEED    13   HIGHEST GUST DIRECTION     W (260)
  AVERAGE WIND SPEED     5.7


SKY COVER
  POSSIBLE SUNSHINE  MM
  AVERAGE SKY COVER 0.0


WEATHER CONDITIONS
 THE FOLLOWING WEATHER WAS RECORDED TODAY.
  FOG
  HAZE


RELATIVE HUMIDITY (PERCENT)
 HIGHEST    92           100 AM
 LOWEST     17           200 PM
 AVERAGE    55

..........................................................


THE PUEBLO CO CLIMATE NORMALS FOR TOMORROW
                         NORMAL    RECORD    YEAR
 MAXIMUM TEMPERATURE (F)   70        86      1965
                                             1964
                                             1938
 MINIMUM TEMPERATURE (F)   34        21      1952


SUNRISE AND SUNSET
OCTOBER 14 2014.......SUNRISE   706 AM MDT   SUNSET   622 PM MDT
OCTOBER 15 2014.......SUNRISE   707 AM MDT   SUNSET   620 PM MDT


-  INDICATES NEGATIVE NUMBERS.
R  INDICATES RECORD WAS SET OR TIED.
MM INDICATES DATA IS MISSING.
T  INDICATES TRACE AMOUNT.




$$
