000
CDUS45 KPUB 191056
CLIPUB


CLIMATE REPORT
NATIONAL WEATHER SERVICE PUEBLO
456 AM MDT SUN OCT 19 2014


...................................

...THE PUEBLO CO CLIMATE SUMMARY FOR OCTOBER 18 2014...

CLIMATE NORMAL PERIOD 1981 TO 2010
CLIMATE RECORD PERIOD 1888 TO 2014


WEATHER ITEM   OBSERVED TIME   RECORD YEAR NORMAL DEPARTURE LAST
                VALUE   (LST)  VALUE       VALUE  FROM      YEAR
                                                  NORMAL
..................................................................
TEMPERATURE (F)
 YESTERDAY
  MAXIMUM         70    316 PM  88    2009  69      1       48
                                      2003
  MINIMUM         43    627 AM  19    1996  33     10       27
  AVERAGE         57                        51      6       38

PRECIPITATION (IN)
  YESTERDAY        0.00          0.87 1960   0.03  -0.03     0.08
  MONTH TO DATE    0.91                      0.44   0.47     0.24
  SINCE SEP 1      1.53                      1.21   0.32     1.51
  SINCE JAN 1     11.13                     11.44  -0.31     9.31

SNOWFALL (IN)
  YESTERDAY        0.0           0.4  1917   0.0    0.0      0.1
  MONTH TO DATE    0.0                       0.4   -0.4      0.1
  SINCE SEP 1      0.0                       0.7   -0.7      0.1
  SINCE JUL 1      T                         0.7   -0.7      0.1
  SNOW DEPTH       0

DEGREE DAYS
 HEATING
  YESTERDAY        8                        14     -6       27
  MONTH TO DATE  163                       197    -34      213
  SINCE SEP 1    216                       290    -74      238
  SINCE JUL 1    217                       295    -78      238

 COOLING
  YESTERDAY        0                         0      0        0
  MONTH TO DATE    0                         0      0        3
  SINCE SEP 1    127                        83     44      170
  SINCE JAN 1   1002                       894    108     1230
..................................................................


WIND (MPH)
  HIGHEST WIND SPEED    13   HIGHEST WIND DIRECTION     E (100)
  HIGHEST GUST SPEED    16   HIGHEST GUST DIRECTION    SE (120)
  AVERAGE WIND SPEED     5.1


SKY COVER
  POSSIBLE SUNSHINE  MM
  AVERAGE SKY COVER 0.0


WEATHER CONDITIONS
 THE FOLLOWING WEATHER WAS RECORDED YESTERDAY.
  NO SIGNIFICANT WEATHER WAS OBSERVED.


RELATIVE HUMIDITY (PERCENT)
 HIGHEST    77          1000 PM
 LOWEST     31           300 PM
 AVERAGE    54

..........................................................


THE PUEBLO CO CLIMATE NORMALS FOR TODAY
                         NORMAL    RECORD    YEAR
 MAXIMUM TEMPERATURE (F)   68        91      2003
 MINIMUM TEMPERATURE (F)   33        18      1966


SUNRISE AND SUNSET
OCTOBER 19 2014.......SUNRISE   711 AM MDT   SUNSET   615 PM MDT
OCTOBER 20 2014.......SUNRISE   712 AM MDT   SUNSET   613 PM MDT


-  INDICATES NEGATIVE NUMBERS.
R  INDICATES RECORD WAS SET OR TIED.
MM INDICATES DATA IS MISSING.
T  INDICATES TRACE AMOUNT.




$$
