000
CDUS45 KPUB 161041
CLIPUB


CLIMATE REPORT
NATIONAL WEATHER SERVICE PUEBLO
440 AM MDT TUE MAY 16 2017


...................................

...THE PUEBLO CO CLIMATE SUMMARY FOR MAY 15 2017...

CLIMATE NORMAL PERIOD 1981 TO 2010
CLIMATE RECORD PERIOD 1888 TO 2017


WEATHER ITEM   OBSERVED TIME   RECORD YEAR NORMAL DEPARTURE LAST
                VALUE   (LST)  VALUE       VALUE  FROM      YEAR
                                                  NORMAL
..................................................................
TEMPERATURE (F)
 YESTERDAY
  MAXIMUM         85    400 PM  96    1996  77      8       68
  MINIMUM         51    537 AM  32    1924  44      7       46
                                      1916
  AVERAGE         68                        60      8       57

PRECIPITATION (IN)
  YESTERDAY        0.00          2.31 1957   0.05  -0.05      T
  MONTH TO DATE    2.27                      0.75   1.52     0.01
  SINCE MAR 1      7.41                      3.08   4.33     3.56
  SINCE JAN 1      8.33                      3.73   4.60     4.42

SNOWFALL (IN)
  YESTERDAY        0.0           1.2  1949   0.0    0.0      0.0
  MONTH TO DATE    0.0                       0.5   -0.5      0.0
  SINCE MAR 1     14.0                      10.0    4.0      7.2
  SINCE JUL 1     28.2                      31.8   -3.6     31.4
  SNOW DEPTH       0

DEGREE DAYS
 HEATING
  YESTERDAY        0                         6     -6        8
  MONTH TO DATE  102                       113    -11       92
  SINCE MAR 1    946                      1250   -304     1056
  SINCE JUL 1   4446                      5553  -1107     4565

 COOLING
  YESTERDAY        3                         1      2        0
  MONTH TO DATE    4                         6     -2        3
  SINCE MAR 1      4                         8     -4        3
  SINCE JAN 1      4                         8     -4        3
..................................................................


WIND (MPH)
  HIGHEST WIND SPEED    23   HIGHEST WIND DIRECTION    SE (150)
  HIGHEST GUST SPEED    28   HIGHEST GUST DIRECTION    SE (140)
  AVERAGE WIND SPEED     8.0


SKY COVER
  POSSIBLE SUNSHINE  MM
  AVERAGE SKY COVER 0.0


WEATHER CONDITIONS
 THE FOLLOWING WEATHER WAS RECORDED YESTERDAY.
  NO SIGNIFICANT WEATHER WAS OBSERVED.


RELATIVE HUMIDITY (PERCENT)
 HIGHEST    77           500 AM
 LOWEST     13          1100 AM
 AVERAGE    45

..........................................................


THE PUEBLO CO CLIMATE NORMALS FOR TODAY
                         NORMAL    RECORD    YEAR
 MAXIMUM TEMPERATURE (F)   77        98      1996
 MINIMUM TEMPERATURE (F)   44        31      2011
                                             1916


SUNRISE AND SUNSET
MAY 16 2017...........SUNRISE   546 AM MDT   SUNSET   803 PM MDT
MAY 17 2017...........SUNRISE   545 AM MDT   SUNSET   804 PM MDT


-  INDICATES NEGATIVE NUMBERS.
R  INDICATES RECORD WAS SET OR TIED.
MM INDICATES DATA IS MISSING.
T  INDICATES TRACE AMOUNT.




$$
