000
CDUS45 KPUB 141047
CLIPUB


CLIMATE REPORT
NATIONAL WEATHER SERVICE PUEBLO
438 AM MDT WED SEP 14 2016


...................................

...THE PUEBLO CO CLIMATE SUMMARY FOR SEPTEMBER 13 2016...

CLIMATE NORMAL PERIOD 1981 TO 2010
CLIMATE RECORD PERIOD 1888 TO 2016


WEATHER ITEM   OBSERVED TIME   RECORD YEAR NORMAL DEPARTURE LAST
                VALUE   (LST)  VALUE       VALUE  FROM      YEAR
                                                  NORMAL
..................................................................
TEMPERATURE (F)
 YESTERDAY
  MAXIMUM         70    337 PM 100    1990  83    -13       98
  MINIMUM         55   1159 PM  33    1945  49      6       52
                                      1898
  AVERAGE         63                        66     -3       75

PRECIPITATION (IN)
  YESTERDAY        0.00          1.57 1982   0.03  -0.03     0.00
  MONTH TO DATE    0.01                      0.41  -0.40     0.02
  SINCE SEP 1      0.01                      0.41  -0.40     0.02
  SINCE JAN 1     10.33                     10.64  -0.31    15.04

SNOWFALL (IN)
  YESTERDAY        0.0           0.0  2002   0.0    0.0      0.0
  MONTH TO DATE    0.0                       0.0    0.0      0.0
  SINCE SEP 1      0.0                       0.0    0.0      0.0
  SINCE JUL 1      T                         0.0    0.0      0.0
  SNOW DEPTH       0

DEGREE DAYS
 HEATING
  YESTERDAY        2                         2      0        0
  MONTH TO DATE    2                        16    -14        0
  SINCE SEP 1      2                        16    -14        0
  SINCE JUL 1      2                        21    -19        0

 COOLING
  YESTERDAY        0                         3     -3       10
  MONTH TO DATE  111                        57     54      130
  SINCE SEP 1    111                        57     54      130
  SINCE JAN 1   1276                       868    408     1176
..................................................................


WIND (MPH)
  HIGHEST WIND SPEED    18   HIGHEST WIND DIRECTION     E (110)
  HIGHEST GUST SPEED    24   HIGHEST GUST DIRECTION    SE (120)
  AVERAGE WIND SPEED     8.5


SKY COVER
  POSSIBLE SUNSHINE  MM
  AVERAGE SKY COVER 0.7


WEATHER CONDITIONS
 THE FOLLOWING WEATHER WAS RECORDED YESTERDAY.
  NO SIGNIFICANT WEATHER WAS OBSERVED.


RELATIVE HUMIDITY (PERCENT)
 HIGHEST    77           300 AM
 LOWEST     47           300 PM
 AVERAGE    62

..........................................................


THE PUEBLO CO CLIMATE NORMALS FOR TODAY
                         NORMAL    RECORD    YEAR
 MAXIMUM TEMPERATURE (F)   83        97      1956
 MINIMUM TEMPERATURE (F)   49        31      1993


SUNRISE AND SUNSET
SEPTEMBER 14 2016.....SUNRISE   639 AM MDT   SUNSET   707 PM MDT
SEPTEMBER 15 2016.....SUNRISE   640 AM MDT   SUNSET   705 PM MDT


-  INDICATES NEGATIVE NUMBERS.
R  INDICATES RECORD WAS SET OR TIED.
MM INDICATES DATA IS MISSING.
T  INDICATES TRACE AMOUNT.




$$
