000
CDUS45 KPUB 161047
CLIPUB


CLIMATE REPORT
NATIONAL WEATHER SERVICE PUEBLO
447 AM MDT TUE AUG 16 2016


...................................

...THE PUEBLO CO CLIMATE SUMMARY FOR AUGUST 15 2016...

CLIMATE NORMAL PERIOD 1981 TO 2010
CLIMATE RECORD PERIOD 1888 TO 2016


WEATHER ITEM   OBSERVED TIME   RECORD YEAR NORMAL DEPARTURE LAST
                VALUE   (LST)  VALUE       VALUE  FROM      YEAR
                                                  NORMAL
..................................................................
TEMPERATURE (F)
 YESTERDAY
  MAXIMUM         98    301 PM 102    1896  90      8       98
  MINIMUM         52    505 AM  50    1978  58     -6       71
  AVERAGE         75                        74      1       85

PRECIPITATION (IN)
  YESTERDAY        T             1.30 1903   0.09  -0.09      T
  MONTH TO DATE    0.42                      1.25  -0.83     4.13
  SINCE JUN 1      2.25                      4.67  -2.42     5.99
  SINCE JAN 1      9.42                      9.16   0.26    14.91

SNOWFALL (IN)
  YESTERDAY        0.0           0.0  2002   0.0    0.0      0.0
  MONTH TO DATE    0.0                       0.0    0.0      0.0
  SINCE JUN 1      T                         0.0    0.0      0.0
  SINCE JUL 1      T                         0.0    0.0      0.0
  SNOW DEPTH       0

DEGREE DAYS
 HEATING
  YESTERDAY        0                         0      0        0
  MONTH TO DATE    0                         0      0        0
  SINCE JUN 1      1                        26    -25        0
  SINCE JUL 1      0                         1     -1        0

 COOLING
  YESTERDAY       10                         9      1       20
  MONTH TO DATE  197                       144     53      233
  SINCE JUN 1   1020                       655    365      876
  SINCE JAN 1   1050                       689    361      880
..................................................................


WIND (MPH)
  HIGHEST WIND SPEED    36   HIGHEST WIND DIRECTION    NE (40)
  HIGHEST GUST SPEED    55   HIGHEST GUST DIRECTION    NE (50)
  AVERAGE WIND SPEED     6.2


SKY COVER
  POSSIBLE SUNSHINE  MM
  AVERAGE SKY COVER 0.0


WEATHER CONDITIONS
 THE FOLLOWING WEATHER WAS RECORDED YESTERDAY.
  NO SIGNIFICANT WEATHER WAS OBSERVED.


RELATIVE HUMIDITY (PERCENT)
 HIGHEST    77           600 AM
 LOWEST      9           300 PM
 AVERAGE    43

..........................................................


THE PUEBLO CO CLIMATE NORMALS FOR TODAY
                         NORMAL    RECORD    YEAR
 MAXIMUM TEMPERATURE (F)   90       103      2002
 MINIMUM TEMPERATURE (F)   58        48      1978


SUNRISE AND SUNSET
AUGUST 16 2016........SUNRISE   614 AM MDT   SUNSET   750 PM MDT
AUGUST 17 2016........SUNRISE   615 AM MDT   SUNSET   748 PM MDT


-  INDICATES NEGATIVE NUMBERS.
R  INDICATES RECORD WAS SET OR TIED.
MM INDICATES DATA IS MISSING.
T  INDICATES TRACE AMOUNT.




$$
