000
CDUS45 KPUB 142320
CLIPUB


CLIMATE REPORT
NATIONAL WEATHER SERVICE PUEBLO
520 PM MDT THU APR 14 2016


...................................

...THE PUEBLO CO CLIMATE SUMMARY FOR APRIL 14 2016...
VALID TODAY AS OF 0500 PM LOCAL TIME.

CLIMATE NORMAL PERIOD 1981 TO 2010
CLIMATE RECORD PERIOD 1888 TO 2016


WEATHER ITEM   OBSERVED TIME   RECORD YEAR NORMAL DEPARTURE LAST
                VALUE   (LST)  VALUE       VALUE  FROM      YEAR
                                                  NORMAL
..................................................................
TEMPERATURE (F)
 TODAY
  MAXIMUM         83    158 PM  86    2002  67     16       78
  MINIMUM         44    242 AM  13    1933  33     11       30
  AVERAGE         64                        50     14       54

PRECIPITATION (IN)
  TODAY            0.00          0.84 1956   0.04  -0.04     0.00
  MONTH TO DATE    0.54                      0.55  -0.01      T
  SINCE MAR 1      1.12                      1.48  -0.36     0.57
  SINCE JAN 1      1.98                      2.13  -0.15     1.95

SNOWFALL (IN)
  TODAY            0.0           0.5  1916   0.1   -0.1      0.0
  MONTH TO DATE    0.0                       2.1   -2.1      0.0
  SINCE MAR 1      3.9                       7.8   -3.9      1.7
  SINCE JUL 1     28.1                      29.6   -1.5     42.8
  SNOW DEPTH       0

DEGREE DAYS
 HEATING
  TODAY            1                        15    -14       11
  MONTH TO DATE  141                       237    -96      165
  SINCE MAR 1    739                       939   -200      773
  SINCE JUL 1   4248                      5242   -994     4795

 COOLING
  TODAY            0                         0      0        0
  MONTH TO DATE    0                         0      0        0
  SINCE MAR 1      0                         0      0        0
  SINCE JAN 1      0                         0      0        0
..................................................................


WIND (MPH)
  HIGHEST WIND SPEED    24   HIGHEST WIND DIRECTION     S (190)
  HIGHEST GUST SPEED    28   HIGHEST GUST DIRECTION     S (180)
  AVERAGE WIND SPEED     8.1


SKY COVER
  POSSIBLE SUNSHINE  MM
  AVERAGE SKY COVER 0.1


WEATHER CONDITIONS
 THE FOLLOWING WEATHER WAS RECORDED TODAY.
  NO SIGNIFICANT WEATHER WAS OBSERVED.


RELATIVE HUMIDITY (PERCENT)
 HIGHEST    71           200 AM
 LOWEST     12           200 PM
 AVERAGE    42

..........................................................


THE PUEBLO CO CLIMATE NORMALS FOR TOMORROW
                         NORMAL    RECORD    YEAR
 MAXIMUM TEMPERATURE (F)   67        89      2002
 MINIMUM TEMPERATURE (F)   34        20      1996
                                             1961


SUNRISE AND SUNSET
APRIL 14 2016.........SUNRISE   623 AM MDT   SUNSET   734 PM MDT
APRIL 15 2016.........SUNRISE   622 AM MDT   SUNSET   735 PM MDT


-  INDICATES NEGATIVE NUMBERS.
R  INDICATES RECORD WAS SET OR TIED.
MM INDICATES DATA IS MISSING.
T  INDICATES TRACE AMOUNT.




$$
