000
CDUS45 KPUB 011116
CLIPUB


CLIMATE REPORT
NATIONAL WEATHER SERVICE PUEBLO
416 AM MST WED FEB 1 2017


...................................

...THE PUEBLO CO CLIMATE SUMMARY FOR JANUARY 31 2017...

CLIMATE NORMAL PERIOD 1981 TO 2010
CLIMATE RECORD PERIOD 1888 TO 2017


WEATHER ITEM   OBSERVED TIME   RECORD YEAR NORMAL DEPARTURE LAST
                VALUE   (LST)  VALUE       VALUE  FROM      YEAR
                                                  NORMAL
..................................................................
TEMPERATURE (F)
 YESTERDAY
  MAXIMUM         70    229 PM  76    1997  48     22       38
  MINIMUM         39    747 AM -22    1951  15     24       27
  AVERAGE         55                        31     24       33

PRECIPITATION (IN)
  YESTERDAY        0.00          0.19 1983   0.01  -0.01     0.12
  MONTH TO DATE    0.75                      0.35   0.40     0.53
  SINCE DEC 1      1.51                      0.73   0.78     0.93
  SINCE JAN 1      0.75                      0.35   0.40     0.53

SNOWFALL (IN)
  YESTERDAY        0.0           4.4  1965   0.2   -0.2      1.5
  MONTH TO DATE    9.8                       6.5    3.3      6.5
  SINCE DEC 1     14.2                      12.0    2.2     12.0
  SINCE JUL 1     14.2                      18.0   -3.8     18.4
  SNOW DEPTH       0

DEGREE DAYS
 HEATING
  YESTERDAY       10                        34    -24       32
  MONTH TO DATE 1009                      1068    -59      984
  SINCE DEC 1   2084                      2151    -67     1931
  SINCE JUL 1   2866                      3432   -566     2805

 COOLING
  YESTERDAY        0                         0      0        0
  MONTH TO DATE    0                         0      0        0
  SINCE DEC 1      0                         0      0        0
  SINCE JAN 1      0                         0      0        0
..................................................................


WIND (MPH)
  HIGHEST WIND SPEED    30   HIGHEST WIND DIRECTION     W (290)
  HIGHEST GUST SPEED    35   HIGHEST GUST DIRECTION     W (290)
  AVERAGE WIND SPEED    14.8


SKY COVER
  POSSIBLE SUNSHINE  MM
  AVERAGE SKY COVER 0.0


WEATHER CONDITIONS
 THE FOLLOWING WEATHER WAS RECORDED YESTERDAY.
  NO SIGNIFICANT WEATHER WAS OBSERVED.


RELATIVE HUMIDITY (PERCENT)
 HIGHEST    37           900 AM
 LOWEST      8           200 PM
 AVERAGE    23

..........................................................


THE PUEBLO CO CLIMATE NORMALS FOR TODAY
                         NORMAL    RECORD    YEAR
 MAXIMUM TEMPERATURE (F)   48        76      1934
 MINIMUM TEMPERATURE (F)   15       -31      1951


SUNRISE AND SUNSET
FEBRUARY  1 2017......SUNRISE   703 AM MST   SUNSET   521 PM MST
FEBRUARY  2 2017......SUNRISE   702 AM MST   SUNSET   522 PM MST


-  INDICATES NEGATIVE NUMBERS.
R  INDICATES RECORD WAS SET OR TIED.
MM INDICATES DATA IS MISSING.
T  INDICATES TRACE AMOUNT.




$$
