000
CDUS45 KPUB 190031
CLIPUB


CLIMATE REPORT
NATIONAL WEATHER SERVICE PUEBLO
631 PM MDT FRI JUL 18 2014


...................................

...THE PUEBLO CO CLIMATE SUMMARY FOR JULY 18 2014...
VALID TODAY AS OF 0500 PM LOCAL TIME.

CLIMATE NORMAL PERIOD 1981 TO 2010
CLIMATE RECORD PERIOD 1888 TO 2014


WEATHER ITEM   OBSERVED TIME   RECORD YEAR NORMAL DEPARTURE LAST
                VALUE   (LST)  VALUE       VALUE  FROM      YEAR
                                                  NORMAL
..................................................................
TEMPERATURE (F)
 TODAY
  MAXIMUM         90    310 PM 105    2003  93     -3       96
  MINIMUM         57    610 AM  49    1992  59     -2       59
  AVERAGE         74                        76     -2       78

PRECIPITATION (IN)
  TODAY            T             1.50 1944   0.07  -0.07     0.00
  MONTH TO DATE    2.10                      1.08   1.02     0.29
  SINCE JUN 1      2.96                      2.44   0.52     0.56
  SINCE JAN 1      7.16                      6.93   0.23     2.49

SNOWFALL (IN)
  TODAY            0.0           0.0  2002   0.0    0.0      0.0
                                      2001
  MONTH TO DATE    0.0                       0.0    0.0      0.0
  SINCE JUN 1      T                         0.0    0.0       T
  SINCE JUL 1      0.0                       0.0    0.0      0.0
  SNOW DEPTH       0

DEGREE DAYS
 HEATING
  TODAY            0                         0      0        0
  MONTH TO DATE    0                         0      0        0
  SINCE JUN 1      3                        25    -22       17
  SINCE JUL 1      0                         0      0        0

 COOLING
  TODAY            9                        11     -2       13
  MONTH TO DATE  178                       193    -15      212
  SINCE JUN 1    418                       368     50      515
  SINCE JAN 1    470                       402     68      588
..................................................................


WIND (MPH)
  HIGHEST WIND SPEED    24   HIGHEST WIND DIRECTION    NE (30)
  HIGHEST GUST SPEED    29   HIGHEST GUST DIRECTION     N (20)
  AVERAGE WIND SPEED     4.9


SKY COVER
  POSSIBLE SUNSHINE  MM
  AVERAGE SKY COVER 0.3


WEATHER CONDITIONS
 THE FOLLOWING WEATHER WAS RECORDED TODAY.
  LIGHT RAIN
  FOG
  HAZE


RELATIVE HUMIDITY (PERCENT)
 HIGHEST   100           400 AM
 LOWEST     24           300 PM
 AVERAGE    62

..........................................................


THE PUEBLO CO CLIMATE NORMALS FOR TOMORROW
                         NORMAL    RECORD    YEAR
 MAXIMUM TEMPERATURE (F)   93       104      2005
                                             1998
 MINIMUM TEMPERATURE (F)   59        47      1992


SUNRISE AND SUNSET
JULY 18 2014..........SUNRISE   549 AM MDT   SUNSET   819 PM MDT
JULY 19 2014..........SUNRISE   550 AM MDT   SUNSET   819 PM MDT


-  INDICATES NEGATIVE NUMBERS.
R  INDICATES RECORD WAS SET OR TIED.
MM INDICATES DATA IS MISSING.
T  INDICATES TRACE AMOUNT.




$$
