000
CDUS45 KPUB 111133
CLIPUB


CLIMATE REPORT
NATIONAL WEATHER SERVICE PUEBLO
433 AM MST SUN FEB 11 2018


...................................

...THE PUEBLO CO CLIMATE SUMMARY FOR FEBRUARY 10 2018...

CLIMATE NORMAL PERIOD 1981 TO 2010
CLIMATE RECORD PERIOD 1888 TO 2018


WEATHER ITEM   OBSERVED TIME   RECORD YEAR NORMAL DEPARTURE LAST
                VALUE   (LST)  VALUE       VALUE  FROM      YEAR
                                                  NORMAL
..................................................................
TEMPERATURE (F)
 YESTERDAY
  MAXIMUM         20   1251 AM  82    2017  49    -29       82
  MINIMUM         16    801 PM -18    1933  16      0       39
  AVERAGE         18                        33    -15       61

PRECIPITATION (IN)
  YESTERDAY        0.22          0.90 1897   0.01   0.21     0.00
  MONTH TO DATE    0.35                      0.09   0.26     0.00
  SINCE DEC 1      0.59                      0.82  -0.23     1.51
  SINCE JAN 1      0.58                      0.44   0.14     0.75

SNOWFALL (IN)
  YESTERDAY        4.4           9.0  1897   0.1    4.3      0.0
  MONTH TO DATE    5.9                       1.5    4.4      0.0
  SINCE DEC 1      7.7                      13.5   -5.8     14.2
  SINCE JUL 1      9.1                      19.5  -10.4     14.2
  SNOW DEPTH       T

DEGREE DAYS
 HEATING
  YESTERDAY       47                        32     15        4
  MONTH TO DATE  308                       332    -24      228
  SINCE DEC 1   2242                      2483   -241     2312
  SINCE JUL 1   3263                      3764   -501     3094

 COOLING
  YESTERDAY        0                         0      0        0
  MONTH TO DATE    0                         0      0        0
  SINCE DEC 1      0                         0      0        0
  SINCE JAN 1      0                         0      0        0
..................................................................


WIND (MPH)
  HIGHEST WIND SPEED    14   HIGHEST WIND DIRECTION    SE (120)
  HIGHEST GUST SPEED    17   HIGHEST GUST DIRECTION     E (110)
  AVERAGE WIND SPEED     7.3


SKY COVER
  POSSIBLE SUNSHINE  MM
  AVERAGE SKY COVER 1.0


WEATHER CONDITIONS
 THE FOLLOWING WEATHER WAS RECORDED YESTERDAY.
  SNOW
  LIGHT SNOW
  FOG
  FOG W/VISIBILITY <= 1/4 MILE


RELATIVE HUMIDITY (PERCENT)
 HIGHEST   100          1200 AM
 LOWEST     80           200 PM
 AVERAGE    90

..........................................................


THE PUEBLO CO CLIMATE NORMALS FOR TODAY
                         NORMAL    RECORD    YEAR
 MAXIMUM TEMPERATURE (F)   49        77      1962
                                             1951
 MINIMUM TEMPERATURE (F)   16       -20      1899


SUNRISE AND SUNSET
FEBRUARY 11 2018......SUNRISE   653 AM MST   SUNSET   532 PM MST
FEBRUARY 12 2018......SUNRISE   652 AM MST   SUNSET   533 PM MST


-  INDICATES NEGATIVE NUMBERS.
R  INDICATES RECORD WAS SET OR TIED.
MM INDICATES DATA IS MISSING.
T  INDICATES TRACE AMOUNT.




$$
