000
CDUS45 KPUB 290025
CLIPUB


CLIMATE REPORT
NATIONAL WEATHER SERVICE PUEBLO
525 PM MST THU JAN 28 2016


...................................

...THE PUEBLO CO CLIMATE SUMMARY FOR JANUARY 28 2016...
VALID TODAY AS OF 0500 PM LOCAL TIME.

CLIMATE NORMAL PERIOD 1981 TO 2010
CLIMATE RECORD PERIOD 1888 TO 2016


WEATHER ITEM   OBSERVED TIME   RECORD YEAR NORMAL DEPARTURE LAST
                VALUE   (LST)  VALUE       VALUE  FROM      YEAR
                                                  NORMAL
..................................................................
TEMPERATURE (F)
 TODAY
  MAXIMUM         61    407 PM  73    1986  48     13       66
  MINIMUM         19    704 AM -29    1948  14      5       34
  AVERAGE         40                        31      9       50

PRECIPITATION (IN)
  TODAY            0.00          0.30 1891   0.01  -0.01     0.00
  MONTH TO DATE    0.41                      0.32   0.09     0.19
  SINCE DEC 1      0.81                      0.70   0.11     0.43
  SINCE JAN 1      0.41                      0.32   0.09     0.19

SNOWFALL (IN)
  TODAY            0.0           4.5  1891   0.2   -0.2      0.0
  MONTH TO DATE    5.0                       5.9   -0.9      4.5
  SINCE DEC 1     10.5                      11.4   -0.9      7.7
  SINCE JUL 1     16.9                      17.4   -0.5     17.6
  SNOW DEPTH       0

DEGREE DAYS
 HEATING
  TODAY           25                        34     -9       15
  MONTH TO DATE  921                       966    -45      889
  SINCE DEC 1   1868                      2048   -180     1958
  SINCE JUL 1   2742                      3329   -587     3120

 COOLING
  TODAY            0                         0      0        0
  MONTH TO DATE    0                         0      0        0
  SINCE DEC 1      0                         0      0        0
  SINCE JAN 1      0                         0      0        0
..................................................................


WIND (MPH)
  HIGHEST WIND SPEED    12   HIGHEST WIND DIRECTION     W (260)
  HIGHEST GUST SPEED    13   HIGHEST GUST DIRECTION     W (260)
  AVERAGE WIND SPEED     3.1


SKY COVER
  POSSIBLE SUNSHINE  MM
  AVERAGE SKY COVER 0.0


WEATHER CONDITIONS
 THE FOLLOWING WEATHER WAS RECORDED TODAY.
  NO SIGNIFICANT WEATHER WAS OBSERVED.


RELATIVE HUMIDITY (PERCENT)
 HIGHEST    84           500 AM
 LOWEST     19           200 PM
 AVERAGE    52

..........................................................


THE PUEBLO CO CLIMATE NORMALS FOR TOMORROW
                         NORMAL    RECORD    YEAR
 MAXIMUM TEMPERATURE (F)   48        73      1976
 MINIMUM TEMPERATURE (F)   15       -10      1949


SUNRISE AND SUNSET
JANUARY 28 2016.......SUNRISE   707 AM MST   SUNSET   516 PM MST
JANUARY 29 2016.......SUNRISE   706 AM MST   SUNSET   517 PM MST


-  INDICATES NEGATIVE NUMBERS.
R  INDICATES RECORD WAS SET OR TIED.
MM INDICATES DATA IS MISSING.
T  INDICATES TRACE AMOUNT.




$$
