971
CDUS45 KPUB 231134
CLIPUB


CLIMATE REPORT
NATIONAL WEATHER SERVICE PUEBLO
434 AM MST WED NOV 23 2016


...................................

...THE PUEBLO CO CLIMATE SUMMARY FOR NOVEMBER 22 2016...

CLIMATE NORMAL PERIOD 1981 TO 2010
CLIMATE RECORD PERIOD 1888 TO 2016


WEATHER ITEM   OBSERVED TIME   RECORD YEAR NORMAL DEPARTURE LAST
                VALUE   (LST)  VALUE       VALUE  FROM      YEAR
                                                  NORMAL
..................................................................
TEMPERATURE (F)
 YESTERDAY
  MAXIMUM         55    154 AM  80    2002  53      2       70
                                      1998
  MINIMUM         37   1159 PM  -2    1957  20     17       14
  AVERAGE         46                        36     10       42

PRECIPITATION (IN)
  YESTERDAY        0.70R         0.29 1986   0.02   0.68     0.00
  MONTH TO DATE    0.78                      0.35   0.43     0.10
  SINCE SEP 1      0.83                      1.84  -1.01     0.77
  SINCE JAN 1     11.15                     12.07  -0.92    15.79

SNOWFALL (IN)
  YESTERDAY        0.0           4.4  1991   0.1   -0.1      0.0
  MONTH TO DATE    T                         2.9   -2.9      0.6
  SINCE SEP 1      T                         4.5   -4.5      0.6
  SINCE JUL 1      T                         4.5   -4.5      0.6
  SNOW DEPTH       0

DEGREE DAYS
 HEATING
  YESTERDAY       19                        29    -10       23
  MONTH TO DATE  348                       525   -177      428
  SINCE SEP 1    562                      1030   -468      604
  SINCE JUL 1    562                      1035   -473      604

 COOLING
  YESTERDAY        0                         0      0        0
  MONTH TO DATE    0                         0      0        0
  SINCE SEP 1    193                        86    107      227
  SINCE JAN 1   1358                       897    461     1273
..................................................................


WIND (MPH)
  HIGHEST WIND SPEED    32   HIGHEST WIND DIRECTION     N (360)
  HIGHEST GUST SPEED    42   HIGHEST GUST DIRECTION     N (360)
  AVERAGE WIND SPEED    16.0


SKY COVER
  POSSIBLE SUNSHINE  MM
  AVERAGE SKY COVER 0.6


WEATHER CONDITIONS
 THE FOLLOWING WEATHER WAS RECORDED YESTERDAY.
  HEAVY RAIN
  RAIN
  LIGHT RAIN
  FOG


RELATIVE HUMIDITY (PERCENT)
 HIGHEST    89           800 AM
 LOWEST     44           100 AM
 AVERAGE    67

..........................................................


THE PUEBLO CO CLIMATE NORMALS FOR TODAY
                         NORMAL    RECORD    YEAR
 MAXIMUM TEMPERATURE (F)   52        73      1925
 MINIMUM TEMPERATURE (F)   19        -6      2003


SUNRISE AND SUNSET
NOVEMBER 23 2016......SUNRISE   648 AM MST   SUNSET   441 PM MST
NOVEMBER 24 2016......SUNRISE   649 AM MST   SUNSET   440 PM MST


-  INDICATES NEGATIVE NUMBERS.
R  INDICATES RECORD WAS SET OR TIED.
MM INDICATES DATA IS MISSING.
T  INDICATES TRACE AMOUNT.




$$
