000
CDUS45 KPUB 161151
CLIPUB


CLIMATE REPORT
NATIONAL WEATHER SERVICE PUEBLO
443 AM MST FRI JAN 16 2015


...................................

...THE PUEBLO CO CLIMATE SUMMARY FOR JANUARY 15 2015...

CLIMATE NORMAL PERIOD 1981 TO 2010
CLIMATE RECORD PERIOD 1888 TO 2015


WEATHER ITEM   OBSERVED TIME   RECORD YEAR NORMAL DEPARTURE LAST
                VALUE   (LST)  VALUE       VALUE  FROM      YEAR
                                                  NORMAL
..................................................................
TEMPERATURE (F)
 YESTERDAY
  MAXIMUM         52    330 PM  73    1999  47      5       61
  MINIMUM         13    634 AM -14    2007  14     -1       11
  AVERAGE         33                        30      3       36

PRECIPITATION (IN)
  YESTERDAY        0.00          0.54 1925   0.02  -0.02     0.00
  MONTH TO DATE    0.02                      0.17  -0.15     0.04
  SINCE DEC 1      0.26                      0.55  -0.29     0.07
  SINCE JAN 1      0.02                      0.17  -0.15     0.04

SNOWFALL (IN)
  YESTERDAY        0.0           8.8  1987   0.2   -0.2      0.0
  MONTH TO DATE    0.4                       3.1   -2.7      1.1
  SINCE DEC 1      3.6                       8.6   -5.0      3.3
  SINCE JUL 1     13.5                      14.6   -1.1      7.0
  SNOW DEPTH       0

DEGREE DAYS
 HEATING
  YESTERDAY       32                        34     -2       29
  MONTH TO DATE  545                       524     21      508
  SINCE DEC 1   1614                      1606      8     1563
  SINCE JUL 1   2776                      2887   -111     2746

 COOLING
  YESTERDAY        0                         0      0        0
  MONTH TO DATE    0                         0      0        0
  SINCE DEC 1      0                         0      0        0
  SINCE JAN 1      0                         0      0        0
..................................................................


WIND (MPH)
  HIGHEST WIND SPEED    10   HIGHEST WIND DIRECTION     S (190)
  HIGHEST GUST SPEED    12   HIGHEST GUST DIRECTION     S (190)
  AVERAGE WIND SPEED     4.3


SKY COVER
  POSSIBLE SUNSHINE  MM
  AVERAGE SKY COVER 0.0


WEATHER CONDITIONS
 THE FOLLOWING WEATHER WAS RECORDED YESTERDAY.
  FOG


RELATIVE HUMIDITY (PERCENT)
 HIGHEST    92           200 AM
 LOWEST     21           300 PM
 AVERAGE    57

..........................................................


THE PUEBLO CO CLIMATE NORMALS FOR TODAY
                         NORMAL    RECORD    YEAR
 MAXIMUM TEMPERATURE (F)   47        70      1974
 MINIMUM TEMPERATURE (F)   14       -14      1987


SUNRISE AND SUNSET
JANUARY 16 2015.......SUNRISE   713 AM MST   SUNSET   503 PM MST
JANUARY 17 2015.......SUNRISE   713 AM MST   SUNSET   504 PM MST


-  INDICATES NEGATIVE NUMBERS.
R  INDICATES RECORD WAS SET OR TIED.
MM INDICATES DATA IS MISSING.
T  INDICATES TRACE AMOUNT.




$$
