000
CDUS45 KPUB 041050
CLIPUB


CLIMATE REPORT
NATIONAL WEATHER SERVICE PUEBLO
449 AM MDT FRI APR 4 2014


...................................

...THE PUEBLO CO CLIMATE SUMMARY FOR APRIL 3 2014...

CLIMATE NORMAL PERIOD 1981 TO 2010
CLIMATE RECORD PERIOD 1888 TO 2014


WEATHER ITEM   OBSERVED TIME   RECORD YEAR NORMAL DEPARTURE LAST
                VALUE   (LST)  VALUE       VALUE  FROM      YEAR
                                                  NORMAL
..................................................................
TEMPERATURE (F)
 YESTERDAY
  MAXIMUM         45    329 PM  84    1943  64    -19       54
  MINIMUM         32   1039 PM  13    1945  30      2       33
  AVERAGE         39                        47     -8       44

PRECIPITATION (IN)
  YESTERDAY        0.59R         0.59 2014   0.04   0.55     0.01
  MONTH TO DATE    0.59                      0.10   0.49     0.01
  SINCE MAR 1      1.35                      1.03   0.32     0.22
  SINCE JAN 1      2.08                      1.68   0.40     0.91

SNOWFALL (IN)
  YESTERDAY        3.1 R         3.0  2014   0.2    2.9      0.1
  MONTH TO DATE    3.1                       0.5    2.6      0.1
  SINCE MAR 1      5.5                       6.2   -0.7      5.8
  SINCE JUL 1     24.1                      28.0   -3.9     20.5
  SNOW DEPTH       T

DEGREE DAYS
 HEATING
  YESTERDAY       26                        18      8       21
  MONTH TO DATE   54                        55     -1       72
  SINCE MAR 1    726                       757    -31      807
  SINCE JUL 1   4931                      5060   -129     5044

 COOLING
  YESTERDAY        0                         0      0        0
  MONTH TO DATE    0                         0      0        0
  SINCE MAR 1      0                         0      0        0
  SINCE JAN 1      0                         0      0        0
..................................................................


WIND (MPH)
  HIGHEST WIND SPEED    29   HIGHEST WIND DIRECTION     N (10)
  HIGHEST GUST SPEED    34   HIGHEST GUST DIRECTION     N (20)
  AVERAGE WIND SPEED     9.2


SKY COVER
  POSSIBLE SUNSHINE  MM
  AVERAGE SKY COVER 0.8


WEATHER CONDITIONS
 THE FOLLOWING WEATHER WAS RECORDED YESTERDAY.
  LIGHT RAIN
  HEAVY SNOW
  SNOW
  LIGHT SNOW
  FOG
  FOG W/VISIBILITY <= 1/4 MILE


RELATIVE HUMIDITY (PERCENT)
 HIGHEST   100           600 AM
 LOWEST     49           400 PM
 AVERAGE    75

..........................................................


THE PUEBLO CO CLIMATE NORMALS FOR TODAY
                         NORMAL    RECORD    YEAR
 MAXIMUM TEMPERATURE (F)   64        81      2000
                                             1959
                                             1889
 MINIMUM TEMPERATURE (F)   31         4      1945


SUNRISE AND SUNSET
APRIL  4 2014.........SUNRISE   639 AM MDT   SUNSET   724 PM MDT
APRIL  5 2014.........SUNRISE   637 AM MDT   SUNSET   725 PM MDT


-  INDICATES NEGATIVE NUMBERS.
R  INDICATES RECORD WAS SET OR TIED.
MM INDICATES DATA IS MISSING.
T  INDICATES TRACE AMOUNT.




$$
