000
CDUS45 KPUB 142318
CLIPUB


CLIMATE REPORT
NATIONAL WEATHER SERVICE PUEBLO
518 PM MDT FRI APR 14 2017


...................................

...THE PUEBLO CO CLIMATE SUMMARY FOR APRIL 14 2017...
VALID TODAY AS OF 0500 PM LOCAL TIME.

CLIMATE NORMAL PERIOD 1981 TO 2010
CLIMATE RECORD PERIOD 1888 TO 2017


WEATHER ITEM   OBSERVED TIME   RECORD YEAR NORMAL DEPARTURE LAST
                VALUE   (LST)  VALUE       VALUE  FROM      YEAR
                                                  NORMAL
..................................................................
TEMPERATURE (F)
 TODAY
  MAXIMUM         87R   231 PM  86    2002  67     20       83
  MINIMUM         41    544 AM  13    1933  33      8       44
  AVERAGE         64                        50     14       64

PRECIPITATION (IN)
  TODAY            0.00          0.84 1956   0.04  -0.04     0.00
  MONTH TO DATE    1.70                      0.55   1.15     0.54
  SINCE MAR 1      2.65                      1.48   1.17     1.12
  SINCE JAN 1      3.57                      2.13   1.44     1.98

SNOWFALL (IN)
  TODAY            0.0           0.5  1916   0.1   -0.1      0.0
  MONTH TO DATE    5.6                       2.1    3.5      0.0
  SINCE MAR 1      5.6                       7.8   -2.2      3.9
  SINCE JUL 1     19.8                      29.6   -9.8     28.1
  SNOW DEPTH      MM

DEGREE DAYS
 HEATING
  TODAY            1                        15    -14        1
  MONTH TO DATE  186                       237    -51      141
  SINCE MAR 1    662                       939   -277      739
  SINCE JUL 1   4162                      5242  -1080     4248

 COOLING
  TODAY            0                         0      0        0
  MONTH TO DATE    0                         0      0        0
  SINCE MAR 1      0                         0      0        0
  SINCE JAN 1      0                         0      0        0
..................................................................


WIND (MPH)
  HIGHEST WIND SPEED    25   HIGHEST WIND DIRECTION     W (260)
  HIGHEST GUST SPEED    32   HIGHEST GUST DIRECTION     W (260)
  AVERAGE WIND SPEED     6.8


SKY COVER
  POSSIBLE SUNSHINE  MM
  AVERAGE SKY COVER 0.0


WEATHER CONDITIONS
 THE FOLLOWING WEATHER WAS RECORDED TODAY.
  NO SIGNIFICANT WEATHER WAS OBSERVED.


RELATIVE HUMIDITY (PERCENT)
 HIGHEST    93           200 AM
 LOWEST      4           400 PM
 AVERAGE    49

..........................................................


THE PUEBLO CO CLIMATE NORMALS FOR TOMORROW
                         NORMAL    RECORD    YEAR
 MAXIMUM TEMPERATURE (F)   67        89      2002
 MINIMUM TEMPERATURE (F)   34        20      1996
                                             1961


SUNRISE AND SUNSET
APRIL 14 2017.........SUNRISE   623 AM MDT   SUNSET   734 PM MDT
APRIL 15 2017.........SUNRISE   622 AM MDT   SUNSET   735 PM MDT


-  INDICATES NEGATIVE NUMBERS.
R  INDICATES RECORD WAS SET OR TIED.
MM INDICATES DATA IS MISSING.
T  INDICATES TRACE AMOUNT.




$$
