000
CDUS45 KPUB 090023
CLIPUB


CLIMATE REPORT
NATIONAL WEATHER SERVICE PUEBLO
623 PM MDT SUN OCT 8 2017


...................................

...THE PUEBLO CO CLIMATE SUMMARY FOR OCTOBER 8 2017...
VALID TODAY AS OF 0500 PM LOCAL TIME.

CLIMATE NORMAL PERIOD 1981 TO 2010
CLIMATE RECORD PERIOD 1888 TO 2017


WEATHER ITEM   OBSERVED TIME   RECORD YEAR NORMAL DEPARTURE LAST
                VALUE   (LST)  VALUE       VALUE  FROM      YEAR
                                                  NORMAL
..................................................................
TEMPERATURE (F)
 TODAY
  MAXIMUM         80   1256 PM  90    1934  72      8       77
  MINIMUM         44    632 AM  16    1992  37      7       31
  AVERAGE         62                        55      7       54

PRECIPITATION (IN)
  TODAY            0.00          2.77 1957   0.03  -0.03     0.00
  MONTH TO DATE    0.12                      0.20  -0.08      T
  SINCE SEP 1      1.32                      0.97   0.35     0.05
  SINCE JAN 1     15.58                     11.20   4.38    10.37

SNOWFALL (IN)
  TODAY            0.0           0.6  1990   0.0    0.0      0.0
  MONTH TO DATE    0.0                       0.1   -0.1      0.0
  SINCE SEP 1      0.0                       0.4   -0.4      0.0
  SINCE JUL 1      0.0                       0.4   -0.4       T
  SNOW DEPTH       0

DEGREE DAYS
 HEATING
  TODAY            3                        10     -7       11
  MONTH TO DATE   47                        72    -25       58
  SINCE SEP 1    134                       165    -31       78
  SINCE JUL 1    134                       170    -36       78

 COOLING
  TODAY            0                         0      0        0
  MONTH TO DATE    0                         0      0       11
  SINCE SEP 1    146                        83     63      183
  SINCE JAN 1   1027                       894    133     1348
..................................................................


WIND (MPH)
  HIGHEST WIND SPEED    22   HIGHEST WIND DIRECTION     E (110)
  HIGHEST GUST SPEED    28   HIGHEST GUST DIRECTION     E (110)
  AVERAGE WIND SPEED     9.2


SKY COVER
  POSSIBLE SUNSHINE  MM
  AVERAGE SKY COVER 0.0


WEATHER CONDITIONS
 THE FOLLOWING WEATHER WAS RECORDED TODAY.
  NO SIGNIFICANT WEATHER WAS OBSERVED.


RELATIVE HUMIDITY (PERCENT)
 HIGHEST    65           600 AM
 LOWEST     16          1200 PM
 AVERAGE    41

..........................................................


THE PUEBLO CO CLIMATE NORMALS FOR TOMORROW
                         NORMAL    RECORD    YEAR
 MAXIMUM TEMPERATURE (F)   72        89      2003
 MINIMUM TEMPERATURE (F)   37        20      1970


SUNRISE AND SUNSET
OCTOBER  8 2017.......SUNRISE   700 AM MDT   SUNSET   630 PM MDT
OCTOBER  9 2017.......SUNRISE   701 AM MDT   SUNSET   628 PM MDT


-  INDICATES NEGATIVE NUMBERS.
R  INDICATES RECORD WAS SET OR TIED.
MM INDICATES DATA IS MISSING.
T  INDICATES TRACE AMOUNT.




$$
