000
CDUS45 KPUB 091049
CLIPUB


CLIMATE REPORT
NATIONAL WEATHER SERVICE PUEBLO
449 AM MDT FRI JUN 9 2017


...................................

...THE PUEBLO CO CLIMATE SUMMARY FOR JUNE 8 2017...

CLIMATE NORMAL PERIOD 1981 TO 2010
CLIMATE RECORD PERIOD 1888 TO 2017


WEATHER ITEM   OBSERVED TIME   RECORD YEAR NORMAL DEPARTURE LAST
                VALUE   (LST)  VALUE       VALUE  FROM      YEAR
                                                  NORMAL
..................................................................
TEMPERATURE (F)
 YESTERDAY
  MAXIMUM         82    433 PM 103    1981  84     -2       90
  MINIMUM         53    415 AM  35    2007  51      2       52
  AVERAGE         68                        68      0       71

PRECIPITATION (IN)
  YESTERDAY        0.00          1.13 1960   0.05  -0.05      T
  MONTH TO DATE    1.46                      0.38   1.08     0.04
  SINCE JUN 1      1.46                      0.38   1.08     0.04
  SINCE JAN 1     10.52                      4.87   5.65     7.21

SNOWFALL (IN)
  YESTERDAY        0.0           0.0  2014   0.0    0.0      0.0
  MONTH TO DATE    0.0                       0.0    0.0      0.0
  SINCE JUN 1      0.0                       0.0    0.0      0.0
  SINCE JUL 1     28.2                      31.8   -3.6     31.4
  SNOW DEPTH       0

DEGREE DAYS
 HEATING
  YESTERDAY        0                         1     -1        0
  MONTH TO DATE    0                        14    -14        1
  SINCE JUN 1      0                        14    -14        1
  SINCE JUL 1   4538                      5627  -1089     4624

 COOLING
  YESTERDAY        3                         4     -1        6
  MONTH TO DATE   23                        26     -3       40
  SINCE JUN 1     23                        26     -3       40
  SINCE JAN 1     33                        60    -27       70
..................................................................


WIND (MPH)
  HIGHEST WIND SPEED    31   HIGHEST WIND DIRECTION     E (70)
  HIGHEST GUST SPEED    35   HIGHEST GUST DIRECTION     E (70)
  AVERAGE WIND SPEED     6.1


SKY COVER
  POSSIBLE SUNSHINE  MM
  AVERAGE SKY COVER 0.1


WEATHER CONDITIONS
 THE FOLLOWING WEATHER WAS RECORDED YESTERDAY.
  NO SIGNIFICANT WEATHER WAS OBSERVED.


RELATIVE HUMIDITY (PERCENT)
 HIGHEST    93           300 AM
 LOWEST     39           200 PM
 AVERAGE    66

..........................................................


THE PUEBLO CO CLIMATE NORMALS FOR TODAY
                         NORMAL    RECORD    YEAR
 MAXIMUM TEMPERATURE (F)   85       105      1981
 MINIMUM TEMPERATURE (F)   51        42      2007
                                             1974
                                             1890


SUNRISE AND SUNSET
JUNE  9 2017..........SUNRISE   534 AM MDT   SUNSET   821 PM MDT
JUNE 10 2017..........SUNRISE   534 AM MDT   SUNSET   821 PM MDT


-  INDICATES NEGATIVE NUMBERS.
R  INDICATES RECORD WAS SET OR TIED.
MM INDICATES DATA IS MISSING.
T  INDICATES TRACE AMOUNT.




$$
