000
CDUS45 KPUB 160152
CLIPUB


CLIMATE REPORT
NATIONAL WEATHER SERVICE PUEBLO
752 PM MDT FRI APR 15 2016


...................................

...THE PUEBLO CO CLIMATE SUMMARY FOR APRIL 15 2016...
VALID TODAY AS OF 0500 PM LOCAL TIME.

CLIMATE NORMAL PERIOD 1981 TO 2010
CLIMATE RECORD PERIOD 1888 TO 2016


WEATHER ITEM   OBSERVED TIME   RECORD YEAR NORMAL DEPARTURE LAST
                VALUE   (LST)  VALUE       VALUE  FROM      YEAR
                                                  NORMAL
..................................................................
TEMPERATURE (F)
 TODAY
  MAXIMUM         70    121 PM  89    2002  67      3       74
  MINIMUM         54    652 AM  20    1996  34     20       43
                                      1961
  AVERAGE         62                        50     12       59

PRECIPITATION (IN)
  TODAY            0.05          1.40 1900   0.05   0.00     0.00
  MONTH TO DATE    0.59                      0.60  -0.01      T
  SINCE MAR 1      1.17                      1.53  -0.36     0.57
  SINCE JAN 1      2.03                      2.18  -0.15     1.95

SNOWFALL (IN)
  TODAY            0.0           3.0  1916   0.1   -0.1      0.0
  MONTH TO DATE    0.0                       2.2   -2.2      0.0
  SINCE MAR 1      3.9                       7.9   -4.0      1.7
  SINCE JUL 1     28.1                      29.7   -1.6     42.8
  SNOW DEPTH       0

DEGREE DAYS
 HEATING
  TODAY            3                        15    -12        6
  MONTH TO DATE  144                       252   -108      171
  SINCE MAR 1    742                       954   -212      779
  SINCE JUL 1   4251                      5257  -1006     4801

 COOLING
  TODAY            0                         0      0        0
  MONTH TO DATE    0                         0      0        0
  SINCE MAR 1      0                         0      0        0
  SINCE JAN 1      0                         0      0        0
..................................................................


WIND (MPH)
  HIGHEST WIND SPEED    28   HIGHEST WIND DIRECTION    NW (330)
  HIGHEST GUST SPEED    36   HIGHEST GUST DIRECTION    NW (330)
  AVERAGE WIND SPEED    13.1


SKY COVER
  POSSIBLE SUNSHINE  MM
  AVERAGE SKY COVER 0.2


WEATHER CONDITIONS
 THE FOLLOWING WEATHER WAS RECORDED TODAY.
  NO SIGNIFICANT WEATHER WAS OBSERVED.


RELATIVE HUMIDITY (PERCENT)
 HIGHEST    57           400 PM
 LOWEST     26           200 AM
 AVERAGE    42

..........................................................


THE PUEBLO CO CLIMATE NORMALS FOR TOMORROW
                         NORMAL    RECORD    YEAR
 MAXIMUM TEMPERATURE (F)   67        85      2006
                                             1985
                                             1964
 MINIMUM TEMPERATURE (F)   34        22      2011


SUNRISE AND SUNSET
APRIL 15 2016.........SUNRISE   622 AM MDT   SUNSET   735 PM MDT
APRIL 16 2016.........SUNRISE   620 AM MDT   SUNSET   736 PM MDT


-  INDICATES NEGATIVE NUMBERS.
R  INDICATES RECORD WAS SET OR TIED.
MM INDICATES DATA IS MISSING.
T  INDICATES TRACE AMOUNT.




$$
