000
CDUS45 KPUB 281029
CLIPUB


CLIMATE REPORT
NATIONAL WEATHER SERVICE PUEBLO
429 AM MDT FRI AUG 28 2015


...................................

...THE PUEBLO CO CLIMATE SUMMARY FOR AUGUST 27 2015...

CLIMATE NORMAL PERIOD 1981 TO 2010
CLIMATE RECORD PERIOD 1888 TO 2015


WEATHER ITEM   OBSERVED TIME   RECORD YEAR NORMAL DEPARTURE LAST
                VALUE   (LST)  VALUE       VALUE  FROM      YEAR
                                                  NORMAL
..................................................................
TEMPERATURE (F)
 YESTERDAY
  MAXIMUM         96    136 PM 100    1960  88      8       88
  MINIMUM         63   1112 PM  45    1992  56      7       56
  AVERAGE         80                        72      8       72

PRECIPITATION (IN)
  YESTERDAY        0.01          0.99 1930   0.06  -0.05     0.00
  MONTH TO DATE    4.24                      2.09   2.15     1.25
  SINCE JUN 1      6.10                      5.51   0.59     5.39
  SINCE JAN 1     15.02                     10.00   5.02     9.59

SNOWFALL (IN)
  YESTERDAY        0.0           0.0  2002   0.0    0.0      0.0
  MONTH TO DATE    0.0                       0.0    0.0       T
  SINCE JUN 1      0.0                       0.0    0.0       T
  SINCE JUL 1      0.0                       0.0    0.0       T
  SNOW DEPTH       0

DEGREE DAYS
 HEATING
  YESTERDAY        0                         0      0        0
  MONTH TO DATE    0                         0      0        0
  SINCE JUN 1      0                        26    -26        4
  SINCE JUL 1      0                         1     -1        1

 COOLING
  YESTERDAY       15                         7      8        7
  MONTH TO DATE  354                       239    115      240
  SINCE JUN 1    997                       750    247      801
  SINCE JAN 1   1001                       784    217      853
..................................................................


WIND (MPH)
  HIGHEST WIND SPEED    37   HIGHEST WIND DIRECTION     N (20)
  HIGHEST GUST SPEED    43   HIGHEST GUST DIRECTION     N (10)
  AVERAGE WIND SPEED    10.6


SKY COVER
  POSSIBLE SUNSHINE  MM
  AVERAGE SKY COVER 0.2


WEATHER CONDITIONS
 THE FOLLOWING WEATHER WAS RECORDED YESTERDAY.
  THUNDERSTORM
  LIGHT RAIN


RELATIVE HUMIDITY (PERCENT)
 HIGHEST    87          1000 PM
 LOWEST     20          1200 PM
 AVERAGE    54

..........................................................


THE PUEBLO CO CLIMATE NORMALS FOR TODAY
                         NORMAL    RECORD    YEAR
 MAXIMUM TEMPERATURE (F)   88       100      1970
 MINIMUM TEMPERATURE (F)   55        42      1964


SUNRISE AND SUNSET
AUGUST 28 2015........SUNRISE   624 AM MDT   SUNSET   734 PM MDT
AUGUST 29 2015........SUNRISE   625 AM MDT   SUNSET   733 PM MDT


-  INDICATES NEGATIVE NUMBERS.
R  INDICATES RECORD WAS SET OR TIED.
MM INDICATES DATA IS MISSING.
T  INDICATES TRACE AMOUNT.




$$
