000
CDUS45 KPUB 141036
CLIPUB


CLIMATE REPORT
NATIONAL WEATHER SERVICE PUEBLO
435 AM MDT THU JUL 14 2016


...................................

...THE PUEBLO CO CLIMATE SUMMARY FOR JULY 13 2016...

CLIMATE NORMAL PERIOD 1981 TO 2010
CLIMATE RECORD PERIOD 1888 TO 2016


WEATHER ITEM   OBSERVED TIME   RECORD YEAR NORMAL DEPARTURE LAST
                VALUE   (LST)  VALUE       VALUE  FROM      YEAR
                                                  NORMAL
..................................................................
TEMPERATURE (F)
 YESTERDAY
  MAXIMUM         96    439 PM 109    2003  94      2       98
  MINIMUM         56    405 AM  49    1895  59     -3       66
  AVERAGE         76                        76      0       82

PRECIPITATION (IN)
  YESTERDAY        T             1.08 2001   0.07  -0.07      T
  MONTH TO DATE    0.45                      0.74  -0.29     0.42
  SINCE JUN 1      1.23                      2.10  -0.87     1.64
  SINCE JAN 1      8.40                      6.59   1.81    10.56

SNOWFALL (IN)
  YESTERDAY        0.0           0.0  2002   0.0    0.0      0.0
                                      2001
  MONTH TO DATE    0.0                       0.0    0.0      0.0
  SINCE JUN 1      T                         0.0    0.0      0.0
  SINCE JUL 1      0.0                       0.0    0.0      0.0
  SNOW DEPTH       0

DEGREE DAYS
 HEATING
  YESTERDAY        0                         0      0        0
  MONTH TO DATE    0                         0      0        0
  SINCE JUN 1      1                        25    -24        0
  SINCE JUL 1      0                         0      0        0

 COOLING
  YESTERDAY       11                        11      0       17
  MONTH TO DATE  180                       138     42      142
  SINCE JUN 1    519                       313    206      385
  SINCE JAN 1    549                       347    202      389
..................................................................


WIND (MPH)
  HIGHEST WIND SPEED    22   HIGHEST WIND DIRECTION    SE (140)
  HIGHEST GUST SPEED    27   HIGHEST GUST DIRECTION    SE (140)
  AVERAGE WIND SPEED     9.2


SKY COVER
  POSSIBLE SUNSHINE  MM
  AVERAGE SKY COVER 0.0


WEATHER CONDITIONS
 THE FOLLOWING WEATHER WAS RECORDED YESTERDAY.
  THUNDERSTORM
  LIGHT RAIN


RELATIVE HUMIDITY (PERCENT)
 HIGHEST    70           700 AM
 LOWEST     13           300 PM
 AVERAGE    42

..........................................................


THE PUEBLO CO CLIMATE NORMALS FOR TODAY
                         NORMAL    RECORD    YEAR
 MAXIMUM TEMPERATURE (F)   94       107      2003
 MINIMUM TEMPERATURE (F)   59        50      1990


SUNRISE AND SUNSET
JULY 14 2016..........SUNRISE   546 AM MDT   SUNSET   821 PM MDT
JULY 15 2016..........SUNRISE   547 AM MDT   SUNSET   821 PM MDT


-  INDICATES NEGATIVE NUMBERS.
R  INDICATES RECORD WAS SET OR TIED.
MM INDICATES DATA IS MISSING.
T  INDICATES TRACE AMOUNT.




$$
