000
CDUS45 KPUB 080038
CLIPUB


CLIMATE REPORT
NATIONAL WEATHER SERVICE PUEBLO
537 PM MST TUE MAR 7 2017


...................................

...THE PUEBLO CO CLIMATE SUMMARY FOR MARCH 7 2017...
VALID TODAY AS OF 0500 PM LOCAL TIME.

CLIMATE NORMAL PERIOD 1981 TO 2010
CLIMATE RECORD PERIOD 1888 TO 2017


WEATHER ITEM   OBSERVED TIME   RECORD YEAR NORMAL DEPARTURE LAST
                VALUE   (LST)  VALUE       VALUE  FROM      YEAR
                                                  NORMAL
..................................................................
TEMPERATURE (F)
 TODAY
  MAXIMUM         62    255 PM  76    1910  57      5       65
  MINIMUM         21    227 AM -10    1920  23     -2       36
  AVERAGE         42                        40      2       51

PRECIPITATION (IN)
  TODAY            0.00          0.78 2000   0.03  -0.03     0.00
  MONTH TO DATE    0.00                      0.17  -0.17     0.00
  SINCE MAR 1      0.00                      0.17  -0.17     0.00
  SINCE JAN 1      0.92                      0.82   0.10     0.86

SNOWFALL (IN)
  TODAY            0.0           3.6  1903   0.2   -0.2      0.0
  MONTH TO DATE    0.0                       1.1   -1.1      0.0
  SINCE MAR 1      0.0                       1.1   -1.1      0.0
  SINCE JUL 1     14.2                      22.9   -8.7     24.2
  SNOW DEPTH       0

DEGREE DAYS
 HEATING
  TODAY           23                        25     -2       14
  MONTH TO DATE  158                       182    -24      110
  SINCE MAR 1    158                       182    -24      110
  SINCE JUL 1   3658                      4485   -827     3619

 COOLING
  TODAY            0                         0      0        0
  MONTH TO DATE    0                         0      0        0
  SINCE MAR 1      0                         0      0        0
  SINCE JAN 1      0                         0      0        0
..................................................................


WIND (MPH)
  HIGHEST WIND SPEED    29   HIGHEST WIND DIRECTION     W (290)
  HIGHEST GUST SPEED    34   HIGHEST GUST DIRECTION    NW (300)
  AVERAGE WIND SPEED    11.4


SKY COVER
  POSSIBLE SUNSHINE  MM
  AVERAGE SKY COVER 0.0


WEATHER CONDITIONS
 THE FOLLOWING WEATHER WAS RECORDED TODAY.
  NO SIGNIFICANT WEATHER WAS OBSERVED.


RELATIVE HUMIDITY (PERCENT)
 HIGHEST    36           600 AM
 LOWEST      7           300 PM
 AVERAGE    22

..........................................................


THE PUEBLO CO CLIMATE NORMALS FOR TOMORROW
                         NORMAL    RECORD    YEAR
 MAXIMUM TEMPERATURE (F)   57        75      1989
                                             1986
                                             1955
 MINIMUM TEMPERATURE (F)   23         2      1967
                                             1964


SUNRISE AND SUNSET
MARCH  7 2017.........SUNRISE   621 AM MST   SUNSET   558 PM MST
MARCH  8 2017.........SUNRISE   619 AM MST   SUNSET   559 PM MST


-  INDICATES NEGATIVE NUMBERS.
R  INDICATES RECORD WAS SET OR TIED.
MM INDICATES DATA IS MISSING.
T  INDICATES TRACE AMOUNT.




$$
