000
CDUS45 KPUB 031150
CLIPUB


CLIMATE REPORT
NATIONAL WEATHER SERVICE PUEBLO
450 AM MST FRI FEB 3 2017


...................................

...THE PUEBLO CO CLIMATE SUMMARY FOR FEBRUARY 2 2017...

CLIMATE NORMAL PERIOD 1981 TO 2010
CLIMATE RECORD PERIOD 1888 TO 2017


WEATHER ITEM   OBSERVED TIME   RECORD YEAR NORMAL DEPARTURE LAST
                VALUE   (LST)  VALUE       VALUE  FROM      YEAR
                                                  NORMAL
..................................................................
TEMPERATURE (F)
 YESTERDAY
  MAXIMUM         27    715 PM  75    1934  48    -21       30
  MINIMUM         21    820 AM -19    1996  15      6       12
  AVERAGE         24                        31     -7       21

PRECIPITATION (IN)
  YESTERDAY        0.00          0.29 2012   0.01  -0.01     0.01
  MONTH TO DATE    0.00                      0.02  -0.02     0.30
  SINCE DEC 1      1.51                      0.75   0.76     1.23
  SINCE JAN 1      0.75                      0.37   0.38     0.83

SNOWFALL (IN)
  YESTERDAY        0.0           2.4  1919   0.1   -0.1      0.3
  MONTH TO DATE    0.0                       0.3   -0.3      5.4
  SINCE DEC 1     14.2                      12.3    1.9     17.4
  SINCE JUL 1     14.2                      18.3   -4.1     23.8
  SNOW DEPTH       0

DEGREE DAYS
 HEATING
  YESTERDAY       41                        34      7       44
  MONTH TO DATE   72                        68      4       79
  SINCE DEC 1   2156                      2219    -63     2010
  SINCE JUL 1   2938                      3500   -562     2884

 COOLING
  YESTERDAY        0                         0      0        0
  MONTH TO DATE    0                         0      0        0
  SINCE DEC 1      0                         0      0        0
  SINCE JAN 1      0                         0      0        0
..................................................................


WIND (MPH)
  HIGHEST WIND SPEED    18   HIGHEST WIND DIRECTION    SE (120)
  HIGHEST GUST SPEED    24   HIGHEST GUST DIRECTION    SE (130)
  AVERAGE WIND SPEED     8.2


SKY COVER
  POSSIBLE SUNSHINE  MM
  AVERAGE SKY COVER 1.0


WEATHER CONDITIONS
 THE FOLLOWING WEATHER WAS RECORDED YESTERDAY.
  FOG
  HAZE


RELATIVE HUMIDITY (PERCENT)
 HIGHEST    92           900 AM
 LOWEST     68           900 PM
 AVERAGE    80

..........................................................


THE PUEBLO CO CLIMATE NORMALS FOR TODAY
                         NORMAL    RECORD    YEAR
 MAXIMUM TEMPERATURE (F)   48        75      1934
 MINIMUM TEMPERATURE (F)   15       -26      1996


SUNRISE AND SUNSET
FEBRUARY  3 2017......SUNRISE   701 AM MST   SUNSET   523 PM MST
FEBRUARY  4 2017......SUNRISE   700 AM MST   SUNSET   524 PM MST


-  INDICATES NEGATIVE NUMBERS.
R  INDICATES RECORD WAS SET OR TIED.
MM INDICATES DATA IS MISSING.
T  INDICATES TRACE AMOUNT.




$$
