000
CDUS45 KPUB 060029
CLIPUB


CLIMATE REPORT
NATIONAL WEATHER SERVICE PUEBLO
529 PM MST THU JAN 5 2017


...................................

...THE PUEBLO CO CLIMATE SUMMARY FOR JANUARY 5 2017...
VALID TODAY AS OF 0500 PM LOCAL TIME.

CLIMATE NORMAL PERIOD 1981 TO 2010
CLIMATE RECORD PERIOD 1888 TO 2017


WEATHER ITEM   OBSERVED TIME   RECORD YEAR NORMAL DEPARTURE LAST
                VALUE   (LST)  VALUE       VALUE  FROM      YEAR
                                                  NORMAL
..................................................................
TEMPERATURE (F)
 TODAY
  MAXIMUM         15   1218 AM  74    1927  47    -32       54
  MINIMUM          7    446 PM -21    1942  14     -7       18
  AVERAGE         11                        30    -19       36

PRECIPITATION (IN)
  TODAY            0.23R         0.15 2007   0.02   0.21     0.00
  MONTH TO DATE    0.23                      0.06   0.17     0.00
  SINCE DEC 1      0.99                      0.44   0.55     0.40
  SINCE JAN 1      0.23                      0.06   0.17     0.00

SNOWFALL (IN)
  TODAY            4.2 R         3.6  2007   0.2    4.0      0.0
  MONTH TO DATE    4.2                       1.0    3.2      0.0
  SINCE DEC 1      8.6                       6.5    2.1      5.5
  SINCE JUL 1      8.6                      12.5   -3.9     11.9
  SNOW DEPTH       4

DEGREE DAYS
 HEATING
  TODAY           54                        35     19       29
  MONTH TO DATE  197                       175     22      182
  SINCE DEC 1   1272                      1257     15     1129
  SINCE JUL 1   2054                      2538   -484     2003

 COOLING
  TODAY            0                         0      0        0
  MONTH TO DATE    0                         0      0        0
  SINCE DEC 1      0                         0      0        0
  SINCE JAN 1      0                         0      0        0
..................................................................


WIND (MPH)
  HIGHEST WIND SPEED    14   HIGHEST WIND DIRECTION     E (70)
  HIGHEST GUST SPEED    16   HIGHEST GUST DIRECTION     E (80)
  AVERAGE WIND SPEED     8.5


SKY COVER
  POSSIBLE SUNSHINE  MM
  AVERAGE SKY COVER 1.0


WEATHER CONDITIONS
 THE FOLLOWING WEATHER WAS RECORDED TODAY.
  HEAVY SNOW
  SNOW
  LIGHT SNOW
  FOG
  FOG W/VISIBILITY <= 1/4 MILE
  HAZE


RELATIVE HUMIDITY (PERCENT)
 HIGHEST    80          1100 AM
 LOWEST     51          1200 AM
 AVERAGE    66

..........................................................


THE PUEBLO CO CLIMATE NORMALS FOR TOMORROW
                         NORMAL    RECORD    YEAR
 MAXIMUM TEMPERATURE (F)   47        74      2006
 MINIMUM TEMPERATURE (F)   14       -18      1913


SUNRISE AND SUNSET
JANUARY  5 2017.......SUNRISE   715 AM MST   SUNSET   452 PM MST
JANUARY  6 2017.......SUNRISE   715 AM MST   SUNSET   453 PM MST


-  INDICATES NEGATIVE NUMBERS.
R  INDICATES RECORD WAS SET OR TIED.
MM INDICATES DATA IS MISSING.
T  INDICATES TRACE AMOUNT.




$$
