845
CDUS45 KPUB 021330 CCA
CLIPUB

CLIMATE REPORT...COR FOR SNOWFALL
NATIONAL WEATHER SERVICE PUEBLO
431 AM MST TUE FEB 2 2016


...................................

...THE PUEBLO CO CLIMATE SUMMARY FOR FEBRUARY 1 2016...

CLIMATE NORMAL PERIOD 1981 TO 2010
CLIMATE RECORD PERIOD 1888 TO 2016


WEATHER ITEM   OBSERVED TIME   RECORD YEAR NORMAL DEPARTURE LAST
                VALUE   (LST)  VALUE       VALUE  FROM      YEAR
                                                  NORMAL
..................................................................
TEMPERATURE (F)
 YESTERDAY
  MAXIMUM         33    307 PM  76    1934  48    -15       37
  MINIMUM         27   1159 PM -31    1951  15     12       22
  AVERAGE         30                        31     -1       30

PRECIPITATION (IN)
  YESTERDAY        0.29R         0.13 1905   0.01   0.28     0.00
  MONTH TO DATE    0.29                      0.01   0.28     0.00
  SINCE DEC 1      1.22                      0.74   0.48     0.49
  SINCE JAN 1      0.82                      0.36   0.46     0.25

SNOWFALL (IN)
  YESTERDAY        5.1 R         2.6  1959   0.2    4.9      0.0
  MONTH TO DATE    5.1                       0.2    4.9      0.0
  SINCE DEC 1     17.1                      12.2    4.9      7.7
  SINCE JUL 1     23.5                      18.2    5.3     17.6
  SNOW DEPTH       2

DEGREE DAYS
 HEATING
  YESTERDAY       35                        34      1       35
  MONTH TO DATE   35                        34      1       35
  SINCE DEC 1   1966                      2185   -219     2071
  SINCE JUL 1   2840                      3466   -626     3233

 COOLING
  YESTERDAY        0                         0      0        0
  MONTH TO DATE    0                         0      0        0
  SINCE DEC 1      0                         0      0        0
  SINCE JAN 1      0                         0      0        0
..................................................................


WIND (MPH)
  HIGHEST WIND SPEED    35   HIGHEST WIND DIRECTION     N (10)
  HIGHEST GUST SPEED    42   HIGHEST GUST DIRECTION     N (20)
  AVERAGE WIND SPEED     8.6


SKY COVER
  POSSIBLE SUNSHINE  MM
  AVERAGE SKY COVER 1.0


WEATHER CONDITIONS
 THE FOLLOWING WEATHER WAS RECORDED YESTERDAY.
  SNOW
  LIGHT SNOW
  FOG


RELATIVE HUMIDITY (PERCENT)
 HIGHEST    92           600 PM
 LOWEST     75           200 PM
 AVERAGE    84

..........................................................


THE PUEBLO CO CLIMATE NORMALS FOR TODAY
                         NORMAL    RECORD    YEAR
 MAXIMUM TEMPERATURE (F)   48        75      1934
 MINIMUM TEMPERATURE (F)   15       -19      1996


SUNRISE AND SUNSET
FEBRUARY  2 2016......SUNRISE   703 AM MST   SUNSET   521 PM MST
FEBRUARY  3 2016......SUNRISE   702 AM MST   SUNSET   522 PM MST


-  INDICATES NEGATIVE NUMBERS.
R  INDICATES RECORD WAS SET OR TIED.
MM INDICATES DATA IS MISSING.
T  INDICATES TRACE AMOUNT.




$$
