000
CDUS45 KPUB 050037
CLIPUB


CLIMATE REPORT
NATIONAL WEATHER SERVICE PUEBLO
637 PM MDT FRI AUG 4 2017


...................................

...THE PUEBLO CO CLIMATE SUMMARY FOR AUGUST 4 2017...
VALID TODAY AS OF 0500 PM LOCAL TIME.

CLIMATE NORMAL PERIOD 1981 TO 2010
CLIMATE RECORD PERIOD 1888 TO 2017


WEATHER ITEM   OBSERVED TIME   RECORD YEAR NORMAL DEPARTURE LAST
                VALUE   (LST)  VALUE       VALUE  FROM      YEAR
                                                  NORMAL
..................................................................
TEMPERATURE (F)
 TODAY
  MAXIMUM         87    459 PM 101    2008  91     -4       89
                                      1979
                                      1892
  MINIMUM         60    512 AM  50    1986  59      1       70
                                      1894
  AVERAGE         74                        75     -1       80

PRECIPITATION (IN)
  TODAY            T             0.69 1910   0.09  -0.09      T
  MONTH TO DATE    0.02                      0.32  -0.30     0.08
  SINCE JUN 1      4.67                      3.74   0.93     1.91
  SINCE JAN 1     13.73                      8.23   5.50     9.08

SNOWFALL (IN)
  TODAY            0.0           0.0  2002   0.0    0.0      0.0
  MONTH TO DATE    0.0                       0.0    0.0      0.0
  SINCE JUN 1      0.0                       0.0    0.0       T
  SINCE JUL 1      0.0                       0.0    0.0       T
  SNOW DEPTH       0

DEGREE DAYS
 HEATING
  TODAY            0                         0      0        0
  MONTH TO DATE    0                         0      0        0
  SINCE JUN 1      5                        26    -21        1
  SINCE JUL 1      0                         1     -1        0

 COOLING
  TODAY            9                        10     -1       15
  MONTH TO DATE   31                        40     -9       63
  SINCE JUN 1    666                       551    115      886
  SINCE JAN 1    676                       585     91      916
..................................................................


WIND (MPH)
  HIGHEST WIND SPEED    26   HIGHEST WIND DIRECTION     N (20)
  HIGHEST GUST SPEED    32   HIGHEST GUST DIRECTION     N (20)
  AVERAGE WIND SPEED     5.1


SKY COVER
  POSSIBLE SUNSHINE  MM
  AVERAGE SKY COVER 0.4


WEATHER CONDITIONS
 THE FOLLOWING WEATHER WAS RECORDED TODAY.
  THUNDERSTORM


RELATIVE HUMIDITY (PERCENT)
 HIGHEST    84          1200 AM
 LOWEST     35           400 PM
 AVERAGE    60

..........................................................


THE PUEBLO CO CLIMATE NORMALS FOR TOMORROW
                         NORMAL    RECORD    YEAR
 MAXIMUM TEMPERATURE (F)   91       100      1987
                                             1938
 MINIMUM TEMPERATURE (F)   59        50      1996


SUNRISE AND SUNSET
AUGUST  4 2017........SUNRISE   603 AM MDT   SUNSET   804 PM MDT
AUGUST  5 2017........SUNRISE   604 AM MDT   SUNSET   803 PM MDT


-  INDICATES NEGATIVE NUMBERS.
R  INDICATES RECORD WAS SET OR TIED.
MM INDICATES DATA IS MISSING.
T  INDICATES TRACE AMOUNT.




$$
