000
CDUS45 KPUB 051154
CLIPUB


CLIMATE REPORT
NATIONAL WEATHER SERVICE PUEBLO
451 AM MST FRI JAN 5 2018


...................................

...THE PUEBLO CO CLIMATE SUMMARY FOR JANUARY 4 2018...

CLIMATE NORMAL PERIOD 1981 TO 2010
CLIMATE RECORD PERIOD 1888 TO 2018


WEATHER ITEM   OBSERVED TIME   RECORD YEAR NORMAL DEPARTURE LAST
                VALUE   (LST)  VALUE       VALUE  FROM      YEAR
                                                  NORMAL
..................................................................
TEMPERATURE (F)
 YESTERDAY
  MAXIMUM         56    216 PM  74    2001  46     10       27
  MINIMUM          9    311 AM -28    1959  14     -5        9
  AVERAGE         33                        30      3       18

PRECIPITATION (IN)
  YESTERDAY        0.00          0.19 1913   0.01  -0.01     0.00
  MONTH TO DATE    0.00                      0.04  -0.04     0.00
  SINCE DEC 1      0.01                      0.42  -0.41     0.76
  SINCE JAN 1      0.00                      0.04  -0.04     0.00

SNOWFALL (IN)
  YESTERDAY        0.0           3.6  1913   0.2   -0.2      0.0
  MONTH TO DATE    0.0                       0.8   -0.8      0.0
  SINCE DEC 1      0.6                       6.3   -5.7      4.4
  SINCE JUL 1      2.0                      12.3  -10.3      4.4
  SNOW DEPTH       0

DEGREE DAYS
 HEATING
  YESTERDAY       32                        35     -3       47
  MONTH TO DATE  167                       140     27      143
  SINCE DEC 1   1153                      1222    -69     1218
  SINCE JUL 1   2174                      2503   -329     2000

 COOLING
  YESTERDAY        0                         0      0        0
  MONTH TO DATE    0                         0      0        0
  SINCE DEC 1      0                         0      0        0
  SINCE JAN 1      0                         0      0        0
..................................................................


WIND (MPH)
  HIGHEST WIND SPEED    12   HIGHEST WIND DIRECTION    SE (120)
  HIGHEST GUST SPEED    15   HIGHEST GUST DIRECTION    SE (140)
  AVERAGE WIND SPEED     5.5


SKY COVER
  POSSIBLE SUNSHINE  MM
  AVERAGE SKY COVER 0.0


WEATHER CONDITIONS
 THE FOLLOWING WEATHER WAS RECORDED YESTERDAY.
  NO SIGNIFICANT WEATHER WAS OBSERVED.


RELATIVE HUMIDITY (PERCENT)
 HIGHEST    58           300 AM
 LOWEST     11          1200 PM
 AVERAGE    35

..........................................................


THE PUEBLO CO CLIMATE NORMALS FOR TODAY
                         NORMAL    RECORD    YEAR
 MAXIMUM TEMPERATURE (F)   47        74      1927
 MINIMUM TEMPERATURE (F)   14       -21      1942


SUNRISE AND SUNSET
JANUARY  5 2018.......SUNRISE   715 AM MST   SUNSET   452 PM MST
JANUARY  6 2018.......SUNRISE   715 AM MST   SUNSET   453 PM MST


-  INDICATES NEGATIVE NUMBERS.
R  INDICATES RECORD WAS SET OR TIED.
MM INDICATES DATA IS MISSING.
T  INDICATES TRACE AMOUNT.




$$
