000
CDUS45 KPUB 180026
CLIPUB


CLIMATE REPORT
NATIONAL WEATHER SERVICE PUEBLO
626 PM MDT MON APR 17 2017


...................................

...THE PUEBLO CO CLIMATE SUMMARY FOR APRIL 17 2017...
VALID TODAY AS OF 0500 PM LOCAL TIME.

CLIMATE NORMAL PERIOD 1981 TO 2010
CLIMATE RECORD PERIOD 1888 TO 2017


WEATHER ITEM   OBSERVED TIME   RECORD YEAR NORMAL DEPARTURE LAST
                VALUE   (LST)  VALUE       VALUE  FROM      YEAR
                                                  NORMAL
..................................................................
TEMPERATURE (F)
 TODAY
  MAXIMUM         78    450 PM  88    2006  68     10       49
                                      1954
  MINIMUM         52    212 AM  17    1901  34     18       38
  AVERAGE         65                        51     14       44

PRECIPITATION (IN)
  TODAY            0.01          0.88 1970   0.05  -0.04     0.00
  MONTH TO DATE    1.71                      0.70   1.01     1.48
  SINCE MAR 1      2.66                      1.63   1.03     2.06
  SINCE JAN 1      3.58                      2.28   1.30     2.92

SNOWFALL (IN)
  TODAY            0.0           4.3  1968   0.1   -0.1      0.0
  MONTH TO DATE    5.6                       2.5    3.1      0.2
  SINCE MAR 1      5.6                       8.2   -2.6      4.1
  SINCE JUL 1     19.8                      30.0  -10.2     28.3
  SNOW DEPTH       0

DEGREE DAYS
 HEATING
  TODAY            0                        14    -14       21
  MONTH TO DATE  198                       280    -82      195
  SINCE MAR 1    674                       982   -308      793
  SINCE JUL 1   4174                      5285  -1111     4302

 COOLING
  TODAY            0                         0      0        0
  MONTH TO DATE    0                         0      0        0
  SINCE MAR 1      0                         0      0        0
  SINCE JAN 1      0                         0      0        0
..................................................................


WIND (MPH)
  HIGHEST WIND SPEED    17   HIGHEST WIND DIRECTION     E (100)
  HIGHEST GUST SPEED    24   HIGHEST GUST DIRECTION     E (90)
  AVERAGE WIND SPEED     5.7


SKY COVER
  POSSIBLE SUNSHINE  MM
  AVERAGE SKY COVER 0.5


WEATHER CONDITIONS
 THE FOLLOWING WEATHER WAS RECORDED TODAY.
  LIGHT RAIN
  FOG


RELATIVE HUMIDITY (PERCENT)
 HIGHEST    96           200 AM
 LOWEST     31           300 PM
 AVERAGE    64

..........................................................


THE PUEBLO CO CLIMATE NORMALS FOR TOMORROW
                         NORMAL    RECORD    YEAR
 MAXIMUM TEMPERATURE (F)   68        88      2000
                                             1987
 MINIMUM TEMPERATURE (F)   35        20      1922


SUNRISE AND SUNSET
APRIL 17 2017.........SUNRISE   619 AM MDT   SUNSET   737 PM MDT
APRIL 18 2017.........SUNRISE   618 AM MDT   SUNSET   738 PM MDT


-  INDICATES NEGATIVE NUMBERS.
R  INDICATES RECORD WAS SET OR TIED.
MM INDICATES DATA IS MISSING.
T  INDICATES TRACE AMOUNT.




$$
