000
CDUS45 KPUB 171149
CLIPUB


CLIMATE REPORT
NATIONAL WEATHER SERVICE PUEBLO
449 AM MST TUE FEB 17 2015


...................................

...THE PUEBLO CO CLIMATE SUMMARY FOR FEBRUARY 16 2015...

CLIMATE NORMAL PERIOD 1981 TO 2010
CLIMATE RECORD PERIOD 1888 TO 2015


WEATHER ITEM   OBSERVED TIME   RECORD YEAR NORMAL DEPARTURE LAST
                VALUE   (LST)  VALUE       VALUE  FROM      YEAR
                                                  NORMAL
..................................................................
TEMPERATURE (F)
 YESTERDAY
  MAXIMUM         32    703 PM  73    1970  51    -19       69
  MINIMUM         26    115 AM -18    1895  17      9       26
  AVERAGE         29                        34     -5       48

PRECIPITATION (IN)
  YESTERDAY        0.04          0.26 1938   0.01   0.03     0.00
  MONTH TO DATE    0.36                      0.14   0.22     0.23
  SINCE DEC 1      0.85                      0.87  -0.02     0.71
  SINCE JAN 1      0.61                      0.49   0.12     0.68

SNOWFALL (IN)
  YESTERDAY        0.8           5.1  1988   0.1    0.7      0.0
  MONTH TO DATE    3.3                       2.3    1.0      4.8
  SINCE DEC 1     11.0                      14.3   -3.3     14.8
  SINCE JUL 1     20.9                      20.3    0.6     18.5
  SNOW DEPTH       2

DEGREE DAYS
 HEATING
  YESTERDAY       36                        31      5       17
  MONTH TO DATE  351                       522   -171      644
  SINCE DEC 1   2387                      2673   -286     2746
  SINCE JUL 1   3549                      3954   -405     3929

 COOLING
  YESTERDAY        0                         0      0        0
  MONTH TO DATE    0                         0      0        0
  SINCE DEC 1      0                         0      0        0
  SINCE JAN 1      0                         0      0        0
..................................................................


WIND (MPH)
  HIGHEST WIND SPEED    10   HIGHEST WIND DIRECTION    NW (300)
  HIGHEST GUST SPEED    13   HIGHEST GUST DIRECTION    SE (130)
  AVERAGE WIND SPEED     3.5


SKY COVER
  POSSIBLE SUNSHINE  MM
  AVERAGE SKY COVER 0.9


WEATHER CONDITIONS
 THE FOLLOWING WEATHER WAS RECORDED YESTERDAY.
  LIGHT SNOW
  FOG


RELATIVE HUMIDITY (PERCENT)
 HIGHEST   100           100 AM
 LOWEST     72           700 PM
 AVERAGE    86

..........................................................


THE PUEBLO CO CLIMATE NORMALS FOR TODAY
                         NORMAL    RECORD    YEAR
 MAXIMUM TEMPERATURE (F)   51        77      1970
 MINIMUM TEMPERATURE (F)   18       -17      1910


SUNRISE AND SUNSET
FEBRUARY 17 2015......SUNRISE   646 AM MST   SUNSET   538 PM MST
FEBRUARY 18 2015......SUNRISE   645 AM MST   SUNSET   539 PM MST


-  INDICATES NEGATIVE NUMBERS.
R  INDICATES RECORD WAS SET OR TIED.
MM INDICATES DATA IS MISSING.
T  INDICATES TRACE AMOUNT.




$$
