000
CDUS45 KPUB 131051
CLIPUB


CLIMATE REPORT
NATIONAL WEATHER SERVICE PUEBLO
447 AM MDT FRI MAY 13 2016


...................................

...THE PUEBLO CO CLIMATE SUMMARY FOR MAY 12 2016...

CLIMATE NORMAL PERIOD 1981 TO 2010
CLIMATE RECORD PERIOD 1888 TO 2016


WEATHER ITEM   OBSERVED TIME   RECORD YEAR NORMAL DEPARTURE LAST
                VALUE   (LST)  VALUE       VALUE  FROM      YEAR
                                                  NORMAL
..................................................................
TEMPERATURE (F)
 YESTERDAY
  MAXIMUM         77    406 PM  95    1962  76      1       75
  MINIMUM         47    421 AM  29    1953  43      4       41
  AVERAGE         62                        59      3       58

PRECIPITATION (IN)
  YESTERDAY        0.00          0.58 1896   0.05  -0.05     0.00
  MONTH TO DATE    0.01                      0.60  -0.59     2.84
  SINCE MAR 1      3.56                      2.93   0.63     4.83
  SINCE JAN 1      4.42                      3.58   0.84     6.21

SNOWFALL (IN)
  YESTERDAY        0.0           3.4  1953   0.0    0.0      0.0
  MONTH TO DATE    0.0                       0.4   -0.4       T
  SINCE MAR 1      7.2                       9.9   -2.7      1.7
  SINCE JUL 1     31.4                      31.7   -0.3     42.8
  SNOW DEPTH       0

DEGREE DAYS
 HEATING
  YESTERDAY        3                         6     -3        7
  MONTH TO DATE   78                        95    -17      102
  SINCE MAR 1   1042                      1232   -190     1090
  SINCE JUL 1   4551                      5535   -984     5112

 COOLING
  YESTERDAY        0                         1     -1        0
  MONTH TO DATE    3                         3      0        1
  SINCE MAR 1      3                         5     -2        1
  SINCE JAN 1      3                         5     -2        1
..................................................................


WIND (MPH)
  HIGHEST WIND SPEED    20   HIGHEST WIND DIRECTION    SE (120)
  HIGHEST GUST SPEED    26   HIGHEST GUST DIRECTION     E (110)
  AVERAGE WIND SPEED     8.0


SKY COVER
  POSSIBLE SUNSHINE  MM
  AVERAGE SKY COVER 0.3


WEATHER CONDITIONS
 THE FOLLOWING WEATHER WAS RECORDED YESTERDAY.
  NO SIGNIFICANT WEATHER WAS OBSERVED.


RELATIVE HUMIDITY (PERCENT)
 HIGHEST    80          1200 AM
 LOWEST     19           500 PM
 AVERAGE    50

..........................................................


THE PUEBLO CO CLIMATE NORMALS FOR TODAY
                         NORMAL    RECORD    YEAR
 MAXIMUM TEMPERATURE (F)   76        94      1941
 MINIMUM TEMPERATURE (F)   43        28      2000


SUNRISE AND SUNSET
MAY 13 2016...........SUNRISE   548 AM MDT   SUNSET   801 PM MDT
MAY 14 2016...........SUNRISE   547 AM MDT   SUNSET   802 PM MDT


-  INDICATES NEGATIVE NUMBERS.
R  INDICATES RECORD WAS SET OR TIED.
MM INDICATES DATA IS MISSING.
T  INDICATES TRACE AMOUNT.




$$
