000
CDUS45 KPUB 271128
CLIPUB


CLIMATE REPORT
NATIONAL WEATHER SERVICE PUEBLO
428 AM MST WED JAN 27 2016


...................................

...THE PUEBLO CO CLIMATE SUMMARY FOR JANUARY 26 2016...

CLIMATE NORMAL PERIOD 1981 TO 2010
CLIMATE RECORD PERIOD 1888 TO 2016


WEATHER ITEM   OBSERVED TIME   RECORD YEAR NORMAL DEPARTURE LAST
                VALUE   (LST)  VALUE       VALUE  FROM      YEAR
                                                  NORMAL
..................................................................
TEMPERATURE (F)
 YESTERDAY
  MAXIMUM         48    403 PM  74    1951  47      1       71
  MINIMUM         21   1156 PM -13    1996  14      7       25
  AVERAGE         35                        31      4       48

PRECIPITATION (IN)
  YESTERDAY        T             0.28 1944   0.01  -0.01     0.00
  MONTH TO DATE    0.41                      0.29   0.12     0.19
  SINCE DEC 1      0.81                      0.67   0.14     0.43
  SINCE JAN 1      0.41                      0.29   0.12     0.19

SNOWFALL (IN)
  YESTERDAY        T             6.3  1944   0.2   -0.2      0.0
  MONTH TO DATE    5.0                       5.5   -0.5      4.5
  SINCE DEC 1     10.5                      11.0   -0.5      7.7
  SINCE JUL 1     16.9                      17.0   -0.1     17.6
  SNOW DEPTH       0

DEGREE DAYS
 HEATING
  YESTERDAY       30                        34     -4       17
  MONTH TO DATE  870                       898    -28      860
  SINCE DEC 1   1817                      1980   -163     1929
  SINCE JUL 1   2691                      3261   -570     3091

 COOLING
  YESTERDAY        0                         0      0        0
  MONTH TO DATE    0                         0      0        0
  SINCE DEC 1      0                         0      0        0
  SINCE JAN 1      0                         0      0        0
..................................................................


WIND (MPH)
  HIGHEST WIND SPEED    10   HIGHEST WIND DIRECTION    NW (320)
  HIGHEST GUST SPEED    13   HIGHEST GUST DIRECTION     W (260)
  AVERAGE WIND SPEED     4.0


SKY COVER
  POSSIBLE SUNSHINE  MM
  AVERAGE SKY COVER 0.3


WEATHER CONDITIONS
 THE FOLLOWING WEATHER WAS RECORDED YESTERDAY.
  LIGHT SNOW
  FOG


RELATIVE HUMIDITY (PERCENT)
 HIGHEST    88           700 AM
 LOWEST     14           300 PM
 AVERAGE    51

..........................................................


THE PUEBLO CO CLIMATE NORMALS FOR TODAY
                         NORMAL    RECORD    YEAR
 MAXIMUM TEMPERATURE (F)   47        73      2015
                                             2003
 MINIMUM TEMPERATURE (F)   14       -24      1948


SUNRISE AND SUNSET
JANUARY 27 2016.......SUNRISE   707 AM MST   SUNSET   515 PM MST
JANUARY 28 2016.......SUNRISE   707 AM MST   SUNSET   516 PM MST


-  INDICATES NEGATIVE NUMBERS.
R  INDICATES RECORD WAS SET OR TIED.
MM INDICATES DATA IS MISSING.
T  INDICATES TRACE AMOUNT.




$$
