000
CDUS45 KPUB 091040
CLIPUB


CLIMATE REPORT
NATIONAL WEATHER SERVICE PUEBLO
439 AM MDT TUE SEP 9 2014


...................................

...THE PUEBLO CO CLIMATE SUMMARY FOR SEPTEMBER 8 2014...

CLIMATE NORMAL PERIOD 1981 TO 2010
CLIMATE RECORD PERIOD 1888 TO 2014


WEATHER ITEM   OBSERVED TIME   RECORD YEAR NORMAL DEPARTURE LAST
                VALUE   (LST)  VALUE       VALUE  FROM      YEAR
                                                  NORMAL
..................................................................
TEMPERATURE (F)
 YESTERDAY
  MAXIMUM         91    215 PM  99    1977  85      6       95
  MINIMUM         56    248 AM  36    1941  51      5       57
  AVERAGE         74                        68      6       76

PRECIPITATION (IN)
  YESTERDAY        0.00          0.60 1950   0.03  -0.03     0.00
  MONTH TO DATE    T                         0.28  -0.28      T
  SINCE SEP 1      T                         0.28  -0.28      T
  SINCE JAN 1      9.60                     10.51  -0.91     7.80

SNOWFALL (IN)
  YESTERDAY        0.0           0.0  2002   0.0    0.0      0.0
  MONTH TO DATE    0.0                       0.0    0.0      0.0
  SINCE SEP 1      0.0                       0.0    0.0      0.0
  SINCE JUL 1      T                         0.0    0.0       T
  SNOW DEPTH       0

DEGREE DAYS
 HEATING
  YESTERDAY        0                         1     -1        0
  MONTH TO DATE    6                         8     -2        0
  SINCE SEP 1      6                         8     -2        0
  SINCE JUL 1      7                        13     -6        0

 COOLING
  YESTERDAY        9                         4      5       11
  MONTH TO DATE   49                        40      9      100
  SINCE SEP 1     49                        40      9      100
  SINCE JAN 1    924                       851     73     1160
..................................................................


WIND (MPH)
  HIGHEST WIND SPEED    17   HIGHEST WIND DIRECTION     W (290)
  HIGHEST GUST SPEED    20   HIGHEST GUST DIRECTION     W (290)
  AVERAGE WIND SPEED     6.3


SKY COVER
  POSSIBLE SUNSHINE  MM
  AVERAGE SKY COVER 0.2


WEATHER CONDITIONS
 THE FOLLOWING WEATHER WAS RECORDED YESTERDAY.
  NO SIGNIFICANT WEATHER WAS OBSERVED.


RELATIVE HUMIDITY (PERCENT)
 HIGHEST    69           100 AM
 LOWEST     16           200 PM
 AVERAGE    43

..........................................................


THE PUEBLO CO CLIMATE NORMALS FOR TODAY
                         NORMAL    RECORD    YEAR
 MAXIMUM TEMPERATURE (F)   84        98      1979
 MINIMUM TEMPERATURE (F)   51        32      2001


SUNRISE AND SUNSET
SEPTEMBER  9 2014.....SUNRISE   635 AM MDT   SUNSET   715 PM MDT
SEPTEMBER 10 2014.....SUNRISE   635 AM MDT   SUNSET   714 PM MDT


-  INDICATES NEGATIVE NUMBERS.
R  INDICATES RECORD WAS SET OR TIED.
MM INDICATES DATA IS MISSING.
T  INDICATES TRACE AMOUNT.




$$
