000
CDUS45 KPUB 192331
CLIPUB


CLIMATE REPORT
NATIONAL WEATHER SERVICE PUEBLO
531 PM MDT WED AUG 19 2015


...................................

...THE PUEBLO CO CLIMATE SUMMARY FOR AUGUST 19 2015...
VALID TODAY AS OF 0500 PM LOCAL TIME.

CLIMATE NORMAL PERIOD 1981 TO 2010
CLIMATE RECORD PERIOD 1888 TO 2015


WEATHER ITEM   OBSERVED TIME   RECORD YEAR NORMAL DEPARTURE LAST
                VALUE   (LST)  VALUE       VALUE  FROM      YEAR
                                                  NORMAL
..................................................................
TEMPERATURE (F)
 TODAY
  MAXIMUM         74    359 PM 100    1973  89    -15       94
  MINIMUM         59    838 AM  50    2001  57      2       64
                                      1960
  AVERAGE         67                        73     -6       79

PRECIPITATION (IN)
  TODAY            0.00          0.97 1995   0.08  -0.08      T
  MONTH TO DATE    4.23                      1.56   2.67     1.24
  SINCE JUN 1      6.09                      4.98   1.11     5.38
  SINCE JAN 1     15.01                      9.47   5.54     9.58

SNOWFALL (IN)
  TODAY            0.0           0.0  2002   0.0    0.0      0.0
  MONTH TO DATE    0.0                       0.0    0.0       T
  SINCE JUN 1      0.0                       0.0    0.0       T
  SINCE JUL 1      0.0                       0.0    0.0       T
  SNOW DEPTH       0

DEGREE DAYS
 HEATING
  TODAY            0                         0      0        0
  MONTH TO DATE    0                         0      0        0
  SINCE JUN 1      0                        26    -26        4
  SINCE JUL 1      0                         1     -1        1

 COOLING
  TODAY            2                         8     -6       14
  MONTH TO DATE  271                       178     93      179
  SINCE JUN 1    914                       689    225      740
  SINCE JAN 1    918                       723    195      792
..................................................................


WIND (MPH)
  HIGHEST WIND SPEED    15   HIGHEST WIND DIRECTION    NE (40)
  HIGHEST GUST SPEED    19   HIGHEST GUST DIRECTION    SE (150)
  AVERAGE WIND SPEED     6.5


SKY COVER
  POSSIBLE SUNSHINE  MM
  AVERAGE SKY COVER 0.7


WEATHER CONDITIONS
 THE FOLLOWING WEATHER WAS RECORDED TODAY.
  NO SIGNIFICANT WEATHER WAS OBSERVED.


RELATIVE HUMIDITY (PERCENT)
 HIGHEST    60           300 AM
 LOWEST     33           400 PM
 AVERAGE    47

..........................................................


THE PUEBLO CO CLIMATE NORMALS FOR TOMORROW
                         NORMAL    RECORD    YEAR
 MAXIMUM TEMPERATURE (F)   89       102      1987
 MINIMUM TEMPERATURE (F)   57        50      1979
                                             1897


SUNRISE AND SUNSET
AUGUST 19 2015........SUNRISE   616 AM MDT   SUNSET   747 PM MDT
AUGUST 20 2015........SUNRISE   617 AM MDT   SUNSET   745 PM MDT


-  INDICATES NEGATIVE NUMBERS.
R  INDICATES RECORD WAS SET OR TIED.
MM INDICATES DATA IS MISSING.
T  INDICATES TRACE AMOUNT.




$$
