000
CDUS45 KPUB 020024
CLIPUB


CLIMATE REPORT
NATIONAL WEATHER SERVICE PUEBLO
524 PM MST FRI DEC 1 2017


...................................

...THE PUEBLO CO CLIMATE SUMMARY FOR DECEMBER 1 2017...
VALID TODAY AS OF 0500 PM LOCAL TIME.

CLIMATE NORMAL PERIOD 1981 TO 2010
CLIMATE RECORD PERIOD 1888 TO 2017


WEATHER ITEM   OBSERVED TIME   RECORD YEAR NORMAL DEPARTURE LAST
                VALUE   (LST)  VALUE       VALUE  FROM      YEAR
                                                  NORMAL
..................................................................
TEMPERATURE (F)
 TODAY
  MAXIMUM         71    305 PM  76    1998  49     22       42
  MINIMUM         21    222 AM   0    1908  17      4       14
  AVERAGE         46                        32     14       28

PRECIPITATION (IN)
  TODAY            0.00          1.05 1933   0.02  -0.02     0.00
  MONTH TO DATE    0.00                      0.02  -0.02     0.00
  SINCE DEC 1      0.00                      0.02  -0.02     0.00
  SINCE JAN 1     15.98                     12.21   3.77    11.15

SNOWFALL (IN)
  TODAY            0.0           7.8  1933   0.2   -0.2      0.0
  MONTH TO DATE    0.0                       0.2   -0.2      0.0
  SINCE DEC 1      0.0                       0.2   -0.2      0.0
  SINCE JUL 1      1.4                       6.2   -4.8       T
  SNOW DEPTH       0

DEGREE DAYS
 HEATING
  TODAY           19                        32    -13       37
  MONTH TO DATE   19                        32    -13       37
  SINCE DEC 1     19                        32    -13       37
  SINCE JUL 1   1040                      1313   -273      819

 COOLING
  TODAY            0                         0      0        0
  MONTH TO DATE    0                         0      0        0
  SINCE DEC 1      0                         0      0        0
  SINCE JAN 1   1027                       897    130     1358
..................................................................


WIND (MPH)
  HIGHEST WIND SPEED    28   HIGHEST WIND DIRECTION     W (290)
  HIGHEST GUST SPEED    35   HIGHEST GUST DIRECTION     W (290)
  AVERAGE WIND SPEED    10.2


SKY COVER
  POSSIBLE SUNSHINE  MM
  AVERAGE SKY COVER 0.0


WEATHER CONDITIONS
 THE FOLLOWING WEATHER WAS RECORDED TODAY.
  NO SIGNIFICANT WEATHER WAS OBSERVED.


RELATIVE HUMIDITY (PERCENT)
 HIGHEST    77           100 AM
 LOWEST     16           100 PM
 AVERAGE    47

..........................................................


THE PUEBLO CO CLIMATE NORMALS FOR TOMORROW
                         NORMAL    RECORD    YEAR
 MAXIMUM TEMPERATURE (F)   48        72      2003
                                             1995
                                             1926
 MINIMUM TEMPERATURE (F)   16        -8      1929


SUNRISE AND SUNSET
DECEMBER  1 2017......SUNRISE   656 AM MST   SUNSET   438 PM MST
DECEMBER  2 2017......SUNRISE   657 AM MST   SUNSET   438 PM MST


-  INDICATES NEGATIVE NUMBERS.
R  INDICATES RECORD WAS SET OR TIED.
MM INDICATES DATA IS MISSING.
T  INDICATES TRACE AMOUNT.




$$
