000
CDUS45 KPUB 100016
CLIPUB


CLIMATE REPORT
NATIONAL WEATHER SERVICE PUEBLO
516 PM MST THU MAR 9 2017


...................................

...THE PUEBLO CO CLIMATE SUMMARY FOR MARCH 9 2017...
VALID TODAY AS OF 0500 PM LOCAL TIME.

CLIMATE NORMAL PERIOD 1981 TO 2010
CLIMATE RECORD PERIOD 1888 TO 2017


WEATHER ITEM   OBSERVED TIME   RECORD YEAR NORMAL DEPARTURE LAST
                VALUE   (LST)  VALUE       VALUE  FROM      YEAR
                                                  NORMAL
..................................................................
TEMPERATURE (F)
 TODAY
  MAXIMUM         80        MM  84    1989  57     23       65
  MINIMUM         28        MM -10    1964  24      4       24
  AVERAGE         54                        40     14       45

PRECIPITATION (IN)
  TODAY            0.00          0.51 1901   0.03  -0.03     0.00
  MONTH TO DATE    0.00                      0.22  -0.22     0.00
  SINCE MAR 1      0.00                      0.22  -0.22     0.00
  SINCE JAN 1      0.92                      0.87   0.05     0.86

SNOWFALL (IN)
  TODAY            0.0           4.0  1901   0.2   -0.2      0.0
  MONTH TO DATE    0.0                       1.4   -1.4      0.0
  SINCE MAR 1      0.0                       1.4   -1.4      0.0
  SINCE JUL 1     14.2                      23.2   -9.0     24.2
  SNOW DEPTH       0

DEGREE DAYS
 HEATING
  TODAY           11                        24    -13       20
  MONTH TO DATE  183                       231    -48      154
  SINCE MAR 1    183                       231    -48      154
  SINCE JUL 1   3683                      4534   -851     3663

 COOLING
  TODAY            0                         0      0        0
  MONTH TO DATE    0                         0      0        0
  SINCE MAR 1      0                         0      0        0
  SINCE JAN 1      0                         0      0        0
..................................................................


WIND (MPH)
  HIGHEST WIND SPEED    16   HIGHEST WIND DIRECTION    SW (220)
  HIGHEST GUST SPEED    23   HIGHEST GUST DIRECTION    SW (220)
  AVERAGE WIND SPEED     9.5


SKY COVER
  POSSIBLE SUNSHINE  MM
  AVERAGE SKY COVER 0.0


WEATHER CONDITIONS
 THE FOLLOWING WEATHER WAS RECORDED TODAY.
  NO SIGNIFICANT WEATHER WAS OBSERVED.


RELATIVE HUMIDITY (PERCENT)
 HIGHEST    43           600 AM
 LOWEST      7           100 PM
 AVERAGE    25

..........................................................


THE PUEBLO CO CLIMATE NORMALS FOR TOMORROW
                         NORMAL    RECORD    YEAR
 MAXIMUM TEMPERATURE (F)   58        86      1989
 MINIMUM TEMPERATURE (F)   24        -5      1948


SUNRISE AND SUNSET
MARCH  9 2017.........SUNRISE   618 AM MST   SUNSET   600 PM MST
MARCH 10 2017.........SUNRISE   616 AM MST   SUNSET   601 PM MST


-  INDICATES NEGATIVE NUMBERS.
R  INDICATES RECORD WAS SET OR TIED.
MM INDICATES DATA IS MISSING.
T  INDICATES TRACE AMOUNT.




$$
