000
CDUS45 KPUB 060019
CLIPUB


CLIMATE REPORT
NATIONAL WEATHER SERVICE PUEBLO
619 PM MDT WED JUL 5 2017


...................................

...THE PUEBLO CO CLIMATE SUMMARY FOR JULY 5 2017...
VALID TODAY AS OF 0500 PM LOCAL TIME.

CLIMATE NORMAL PERIOD 1981 TO 2010
CLIMATE RECORD PERIOD 1888 TO 2017


WEATHER ITEM   OBSERVED TIME   RECORD YEAR NORMAL DEPARTURE LAST
                VALUE   (LST)  VALUE       VALUE  FROM      YEAR
                                                  NORMAL
..................................................................
TEMPERATURE (F)
 TODAY
  MAXIMUM         97    401 PM 105    2003  93      4      103
  MINIMUM         55    341 AM  44    1995  58     -3       59
  AVERAGE         76                        75      1       81

PRECIPITATION (IN)
  TODAY            0.00          1.34 2009   0.05  -0.05      T
  MONTH TO DATE    0.01                      0.27  -0.26     0.11
  SINCE JUN 1      1.58                      1.63  -0.05     0.89
  SINCE JAN 1     10.64                      6.12   4.52     8.06

SNOWFALL (IN)
  TODAY            0.0           0.0  2009   0.0    0.0      0.0
  MONTH TO DATE    0.0                       0.0    0.0      0.0
  SINCE JUN 1      0.0                       0.0    0.0       T
  SINCE JUL 1      0.0                       0.0    0.0      0.0
  SNOW DEPTH       0

DEGREE DAYS
 HEATING
  TODAY            0                         0      0        0
  MONTH TO DATE    0                         0      0        0
  SINCE JUN 1      5                        25    -20        1
  SINCE JUL 1      0                         0      0        0

 COOLING
  TODAY           11                        10      1       16
  MONTH TO DATE   53                        50      3       58
  SINCE JUN 1    286                       225     61      397
  SINCE JAN 1    296                       259     37      427
..................................................................


WIND (MPH)
  HIGHEST WIND SPEED    18   HIGHEST WIND DIRECTION    SE (130)
  HIGHEST GUST SPEED    24   HIGHEST GUST DIRECTION    SE (120)
  AVERAGE WIND SPEED     6.5


SKY COVER
  POSSIBLE SUNSHINE  MM
  AVERAGE SKY COVER 0.0


WEATHER CONDITIONS
 THE FOLLOWING WEATHER WAS RECORDED TODAY.
  NO SIGNIFICANT WEATHER WAS OBSERVED.


RELATIVE HUMIDITY (PERCENT)
 HIGHEST    66           500 AM
 LOWEST     14           400 PM
 AVERAGE    40

..........................................................


THE PUEBLO CO CLIMATE NORMALS FOR TOMORROW
                         NORMAL    RECORD    YEAR
 MAXIMUM TEMPERATURE (F)   93       105      1991
                                             1973
 MINIMUM TEMPERATURE (F)   58        48      1997
                                             1995


SUNRISE AND SUNSET
JULY  5 2017..........SUNRISE   541 AM MDT   SUNSET   825 PM MDT
JULY  6 2017..........SUNRISE   541 AM MDT   SUNSET   824 PM MDT


-  INDICATES NEGATIVE NUMBERS.
R  INDICATES RECORD WAS SET OR TIED.
MM INDICATES DATA IS MISSING.
T  INDICATES TRACE AMOUNT.




$$
