000
CDUS45 KPUB 101036
CLIPUB


CLIMATE REPORT
NATIONAL WEATHER SERVICE PUEBLO
436 AM MDT WED SEP 10 2014


...................................

...THE PUEBLO CO CLIMATE SUMMARY FOR SEPTEMBER 9 2014...

CLIMATE NORMAL PERIOD 1981 TO 2010
CLIMATE RECORD PERIOD 1888 TO 2014


WEATHER ITEM   OBSERVED TIME   RECORD YEAR NORMAL DEPARTURE LAST
                VALUE   (LST)  VALUE       VALUE  FROM      YEAR
                                                  NORMAL
..................................................................
TEMPERATURE (F)
 YESTERDAY
  MAXIMUM         91    219 PM  98    1979  84      7       92
  MINIMUM         59    505 AM  32    2001  51      8       62
  AVERAGE         75                        68      7       77

PRECIPITATION (IN)
  YESTERDAY        0.00          1.11 1919   0.03  -0.03     0.00
  MONTH TO DATE    T                         0.31  -0.31      T
  SINCE SEP 1      T                         0.31  -0.31      T
  SINCE JAN 1      9.60                     10.54  -0.94     7.80

SNOWFALL (IN)
  YESTERDAY        0.0           0.0  2002   0.0    0.0      0.0
  MONTH TO DATE    0.0                       0.0    0.0      0.0
  SINCE SEP 1      0.0                       0.0    0.0      0.0
  SINCE JUL 1      T                         0.0    0.0       T
  SNOW DEPTH       0

DEGREE DAYS
 HEATING
  YESTERDAY        0                         1     -1        0
  MONTH TO DATE    6                         9     -3        0
  SINCE SEP 1      6                         9     -3        0
  SINCE JUL 1      7                        14     -7        0

 COOLING
  YESTERDAY       10                         4      6       12
  MONTH TO DATE   59                        44     15      112
  SINCE SEP 1     59                        44     15      112
  SINCE JAN 1    934                       855     79     1172
..................................................................


WIND (MPH)
  HIGHEST WIND SPEED    36   HIGHEST WIND DIRECTION     W (290)
  HIGHEST GUST SPEED    41   HIGHEST GUST DIRECTION    NW (300)
  AVERAGE WIND SPEED     9.0


SKY COVER
  POSSIBLE SUNSHINE  MM
  AVERAGE SKY COVER 0.1


WEATHER CONDITIONS
 THE FOLLOWING WEATHER WAS RECORDED YESTERDAY.
  NO SIGNIFICANT WEATHER WAS OBSERVED.


RELATIVE HUMIDITY (PERCENT)
 HIGHEST    72           500 AM
 LOWEST     23           300 PM
 AVERAGE    48

..........................................................


THE PUEBLO CO CLIMATE NORMALS FOR TODAY
                         NORMAL    RECORD    YEAR
 MAXIMUM TEMPERATURE (F)   84        99      1979
 MINIMUM TEMPERATURE (F)   50        33      1898


SUNRISE AND SUNSET
SEPTEMBER 10 2014.....SUNRISE   635 AM MDT   SUNSET   714 PM MDT
SEPTEMBER 11 2014.....SUNRISE   636 AM MDT   SUNSET   712 PM MDT


-  INDICATES NEGATIVE NUMBERS.
R  INDICATES RECORD WAS SET OR TIED.
MM INDICATES DATA IS MISSING.
T  INDICATES TRACE AMOUNT.




$$
