000
CDUS45 KPUB 132328
CLIPUB


CLIMATE REPORT
NATIONAL WEATHER SERVICE PUEBLO
528 PM MDT WED AUG 13 2014


...................................

...THE PUEBLO CO CLIMATE SUMMARY FOR AUGUST 13 2014...
VALID TODAY AS OF 0500 PM LOCAL TIME.

CLIMATE NORMAL PERIOD 1981 TO 2010
CLIMATE RECORD PERIOD 1888 TO 2014


WEATHER ITEM   OBSERVED TIME   RECORD YEAR NORMAL DEPARTURE LAST
                VALUE   (LST)  VALUE       VALUE  FROM      YEAR
                                                  NORMAL
..................................................................
TEMPERATURE (F)
 TODAY
  MAXIMUM         93    359 PM 102    1996  90      3       83
  MINIMUM         58    538 AM  41    1899  58      0       57
  AVERAGE         76                        74      2       70

PRECIPITATION (IN)
  TODAY            0.00          1.44 1946   0.08  -0.08     0.11
  MONTH TO DATE    1.05                      1.08  -0.03     3.23
  SINCE JUN 1      5.19                      4.50   0.69     5.18
  SINCE JAN 1      9.39                      8.99   0.40     7.11

SNOWFALL (IN)
  TODAY            0.0           0.0  2002   0.0    0.0      0.0
  MONTH TO DATE    0.0                       0.0    0.0      0.0
  SINCE JUN 1      T                         0.0    0.0       T
  SINCE JUL 1      0.0                       0.0    0.0       T
  SNOW DEPTH       0

DEGREE DAYS
 HEATING
  TODAY            0                         0      0        0
  MONTH TO DATE    0                         0      0        0
  SINCE JUN 1      4                        26    -22       17
  SINCE JUL 1      1                         1      0        0

 COOLING
  TODAY           11                         9      2        5
  MONTH TO DATE  106                       126    -20      114
  SINCE JUN 1    667                       637     30      780
  SINCE JAN 1    719                       671     48      853
..................................................................


WIND (MPH)
  HIGHEST WIND SPEED    13   HIGHEST WIND DIRECTION    NW (320)
  HIGHEST GUST SPEED    15   HIGHEST GUST DIRECTION    SE (140)
  AVERAGE WIND SPEED     4.7


SKY COVER
  POSSIBLE SUNSHINE  MM
  AVERAGE SKY COVER 0.0


WEATHER CONDITIONS
 THE FOLLOWING WEATHER WAS RECORDED TODAY.
  NO SIGNIFICANT WEATHER WAS OBSERVED.


RELATIVE HUMIDITY (PERCENT)
 HIGHEST    80           500 AM
 LOWEST     19           300 PM
 AVERAGE    50

..........................................................


THE PUEBLO CO CLIMATE NORMALS FOR TOMORROW
                         NORMAL    RECORD    YEAR
 MAXIMUM TEMPERATURE (F)   90       102      1970
                                             1962
 MINIMUM TEMPERATURE (F)   58        49      2002


SUNRISE AND SUNSET
AUGUST 13 2014........SUNRISE   611 AM MDT   SUNSET   754 PM MDT
AUGUST 14 2014........SUNRISE   612 AM MDT   SUNSET   753 PM MDT


-  INDICATES NEGATIVE NUMBERS.
R  INDICATES RECORD WAS SET OR TIED.
MM INDICATES DATA IS MISSING.
T  INDICATES TRACE AMOUNT.




$$
