000
CDUS45 KPUB 080021
CLIPUB


CLIMATE REPORT
NATIONAL WEATHER SERVICE PUEBLO
621 PM MDT FRI APR 7 2017


...................................

...THE PUEBLO CO CLIMATE SUMMARY FOR APRIL 7 2017...
VALID TODAY AS OF 0500 PM LOCAL TIME.

CLIMATE NORMAL PERIOD 1981 TO 2010
CLIMATE RECORD PERIOD 1888 TO 2017


WEATHER ITEM   OBSERVED TIME   RECORD YEAR NORMAL DEPARTURE LAST
                VALUE   (LST)  VALUE       VALUE  FROM      YEAR
                                                  NORMAL
..................................................................
TEMPERATURE (F)
 TODAY
  MAXIMUM         81    344 PM  89    1989  65     16       71
  MINIMUM         36    614 AM  10    1957  31      5       38
  AVERAGE         59                        48     11       55

PRECIPITATION (IN)
  TODAY            0.00          0.59 1942   0.04  -0.04     0.00
  MONTH TO DATE    1.70                      0.24   1.46     0.00
  SINCE MAR 1      2.65                      1.17   1.48     0.58
  SINCE JAN 1      3.57                      1.82   1.75     1.44

SNOWFALL (IN)
  TODAY            0.0           4.4  1942   0.1   -0.1      0.0
  MONTH TO DATE    5.6                       1.1    4.5      0.0
  SINCE MAR 1      5.6                       6.8   -1.2      3.9
  SINCE JUL 1     19.8                      28.6   -8.8     28.1
  SNOW DEPTH       0

DEGREE DAYS
 HEATING
  TODAY            6                        17    -11       10
  MONTH TO DATE  138                       125     13       87
  SINCE MAR 1    614                       827   -213      685
  SINCE JUL 1   4114                      5130  -1016     4194

 COOLING
  TODAY            0                         0      0        0
  MONTH TO DATE    0                         0      0        0
  SINCE MAR 1      0                         0      0        0
  SINCE JAN 1      0                         0      0        0
..................................................................


WIND (MPH)
  HIGHEST WIND SPEED    23   HIGHEST WIND DIRECTION     W (250)
  HIGHEST GUST SPEED    33   HIGHEST GUST DIRECTION    SW (240)
  AVERAGE WIND SPEED     7.3


SKY COVER
  POSSIBLE SUNSHINE  MM
  AVERAGE SKY COVER 0.0


WEATHER CONDITIONS
 THE FOLLOWING WEATHER WAS RECORDED TODAY.
  NO SIGNIFICANT WEATHER WAS OBSERVED.


RELATIVE HUMIDITY (PERCENT)
 HIGHEST    85          1200 AM
 LOWEST     15           200 PM
 AVERAGE    50

..........................................................


THE PUEBLO CO CLIMATE NORMALS FOR TOMORROW
                         NORMAL    RECORD    YEAR
 MAXIMUM TEMPERATURE (F)   65        85      1963
                                             1930
 MINIMUM TEMPERATURE (F)   32         2      1957


SUNRISE AND SUNSET
APRIL  7 2017.........SUNRISE   634 AM MDT   SUNSET   727 PM MDT
APRIL  8 2017.........SUNRISE   632 AM MDT   SUNSET   728 PM MDT


-  INDICATES NEGATIVE NUMBERS.
R  INDICATES RECORD WAS SET OR TIED.
MM INDICATES DATA IS MISSING.
T  INDICATES TRACE AMOUNT.




$$
